{"id":11453,"date":"2024-11-23T11:14:44","date_gmt":"2024-11-23T14:14:44","guid":{"rendered":"https:\/\/deputadotaveirajr.com.br\/index.php\/foguete-que-sera-lancado-do-rn-levara-cartas-de-estudantes-ao-espaco\/"},"modified":"2024-11-23T11:14:44","modified_gmt":"2024-11-23T14:14:44","slug":"foguete-que-sera-lancado-do-rn-levara-cartas-de-estudantes-ao-espaco","status":"publish","type":"page","link":"https:\/\/deputadotaveirajr.com.br\/index.php\/foguete-que-sera-lancado-do-rn-levara-cartas-de-estudantes-ao-espaco\/","title":{"rendered":"Foguete que ser\u00e1 lan\u00e7ado do RN levar\u00e1 cartas de estudantes ao espa\u00e7o"},"content":{"rendered":"<p>     Opera\u00e7\u00e3o Potiguar visa a reativa\u00e7\u00e3o de lan\u00e7amentos feitos pela Barreira do Inferno, na Grande Natal. Primeiro foguete ser\u00e1 enviado no pr\u00f3ximo dia 29. Foguete levar\u00e1 cartas de estudantes potiguares para o espa\u00e7o<br \/>\nSargento M\u00f4nica\/FAB\/Divulga\u00e7\u00e3o<br \/>\nO foguete que ser\u00e1 lan\u00e7ado na pr\u00f3xima sexta-feira (29) de Parnamirim, na Grande Natal, vai levar ao espa\u00e7o cerca de mil cartas escritas por alunos de quatro cidades pr\u00f3ximas do Centro de Lan\u00e7amento Barreira do Inferno, da For\u00e7a A\u00e9rea Brasileira (FAB).<br \/>\nAs mensagens, que t\u00eam como tema central o futuro, voltar\u00e3o \u00e0 Terra depois de cruzar a atmosfera e ficar\u00e3o depositadas no Oceano Atl\u00e2ntico, registrando os sonhos, os ideais e as aspira\u00e7\u00f5es dos jovens.<br \/>\nA a\u00e7\u00e3o que foi idealizada pelo Instituto de Aeron\u00e1utica e Espa\u00e7o (IAE), da FAB, e coordenada pela Ag\u00eancia Espacial Brasileira (AEB), tem como ponto de partida o Programa Nacional de Atividades Espaciais (PNAE). O documento sinaliza a import\u00e2ncia de despertar o fasc\u00ednio pelo espa\u00e7o em crian\u00e7as e adolescentes.<br \/>\nA iniciativa deu oportunidade aos alunos da rede p\u00fablica de ensino de Natal, Parnamirim, S\u00e3o Jos\u00e9 de Mipibu e Jo\u00e3o C\u00e2mara de refletir sobre o que desejam para as pr\u00f3ximas gera\u00e7\u00f5es.<br \/>\nAs cartas foram inseridas no foguete durante uma cerim\u00f4nia realizada no Centro Vocacional Tecnol\u00f3gico Espacial Augusto Severo, na \u00faltima quinta-feira (21).<br \/>\n\u201c\u00c9 interessante pensar que vou participar do lan\u00e7amento de um foguete com algo que escrevi\u201d, comentou a estudante Rebeca Barbalho de Oliveira, 17 anos.<br \/>\nImagens mostram preparativos para lan\u00e7amento de foguete a partir do RN<br \/>\nJ\u00e1 o jovem Lucas Felipe C\u00edcero, 17 anos, destacou que a experi\u00eancia ser\u00e1 marcante. \u201cEstamos levando as nossas palavras ao espa\u00e7o para que voltem a uma nova gera\u00e7\u00e3o. Espero que, no futuro, o ser humano consiga encontrar paz. Acredito que, em 50 anos, vamos conseguir achar um meio de sobreviver e nos renovar\u201d, complementa.<br \/>\nA estudante Yasmin Felix Teixeira da Silva, 16 anos, aproveitou a iniciativa para agu\u00e7ar o interesse acerca do espa\u00e7o. \u201cN\u00e3o pensava muito sobre espa\u00e7o, ci\u00eancia e tecnologia, por exemplo. A vinda para c\u00e1 abriu a minha mente\u201d, diz.<br \/>\nEla explica que, participando da a\u00e7\u00e3o, descobriu uma vontade de se tornar profissional da \u00e1rea aeroespacial.<br \/>\nO monitor do Centro Vocacional Danilo Lima, de 18 anos, percebeu essa inclina\u00e7\u00e3o h\u00e1 alguns meses e, hoje, sente orgulho por ajudar os professores a sensibilizar outros jovens. \u201cAntes, era apenas entretenimento. A partir do ingresso no CVT, passei a ensinar as crian\u00e7as da rede p\u00fablica sobre o setor espacial\u201d, complementa.<br \/>\nFoguete ser\u00e1 lan\u00e7ado da Barreira do Inferno, em Parnamirim, na Grande Natal<br \/>\nSargento M\u00f4nica\/FAB\/Divulga\u00e7\u00e3o<br \/>\nCentro Vocacional<br \/>\nInstalado em Parnamirim, o Centro Vocacional Tecnol\u00f3gico Espacial (CVT-E), da Ag\u00eancia Espacial Brasileira (AEB), oferece atividades para difundir o conhecimento cient\u00edfico. Foi implementado em parceria com a Barreira do Inferno e, al\u00e9m de estimular o aprendizado voltado para crian\u00e7as e adolescentes, tem estrutura para capacitar pessoal t\u00e9cnico, facilitar a inser\u00e7\u00e3o social e qualificar professores, universit\u00e1rios e outros profissionais nos temas relacionados \u00e0s atividades espaciais.<br \/>\nOpera\u00e7\u00e3o Potiguar<br \/>\nAtivada nesta semana, a Opera\u00e7\u00e3o Potiguar \u00e9 dividida em duas fases. Na primeira, ser\u00e1 lan\u00e7ado um foguete de sondagem modelo VS30 para treinar a equipe do Centro e verificar equipamentos e processos envolvidos na atividade.<br \/>\nJ\u00e1 na segunda fase, prevista para o segundo semestre de 2025, outro foguete de mesmo modelo ser\u00e1 lan\u00e7ado, com objetivo de  qualificar o sistema de recupera\u00e7\u00e3o da parte superior do ve\u00edculo, conhecida como plataforma suborbital de microgravidade (PSM).<br \/>\nCom o t\u00e9rmino da opera\u00e7\u00e3o, o Brasil deve conquistar maior autonomia em eventos de lan\u00e7amento de ve\u00edculos suborbitais, segundo a FAB.<br \/>\nEntrada do Centro de Lan\u00e7amento Barreira do Inferno, em Parnamirim, na Grande Natal<br \/>\nSargento M\u00f4nica\/FAB\/Divulga\u00e7\u00e3o<\/p>","protected":false},"excerpt":{"rendered":"<p>Opera\u00e7\u00e3o Potiguar visa a reativa\u00e7\u00e3o de lan\u00e7amentos feitos pela Barreira do Inferno, na Grande Natal. Primeiro foguete ser\u00e1 enviado no pr\u00f3ximo dia 29. Foguete levar\u00e1 cartas de estudantes potiguares para &#8230;<\/p>\n","protected":false},"author":0,"featured_media":11454,"parent":0,"menu_order":0,"comment_status":"closed","ping_status":"closed","template":"","meta":{"footnotes":""},"class_list":["post-11453","page","type-page","status-publish","has-post-thumbnail","hentry"],"yoast_head":"<!-- This site is optimized with the Yoast SEO plugin v27.1.1 - https:\/\/yoast.com\/product\/yoast-seo-wordpress\/ -->\n<title>Foguete que ser\u00e1 lan\u00e7ado do RN levar\u00e1 cartas de estudantes ao espa\u00e7o - Taveira Jr<\/title>\n<meta name=\"robots\" content=\"index, follow, max-snippet:-1, max-image-preview:large, max-video-preview:-1\" \/>\n<link rel=\"canonical\" href=\"https:\/\/deputadotaveirajr.com.br\/index.php\/foguete-que-sera-lancado-do-rn-levara-cartas-de-estudantes-ao-espaco\/\" \/>\n<meta property=\"og:locale\" content=\"pt_BR\" \/>\n<meta property=\"og:type\" content=\"article\" \/>\n<meta property=\"og:title\" content=\"Foguete que ser\u00e1 lan\u00e7ado do RN levar\u00e1 cartas de estudantes ao espa\u00e7o - Taveira Jr\" \/>\n<meta property=\"og:description\" content=\"Opera\u00e7\u00e3o Potiguar visa a reativa\u00e7\u00e3o de lan\u00e7amentos feitos pela Barreira do Inferno, na Grande Natal. Primeiro foguete ser\u00e1 enviado no pr\u00f3ximo dia 29. Foguete levar\u00e1 cartas de estudantes potiguares para ...\" \/>\n<meta property=\"og:url\" content=\"https:\/\/deputadotaveirajr.com.br\/index.php\/foguete-que-sera-lancado-do-rn-levara-cartas-de-estudantes-ao-espaco\/\" \/>\n<meta property=\"og:site_name\" content=\"Taveira Jr\" \/>\n<meta name=\"twitter:card\" content=\"summary_large_image\" \/>\n<meta name=\"twitter:label1\" content=\"Est. tempo de leitura\" \/>\n\t<meta name=\"twitter:data1\" content=\"3 minutos\" \/>\n<script type=\"application\/ld+json\" class=\"yoast-schema-graph\">{\"@context\":\"https:\/\/schema.org\",\"@graph\":[{\"@type\":\"WebPage\",\"@id\":\"https:\/\/deputadotaveirajr.com.br\/index.php\/foguete-que-sera-lancado-do-rn-levara-cartas-de-estudantes-ao-espaco\/\",\"url\":\"https:\/\/deputadotaveirajr.com.br\/index.php\/foguete-que-sera-lancado-do-rn-levara-cartas-de-estudantes-ao-espaco\/\",\"name\":\"Foguete que ser\u00e1 lan\u00e7ado do RN levar\u00e1 cartas de estudantes ao espa\u00e7o - Taveira Jr\",\"isPartOf\":{\"@id\":\"https:\/\/deputadotaveirajr.com.br\/#website\"},\"primaryImageOfPage\":{\"@id\":\"https:\/\/deputadotaveirajr.com.br\/index.php\/foguete-que-sera-lancado-do-rn-levara-cartas-de-estudantes-ao-espaco\/#primaryimage\"},\"image\":{\"@id\":\"https:\/\/deputadotaveirajr.com.br\/index.php\/foguete-que-sera-lancado-do-rn-levara-cartas-de-estudantes-ao-espaco\/#primaryimage\"},\"thumbnailUrl\":\"https:\/\/deputadotaveirajr.com.br\/wp-content\/uploads\/2024\/11\/clbi-operacao-potiguar-foto-sargento-monica-fab-3-7L4r9r.jpeg\",\"datePublished\":\"2024-11-23T14:14:44+00:00\",\"breadcrumb\":{\"@id\":\"https:\/\/deputadotaveirajr.com.br\/index.php\/foguete-que-sera-lancado-do-rn-levara-cartas-de-estudantes-ao-espaco\/#breadcrumb\"},\"inLanguage\":\"pt-BR\",\"potentialAction\":[{\"@type\":\"ReadAction\",\"target\":[\"https:\/\/deputadotaveirajr.com.br\/index.php\/foguete-que-sera-lancado-do-rn-levara-cartas-de-estudantes-ao-espaco\/\"]}]},{\"@type\":\"ImageObject\",\"inLanguage\":\"pt-BR\",\"@id\":\"https:\/\/deputadotaveirajr.com.br\/index.php\/foguete-que-sera-lancado-do-rn-levara-cartas-de-estudantes-ao-espaco\/#primaryimage\",\"url\":\"https:\/\/deputadotaveirajr.com.br\/wp-content\/uploads\/2024\/11\/clbi-operacao-potiguar-foto-sargento-monica-fab-3-7L4r9r.jpeg\",\"contentUrl\":\"https:\/\/deputadotaveirajr.com.br\/wp-content\/uploads\/2024\/11\/clbi-operacao-potiguar-foto-sargento-monica-fab-3-7L4r9r.jpeg\",\"width\":1280,\"height\":853},{\"@type\":\"BreadcrumbList\",\"@id\":\"https:\/\/deputadotaveirajr.com.br\/index.php\/foguete-que-sera-lancado-do-rn-levara-cartas-de-estudantes-ao-espaco\/#breadcrumb\",\"itemListElement\":[{\"@type\":\"ListItem\",\"position\":1,\"name\":\"In\u00edcio\",\"item\":\"https:\/\/deputadotaveirajr.com.br\/\"},{\"@type\":\"ListItem\",\"position\":2,\"name\":\"Foguete que ser\u00e1 lan\u00e7ado do RN levar\u00e1 cartas de estudantes ao espa\u00e7o\"}]},{\"@type\":\"WebSite\",\"@id\":\"https:\/\/deputadotaveirajr.com.br\/#website\",\"url\":\"https:\/\/deputadotaveirajr.com.br\/\",\"name\":\"Taveira Jr\",\"description\":\"Deputado Estadual\",\"publisher\":{\"@id\":\"https:\/\/deputadotaveirajr.com.br\/#organization\"},\"potentialAction\":[{\"@type\":\"SearchAction\",\"target\":{\"@type\":\"EntryPoint\",\"urlTemplate\":\"https:\/\/deputadotaveirajr.com.br\/?s={search_term_string}\"},\"query-input\":{\"@type\":\"PropertyValueSpecification\",\"valueRequired\":true,\"valueName\":\"search_term_string\"}}],\"inLanguage\":\"pt-BR\"},{\"@type\":\"Organization\",\"@id\":\"https:\/\/deputadotaveirajr.com.br\/#organization\",\"name\":\"Taveira Jr\",\"url\":\"https:\/\/deputadotaveirajr.com.br\/\",\"logo\":{\"@type\":\"ImageObject\",\"inLanguage\":\"pt-BR\",\"@id\":\"https:\/\/deputadotaveirajr.com.br\/#\/schema\/logo\/image\/\",\"url\":\"https:\/\/deputadotaveirajr.com.br\/wp-content\/uploads\/2026\/01\/logolow2a.png\",\"contentUrl\":\"https:\/\/deputadotaveirajr.com.br\/wp-content\/uploads\/2026\/01\/logolow2a.png\",\"width\":290,\"height\":80,\"caption\":\"Taveira Jr\"},\"image\":{\"@id\":\"https:\/\/deputadotaveirajr.com.br\/#\/schema\/logo\/image\/\"}}]}<\/script>\n<!-- \/ Yoast SEO plugin. -->","yoast_head_json":{"title":"Foguete que ser\u00e1 lan\u00e7ado do RN levar\u00e1 cartas de estudantes ao espa\u00e7o - Taveira Jr","robots":{"index":"index","follow":"follow","max-snippet":"max-snippet:-1","max-image-preview":"max-image-preview:large","max-video-preview":"max-video-preview:-1"},"canonical":"https:\/\/deputadotaveirajr.com.br\/index.php\/foguete-que-sera-lancado-do-rn-levara-cartas-de-estudantes-ao-espaco\/","og_locale":"pt_BR","og_type":"article","og_title":"Foguete que ser\u00e1 lan\u00e7ado do RN levar\u00e1 cartas de estudantes ao espa\u00e7o - Taveira Jr","og_description":"Opera\u00e7\u00e3o Potiguar visa a reativa\u00e7\u00e3o de lan\u00e7amentos feitos pela Barreira do Inferno, na Grande Natal. Primeiro foguete ser\u00e1 enviado no pr\u00f3ximo dia 29. Foguete levar\u00e1 cartas de estudantes potiguares para ...","og_url":"https:\/\/deputadotaveirajr.com.br\/index.php\/foguete-que-sera-lancado-do-rn-levara-cartas-de-estudantes-ao-espaco\/","og_site_name":"Taveira Jr","twitter_card":"summary_large_image","twitter_misc":{"Est. tempo de leitura":"3 minutos"},"schema":{"@context":"https:\/\/schema.org","@graph":[{"@type":"WebPage","@id":"https:\/\/deputadotaveirajr.com.br\/index.php\/foguete-que-sera-lancado-do-rn-levara-cartas-de-estudantes-ao-espaco\/","url":"https:\/\/deputadotaveirajr.com.br\/index.php\/foguete-que-sera-lancado-do-rn-levara-cartas-de-estudantes-ao-espaco\/","name":"Foguete que ser\u00e1 lan\u00e7ado do RN levar\u00e1 cartas de estudantes ao espa\u00e7o - Taveira Jr","isPartOf":{"@id":"https:\/\/deputadotaveirajr.com.br\/#website"},"primaryImageOfPage":{"@id":"https:\/\/deputadotaveirajr.com.br\/index.php\/foguete-que-sera-lancado-do-rn-levara-cartas-de-estudantes-ao-espaco\/#primaryimage"},"image":{"@id":"https:\/\/deputadotaveirajr.com.br\/index.php\/foguete-que-sera-lancado-do-rn-levara-cartas-de-estudantes-ao-espaco\/#primaryimage"},"thumbnailUrl":"https:\/\/deputadotaveirajr.com.br\/wp-content\/uploads\/2024\/11\/clbi-operacao-potiguar-foto-sargento-monica-fab-3-7L4r9r.jpeg","datePublished":"2024-11-23T14:14:44+00:00","breadcrumb":{"@id":"https:\/\/deputadotaveirajr.com.br\/index.php\/foguete-que-sera-lancado-do-rn-levara-cartas-de-estudantes-ao-espaco\/#breadcrumb"},"inLanguage":"pt-BR","potentialAction":[{"@type":"ReadAction","target":["https:\/\/deputadotaveirajr.com.br\/index.php\/foguete-que-sera-lancado-do-rn-levara-cartas-de-estudantes-ao-espaco\/"]}]},{"@type":"ImageObject","inLanguage":"pt-BR","@id":"https:\/\/deputadotaveirajr.com.br\/index.php\/foguete-que-sera-lancado-do-rn-levara-cartas-de-estudantes-ao-espaco\/#primaryimage","url":"https:\/\/deputadotaveirajr.com.br\/wp-content\/uploads\/2024\/11\/clbi-operacao-potiguar-foto-sargento-monica-fab-3-7L4r9r.jpeg","contentUrl":"https:\/\/deputadotaveirajr.com.br\/wp-content\/uploads\/2024\/11\/clbi-operacao-potiguar-foto-sargento-monica-fab-3-7L4r9r.jpeg","width":1280,"height":853},{"@type":"BreadcrumbList","@id":"https:\/\/deputadotaveirajr.com.br\/index.php\/foguete-que-sera-lancado-do-rn-levara-cartas-de-estudantes-ao-espaco\/#breadcrumb","itemListElement":[{"@type":"ListItem","position":1,"name":"In\u00edcio","item":"https:\/\/deputadotaveirajr.com.br\/"},{"@type":"ListItem","position":2,"name":"Foguete que ser\u00e1 lan\u00e7ado do RN levar\u00e1 cartas de estudantes ao espa\u00e7o"}]},{"@type":"WebSite","@id":"https:\/\/deputadotaveirajr.com.br\/#website","url":"https:\/\/deputadotaveirajr.com.br\/","name":"Taveira Jr","description":"Deputado Estadual","publisher":{"@id":"https:\/\/deputadotaveirajr.com.br\/#organization"},"potentialAction":[{"@type":"SearchAction","target":{"@type":"EntryPoint","urlTemplate":"https:\/\/deputadotaveirajr.com.br\/?s={search_term_string}"},"query-input":{"@type":"PropertyValueSpecification","valueRequired":true,"valueName":"search_term_string"}}],"inLanguage":"pt-BR"},{"@type":"Organization","@id":"https:\/\/deputadotaveirajr.com.br\/#organization","name":"Taveira Jr","url":"https:\/\/deputadotaveirajr.com.br\/","logo":{"@type":"ImageObject","inLanguage":"pt-BR","@id":"https:\/\/deputadotaveirajr.com.br\/#\/schema\/logo\/image\/","url":"https:\/\/deputadotaveirajr.com.br\/wp-content\/uploads\/2026\/01\/logolow2a.png","contentUrl":"https:\/\/deputadotaveirajr.com.br\/wp-content\/uploads\/2026\/01\/logolow2a.png","width":290,"height":80,"caption":"Taveira Jr"},"image":{"@id":"https:\/\/deputadotaveirajr.com.br\/#\/schema\/logo\/image\/"}}]}},"_links":{"self":[{"href":"https:\/\/deputadotaveirajr.com.br\/index.php\/wp-json\/wp\/v2\/pages\/11453","targetHints":{"allow":["GET"]}}],"collection":[{"href":"https:\/\/deputadotaveirajr.com.br\/index.php\/wp-json\/wp\/v2\/pages"}],"about":[{"href":"https:\/\/deputadotaveirajr.com.br\/index.php\/wp-json\/wp\/v2\/types\/page"}],"replies":[{"embeddable":true,"href":"https:\/\/deputadotaveirajr.com.br\/index.php\/wp-json\/wp\/v2\/comments?post=11453"}],"version-history":[{"count":0,"href":"https:\/\/deputadotaveirajr.com.br\/index.php\/wp-json\/wp\/v2\/pages\/11453\/revisions"}],"wp:featuredmedia":[{"embeddable":true,"href":"https:\/\/deputadotaveirajr.com.br\/index.php\/wp-json\/wp\/v2\/media\/11454"}],"wp:attachment":[{"href":"https:\/\/deputadotaveirajr.com.br\/index.php\/wp-json\/wp\/v2\/media?parent=11453"}],"curies":[{"name":"wp","href":"https:\/\/api.w.org\/{rel}","templated":true}]}}