{"id":11458,"date":"2024-11-26T12:21:23","date_gmt":"2024-11-26T15:21:23","guid":{"rendered":"https:\/\/deputadotaveirajr.com.br\/index.php\/homem-e-baleado-dentro-de-carro-em-atentado-na-grande-natal\/"},"modified":"2024-11-26T12:21:23","modified_gmt":"2024-11-26T15:21:23","slug":"homem-e-baleado-dentro-de-carro-em-atentado-na-grande-natal","status":"publish","type":"page","link":"https:\/\/deputadotaveirajr.com.br\/index.php\/homem-e-baleado-dentro-de-carro-em-atentado-na-grande-natal\/","title":{"rendered":"Homem \u00e9 baleado dentro de carro em atentado na Grande Natal"},"content":{"rendered":"<p>     Caso aconteceu na manh\u00e3 desta ter\u00e7a-feira (26) em Parnamirim. V\u00edtima foi socorrida pelo Samu.  Homem foi baleado dentro de carro em Parnamirim, na Grande Natal<br \/>\nPedro Trindade\/Inter TV Cabugi<br \/>\nUm homem de 35 anos foi baleado dentro de um carro, na manh\u00e3 desta ter\u00e7a-feira (26) no bairro Boa Esperan\u00e7a, em Parnamirim, na Grande Natal. Segundo a pol\u00edcia, os tiros foram disparados por uma dupla de criminosos em uma moto.<br \/>\nO caso aconteceu por volta das 9h30 na Avenida Tenente Cordeiro. Ap\u00f3s os tiros, que atingiram a v\u00edtima na altura do abd\u00f4men, o homem perdeu o controle do ve\u00edculo e bateu em um poste. Os criminosos fugiram do local.<br \/>\n\ud83d\udcf3Participe do canal do g1 RN no WhatsApp<br \/>\nO Servi\u00e7o de Atendimento M\u00f3vel de Urg\u00eancia (Samu) foi acionado e socorreu a v\u00edtima em estado grave.<br \/>\nMarcas de tiros na lateral do ve\u00edculo onde estava homem baleado em Parnamirim, na Grande Natal<br \/>\nPedro Trindade\/Inter TV Cabugi<br \/>\nDe acordo com a pol\u00edcia, vest\u00edgios encontrados no local apontam que os autores do atentado usaram armamentos com muni\u00e7\u00f5es calibre .40 que s\u00e3o de uso restrito das for\u00e7as de seguran\u00e7a p\u00fablica.<br \/>\nNo ve\u00edculo, era poss\u00edvel ver pelo menos tr\u00eas marcas de tiros que ficaram na lataria.<br \/>\nA Pol\u00edcia Civil foi acionada para dar in\u00edcio \u00e0s investiga\u00e7\u00f5es sobre o caso. As poss\u00edveis motiva\u00e7\u00f5es para o crime n\u00e3o foram informadas at\u00e9 a \u00faltima atualiza\u00e7\u00e3o desta reportagem.<br \/>\nAp\u00f3s tiros disparados contra motorista, carro atingiu poste em Parnamirim<br \/>\nPedro Trindade\/Inter TV Cabugi<br \/>\nVeja os v\u00eddeos mais assistidos no g1 RN<\/p>","protected":false},"excerpt":{"rendered":"<p>Caso aconteceu na manh\u00e3 desta ter\u00e7a-feira (26) em Parnamirim. V\u00edtima foi socorrida pelo Samu. Homem foi baleado dentro de carro em Parnamirim, na Grande Natal Pedro Trindade\/Inter TV Cabugi Um &#8230;<\/p>\n","protected":false},"author":0,"featured_media":0,"parent":0,"menu_order":0,"comment_status":"closed","ping_status":"closed","template":"","meta":{"footnotes":""},"class_list":["post-11458","page","type-page","status-publish","hentry"],"yoast_head":"<!-- This site is optimized with the Yoast SEO plugin v27.1.1 - https:\/\/yoast.com\/product\/yoast-seo-wordpress\/ -->\n<title>Homem \u00e9 baleado dentro de carro em atentado na Grande Natal - Taveira Jr<\/title>\n<meta name=\"robots\" content=\"index, follow, max-snippet:-1, max-image-preview:large, max-video-preview:-1\" \/>\n<link rel=\"canonical\" href=\"https:\/\/deputadotaveirajr.com.br\/index.php\/homem-e-baleado-dentro-de-carro-em-atentado-na-grande-natal\/\" \/>\n<meta property=\"og:locale\" content=\"pt_BR\" \/>\n<meta property=\"og:type\" content=\"article\" \/>\n<meta property=\"og:title\" content=\"Homem \u00e9 baleado dentro de carro em atentado na Grande Natal - Taveira Jr\" \/>\n<meta property=\"og:description\" content=\"Caso aconteceu na manh\u00e3 desta ter\u00e7a-feira (26) em Parnamirim. V\u00edtima foi socorrida pelo Samu. Homem foi baleado dentro de carro em Parnamirim, na Grande Natal Pedro Trindade\/Inter TV Cabugi Um ...\" \/>\n<meta property=\"og:url\" content=\"https:\/\/deputadotaveirajr.com.br\/index.php\/homem-e-baleado-dentro-de-carro-em-atentado-na-grande-natal\/\" \/>\n<meta property=\"og:site_name\" content=\"Taveira Jr\" \/>\n<meta name=\"twitter:card\" content=\"summary_large_image\" \/>\n<meta name=\"twitter:label1\" content=\"Est. tempo de leitura\" \/>\n\t<meta name=\"twitter:data1\" content=\"1 minuto\" \/>\n<script type=\"application\/ld+json\" class=\"yoast-schema-graph\">{\"@context\":\"https:\/\/schema.org\",\"@graph\":[{\"@type\":\"WebPage\",\"@id\":\"https:\/\/deputadotaveirajr.com.br\/index.php\/homem-e-baleado-dentro-de-carro-em-atentado-na-grande-natal\/\",\"url\":\"https:\/\/deputadotaveirajr.com.br\/index.php\/homem-e-baleado-dentro-de-carro-em-atentado-na-grande-natal\/\",\"name\":\"Homem \u00e9 baleado dentro de carro em atentado na Grande Natal - Taveira Jr\",\"isPartOf\":{\"@id\":\"https:\/\/deputadotaveirajr.com.br\/#website\"},\"datePublished\":\"2024-11-26T15:21:23+00:00\",\"breadcrumb\":{\"@id\":\"https:\/\/deputadotaveirajr.com.br\/index.php\/homem-e-baleado-dentro-de-carro-em-atentado-na-grande-natal\/#breadcrumb\"},\"inLanguage\":\"pt-BR\",\"potentialAction\":[{\"@type\":\"ReadAction\",\"target\":[\"https:\/\/deputadotaveirajr.com.br\/index.php\/homem-e-baleado-dentro-de-carro-em-atentado-na-grande-natal\/\"]}]},{\"@type\":\"BreadcrumbList\",\"@id\":\"https:\/\/deputadotaveirajr.com.br\/index.php\/homem-e-baleado-dentro-de-carro-em-atentado-na-grande-natal\/#breadcrumb\",\"itemListElement\":[{\"@type\":\"ListItem\",\"position\":1,\"name\":\"In\u00edcio\",\"item\":\"https:\/\/deputadotaveirajr.com.br\/\"},{\"@type\":\"ListItem\",\"position\":2,\"name\":\"Homem \u00e9 baleado dentro de carro em atentado na Grande Natal\"}]},{\"@type\":\"WebSite\",\"@id\":\"https:\/\/deputadotaveirajr.com.br\/#website\",\"url\":\"https:\/\/deputadotaveirajr.com.br\/\",\"name\":\"Taveira Jr\",\"description\":\"Deputado Estadual\",\"publisher\":{\"@id\":\"https:\/\/deputadotaveirajr.com.br\/#organization\"},\"potentialAction\":[{\"@type\":\"SearchAction\",\"target\":{\"@type\":\"EntryPoint\",\"urlTemplate\":\"https:\/\/deputadotaveirajr.com.br\/?s={search_term_string}\"},\"query-input\":{\"@type\":\"PropertyValueSpecification\",\"valueRequired\":true,\"valueName\":\"search_term_string\"}}],\"inLanguage\":\"pt-BR\"},{\"@type\":\"Organization\",\"@id\":\"https:\/\/deputadotaveirajr.com.br\/#organization\",\"name\":\"Taveira Jr\",\"url\":\"https:\/\/deputadotaveirajr.com.br\/\",\"logo\":{\"@type\":\"ImageObject\",\"inLanguage\":\"pt-BR\",\"@id\":\"https:\/\/deputadotaveirajr.com.br\/#\/schema\/logo\/image\/\",\"url\":\"https:\/\/deputadotaveirajr.com.br\/wp-content\/uploads\/2026\/01\/logolow2a.png\",\"contentUrl\":\"https:\/\/deputadotaveirajr.com.br\/wp-content\/uploads\/2026\/01\/logolow2a.png\",\"width\":290,\"height\":80,\"caption\":\"Taveira Jr\"},\"image\":{\"@id\":\"https:\/\/deputadotaveirajr.com.br\/#\/schema\/logo\/image\/\"}}]}<\/script>\n<!-- \/ Yoast SEO plugin. -->","yoast_head_json":{"title":"Homem \u00e9 baleado dentro de carro em atentado na Grande Natal - Taveira Jr","robots":{"index":"index","follow":"follow","max-snippet":"max-snippet:-1","max-image-preview":"max-image-preview:large","max-video-preview":"max-video-preview:-1"},"canonical":"https:\/\/deputadotaveirajr.com.br\/index.php\/homem-e-baleado-dentro-de-carro-em-atentado-na-grande-natal\/","og_locale":"pt_BR","og_type":"article","og_title":"Homem \u00e9 baleado dentro de carro em atentado na Grande Natal - Taveira Jr","og_description":"Caso aconteceu na manh\u00e3 desta ter\u00e7a-feira (26) em Parnamirim. V\u00edtima foi socorrida pelo Samu. Homem foi baleado dentro de carro em Parnamirim, na Grande Natal Pedro Trindade\/Inter TV Cabugi Um ...","og_url":"https:\/\/deputadotaveirajr.com.br\/index.php\/homem-e-baleado-dentro-de-carro-em-atentado-na-grande-natal\/","og_site_name":"Taveira Jr","twitter_card":"summary_large_image","twitter_misc":{"Est. tempo de leitura":"1 minuto"},"schema":{"@context":"https:\/\/schema.org","@graph":[{"@type":"WebPage","@id":"https:\/\/deputadotaveirajr.com.br\/index.php\/homem-e-baleado-dentro-de-carro-em-atentado-na-grande-natal\/","url":"https:\/\/deputadotaveirajr.com.br\/index.php\/homem-e-baleado-dentro-de-carro-em-atentado-na-grande-natal\/","name":"Homem \u00e9 baleado dentro de carro em atentado na Grande Natal - Taveira Jr","isPartOf":{"@id":"https:\/\/deputadotaveirajr.com.br\/#website"},"datePublished":"2024-11-26T15:21:23+00:00","breadcrumb":{"@id":"https:\/\/deputadotaveirajr.com.br\/index.php\/homem-e-baleado-dentro-de-carro-em-atentado-na-grande-natal\/#breadcrumb"},"inLanguage":"pt-BR","potentialAction":[{"@type":"ReadAction","target":["https:\/\/deputadotaveirajr.com.br\/index.php\/homem-e-baleado-dentro-de-carro-em-atentado-na-grande-natal\/"]}]},{"@type":"BreadcrumbList","@id":"https:\/\/deputadotaveirajr.com.br\/index.php\/homem-e-baleado-dentro-de-carro-em-atentado-na-grande-natal\/#breadcrumb","itemListElement":[{"@type":"ListItem","position":1,"name":"In\u00edcio","item":"https:\/\/deputadotaveirajr.com.br\/"},{"@type":"ListItem","position":2,"name":"Homem \u00e9 baleado dentro de carro em atentado na Grande Natal"}]},{"@type":"WebSite","@id":"https:\/\/deputadotaveirajr.com.br\/#website","url":"https:\/\/deputadotaveirajr.com.br\/","name":"Taveira Jr","description":"Deputado Estadual","publisher":{"@id":"https:\/\/deputadotaveirajr.com.br\/#organization"},"potentialAction":[{"@type":"SearchAction","target":{"@type":"EntryPoint","urlTemplate":"https:\/\/deputadotaveirajr.com.br\/?s={search_term_string}"},"query-input":{"@type":"PropertyValueSpecification","valueRequired":true,"valueName":"search_term_string"}}],"inLanguage":"pt-BR"},{"@type":"Organization","@id":"https:\/\/deputadotaveirajr.com.br\/#organization","name":"Taveira Jr","url":"https:\/\/deputadotaveirajr.com.br\/","logo":{"@type":"ImageObject","inLanguage":"pt-BR","@id":"https:\/\/deputadotaveirajr.com.br\/#\/schema\/logo\/image\/","url":"https:\/\/deputadotaveirajr.com.br\/wp-content\/uploads\/2026\/01\/logolow2a.png","contentUrl":"https:\/\/deputadotaveirajr.com.br\/wp-content\/uploads\/2026\/01\/logolow2a.png","width":290,"height":80,"caption":"Taveira Jr"},"image":{"@id":"https:\/\/deputadotaveirajr.com.br\/#\/schema\/logo\/image\/"}}]}},"_links":{"self":[{"href":"https:\/\/deputadotaveirajr.com.br\/index.php\/wp-json\/wp\/v2\/pages\/11458","targetHints":{"allow":["GET"]}}],"collection":[{"href":"https:\/\/deputadotaveirajr.com.br\/index.php\/wp-json\/wp\/v2\/pages"}],"about":[{"href":"https:\/\/deputadotaveirajr.com.br\/index.php\/wp-json\/wp\/v2\/types\/page"}],"replies":[{"embeddable":true,"href":"https:\/\/deputadotaveirajr.com.br\/index.php\/wp-json\/wp\/v2\/comments?post=11458"}],"version-history":[{"count":0,"href":"https:\/\/deputadotaveirajr.com.br\/index.php\/wp-json\/wp\/v2\/pages\/11458\/revisions"}],"wp:attachment":[{"href":"https:\/\/deputadotaveirajr.com.br\/index.php\/wp-json\/wp\/v2\/media?parent=11458"}],"curies":[{"name":"wp","href":"https:\/\/api.w.org\/{rel}","templated":true}]}}

Homem é baleado dentro de carro em atentado na Grande Natal

<p>     Caso aconteceu na manhã desta terça-feira (26) em Parnamirim. Vítima foi socorrida pelo Samu.  Homem foi baleado dentro de carro em Parnamirim, na Grande Natal<br />
Pedro Trindade/Inter TV Cabugi<br />
Um homem de 35 anos foi baleado dentro de um carro, na manhã desta terça-feira (26) no bairro Boa Esperança, em Parnamirim, na Grande Natal. Segundo a polícia, os tiros foram disparados por uma dupla de criminosos em uma moto.<br />
O caso aconteceu por volta das 9h30 na Avenida Tenente Cordeiro. Após os tiros, que atingiram a vítima na altura do abdômen, o homem perdeu o controle do veículo e bateu em um poste. Os criminosos fugiram do local.<br />
📳Participe do canal do g1 RN no WhatsApp<br />
O Serviço de Atendimento Móvel de Urgência (Samu) foi acionado e socorreu a vítima em estado grave.<br />
Marcas de tiros na lateral do veículo onde estava homem baleado em Parnamirim, na Grande Natal<br />
Pedro Trindade/Inter TV Cabugi<br />
De acordo com a polícia, vestígios encontrados no local apontam que os autores do atentado usaram armamentos com munições calibre .40 que são de uso restrito das forças de segurança pública.<br />
No veículo, era possível ver pelo menos três marcas de tiros que ficaram na lataria.<br />
A Polícia Civil foi acionada para dar início às investigações sobre o caso. As possíveis motivações para o crime não foram informadas até a última atualização desta reportagem.<br />
Após tiros disparados contra motorista, carro atingiu poste em Parnamirim<br />
Pedro Trindade/Inter TV Cabugi<br />
Veja os vídeos mais assistidos no g1 RN</p>

<p>Caso aconteceu na manhã desta terça-feira (26) em Parnamirim. Vítima foi socorrida pelo Samu. Homem foi baleado dentro de carro em Parnamirim, na Grande Natal Pedro Trindade/Inter TV Cabugi Um &#8230;</p>

<!-- This site is optimized with the Yoast SEO plugin v27.1.1 - https://yoast.com/product/yoast-seo-wordpress/ -->
<title>Homem é baleado dentro de carro em atentado na Grande Natal - Taveira Jr</title>
<meta name="robots" content="index, follow, max-snippet:-1, max-image-preview:large, max-video-preview:-1" />
<link rel="canonical" href="https://deputadotaveirajr.com.br/index.php/homem-e-baleado-dentro-de-carro-em-atentado-na-grande-natal/" />
<meta property="og:locale" content="pt_BR" />
<meta property="og:type" content="article" />
<meta property="og:title" content="Homem é baleado dentro de carro em atentado na Grande Natal - Taveira Jr" />
<meta property="og:description" content="Caso aconteceu na manhã desta terça-feira (26) em Parnamirim. Vítima foi socorrida pelo Samu. Homem foi baleado dentro de carro em Parnamirim, na Grande Natal Pedro Trindade/Inter TV Cabugi Um ..." />
<meta property="og:url" content="https://deputadotaveirajr.com.br/index.php/homem-e-baleado-dentro-de-carro-em-atentado-na-grande-natal/" />
<meta property="og:site_name" content="Taveira Jr" />
<meta name="twitter:card" content="summary_large_image" />
<meta name="twitter:label1" content="Est. tempo de leitura" />
	<meta name="twitter:data1" content="1 minuto" />
<script type="application/ld+json" class="yoast-schema-graph">{"@context":"https://schema.org","@graph":[{"@type":"WebPage","@id":"https://deputadotaveirajr.com.br/index.php/homem-e-baleado-dentro-de-carro-em-atentado-na-grande-natal/","url":"https://deputadotaveirajr.com.br/index.php/homem-e-baleado-dentro-de-carro-em-atentado-na-grande-natal/","name":"Homem é baleado dentro de carro em atentado na Grande Natal - Taveira Jr","isPartOf":{"@id":"https://deputadotaveirajr.com.br/#website"},"datePublished":"2024-11-26T15:21:23+00:00","breadcrumb":{"@id":"https://deputadotaveirajr.com.br/index.php/homem-e-baleado-dentro-de-carro-em-atentado-na-grande-natal/#breadcrumb"},"inLanguage":"pt-BR","potentialAction":[{"@type":"ReadAction","target":["https://deputadotaveirajr.com.br/index.php/homem-e-baleado-dentro-de-carro-em-atentado-na-grande-natal/"]}]},{"@type":"BreadcrumbList","@id":"https://deputadotaveirajr.com.br/index.php/homem-e-baleado-dentro-de-carro-em-atentado-na-grande-natal/#breadcrumb","itemListElement":[{"@type":"ListItem","position":1,"name":"Início","item":"https://deputadotaveirajr.com.br/"},{"@type":"ListItem","position":2,"name":"Homem é baleado dentro de carro em atentado na Grande Natal"}]},{"@type":"WebSite","@id":"https://deputadotaveirajr.com.br/#website","url":"https://deputadotaveirajr.com.br/","name":"Taveira Jr","description":"Deputado Estadual","publisher":{"@id":"https://deputadotaveirajr.com.br/#organization"},"potentialAction":[{"@type":"SearchAction","target":{"@type":"EntryPoint","urlTemplate":"https://deputadotaveirajr.com.br/?s={search_term_string}"},"query-input":{"@type":"PropertyValueSpecification","valueRequired":true,"valueName":"search_term_string"}}],"inLanguage":"pt-BR"},{"@type":"Organization","@id":"https://deputadotaveirajr.com.br/#organization","name":"Taveira Jr","url":"https://deputadotaveirajr.com.br/","logo":{"@type":"ImageObject","inLanguage":"pt-BR","@id":"https://deputadotaveirajr.com.br/#/schema/logo/image/","url":"https://deputadotaveirajr.com.br/wp-content/uploads/2026/01/logolow2a.png","contentUrl":"https://deputadotaveirajr.com.br/wp-content/uploads/2026/01/logolow2a.png","width":290,"height":80,"caption":"Taveira Jr"},"image":{"@id":"https://deputadotaveirajr.com.br/#/schema/logo/image/"}}]}</script>
<!-- / Yoast SEO plugin. -->

Homem é baleado dentro de carro em atentado na Grande Natal - Taveira Jr

Caso aconteceu na manhã desta terça-feira (26) em Parnamirim. Vítima foi socorrida pelo Samu. Homem foi baleado dentro de carro em Parnamirim, na Grande Natal Pedro Trindade/Inter TV Cabugi Um ...

Início
