{"id":11489,"date":"2024-11-27T15:10:57","date_gmt":"2024-11-27T18:10:57","guid":{"rendered":"https:\/\/deputadotaveirajr.com.br\/index.php\/forum-negocios-2024-espera-receber-mais-de-6-mil-pessoas-a-partir-desta-quinta-feira-28\/"},"modified":"2024-11-27T15:10:57","modified_gmt":"2024-11-27T18:10:57","slug":"forum-negocios-2024-espera-receber-mais-de-6-mil-pessoas-a-partir-desta-quinta-feira-28","status":"publish","type":"page","link":"https:\/\/deputadotaveirajr.com.br\/index.php\/forum-negocios-2024-espera-receber-mais-de-6-mil-pessoas-a-partir-desta-quinta-feira-28\/","title":{"rendered":"F\u00f3rum Neg\u00f3cios 2024 espera receber mais de 6 mil pessoas a partir desta quinta-feira (28)"},"content":{"rendered":"<p>     Festival de empreendedorismo ser\u00e1 realizado no Centro de Conven\u00e7\u00f5es de Natal, com 32 palestras sobre temas como vendas e escalabilidade, IA e tecnologia, networking e marketing. Jean Val\u00e9rio \u00e9 o CEO do F\u00f3rum Neg\u00f3cios<br \/>\nDivulga\u00e7\u00e3o<br \/>\nO Centro de Conven\u00e7\u00f5es de Natal recebe nesta quinta (28) e sexta-feira (29) a maior edi\u00e7\u00e3o do F\u00f3rum Neg\u00f3cios, um dos maiores eventos de empreendedorismo do Brasil. Entre os palestrantes est\u00e3o confirmados nomes como Luiza Trajano, Paulo Muzy, Eike Batista, Walter Longo, Carlos Busch, Rosely Boschini e Thiago Reis.<br \/>\n\ud83d\udcf3Participe do canal do g1 RN no WhatsApp<br \/>\nA expectativa da organiza\u00e7\u00e3o \u00e9 receber mais de 6 mil pessoas no evento. Ser\u00e3o mais de 22 horas de conte\u00fado imersivo, al\u00e9m de uma \u00e1rea com mais de 100 expositores. Os ingressos s\u00e3o vendidos pela internet.<br \/>\nCom o tema &#8220;A chave para o sucesso&#8221;, o F\u00f3rum Neg\u00f3cios 2024 \u00e9 visto como uma oportunidade de transformar carreiras e neg\u00f3cios, abrindo portas para novas conex\u00f5es, insights disruptivos e ferramentas pr\u00e1ticas capazes de alavancar resultados em at\u00e9 cinco vezes.<br \/>\nIdealizado pelos jornalistas Jean Val\u00e9rio e Jeanny Damas, o evento conta com lounges para networking, al\u00e9m de pra\u00e7a de alimenta\u00e7\u00e3o. &#8220;Aqui entregamos o que h\u00e1 de melhor em conhecimento, mas tamb\u00e9m promovemos um ambiente para troca de ideias e conex\u00f5es que mudam vidas&#8221;, destaca a diretora geral do FN, Jeanny Damas.<br \/>\nOs temas abordados nas palestras incluem vendas e escalabilidade, pessoas e processos, gest\u00e3o, estrat\u00e9gia e finan\u00e7as, IA e tecnologia, intelig\u00eancia emocional, networking, marketing, posicionamento, lideran\u00e7a e cultura, oferecendo insights pr\u00e1ticos e ferramentas para empreendedores e profissionais de alta performance.<br \/>\n&#8220;Queremos que cada participante saia daqui com uma nova vis\u00e3o do seu neg\u00f3cio e do seu potencial. Nossa miss\u00e3o \u00e9 oferecer n\u00e3o s\u00f3 as ferramentas, mas tamb\u00e9m a inspira\u00e7\u00e3o necess\u00e1ria para alcan\u00e7ar novos patamares de sucesso&#8221;, afirma Jean Val\u00e9rio, idealizador e CEO do F\u00f3rum.<br \/>\nLeonardo Castelo, Dema Oliveira, Andr\u00e9 Alves, Alexandre Taleb, Fernando Godoy, Gustavo Favaron, Luciano Almeida, Thiago Lajus, Richard Albanesi, Arthur Rufino, Carina Previato, Claudio Santos, Eduardo Frezarin, Erick Loureiro, Fabiane Mainone, Giovani Begossi, Miguel Setas, Dr. Paulo Duarte, Ricardo Bellino, Rafael Medeiros, Walkyria Fernandes, Theo Braga, Nelson Wilians e Leandro Borracheiro s\u00e3o outros palestrantes anunciados.<br \/>\nVeja os v\u00eddeos mais assistidos do g1 RN<\/p>","protected":false},"excerpt":{"rendered":"<p>Festival de empreendedorismo ser\u00e1 realizado no Centro de Conven\u00e7\u00f5es de Natal, com 32 palestras sobre temas como vendas e escalabilidade, IA e tecnologia, networking e marketing. Jean Val\u00e9rio \u00e9 o &#8230;<\/p>\n","protected":false},"author":0,"featured_media":11490,"parent":0,"menu_order":0,"comment_status":"closed","ping_status":"closed","template":"","meta":{"footnotes":""},"class_list":["post-11489","page","type-page","status-publish","has-post-thumbnail","hentry"],"yoast_head":"<!-- This site is optimized with the Yoast SEO plugin v27.1.1 - https:\/\/yoast.com\/product\/yoast-seo-wordpress\/ -->\n<title>F\u00f3rum Neg\u00f3cios 2024 espera receber mais de 6 mil pessoas a partir desta quinta-feira (28) - Taveira Jr<\/title>\n<meta name=\"robots\" content=\"index, follow, max-snippet:-1, max-image-preview:large, max-video-preview:-1\" \/>\n<link rel=\"canonical\" href=\"https:\/\/deputadotaveirajr.com.br\/index.php\/forum-negocios-2024-espera-receber-mais-de-6-mil-pessoas-a-partir-desta-quinta-feira-28\/\" \/>\n<meta property=\"og:locale\" content=\"pt_BR\" \/>\n<meta property=\"og:type\" content=\"article\" \/>\n<meta property=\"og:title\" content=\"F\u00f3rum Neg\u00f3cios 2024 espera receber mais de 6 mil pessoas a partir desta quinta-feira (28) - Taveira Jr\" \/>\n<meta property=\"og:description\" content=\"Festival de empreendedorismo ser\u00e1 realizado no Centro de Conven\u00e7\u00f5es de Natal, com 32 palestras sobre temas como vendas e escalabilidade, IA e tecnologia, networking e marketing. Jean Val\u00e9rio \u00e9 o ...\" \/>\n<meta property=\"og:url\" content=\"https:\/\/deputadotaveirajr.com.br\/index.php\/forum-negocios-2024-espera-receber-mais-de-6-mil-pessoas-a-partir-desta-quinta-feira-28\/\" \/>\n<meta property=\"og:site_name\" content=\"Taveira Jr\" \/>\n<meta name=\"twitter:card\" content=\"summary_large_image\" \/>\n<meta name=\"twitter:label1\" content=\"Est. tempo de leitura\" \/>\n\t<meta name=\"twitter:data1\" content=\"2 minutos\" \/>\n<script type=\"application\/ld+json\" class=\"yoast-schema-graph\">{\"@context\":\"https:\/\/schema.org\",\"@graph\":[{\"@type\":\"WebPage\",\"@id\":\"https:\/\/deputadotaveirajr.com.br\/index.php\/forum-negocios-2024-espera-receber-mais-de-6-mil-pessoas-a-partir-desta-quinta-feira-28\/\",\"url\":\"https:\/\/deputadotaveirajr.com.br\/index.php\/forum-negocios-2024-espera-receber-mais-de-6-mil-pessoas-a-partir-desta-quinta-feira-28\/\",\"name\":\"F\u00f3rum Neg\u00f3cios 2024 espera receber mais de 6 mil pessoas a partir desta quinta-feira (28) - Taveira Jr\",\"isPartOf\":{\"@id\":\"https:\/\/deputadotaveirajr.com.br\/#website\"},\"primaryImageOfPage\":{\"@id\":\"https:\/\/deputadotaveirajr.com.br\/index.php\/forum-negocios-2024-espera-receber-mais-de-6-mil-pessoas-a-partir-desta-quinta-feira-28\/#primaryimage\"},\"image\":{\"@id\":\"https:\/\/deputadotaveirajr.com.br\/index.php\/forum-negocios-2024-espera-receber-mais-de-6-mil-pessoas-a-partir-desta-quinta-feira-28\/#primaryimage\"},\"thumbnailUrl\":\"https:\/\/deputadotaveirajr.com.br\/wp-content\/uploads\/2024\/11\/jean-valerio-gLjO2G.jpeg\",\"datePublished\":\"2024-11-27T18:10:57+00:00\",\"breadcrumb\":{\"@id\":\"https:\/\/deputadotaveirajr.com.br\/index.php\/forum-negocios-2024-espera-receber-mais-de-6-mil-pessoas-a-partir-desta-quinta-feira-28\/#breadcrumb\"},\"inLanguage\":\"pt-BR\",\"potentialAction\":[{\"@type\":\"ReadAction\",\"target\":[\"https:\/\/deputadotaveirajr.com.br\/index.php\/forum-negocios-2024-espera-receber-mais-de-6-mil-pessoas-a-partir-desta-quinta-feira-28\/\"]}]},{\"@type\":\"ImageObject\",\"inLanguage\":\"pt-BR\",\"@id\":\"https:\/\/deputadotaveirajr.com.br\/index.php\/forum-negocios-2024-espera-receber-mais-de-6-mil-pessoas-a-partir-desta-quinta-feira-28\/#primaryimage\",\"url\":\"https:\/\/deputadotaveirajr.com.br\/wp-content\/uploads\/2024\/11\/jean-valerio-gLjO2G.jpeg\",\"contentUrl\":\"https:\/\/deputadotaveirajr.com.br\/wp-content\/uploads\/2024\/11\/jean-valerio-gLjO2G.jpeg\",\"width\":1280,\"height\":854},{\"@type\":\"BreadcrumbList\",\"@id\":\"https:\/\/deputadotaveirajr.com.br\/index.php\/forum-negocios-2024-espera-receber-mais-de-6-mil-pessoas-a-partir-desta-quinta-feira-28\/#breadcrumb\",\"itemListElement\":[{\"@type\":\"ListItem\",\"position\":1,\"name\":\"In\u00edcio\",\"item\":\"https:\/\/deputadotaveirajr.com.br\/\"},{\"@type\":\"ListItem\",\"position\":2,\"name\":\"F\u00f3rum Neg\u00f3cios 2024 espera receber mais de 6 mil pessoas a partir desta quinta-feira (28)\"}]},{\"@type\":\"WebSite\",\"@id\":\"https:\/\/deputadotaveirajr.com.br\/#website\",\"url\":\"https:\/\/deputadotaveirajr.com.br\/\",\"name\":\"Taveira Jr\",\"description\":\"Deputado Estadual\",\"publisher\":{\"@id\":\"https:\/\/deputadotaveirajr.com.br\/#organization\"},\"potentialAction\":[{\"@type\":\"SearchAction\",\"target\":{\"@type\":\"EntryPoint\",\"urlTemplate\":\"https:\/\/deputadotaveirajr.com.br\/?s={search_term_string}\"},\"query-input\":{\"@type\":\"PropertyValueSpecification\",\"valueRequired\":true,\"valueName\":\"search_term_string\"}}],\"inLanguage\":\"pt-BR\"},{\"@type\":\"Organization\",\"@id\":\"https:\/\/deputadotaveirajr.com.br\/#organization\",\"name\":\"Taveira Jr\",\"url\":\"https:\/\/deputadotaveirajr.com.br\/\",\"logo\":{\"@type\":\"ImageObject\",\"inLanguage\":\"pt-BR\",\"@id\":\"https:\/\/deputadotaveirajr.com.br\/#\/schema\/logo\/image\/\",\"url\":\"https:\/\/deputadotaveirajr.com.br\/wp-content\/uploads\/2026\/01\/logolow2a.png\",\"contentUrl\":\"https:\/\/deputadotaveirajr.com.br\/wp-content\/uploads\/2026\/01\/logolow2a.png\",\"width\":290,\"height\":80,\"caption\":\"Taveira Jr\"},\"image\":{\"@id\":\"https:\/\/deputadotaveirajr.com.br\/#\/schema\/logo\/image\/\"}}]}<\/script>\n<!-- \/ Yoast SEO plugin. -->","yoast_head_json":{"title":"F\u00f3rum Neg\u00f3cios 2024 espera receber mais de 6 mil pessoas a partir desta quinta-feira (28) - Taveira Jr","robots":{"index":"index","follow":"follow","max-snippet":"max-snippet:-1","max-image-preview":"max-image-preview:large","max-video-preview":"max-video-preview:-1"},"canonical":"https:\/\/deputadotaveirajr.com.br\/index.php\/forum-negocios-2024-espera-receber-mais-de-6-mil-pessoas-a-partir-desta-quinta-feira-28\/","og_locale":"pt_BR","og_type":"article","og_title":"F\u00f3rum Neg\u00f3cios 2024 espera receber mais de 6 mil pessoas a partir desta quinta-feira (28) - Taveira Jr","og_description":"Festival de empreendedorismo ser\u00e1 realizado no Centro de Conven\u00e7\u00f5es de Natal, com 32 palestras sobre temas como vendas e escalabilidade, IA e tecnologia, networking e marketing. Jean Val\u00e9rio \u00e9 o ...","og_url":"https:\/\/deputadotaveirajr.com.br\/index.php\/forum-negocios-2024-espera-receber-mais-de-6-mil-pessoas-a-partir-desta-quinta-feira-28\/","og_site_name":"Taveira Jr","twitter_card":"summary_large_image","twitter_misc":{"Est. tempo de leitura":"2 minutos"},"schema":{"@context":"https:\/\/schema.org","@graph":[{"@type":"WebPage","@id":"https:\/\/deputadotaveirajr.com.br\/index.php\/forum-negocios-2024-espera-receber-mais-de-6-mil-pessoas-a-partir-desta-quinta-feira-28\/","url":"https:\/\/deputadotaveirajr.com.br\/index.php\/forum-negocios-2024-espera-receber-mais-de-6-mil-pessoas-a-partir-desta-quinta-feira-28\/","name":"F\u00f3rum Neg\u00f3cios 2024 espera receber mais de 6 mil pessoas a partir desta quinta-feira (28) - Taveira Jr","isPartOf":{"@id":"https:\/\/deputadotaveirajr.com.br\/#website"},"primaryImageOfPage":{"@id":"https:\/\/deputadotaveirajr.com.br\/index.php\/forum-negocios-2024-espera-receber-mais-de-6-mil-pessoas-a-partir-desta-quinta-feira-28\/#primaryimage"},"image":{"@id":"https:\/\/deputadotaveirajr.com.br\/index.php\/forum-negocios-2024-espera-receber-mais-de-6-mil-pessoas-a-partir-desta-quinta-feira-28\/#primaryimage"},"thumbnailUrl":"https:\/\/deputadotaveirajr.com.br\/wp-content\/uploads\/2024\/11\/jean-valerio-gLjO2G.jpeg","datePublished":"2024-11-27T18:10:57+00:00","breadcrumb":{"@id":"https:\/\/deputadotaveirajr.com.br\/index.php\/forum-negocios-2024-espera-receber-mais-de-6-mil-pessoas-a-partir-desta-quinta-feira-28\/#breadcrumb"},"inLanguage":"pt-BR","potentialAction":[{"@type":"ReadAction","target":["https:\/\/deputadotaveirajr.com.br\/index.php\/forum-negocios-2024-espera-receber-mais-de-6-mil-pessoas-a-partir-desta-quinta-feira-28\/"]}]},{"@type":"ImageObject","inLanguage":"pt-BR","@id":"https:\/\/deputadotaveirajr.com.br\/index.php\/forum-negocios-2024-espera-receber-mais-de-6-mil-pessoas-a-partir-desta-quinta-feira-28\/#primaryimage","url":"https:\/\/deputadotaveirajr.com.br\/wp-content\/uploads\/2024\/11\/jean-valerio-gLjO2G.jpeg","contentUrl":"https:\/\/deputadotaveirajr.com.br\/wp-content\/uploads\/2024\/11\/jean-valerio-gLjO2G.jpeg","width":1280,"height":854},{"@type":"BreadcrumbList","@id":"https:\/\/deputadotaveirajr.com.br\/index.php\/forum-negocios-2024-espera-receber-mais-de-6-mil-pessoas-a-partir-desta-quinta-feira-28\/#breadcrumb","itemListElement":[{"@type":"ListItem","position":1,"name":"In\u00edcio","item":"https:\/\/deputadotaveirajr.com.br\/"},{"@type":"ListItem","position":2,"name":"F\u00f3rum Neg\u00f3cios 2024 espera receber mais de 6 mil pessoas a partir desta quinta-feira (28)"}]},{"@type":"WebSite","@id":"https:\/\/deputadotaveirajr.com.br\/#website","url":"https:\/\/deputadotaveirajr.com.br\/","name":"Taveira Jr","description":"Deputado Estadual","publisher":{"@id":"https:\/\/deputadotaveirajr.com.br\/#organization"},"potentialAction":[{"@type":"SearchAction","target":{"@type":"EntryPoint","urlTemplate":"https:\/\/deputadotaveirajr.com.br\/?s={search_term_string}"},"query-input":{"@type":"PropertyValueSpecification","valueRequired":true,"valueName":"search_term_string"}}],"inLanguage":"pt-BR"},{"@type":"Organization","@id":"https:\/\/deputadotaveirajr.com.br\/#organization","name":"Taveira Jr","url":"https:\/\/deputadotaveirajr.com.br\/","logo":{"@type":"ImageObject","inLanguage":"pt-BR","@id":"https:\/\/deputadotaveirajr.com.br\/#\/schema\/logo\/image\/","url":"https:\/\/deputadotaveirajr.com.br\/wp-content\/uploads\/2026\/01\/logolow2a.png","contentUrl":"https:\/\/deputadotaveirajr.com.br\/wp-content\/uploads\/2026\/01\/logolow2a.png","width":290,"height":80,"caption":"Taveira Jr"},"image":{"@id":"https:\/\/deputadotaveirajr.com.br\/#\/schema\/logo\/image\/"}}]}},"_links":{"self":[{"href":"https:\/\/deputadotaveirajr.com.br\/index.php\/wp-json\/wp\/v2\/pages\/11489","targetHints":{"allow":["GET"]}}],"collection":[{"href":"https:\/\/deputadotaveirajr.com.br\/index.php\/wp-json\/wp\/v2\/pages"}],"about":[{"href":"https:\/\/deputadotaveirajr.com.br\/index.php\/wp-json\/wp\/v2\/types\/page"}],"replies":[{"embeddable":true,"href":"https:\/\/deputadotaveirajr.com.br\/index.php\/wp-json\/wp\/v2\/comments?post=11489"}],"version-history":[{"count":0,"href":"https:\/\/deputadotaveirajr.com.br\/index.php\/wp-json\/wp\/v2\/pages\/11489\/revisions"}],"wp:featuredmedia":[{"embeddable":true,"href":"https:\/\/deputadotaveirajr.com.br\/index.php\/wp-json\/wp\/v2\/media\/11490"}],"wp:attachment":[{"href":"https:\/\/deputadotaveirajr.com.br\/index.php\/wp-json\/wp\/v2\/media?parent=11489"}],"curies":[{"name":"wp","href":"https:\/\/api.w.org\/{rel}","templated":true}]}}