{"id":11501,"date":"2024-11-28T06:00:57","date_gmt":"2024-11-28T09:00:57","guid":{"rendered":"https:\/\/deputadotaveirajr.com.br\/index.php\/festival-dosol-flavio-jose-e-ribeira-boemia-veja-agenda-cultural-do-fim-de-semana-em-natal\/"},"modified":"2024-11-28T06:00:57","modified_gmt":"2024-11-28T09:00:57","slug":"festival-dosol-flavio-jose-e-ribeira-boemia-veja-agenda-cultural-do-fim-de-semana-em-natal","status":"publish","type":"page","link":"https:\/\/deputadotaveirajr.com.br\/index.php\/festival-dosol-flavio-jose-e-ribeira-boemia-veja-agenda-cultural-do-fim-de-semana-em-natal\/","title":{"rendered":"Festival DoSol, Fl\u00e1vio Jos\u00e9 e Ribeira Bo\u00eamia: veja agenda cultural do fim de semana em Natal"},"content":{"rendered":"<p>     Op\u00e7\u00f5es de eventos que acontecem entre esta quinta-feira (28) e a segunda-feira (2) foram reunidas pelo g1. Fl\u00e1vio Jos\u00e9 se apresenta em Natal neste fim de semana<br \/>\nErickson Nogueira\/g1<br \/>\nO fim de semana em Natal conta com atra\u00e7\u00f5es variadas para o p\u00fablico. O Festival DoSol celebra sua 21\u00aa edi\u00e7\u00e3o com programa\u00e7\u00e3o diversificada. O cantor Fl\u00e1vio Jos\u00e9 apresenta cl\u00e1ssicos do forr\u00f3 e a  Ribeira Bo\u00eamia promete animar no Festival Seu Jerimum Samba.<br \/>\nO g1 reuniu alguns eventos que acontecem entre esta quinta-feira (28) e a pr\u00f3xima segunda-feira (2). Veja abaixo:<br \/>\n\ud83d\udcf3Participe do canal do g1 RN no WhatsApp<br \/>\nQuinta-feira (28)<br \/>\nFestival Cinema Negro<br \/>\nExibi\u00e7\u00e3o do longa \u201cVaga Carne\u201d de Grace Pass\u00f4 e Ricardo Alves Jr. (MG) +5 curtas-metragens<br \/>\nLocal: Casa da Ribeira<br \/>\nHor\u00e1rio: 19h<br \/>\nIngressos: gratuito (distribu\u00eddos 1h antes da sess\u00e3o)<br \/>\nFestival DoSol<br \/>\n Carmen Jaci (Fran\u00e7a) e Sarah Oliver (RN)<br \/>\nLocal: Sede Cultural DoSol (Potil\u00e2ndia)<br \/>\nHor\u00e1rio: 17h<br \/>\nIngressos: acesso gratuito<br \/>\nPaulo Zamparo<br \/>\nStand-up  &#8220;Essa costela \u00e9 minha&#8221;<br \/>\nLocal: Natal Comedy Club<br \/>\nHor\u00e1rio: 20h<br \/>\nIngressos: a partir de R$50  (CLIQUE AQUI)<br \/>\nSexta-feira (29)<br \/>\nFestival Cinema Negro<br \/>\nExibi\u00e7\u00e3o do longa \u201cOthelo, o grande\u201d de Lucas H. Rossi dos Santos. (RJ) +5 curtas-metragens<br \/>\nLocal: Casa da Ribeira<br \/>\nHor\u00e1rio: 19h<br \/>\nIngressos: gratuito (distribu\u00eddos 1h antes da sess\u00e3o)<br \/>\nFestival DoSol<br \/>\nOficina &#8220;Mulheres no Front: da composi\u00e7\u00e3o \u00e0 estrada&#8221;,  Tigre Triste (SP), Bruna Pena (PR) e B\u00e1rbara Silva (DF)<br \/>\nLocal: Sede Cultural DoSol (Potil\u00e2ndia)<br \/>\nHor\u00e1rio: 17h<br \/>\nIngressos: acesso gratuito<br \/>\nNoite Indie com Cinnamons<br \/>\nLocal: Oh&#8217; Velha Pub (Ponta Negra)<br \/>\nHor\u00e1rio: 18h<br \/>\nIngressos: R$15 (CLIQUE AQUI)<br \/>\nFerro na Boneca e Pedro Luccas<br \/>\nLocal: Afonso (Petrop\u00f3lis)<br \/>\nHor\u00e1rio: 21h<br \/>\nIngressos: a partir de R$40 (CLIQUE AQUI)<br \/>\nBatista Lima<br \/>\nLocal: Rastap\u00e9 (Ponta Negra)<br \/>\nHor\u00e1rio: 22h<br \/>\nIngressos: a partir de R$50 (CLIQUE AQUI)<br \/>\nS\u00e1bado (30)<br \/>\nFl\u00e1vio Jos\u00e9 e Eliane<br \/>\nLocal: Boulevard Music Hall (Nova Parnamirim)<br \/>\nHor\u00e1rio: 17h<br \/>\nIngressos: a partir de R$80 (CLIQUE AQUI)<br \/>\nFestival DoSol<br \/>\nMais de 30 atra\u00e7\u00f5es<br \/>\nLocal: Largo da Rua Chile (Ribeira)<br \/>\nHor\u00e1rio: 17h<br \/>\nIngressos: a partir de R$30 (CLIQUE AQUI)<br \/>\nPagode do Coxa<br \/>\nLocal: Via Direta (Lagoa Nova)<br \/>\nHor\u00e1rio: 16h<br \/>\nIngressos: a partir de R$50 (CLIQUE AQUI)<br \/>\nFestival Seu Jerimum Samba<br \/>\nRibeira Bo\u00eamia, Sueldo Soares, Preto no Branco e outros<br \/>\nLocal: Sest Senat (Pitimb\u00fa)<br \/>\nHor\u00e1rio: 17h<br \/>\nIngressos: a partir de R$30 (CLIQUE AQUI)<br \/>\nFestival Cinema Negro<br \/>\nExibi\u00e7\u00e3o do longa \u201c\u201cMarte Um\u201d de Gabriel Martins (MG) +5 curtas-metragens<br \/>\nLocal: Casa da Ribeira<br \/>\nHor\u00e1rio: 19h<br \/>\nIngressos: gratuito (distribu\u00eddos 1h antes da sess\u00e3o)<br \/>\nUsKaravelho<br \/>\nLocal: Oh&#8217; Velha Pub (Ponta Negra)<br \/>\nHor\u00e1rio: 18h<br \/>\nIngressos: R$15 (CLIQUE AQUI)<br \/>\nJo\u00e3o Resenhas<br \/>\nShow de humor &#8211; N\u00e3o era isso que eu queria<br \/>\nLocal: Natal Comedy Club (Candel\u00e1ria)<br \/>\nHor\u00e1rio: 20h<br \/>\nIngressos: a partir de R$10 (CLIQUE AQUI)<br \/>\nAmanda &amp; Ruama<br \/>\nLocal: Buraco da Catita (Ribeira)<br \/>\nHor\u00e1rio: 21h<br \/>\nIngressos: a partir de R$30 (CLIQUE AQUI)<br \/>\nDomingo (1)<br \/>\nDomingueira<br \/>\nLocal: Casanova Ecobar<br \/>\nHor\u00e1rio: 19h<br \/>\nIngressos: acesso gratuito<br \/>\nSegunda-feira (2)<br \/>\nSegunda de Vagabundo<br \/>\nLocal: Rua Pereira Sim\u00f5es , 43 B, Rocas<br \/>\nHor\u00e1rio: 20h<br \/>\nIngressos: entrada gratuita<br \/>\nVeja os v\u00eddeos mais assistidos do g1 RN<\/p>","protected":false},"excerpt":{"rendered":"<p>Op\u00e7\u00f5es de eventos que acontecem entre esta quinta-feira (28) e a segunda-feira (2) foram reunidas pelo g1. Fl\u00e1vio Jos\u00e9 se apresenta em Natal neste fim de semana Erickson Nogueira\/g1 O &#8230;<\/p>\n","protected":false},"author":0,"featured_media":11502,"parent":0,"menu_order":0,"comment_status":"closed","ping_status":"closed","template":"","meta":{"footnotes":""},"class_list":["post-11501","page","type-page","status-publish","has-post-thumbnail","hentry"],"yoast_head":"<!-- This site is optimized with the Yoast SEO plugin v27.1.1 - https:\/\/yoast.com\/product\/yoast-seo-wordpress\/ -->\n<title>Festival DoSol, Fl\u00e1vio Jos\u00e9 e Ribeira Bo\u00eamia: veja agenda cultural do fim de semana em Natal - Taveira Jr<\/title>\n<meta name=\"robots\" content=\"index, follow, max-snippet:-1, max-image-preview:large, max-video-preview:-1\" \/>\n<link rel=\"canonical\" href=\"https:\/\/deputadotaveirajr.com.br\/index.php\/festival-dosol-flavio-jose-e-ribeira-boemia-veja-agenda-cultural-do-fim-de-semana-em-natal\/\" \/>\n<meta property=\"og:locale\" content=\"pt_BR\" \/>\n<meta property=\"og:type\" content=\"article\" \/>\n<meta property=\"og:title\" content=\"Festival DoSol, Fl\u00e1vio Jos\u00e9 e Ribeira Bo\u00eamia: veja agenda cultural do fim de semana em Natal - Taveira Jr\" \/>\n<meta property=\"og:description\" content=\"Op\u00e7\u00f5es de eventos que acontecem entre esta quinta-feira (28) e a segunda-feira (2) foram reunidas pelo g1. Fl\u00e1vio Jos\u00e9 se apresenta em Natal neste fim de semana Erickson Nogueira\/g1 O ...\" \/>\n<meta property=\"og:url\" content=\"https:\/\/deputadotaveirajr.com.br\/index.php\/festival-dosol-flavio-jose-e-ribeira-boemia-veja-agenda-cultural-do-fim-de-semana-em-natal\/\" \/>\n<meta property=\"og:site_name\" content=\"Taveira Jr\" \/>\n<meta name=\"twitter:card\" content=\"summary_large_image\" \/>\n<meta name=\"twitter:label1\" content=\"Est. tempo de leitura\" \/>\n\t<meta name=\"twitter:data1\" content=\"3 minutos\" \/>\n<script type=\"application\/ld+json\" class=\"yoast-schema-graph\">{\"@context\":\"https:\/\/schema.org\",\"@graph\":[{\"@type\":\"WebPage\",\"@id\":\"https:\/\/deputadotaveirajr.com.br\/index.php\/festival-dosol-flavio-jose-e-ribeira-boemia-veja-agenda-cultural-do-fim-de-semana-em-natal\/\",\"url\":\"https:\/\/deputadotaveirajr.com.br\/index.php\/festival-dosol-flavio-jose-e-ribeira-boemia-veja-agenda-cultural-do-fim-de-semana-em-natal\/\",\"name\":\"Festival DoSol, Fl\u00e1vio Jos\u00e9 e Ribeira Bo\u00eamia: veja agenda cultural do fim de semana em Natal - Taveira Jr\",\"isPartOf\":{\"@id\":\"https:\/\/deputadotaveirajr.com.br\/#website\"},\"primaryImageOfPage\":{\"@id\":\"https:\/\/deputadotaveirajr.com.br\/index.php\/festival-dosol-flavio-jose-e-ribeira-boemia-veja-agenda-cultural-do-fim-de-semana-em-natal\/#primaryimage\"},\"image\":{\"@id\":\"https:\/\/deputadotaveirajr.com.br\/index.php\/festival-dosol-flavio-jose-e-ribeira-boemia-veja-agenda-cultural-do-fim-de-semana-em-natal\/#primaryimage\"},\"thumbnailUrl\":\"https:\/\/deputadotaveirajr.com.br\/wp-content\/uploads\/2024\/11\/img-5594-LG9OPj-scaled.jpeg\",\"datePublished\":\"2024-11-28T09:00:57+00:00\",\"breadcrumb\":{\"@id\":\"https:\/\/deputadotaveirajr.com.br\/index.php\/festival-dosol-flavio-jose-e-ribeira-boemia-veja-agenda-cultural-do-fim-de-semana-em-natal\/#breadcrumb\"},\"inLanguage\":\"pt-BR\",\"potentialAction\":[{\"@type\":\"ReadAction\",\"target\":[\"https:\/\/deputadotaveirajr.com.br\/index.php\/festival-dosol-flavio-jose-e-ribeira-boemia-veja-agenda-cultural-do-fim-de-semana-em-natal\/\"]}]},{\"@type\":\"ImageObject\",\"inLanguage\":\"pt-BR\",\"@id\":\"https:\/\/deputadotaveirajr.com.br\/index.php\/festival-dosol-flavio-jose-e-ribeira-boemia-veja-agenda-cultural-do-fim-de-semana-em-natal\/#primaryimage\",\"url\":\"https:\/\/deputadotaveirajr.com.br\/wp-content\/uploads\/2024\/11\/img-5594-LG9OPj-scaled.jpeg\",\"contentUrl\":\"https:\/\/deputadotaveirajr.com.br\/wp-content\/uploads\/2024\/11\/img-5594-LG9OPj-scaled.jpeg\",\"width\":2560,\"height\":1707},{\"@type\":\"BreadcrumbList\",\"@id\":\"https:\/\/deputadotaveirajr.com.br\/index.php\/festival-dosol-flavio-jose-e-ribeira-boemia-veja-agenda-cultural-do-fim-de-semana-em-natal\/#breadcrumb\",\"itemListElement\":[{\"@type\":\"ListItem\",\"position\":1,\"name\":\"In\u00edcio\",\"item\":\"https:\/\/deputadotaveirajr.com.br\/\"},{\"@type\":\"ListItem\",\"position\":2,\"name\":\"Festival DoSol, Fl\u00e1vio Jos\u00e9 e Ribeira Bo\u00eamia: veja agenda cultural do fim de semana em Natal\"}]},{\"@type\":\"WebSite\",\"@id\":\"https:\/\/deputadotaveirajr.com.br\/#website\",\"url\":\"https:\/\/deputadotaveirajr.com.br\/\",\"name\":\"Taveira Jr\",\"description\":\"Deputado Estadual\",\"publisher\":{\"@id\":\"https:\/\/deputadotaveirajr.com.br\/#organization\"},\"potentialAction\":[{\"@type\":\"SearchAction\",\"target\":{\"@type\":\"EntryPoint\",\"urlTemplate\":\"https:\/\/deputadotaveirajr.com.br\/?s={search_term_string}\"},\"query-input\":{\"@type\":\"PropertyValueSpecification\",\"valueRequired\":true,\"valueName\":\"search_term_string\"}}],\"inLanguage\":\"pt-BR\"},{\"@type\":\"Organization\",\"@id\":\"https:\/\/deputadotaveirajr.com.br\/#organization\",\"name\":\"Taveira Jr\",\"url\":\"https:\/\/deputadotaveirajr.com.br\/\",\"logo\":{\"@type\":\"ImageObject\",\"inLanguage\":\"pt-BR\",\"@id\":\"https:\/\/deputadotaveirajr.com.br\/#\/schema\/logo\/image\/\",\"url\":\"https:\/\/deputadotaveirajr.com.br\/wp-content\/uploads\/2026\/01\/logolow2a.png\",\"contentUrl\":\"https:\/\/deputadotaveirajr.com.br\/wp-content\/uploads\/2026\/01\/logolow2a.png\",\"width\":290,\"height\":80,\"caption\":\"Taveira Jr\"},\"image\":{\"@id\":\"https:\/\/deputadotaveirajr.com.br\/#\/schema\/logo\/image\/\"}}]}<\/script>\n<!-- \/ Yoast SEO plugin. -->","yoast_head_json":{"title":"Festival DoSol, Fl\u00e1vio Jos\u00e9 e Ribeira Bo\u00eamia: veja agenda cultural do fim de semana em Natal - Taveira Jr","robots":{"index":"index","follow":"follow","max-snippet":"max-snippet:-1","max-image-preview":"max-image-preview:large","max-video-preview":"max-video-preview:-1"},"canonical":"https:\/\/deputadotaveirajr.com.br\/index.php\/festival-dosol-flavio-jose-e-ribeira-boemia-veja-agenda-cultural-do-fim-de-semana-em-natal\/","og_locale":"pt_BR","og_type":"article","og_title":"Festival DoSol, Fl\u00e1vio Jos\u00e9 e Ribeira Bo\u00eamia: veja agenda cultural do fim de semana em Natal - Taveira Jr","og_description":"Op\u00e7\u00f5es de eventos que acontecem entre esta quinta-feira (28) e a segunda-feira (2) foram reunidas pelo g1. Fl\u00e1vio Jos\u00e9 se apresenta em Natal neste fim de semana Erickson Nogueira\/g1 O ...","og_url":"https:\/\/deputadotaveirajr.com.br\/index.php\/festival-dosol-flavio-jose-e-ribeira-boemia-veja-agenda-cultural-do-fim-de-semana-em-natal\/","og_site_name":"Taveira Jr","twitter_card":"summary_large_image","twitter_misc":{"Est. tempo de leitura":"3 minutos"},"schema":{"@context":"https:\/\/schema.org","@graph":[{"@type":"WebPage","@id":"https:\/\/deputadotaveirajr.com.br\/index.php\/festival-dosol-flavio-jose-e-ribeira-boemia-veja-agenda-cultural-do-fim-de-semana-em-natal\/","url":"https:\/\/deputadotaveirajr.com.br\/index.php\/festival-dosol-flavio-jose-e-ribeira-boemia-veja-agenda-cultural-do-fim-de-semana-em-natal\/","name":"Festival DoSol, Fl\u00e1vio Jos\u00e9 e Ribeira Bo\u00eamia: veja agenda cultural do fim de semana em Natal - Taveira Jr","isPartOf":{"@id":"https:\/\/deputadotaveirajr.com.br\/#website"},"primaryImageOfPage":{"@id":"https:\/\/deputadotaveirajr.com.br\/index.php\/festival-dosol-flavio-jose-e-ribeira-boemia-veja-agenda-cultural-do-fim-de-semana-em-natal\/#primaryimage"},"image":{"@id":"https:\/\/deputadotaveirajr.com.br\/index.php\/festival-dosol-flavio-jose-e-ribeira-boemia-veja-agenda-cultural-do-fim-de-semana-em-natal\/#primaryimage"},"thumbnailUrl":"https:\/\/deputadotaveirajr.com.br\/wp-content\/uploads\/2024\/11\/img-5594-LG9OPj-scaled.jpeg","datePublished":"2024-11-28T09:00:57+00:00","breadcrumb":{"@id":"https:\/\/deputadotaveirajr.com.br\/index.php\/festival-dosol-flavio-jose-e-ribeira-boemia-veja-agenda-cultural-do-fim-de-semana-em-natal\/#breadcrumb"},"inLanguage":"pt-BR","potentialAction":[{"@type":"ReadAction","target":["https:\/\/deputadotaveirajr.com.br\/index.php\/festival-dosol-flavio-jose-e-ribeira-boemia-veja-agenda-cultural-do-fim-de-semana-em-natal\/"]}]},{"@type":"ImageObject","inLanguage":"pt-BR","@id":"https:\/\/deputadotaveirajr.com.br\/index.php\/festival-dosol-flavio-jose-e-ribeira-boemia-veja-agenda-cultural-do-fim-de-semana-em-natal\/#primaryimage","url":"https:\/\/deputadotaveirajr.com.br\/wp-content\/uploads\/2024\/11\/img-5594-LG9OPj-scaled.jpeg","contentUrl":"https:\/\/deputadotaveirajr.com.br\/wp-content\/uploads\/2024\/11\/img-5594-LG9OPj-scaled.jpeg","width":2560,"height":1707},{"@type":"BreadcrumbList","@id":"https:\/\/deputadotaveirajr.com.br\/index.php\/festival-dosol-flavio-jose-e-ribeira-boemia-veja-agenda-cultural-do-fim-de-semana-em-natal\/#breadcrumb","itemListElement":[{"@type":"ListItem","position":1,"name":"In\u00edcio","item":"https:\/\/deputadotaveirajr.com.br\/"},{"@type":"ListItem","position":2,"name":"Festival DoSol, Fl\u00e1vio Jos\u00e9 e Ribeira Bo\u00eamia: veja agenda cultural do fim de semana em Natal"}]},{"@type":"WebSite","@id":"https:\/\/deputadotaveirajr.com.br\/#website","url":"https:\/\/deputadotaveirajr.com.br\/","name":"Taveira Jr","description":"Deputado Estadual","publisher":{"@id":"https:\/\/deputadotaveirajr.com.br\/#organization"},"potentialAction":[{"@type":"SearchAction","target":{"@type":"EntryPoint","urlTemplate":"https:\/\/deputadotaveirajr.com.br\/?s={search_term_string}"},"query-input":{"@type":"PropertyValueSpecification","valueRequired":true,"valueName":"search_term_string"}}],"inLanguage":"pt-BR"},{"@type":"Organization","@id":"https:\/\/deputadotaveirajr.com.br\/#organization","name":"Taveira Jr","url":"https:\/\/deputadotaveirajr.com.br\/","logo":{"@type":"ImageObject","inLanguage":"pt-BR","@id":"https:\/\/deputadotaveirajr.com.br\/#\/schema\/logo\/image\/","url":"https:\/\/deputadotaveirajr.com.br\/wp-content\/uploads\/2026\/01\/logolow2a.png","contentUrl":"https:\/\/deputadotaveirajr.com.br\/wp-content\/uploads\/2026\/01\/logolow2a.png","width":290,"height":80,"caption":"Taveira Jr"},"image":{"@id":"https:\/\/deputadotaveirajr.com.br\/#\/schema\/logo\/image\/"}}]}},"_links":{"self":[{"href":"https:\/\/deputadotaveirajr.com.br\/index.php\/wp-json\/wp\/v2\/pages\/11501","targetHints":{"allow":["GET"]}}],"collection":[{"href":"https:\/\/deputadotaveirajr.com.br\/index.php\/wp-json\/wp\/v2\/pages"}],"about":[{"href":"https:\/\/deputadotaveirajr.com.br\/index.php\/wp-json\/wp\/v2\/types\/page"}],"replies":[{"embeddable":true,"href":"https:\/\/deputadotaveirajr.com.br\/index.php\/wp-json\/wp\/v2\/comments?post=11501"}],"version-history":[{"count":0,"href":"https:\/\/deputadotaveirajr.com.br\/index.php\/wp-json\/wp\/v2\/pages\/11501\/revisions"}],"wp:featuredmedia":[{"embeddable":true,"href":"https:\/\/deputadotaveirajr.com.br\/index.php\/wp-json\/wp\/v2\/media\/11502"}],"wp:attachment":[{"href":"https:\/\/deputadotaveirajr.com.br\/index.php\/wp-json\/wp\/v2\/media?parent=11501"}],"curies":[{"name":"wp","href":"https:\/\/api.w.org\/{rel}","templated":true}]}}