{"id":11522,"date":"2024-12-01T12:27:38","date_gmt":"2024-12-01T15:27:38","guid":{"rendered":"https:\/\/deputadotaveirajr.com.br\/index.php\/incendio-atinge-granja-em-mossoro-e-destroi-galpao-de-producao-de-ovos\/"},"modified":"2024-12-01T12:27:38","modified_gmt":"2024-12-01T15:27:38","slug":"incendio-atinge-granja-em-mossoro-e-destroi-galpao-de-producao-de-ovos","status":"publish","type":"page","link":"https:\/\/deputadotaveirajr.com.br\/index.php\/incendio-atinge-granja-em-mossoro-e-destroi-galpao-de-producao-de-ovos\/","title":{"rendered":"Inc\u00eandio atinge granja em Mossor\u00f3 e destr\u00f3i galp\u00e3o de produ\u00e7\u00e3o de ovos"},"content":{"rendered":"<p>     Fogo atingiu galp\u00e3o de fabrica\u00e7\u00e3o de bandejas de ovos e levou mais de dez horas para ser controlado. Inc\u00eandio atinge granja em Mossor\u00f3 e destr\u00f3i galp\u00e3o de produ\u00e7\u00e3o de ovos<br \/>\nUm inc\u00eandio de grandes propor\u00e7\u00f5es atingiu a granja Aviforte, em Mossor\u00f3, no s\u00e1bado (30), por volta das 18h15, segundo informa\u00e7\u00f5es do Corpo de Bombeiros. O fogo destruiu completamente o galp\u00e3o destinado \u00e0 fabrica\u00e7\u00e3o de bandejas de ovos.<br \/>\nDe acordo com a corpora\u00e7\u00e3o, equipes trabalharam por cerca de dez horas para conter as chamas e evitar que elas atingissem outros setores da granja e im\u00f3veis residenciais pr\u00f3ximos. A opera\u00e7\u00e3o foi conclu\u00edda \u00e0s 4h25 deste domingo (1\u00ba).<br \/>\n\ud83d\udcf3Participe do canal do g1 RN no WhatsApp<br \/>\nA a\u00e7\u00e3o contou com duas viaturas de combate a inc\u00eandio, caminh\u00f5es-pipa da Prefeitura de Mossor\u00f3 e de particulares, al\u00e9m de uma retroescavadeira. Pelo menos 13 militares participaram da ocorr\u00eancia.<br \/>\nAinda conforme o Corpo de Bombeiros, durante a manh\u00e3 deste domingo, as equipes retornaram ao local para realizar o rescaldo e vistoria.<br \/>\nInc\u00eandio aconteceu em granja de Mossor\u00f3<br \/>\nReprodu\u00e7\u00e3o<br \/>\nA causa do inc\u00eandio e a os danos totais ser\u00e3o determinadas por per\u00edcia.<br \/>\nTr\u00eas inc\u00eandios em menos de 24 horas<br \/>\nAl\u00e9m do inc\u00eandio que destruiu o galp\u00e3o da granja Aviforte, o Corpo de Bombeiros atendeu a outras duas ocorr\u00eancias de fogo em Mossor\u00f3 no s\u00e1bado (29).<br \/>\nOs casos foram registrados em im\u00f3veis residenciais e provocaram  danos materiais, mas n\u00e3o deixaram v\u00edtimas.<br \/>\nA primeira ocorr\u00eancia foi por volta de 0h50, em uma casa na Rua Ferreira Itajub\u00e1, no bairro Aboli\u00e7\u00e3o. O fogo come\u00e7ou ap\u00f3s um ventilador entrar em curto-circuito, destruindo completamente o quarto onde estava o equipamento.<br \/>\nCerca de duas horas depois, por volta das 3h, os bombeiros foram acionados novamente, desta vez para o bairro Nova Bet\u00e2nia.<br \/>\nEm um apartamento, as chamas atingiram dois quartos, al\u00e9m da sala e da cozinha. Segundo o morador, o inc\u00eandio j\u00e1 estava avan\u00e7ado quando ele percebeu, e a origem do fogo n\u00e3o foi identificada.<br \/>\nAmbos os casos mobilizaram equipes do Corpo de Bombeiros, que controlaram as chamas e evitaram que os danos fossem ainda maiores.<br \/>\nVeja os v\u00eddeos mais assistidos do g1 RN<\/p>","protected":false},"excerpt":{"rendered":"<p>Fogo atingiu galp\u00e3o de fabrica\u00e7\u00e3o de bandejas de ovos e levou mais de dez horas para ser controlado. Inc\u00eandio atinge granja em Mossor\u00f3 e destr\u00f3i galp\u00e3o de produ\u00e7\u00e3o de ovos &#8230;<\/p>\n","protected":false},"author":0,"featured_media":11523,"parent":0,"menu_order":0,"comment_status":"closed","ping_status":"closed","template":"","meta":{"footnotes":""},"class_list":["post-11522","page","type-page","status-publish","has-post-thumbnail","hentry"],"yoast_head":"<!-- This site is optimized with the Yoast SEO plugin v27.1.1 - https:\/\/yoast.com\/product\/yoast-seo-wordpress\/ -->\n<title>Inc\u00eandio atinge granja em Mossor\u00f3 e destr\u00f3i galp\u00e3o de produ\u00e7\u00e3o de ovos - Taveira Jr<\/title>\n<meta name=\"robots\" content=\"index, follow, max-snippet:-1, max-image-preview:large, max-video-preview:-1\" \/>\n<link rel=\"canonical\" href=\"https:\/\/deputadotaveirajr.com.br\/index.php\/incendio-atinge-granja-em-mossoro-e-destroi-galpao-de-producao-de-ovos\/\" \/>\n<meta property=\"og:locale\" content=\"pt_BR\" \/>\n<meta property=\"og:type\" content=\"article\" \/>\n<meta property=\"og:title\" content=\"Inc\u00eandio atinge granja em Mossor\u00f3 e destr\u00f3i galp\u00e3o de produ\u00e7\u00e3o de ovos - Taveira Jr\" \/>\n<meta property=\"og:description\" content=\"Fogo atingiu galp\u00e3o de fabrica\u00e7\u00e3o de bandejas de ovos e levou mais de dez horas para ser controlado. Inc\u00eandio atinge granja em Mossor\u00f3 e destr\u00f3i galp\u00e3o de produ\u00e7\u00e3o de ovos ...\" \/>\n<meta property=\"og:url\" content=\"https:\/\/deputadotaveirajr.com.br\/index.php\/incendio-atinge-granja-em-mossoro-e-destroi-galpao-de-producao-de-ovos\/\" \/>\n<meta property=\"og:site_name\" content=\"Taveira Jr\" \/>\n<meta name=\"twitter:card\" content=\"summary_large_image\" \/>\n<meta name=\"twitter:label1\" content=\"Est. tempo de leitura\" \/>\n\t<meta name=\"twitter:data1\" content=\"2 minutos\" \/>\n<script type=\"application\/ld+json\" class=\"yoast-schema-graph\">{\"@context\":\"https:\/\/schema.org\",\"@graph\":[{\"@type\":\"WebPage\",\"@id\":\"https:\/\/deputadotaveirajr.com.br\/index.php\/incendio-atinge-granja-em-mossoro-e-destroi-galpao-de-producao-de-ovos\/\",\"url\":\"https:\/\/deputadotaveirajr.com.br\/index.php\/incendio-atinge-granja-em-mossoro-e-destroi-galpao-de-producao-de-ovos\/\",\"name\":\"Inc\u00eandio atinge granja em Mossor\u00f3 e destr\u00f3i galp\u00e3o de produ\u00e7\u00e3o de ovos - Taveira Jr\",\"isPartOf\":{\"@id\":\"https:\/\/deputadotaveirajr.com.br\/#website\"},\"primaryImageOfPage\":{\"@id\":\"https:\/\/deputadotaveirajr.com.br\/index.php\/incendio-atinge-granja-em-mossoro-e-destroi-galpao-de-producao-de-ovos\/#primaryimage\"},\"image\":{\"@id\":\"https:\/\/deputadotaveirajr.com.br\/index.php\/incendio-atinge-granja-em-mossoro-e-destroi-galpao-de-producao-de-ovos\/#primaryimage\"},\"thumbnailUrl\":\"https:\/\/deputadotaveirajr.com.br\/wp-content\/uploads\/2024\/12\/captura-de-tela-2024-12-01-122517-VVbHi6.jpeg\",\"datePublished\":\"2024-12-01T15:27:38+00:00\",\"breadcrumb\":{\"@id\":\"https:\/\/deputadotaveirajr.com.br\/index.php\/incendio-atinge-granja-em-mossoro-e-destroi-galpao-de-producao-de-ovos\/#breadcrumb\"},\"inLanguage\":\"pt-BR\",\"potentialAction\":[{\"@type\":\"ReadAction\",\"target\":[\"https:\/\/deputadotaveirajr.com.br\/index.php\/incendio-atinge-granja-em-mossoro-e-destroi-galpao-de-producao-de-ovos\/\"]}]},{\"@type\":\"ImageObject\",\"inLanguage\":\"pt-BR\",\"@id\":\"https:\/\/deputadotaveirajr.com.br\/index.php\/incendio-atinge-granja-em-mossoro-e-destroi-galpao-de-producao-de-ovos\/#primaryimage\",\"url\":\"https:\/\/deputadotaveirajr.com.br\/wp-content\/uploads\/2024\/12\/captura-de-tela-2024-12-01-122517-VVbHi6.jpeg\",\"contentUrl\":\"https:\/\/deputadotaveirajr.com.br\/wp-content\/uploads\/2024\/12\/captura-de-tela-2024-12-01-122517-VVbHi6.jpeg\",\"width\":466,\"height\":257},{\"@type\":\"BreadcrumbList\",\"@id\":\"https:\/\/deputadotaveirajr.com.br\/index.php\/incendio-atinge-granja-em-mossoro-e-destroi-galpao-de-producao-de-ovos\/#breadcrumb\",\"itemListElement\":[{\"@type\":\"ListItem\",\"position\":1,\"name\":\"In\u00edcio\",\"item\":\"https:\/\/deputadotaveirajr.com.br\/\"},{\"@type\":\"ListItem\",\"position\":2,\"name\":\"Inc\u00eandio atinge granja em Mossor\u00f3 e destr\u00f3i galp\u00e3o de produ\u00e7\u00e3o de ovos\"}]},{\"@type\":\"WebSite\",\"@id\":\"https:\/\/deputadotaveirajr.com.br\/#website\",\"url\":\"https:\/\/deputadotaveirajr.com.br\/\",\"name\":\"Taveira Jr\",\"description\":\"Deputado Estadual\",\"publisher\":{\"@id\":\"https:\/\/deputadotaveirajr.com.br\/#organization\"},\"potentialAction\":[{\"@type\":\"SearchAction\",\"target\":{\"@type\":\"EntryPoint\",\"urlTemplate\":\"https:\/\/deputadotaveirajr.com.br\/?s={search_term_string}\"},\"query-input\":{\"@type\":\"PropertyValueSpecification\",\"valueRequired\":true,\"valueName\":\"search_term_string\"}}],\"inLanguage\":\"pt-BR\"},{\"@type\":\"Organization\",\"@id\":\"https:\/\/deputadotaveirajr.com.br\/#organization\",\"name\":\"Taveira Jr\",\"url\":\"https:\/\/deputadotaveirajr.com.br\/\",\"logo\":{\"@type\":\"ImageObject\",\"inLanguage\":\"pt-BR\",\"@id\":\"https:\/\/deputadotaveirajr.com.br\/#\/schema\/logo\/image\/\",\"url\":\"https:\/\/deputadotaveirajr.com.br\/wp-content\/uploads\/2026\/01\/logolow2a.png\",\"contentUrl\":\"https:\/\/deputadotaveirajr.com.br\/wp-content\/uploads\/2026\/01\/logolow2a.png\",\"width\":290,\"height\":80,\"caption\":\"Taveira Jr\"},\"image\":{\"@id\":\"https:\/\/deputadotaveirajr.com.br\/#\/schema\/logo\/image\/\"}}]}<\/script>\n<!-- \/ Yoast SEO plugin. -->","yoast_head_json":{"title":"Inc\u00eandio atinge granja em Mossor\u00f3 e destr\u00f3i galp\u00e3o de produ\u00e7\u00e3o de ovos - Taveira Jr","robots":{"index":"index","follow":"follow","max-snippet":"max-snippet:-1","max-image-preview":"max-image-preview:large","max-video-preview":"max-video-preview:-1"},"canonical":"https:\/\/deputadotaveirajr.com.br\/index.php\/incendio-atinge-granja-em-mossoro-e-destroi-galpao-de-producao-de-ovos\/","og_locale":"pt_BR","og_type":"article","og_title":"Inc\u00eandio atinge granja em Mossor\u00f3 e destr\u00f3i galp\u00e3o de produ\u00e7\u00e3o de ovos - Taveira Jr","og_description":"Fogo atingiu galp\u00e3o de fabrica\u00e7\u00e3o de bandejas de ovos e levou mais de dez horas para ser controlado. Inc\u00eandio atinge granja em Mossor\u00f3 e destr\u00f3i galp\u00e3o de produ\u00e7\u00e3o de ovos ...","og_url":"https:\/\/deputadotaveirajr.com.br\/index.php\/incendio-atinge-granja-em-mossoro-e-destroi-galpao-de-producao-de-ovos\/","og_site_name":"Taveira Jr","twitter_card":"summary_large_image","twitter_misc":{"Est. tempo de leitura":"2 minutos"},"schema":{"@context":"https:\/\/schema.org","@graph":[{"@type":"WebPage","@id":"https:\/\/deputadotaveirajr.com.br\/index.php\/incendio-atinge-granja-em-mossoro-e-destroi-galpao-de-producao-de-ovos\/","url":"https:\/\/deputadotaveirajr.com.br\/index.php\/incendio-atinge-granja-em-mossoro-e-destroi-galpao-de-producao-de-ovos\/","name":"Inc\u00eandio atinge granja em Mossor\u00f3 e destr\u00f3i galp\u00e3o de produ\u00e7\u00e3o de ovos - Taveira Jr","isPartOf":{"@id":"https:\/\/deputadotaveirajr.com.br\/#website"},"primaryImageOfPage":{"@id":"https:\/\/deputadotaveirajr.com.br\/index.php\/incendio-atinge-granja-em-mossoro-e-destroi-galpao-de-producao-de-ovos\/#primaryimage"},"image":{"@id":"https:\/\/deputadotaveirajr.com.br\/index.php\/incendio-atinge-granja-em-mossoro-e-destroi-galpao-de-producao-de-ovos\/#primaryimage"},"thumbnailUrl":"https:\/\/deputadotaveirajr.com.br\/wp-content\/uploads\/2024\/12\/captura-de-tela-2024-12-01-122517-VVbHi6.jpeg","datePublished":"2024-12-01T15:27:38+00:00","breadcrumb":{"@id":"https:\/\/deputadotaveirajr.com.br\/index.php\/incendio-atinge-granja-em-mossoro-e-destroi-galpao-de-producao-de-ovos\/#breadcrumb"},"inLanguage":"pt-BR","potentialAction":[{"@type":"ReadAction","target":["https:\/\/deputadotaveirajr.com.br\/index.php\/incendio-atinge-granja-em-mossoro-e-destroi-galpao-de-producao-de-ovos\/"]}]},{"@type":"ImageObject","inLanguage":"pt-BR","@id":"https:\/\/deputadotaveirajr.com.br\/index.php\/incendio-atinge-granja-em-mossoro-e-destroi-galpao-de-producao-de-ovos\/#primaryimage","url":"https:\/\/deputadotaveirajr.com.br\/wp-content\/uploads\/2024\/12\/captura-de-tela-2024-12-01-122517-VVbHi6.jpeg","contentUrl":"https:\/\/deputadotaveirajr.com.br\/wp-content\/uploads\/2024\/12\/captura-de-tela-2024-12-01-122517-VVbHi6.jpeg","width":466,"height":257},{"@type":"BreadcrumbList","@id":"https:\/\/deputadotaveirajr.com.br\/index.php\/incendio-atinge-granja-em-mossoro-e-destroi-galpao-de-producao-de-ovos\/#breadcrumb","itemListElement":[{"@type":"ListItem","position":1,"name":"In\u00edcio","item":"https:\/\/deputadotaveirajr.com.br\/"},{"@type":"ListItem","position":2,"name":"Inc\u00eandio atinge granja em Mossor\u00f3 e destr\u00f3i galp\u00e3o de produ\u00e7\u00e3o de ovos"}]},{"@type":"WebSite","@id":"https:\/\/deputadotaveirajr.com.br\/#website","url":"https:\/\/deputadotaveirajr.com.br\/","name":"Taveira Jr","description":"Deputado Estadual","publisher":{"@id":"https:\/\/deputadotaveirajr.com.br\/#organization"},"potentialAction":[{"@type":"SearchAction","target":{"@type":"EntryPoint","urlTemplate":"https:\/\/deputadotaveirajr.com.br\/?s={search_term_string}"},"query-input":{"@type":"PropertyValueSpecification","valueRequired":true,"valueName":"search_term_string"}}],"inLanguage":"pt-BR"},{"@type":"Organization","@id":"https:\/\/deputadotaveirajr.com.br\/#organization","name":"Taveira Jr","url":"https:\/\/deputadotaveirajr.com.br\/","logo":{"@type":"ImageObject","inLanguage":"pt-BR","@id":"https:\/\/deputadotaveirajr.com.br\/#\/schema\/logo\/image\/","url":"https:\/\/deputadotaveirajr.com.br\/wp-content\/uploads\/2026\/01\/logolow2a.png","contentUrl":"https:\/\/deputadotaveirajr.com.br\/wp-content\/uploads\/2026\/01\/logolow2a.png","width":290,"height":80,"caption":"Taveira Jr"},"image":{"@id":"https:\/\/deputadotaveirajr.com.br\/#\/schema\/logo\/image\/"}}]}},"_links":{"self":[{"href":"https:\/\/deputadotaveirajr.com.br\/index.php\/wp-json\/wp\/v2\/pages\/11522","targetHints":{"allow":["GET"]}}],"collection":[{"href":"https:\/\/deputadotaveirajr.com.br\/index.php\/wp-json\/wp\/v2\/pages"}],"about":[{"href":"https:\/\/deputadotaveirajr.com.br\/index.php\/wp-json\/wp\/v2\/types\/page"}],"replies":[{"embeddable":true,"href":"https:\/\/deputadotaveirajr.com.br\/index.php\/wp-json\/wp\/v2\/comments?post=11522"}],"version-history":[{"count":0,"href":"https:\/\/deputadotaveirajr.com.br\/index.php\/wp-json\/wp\/v2\/pages\/11522\/revisions"}],"wp:featuredmedia":[{"embeddable":true,"href":"https:\/\/deputadotaveirajr.com.br\/index.php\/wp-json\/wp\/v2\/media\/11523"}],"wp:attachment":[{"href":"https:\/\/deputadotaveirajr.com.br\/index.php\/wp-json\/wp\/v2\/media?parent=11522"}],"curies":[{"name":"wp","href":"https:\/\/api.w.org\/{rel}","templated":true}]}}