{"id":11546,"date":"2024-12-02T14:42:42","date_gmt":"2024-12-02T17:42:42","guid":{"rendered":"https:\/\/deputadotaveirajr.com.br\/index.php\/programa-para-formacao-de-jovens-empreendedores-no-campo-abre-inscricoes-no-rn\/"},"modified":"2024-12-02T14:42:42","modified_gmt":"2024-12-02T17:42:42","slug":"programa-para-formacao-de-jovens-empreendedores-no-campo-abre-inscricoes-no-rn","status":"publish","type":"page","link":"https:\/\/deputadotaveirajr.com.br\/index.php\/programa-para-formacao-de-jovens-empreendedores-no-campo-abre-inscricoes-no-rn\/","title":{"rendered":"Programa para forma\u00e7\u00e3o de jovens empreendedores no campo abre inscri\u00e7\u00f5es no RN"},"content":{"rendered":"<p>     Oportunidade \u00e9 voltada a jovens e adultos de 18 a 35 anos dos munic\u00edpios de Rio do Fogo e Touros. Projeto que incentiva jovens a empreender no campo abre inscri\u00e7\u00f5es no RN<br \/>\nDivulga\u00e7\u00e3o\/BAT<br \/>\nO Instituto BAT Brasil abriu inscri\u00e7\u00f5es para a edi\u00e7\u00e3o de 2024 do programa Novos Rurais, voltado a jovens e adultos de 18 a 35 anos nos munic\u00edpios de Rio do Fogo e Touros, no Rio Grande do Norte.<br \/>\nO programa oferece capacita\u00e7\u00e3o em empreendedorismo e financiamento de at\u00e9 R$ 5 mil para os projetos selecionados.<br \/>\n\ud83d\udcf3Participe do canal do g1 RN no WhatsApp<br \/>\nAo todo, 60 vagas ser\u00e3o disponibilizadas em parceria com o Centro Social Heitor Barbosa de Morais e a Prefeitura Municipal de Touros. As inscri\u00e7\u00f5es seguem at\u00e9 o dia 5 de dezembro pelo link.<br \/>\nO programa \u00e9 dividido em duas etapas. Na primeira fase, os participantes ter\u00e3o acesso a uma capacita\u00e7\u00e3o online sobre empreendedorismo, inova\u00e7\u00e3o e tend\u00eancias de mercado, com aulas enviadas pelo WhatsApp.<br \/>\nAp\u00f3s a forma\u00e7\u00e3o, os participantes elaboram um plano de neg\u00f3cios que ser\u00e1 avaliado. Os 15 melhores projetos recebem o apoio financeiro.<br \/>\nNa segunda etapa, os selecionados implementam os projetos, com acompanhamento de tutores para auxiliar no desenvolvimento e execu\u00e7\u00e3o das iniciativas.<br \/>\nLan\u00e7ado em 2012, o programa j\u00e1 capacitou mais de 2.300 jovens e financiou mais de 1.000 projetos. A iniciativa foi reconhecida pela Organiza\u00e7\u00e3o das Na\u00e7\u00f5es Unidas para Alimenta\u00e7\u00e3o e Agricultura (FAO\/ONU) como uma pr\u00e1tica para o desenvolvimento sustent\u00e1vel.<br \/>\nVeja os v\u00eddeos mais assistidos do g1 RN<\/p>","protected":false},"excerpt":{"rendered":"<p>Oportunidade \u00e9 voltada a jovens e adultos de 18 a 35 anos dos munic\u00edpios de Rio do Fogo e Touros. Projeto que incentiva jovens a empreender no campo abre inscri\u00e7\u00f5es &#8230;<\/p>\n","protected":false},"author":0,"featured_media":11547,"parent":0,"menu_order":0,"comment_status":"closed","ping_status":"closed","template":"","meta":{"footnotes":""},"class_list":["post-11546","page","type-page","status-publish","has-post-thumbnail","hentry"],"yoast_head":"<!-- This site is optimized with the Yoast SEO plugin v27.1.1 - https:\/\/yoast.com\/product\/yoast-seo-wordpress\/ -->\n<title>Programa para forma\u00e7\u00e3o de jovens empreendedores no campo abre inscri\u00e7\u00f5es no RN - Taveira Jr<\/title>\n<meta name=\"robots\" content=\"index, follow, max-snippet:-1, max-image-preview:large, max-video-preview:-1\" \/>\n<link rel=\"canonical\" href=\"https:\/\/deputadotaveirajr.com.br\/index.php\/programa-para-formacao-de-jovens-empreendedores-no-campo-abre-inscricoes-no-rn\/\" \/>\n<meta property=\"og:locale\" content=\"pt_BR\" \/>\n<meta property=\"og:type\" content=\"article\" \/>\n<meta property=\"og:title\" content=\"Programa para forma\u00e7\u00e3o de jovens empreendedores no campo abre inscri\u00e7\u00f5es no RN - Taveira Jr\" \/>\n<meta property=\"og:description\" content=\"Oportunidade \u00e9 voltada a jovens e adultos de 18 a 35 anos dos munic\u00edpios de Rio do Fogo e Touros. Projeto que incentiva jovens a empreender no campo abre inscri\u00e7\u00f5es ...\" \/>\n<meta property=\"og:url\" content=\"https:\/\/deputadotaveirajr.com.br\/index.php\/programa-para-formacao-de-jovens-empreendedores-no-campo-abre-inscricoes-no-rn\/\" \/>\n<meta property=\"og:site_name\" content=\"Taveira Jr\" \/>\n<meta name=\"twitter:card\" content=\"summary_large_image\" \/>\n<meta name=\"twitter:label1\" content=\"Est. tempo de leitura\" \/>\n\t<meta name=\"twitter:data1\" content=\"1 minuto\" \/>\n<script type=\"application\/ld+json\" class=\"yoast-schema-graph\">{\"@context\":\"https:\/\/schema.org\",\"@graph\":[{\"@type\":\"WebPage\",\"@id\":\"https:\/\/deputadotaveirajr.com.br\/index.php\/programa-para-formacao-de-jovens-empreendedores-no-campo-abre-inscricoes-no-rn\/\",\"url\":\"https:\/\/deputadotaveirajr.com.br\/index.php\/programa-para-formacao-de-jovens-empreendedores-no-campo-abre-inscricoes-no-rn\/\",\"name\":\"Programa para forma\u00e7\u00e3o de jovens empreendedores no campo abre inscri\u00e7\u00f5es no RN - Taveira Jr\",\"isPartOf\":{\"@id\":\"https:\/\/deputadotaveirajr.com.br\/#website\"},\"primaryImageOfPage\":{\"@id\":\"https:\/\/deputadotaveirajr.com.br\/index.php\/programa-para-formacao-de-jovens-empreendedores-no-campo-abre-inscricoes-no-rn\/#primaryimage\"},\"image\":{\"@id\":\"https:\/\/deputadotaveirajr.com.br\/index.php\/programa-para-formacao-de-jovens-empreendedores-no-campo-abre-inscricoes-no-rn\/#primaryimage\"},\"thumbnailUrl\":\"https:\/\/deputadotaveirajr.com.br\/wp-content\/uploads\/2024\/12\/aline-fernandes-producao-de-ovos-14-C5Ix7y.jpeg\",\"datePublished\":\"2024-12-02T17:42:42+00:00\",\"breadcrumb\":{\"@id\":\"https:\/\/deputadotaveirajr.com.br\/index.php\/programa-para-formacao-de-jovens-empreendedores-no-campo-abre-inscricoes-no-rn\/#breadcrumb\"},\"inLanguage\":\"pt-BR\",\"potentialAction\":[{\"@type\":\"ReadAction\",\"target\":[\"https:\/\/deputadotaveirajr.com.br\/index.php\/programa-para-formacao-de-jovens-empreendedores-no-campo-abre-inscricoes-no-rn\/\"]}]},{\"@type\":\"ImageObject\",\"inLanguage\":\"pt-BR\",\"@id\":\"https:\/\/deputadotaveirajr.com.br\/index.php\/programa-para-formacao-de-jovens-empreendedores-no-campo-abre-inscricoes-no-rn\/#primaryimage\",\"url\":\"https:\/\/deputadotaveirajr.com.br\/wp-content\/uploads\/2024\/12\/aline-fernandes-producao-de-ovos-14-C5Ix7y.jpeg\",\"contentUrl\":\"https:\/\/deputadotaveirajr.com.br\/wp-content\/uploads\/2024\/12\/aline-fernandes-producao-de-ovos-14-C5Ix7y.jpeg\",\"width\":388,\"height\":319},{\"@type\":\"BreadcrumbList\",\"@id\":\"https:\/\/deputadotaveirajr.com.br\/index.php\/programa-para-formacao-de-jovens-empreendedores-no-campo-abre-inscricoes-no-rn\/#breadcrumb\",\"itemListElement\":[{\"@type\":\"ListItem\",\"position\":1,\"name\":\"In\u00edcio\",\"item\":\"https:\/\/deputadotaveirajr.com.br\/\"},{\"@type\":\"ListItem\",\"position\":2,\"name\":\"Programa para forma\u00e7\u00e3o de jovens empreendedores no campo abre inscri\u00e7\u00f5es no RN\"}]},{\"@type\":\"WebSite\",\"@id\":\"https:\/\/deputadotaveirajr.com.br\/#website\",\"url\":\"https:\/\/deputadotaveirajr.com.br\/\",\"name\":\"Taveira Jr\",\"description\":\"Deputado Estadual\",\"publisher\":{\"@id\":\"https:\/\/deputadotaveirajr.com.br\/#organization\"},\"potentialAction\":[{\"@type\":\"SearchAction\",\"target\":{\"@type\":\"EntryPoint\",\"urlTemplate\":\"https:\/\/deputadotaveirajr.com.br\/?s={search_term_string}\"},\"query-input\":{\"@type\":\"PropertyValueSpecification\",\"valueRequired\":true,\"valueName\":\"search_term_string\"}}],\"inLanguage\":\"pt-BR\"},{\"@type\":\"Organization\",\"@id\":\"https:\/\/deputadotaveirajr.com.br\/#organization\",\"name\":\"Taveira Jr\",\"url\":\"https:\/\/deputadotaveirajr.com.br\/\",\"logo\":{\"@type\":\"ImageObject\",\"inLanguage\":\"pt-BR\",\"@id\":\"https:\/\/deputadotaveirajr.com.br\/#\/schema\/logo\/image\/\",\"url\":\"https:\/\/deputadotaveirajr.com.br\/wp-content\/uploads\/2026\/01\/logolow2a.png\",\"contentUrl\":\"https:\/\/deputadotaveirajr.com.br\/wp-content\/uploads\/2026\/01\/logolow2a.png\",\"width\":290,\"height\":80,\"caption\":\"Taveira Jr\"},\"image\":{\"@id\":\"https:\/\/deputadotaveirajr.com.br\/#\/schema\/logo\/image\/\"}}]}<\/script>\n<!-- \/ Yoast SEO plugin. -->","yoast_head_json":{"title":"Programa para forma\u00e7\u00e3o de jovens empreendedores no campo abre inscri\u00e7\u00f5es no RN - Taveira Jr","robots":{"index":"index","follow":"follow","max-snippet":"max-snippet:-1","max-image-preview":"max-image-preview:large","max-video-preview":"max-video-preview:-1"},"canonical":"https:\/\/deputadotaveirajr.com.br\/index.php\/programa-para-formacao-de-jovens-empreendedores-no-campo-abre-inscricoes-no-rn\/","og_locale":"pt_BR","og_type":"article","og_title":"Programa para forma\u00e7\u00e3o de jovens empreendedores no campo abre inscri\u00e7\u00f5es no RN - Taveira Jr","og_description":"Oportunidade \u00e9 voltada a jovens e adultos de 18 a 35 anos dos munic\u00edpios de Rio do Fogo e Touros. Projeto que incentiva jovens a empreender no campo abre inscri\u00e7\u00f5es ...","og_url":"https:\/\/deputadotaveirajr.com.br\/index.php\/programa-para-formacao-de-jovens-empreendedores-no-campo-abre-inscricoes-no-rn\/","og_site_name":"Taveira Jr","twitter_card":"summary_large_image","twitter_misc":{"Est. tempo de leitura":"1 minuto"},"schema":{"@context":"https:\/\/schema.org","@graph":[{"@type":"WebPage","@id":"https:\/\/deputadotaveirajr.com.br\/index.php\/programa-para-formacao-de-jovens-empreendedores-no-campo-abre-inscricoes-no-rn\/","url":"https:\/\/deputadotaveirajr.com.br\/index.php\/programa-para-formacao-de-jovens-empreendedores-no-campo-abre-inscricoes-no-rn\/","name":"Programa para forma\u00e7\u00e3o de jovens empreendedores no campo abre inscri\u00e7\u00f5es no RN - Taveira Jr","isPartOf":{"@id":"https:\/\/deputadotaveirajr.com.br\/#website"},"primaryImageOfPage":{"@id":"https:\/\/deputadotaveirajr.com.br\/index.php\/programa-para-formacao-de-jovens-empreendedores-no-campo-abre-inscricoes-no-rn\/#primaryimage"},"image":{"@id":"https:\/\/deputadotaveirajr.com.br\/index.php\/programa-para-formacao-de-jovens-empreendedores-no-campo-abre-inscricoes-no-rn\/#primaryimage"},"thumbnailUrl":"https:\/\/deputadotaveirajr.com.br\/wp-content\/uploads\/2024\/12\/aline-fernandes-producao-de-ovos-14-C5Ix7y.jpeg","datePublished":"2024-12-02T17:42:42+00:00","breadcrumb":{"@id":"https:\/\/deputadotaveirajr.com.br\/index.php\/programa-para-formacao-de-jovens-empreendedores-no-campo-abre-inscricoes-no-rn\/#breadcrumb"},"inLanguage":"pt-BR","potentialAction":[{"@type":"ReadAction","target":["https:\/\/deputadotaveirajr.com.br\/index.php\/programa-para-formacao-de-jovens-empreendedores-no-campo-abre-inscricoes-no-rn\/"]}]},{"@type":"ImageObject","inLanguage":"pt-BR","@id":"https:\/\/deputadotaveirajr.com.br\/index.php\/programa-para-formacao-de-jovens-empreendedores-no-campo-abre-inscricoes-no-rn\/#primaryimage","url":"https:\/\/deputadotaveirajr.com.br\/wp-content\/uploads\/2024\/12\/aline-fernandes-producao-de-ovos-14-C5Ix7y.jpeg","contentUrl":"https:\/\/deputadotaveirajr.com.br\/wp-content\/uploads\/2024\/12\/aline-fernandes-producao-de-ovos-14-C5Ix7y.jpeg","width":388,"height":319},{"@type":"BreadcrumbList","@id":"https:\/\/deputadotaveirajr.com.br\/index.php\/programa-para-formacao-de-jovens-empreendedores-no-campo-abre-inscricoes-no-rn\/#breadcrumb","itemListElement":[{"@type":"ListItem","position":1,"name":"In\u00edcio","item":"https:\/\/deputadotaveirajr.com.br\/"},{"@type":"ListItem","position":2,"name":"Programa para forma\u00e7\u00e3o de jovens empreendedores no campo abre inscri\u00e7\u00f5es no RN"}]},{"@type":"WebSite","@id":"https:\/\/deputadotaveirajr.com.br\/#website","url":"https:\/\/deputadotaveirajr.com.br\/","name":"Taveira Jr","description":"Deputado Estadual","publisher":{"@id":"https:\/\/deputadotaveirajr.com.br\/#organization"},"potentialAction":[{"@type":"SearchAction","target":{"@type":"EntryPoint","urlTemplate":"https:\/\/deputadotaveirajr.com.br\/?s={search_term_string}"},"query-input":{"@type":"PropertyValueSpecification","valueRequired":true,"valueName":"search_term_string"}}],"inLanguage":"pt-BR"},{"@type":"Organization","@id":"https:\/\/deputadotaveirajr.com.br\/#organization","name":"Taveira Jr","url":"https:\/\/deputadotaveirajr.com.br\/","logo":{"@type":"ImageObject","inLanguage":"pt-BR","@id":"https:\/\/deputadotaveirajr.com.br\/#\/schema\/logo\/image\/","url":"https:\/\/deputadotaveirajr.com.br\/wp-content\/uploads\/2026\/01\/logolow2a.png","contentUrl":"https:\/\/deputadotaveirajr.com.br\/wp-content\/uploads\/2026\/01\/logolow2a.png","width":290,"height":80,"caption":"Taveira Jr"},"image":{"@id":"https:\/\/deputadotaveirajr.com.br\/#\/schema\/logo\/image\/"}}]}},"_links":{"self":[{"href":"https:\/\/deputadotaveirajr.com.br\/index.php\/wp-json\/wp\/v2\/pages\/11546","targetHints":{"allow":["GET"]}}],"collection":[{"href":"https:\/\/deputadotaveirajr.com.br\/index.php\/wp-json\/wp\/v2\/pages"}],"about":[{"href":"https:\/\/deputadotaveirajr.com.br\/index.php\/wp-json\/wp\/v2\/types\/page"}],"replies":[{"embeddable":true,"href":"https:\/\/deputadotaveirajr.com.br\/index.php\/wp-json\/wp\/v2\/comments?post=11546"}],"version-history":[{"count":0,"href":"https:\/\/deputadotaveirajr.com.br\/index.php\/wp-json\/wp\/v2\/pages\/11546\/revisions"}],"wp:featuredmedia":[{"embeddable":true,"href":"https:\/\/deputadotaveirajr.com.br\/index.php\/wp-json\/wp\/v2\/media\/11547"}],"wp:attachment":[{"href":"https:\/\/deputadotaveirajr.com.br\/index.php\/wp-json\/wp\/v2\/media?parent=11546"}],"curies":[{"name":"wp","href":"https:\/\/api.w.org\/{rel}","templated":true}]}}