{"id":11548,"date":"2024-12-02T16:00:09","date_gmt":"2024-12-02T19:00:09","guid":{"rendered":"https:\/\/deputadotaveirajr.com.br\/index.php\/prefeitura-de-natal-oferece-desconto-de-16-para-pagamento-antecipado-do-iptu-2025\/"},"modified":"2024-12-02T16:00:09","modified_gmt":"2024-12-02T19:00:09","slug":"prefeitura-de-natal-oferece-desconto-de-16-para-pagamento-antecipado-do-iptu-2025","status":"publish","type":"page","link":"https:\/\/deputadotaveirajr.com.br\/index.php\/prefeitura-de-natal-oferece-desconto-de-16-para-pagamento-antecipado-do-iptu-2025\/","title":{"rendered":"Prefeitura de Natal oferece desconto de 16% para pagamento antecipado do IPTU 2025"},"content":{"rendered":"<p>     Contribuintes em dia podem acessar carn\u00eas no portal da Semut e quitar tributo com desconto at\u00e9 10 de janeiro.  Secretaria de Tributa\u00e7\u00e3o do Munic\u00edpio (Semut)<br \/>\nAlex R\u00e9gis<br \/>\nA Prefeitura de Natal liberou nesta segunda-feira (2) o acesso aos boletos para o pagamento antecipado do Imposto Predial e Territorial Urbano (IPTU) 2025. Contribuintes sem d\u00e9bitos anteriores podem obter um desconto de at\u00e9 16% ao realizar o pagamento em parcela \u00fanica at\u00e9 o dia 10 de janeiro.<br \/>\nA medida est\u00e1 prevista em decreto publicado no Di\u00e1rio Oficial do Munic\u00edpio no dia 29 de novembro.<br \/>\n\ud83d\udcf3Participe do canal do g1 RN no WhatsApp<br \/>\nSegundo o decreto, o desconto \u00e9 exclusivo para contribuintes que estiverem em dia com o tributo referente a anos anteriores. Quem tiver pend\u00eancias poder\u00e1 regulariz\u00e1-las at\u00e9 8 de janeiro para acessar o benef\u00edcio.<br \/>\nDe acordo com o secret\u00e1rio municipal de Tributa\u00e7\u00e3o, Ludenilson Lopes, a antecipa\u00e7\u00e3o do pagamento visa incentivar a adimpl\u00eancia.<br \/>\n\u201cO desconto foi planejado para oferecer uma economia significativa ao consumidor, ao mesmo tempo em que refor\u00e7a a import\u00e2ncia de manter sua regularidade. Os recursos arrecadados com o IPTU s\u00e3o indispens\u00e1veis \u200b\u200bpara garantir investimentos cont\u00ednuos em servi\u00e7os essenciais, como sa\u00fade, educa\u00e7\u00e3o e infraestrutura&#8221;, afirmou o secret\u00e1rio.<br \/>\nOs carn\u00eas para o pagamento antecipado do imposto est\u00e3o dispon\u00edveis no site da Semut.<br \/>\nPara quem optar pelo parcelamento, o imposto ser\u00e1 dividido automaticamente em at\u00e9 10 vezes, com acr\u00e9scimo de 1% ao m\u00eas.<br \/>\nO carn\u00ea estar\u00e1 dispon\u00edvel no portal da Secretaria Municipal de Tributa\u00e7\u00e3o (Semut) a partir de 11 de janeiro. A primeira parcela vence em 20 de fevereiro para im\u00f3veis localizados nas Zonas Sul e Leste, e em 20 de mar\u00e7o para im\u00f3veis nas Zonas Oeste e Norte.<br \/>\nCarn\u00eas impressos ser\u00e3o enviados aos endere\u00e7os cadastrados a partir de janeiro. A Prefeitura orienta os contribuintes a manterem seus dados atualizados junto \u00e0 Semut para evitar atrasos na entrega.<br \/>\nO tributo pode ser pago via PIX, utilizando o QR Code dispon\u00edvel nos documentos de arrecada\u00e7\u00e3o, ou em terminais de autoatendimento, internet banking e canais eletr\u00f4nicos do Banco do Brasil, Caixa Econ\u00f4mica Federal, lot\u00e9ricas e correspondentes banc\u00e1rios.<br \/>\nVeja os v\u00eddeos mais assistidos do g1 RN<\/p>","protected":false},"excerpt":{"rendered":"<p>Contribuintes em dia podem acessar carn\u00eas no portal da Semut e quitar tributo com desconto at\u00e9 10 de janeiro. Secretaria de Tributa\u00e7\u00e3o do Munic\u00edpio (Semut) Alex R\u00e9gis A Prefeitura de &#8230;<\/p>\n","protected":false},"author":0,"featured_media":11549,"parent":0,"menu_order":0,"comment_status":"closed","ping_status":"closed","template":"","meta":{"footnotes":""},"class_list":["post-11548","page","type-page","status-publish","has-post-thumbnail","hentry"],"yoast_head":"<!-- This site is optimized with the Yoast SEO plugin v27.1.1 - https:\/\/yoast.com\/product\/yoast-seo-wordpress\/ -->\n<title>Prefeitura de Natal oferece desconto de 16% para pagamento antecipado do IPTU 2025 - Taveira Jr<\/title>\n<meta name=\"robots\" content=\"index, follow, max-snippet:-1, max-image-preview:large, max-video-preview:-1\" \/>\n<link rel=\"canonical\" href=\"https:\/\/deputadotaveirajr.com.br\/index.php\/prefeitura-de-natal-oferece-desconto-de-16-para-pagamento-antecipado-do-iptu-2025\/\" \/>\n<meta property=\"og:locale\" content=\"pt_BR\" \/>\n<meta property=\"og:type\" content=\"article\" \/>\n<meta property=\"og:title\" content=\"Prefeitura de Natal oferece desconto de 16% para pagamento antecipado do IPTU 2025 - Taveira Jr\" \/>\n<meta property=\"og:description\" content=\"Contribuintes em dia podem acessar carn\u00eas no portal da Semut e quitar tributo com desconto at\u00e9 10 de janeiro. Secretaria de Tributa\u00e7\u00e3o do Munic\u00edpio (Semut) Alex R\u00e9gis A Prefeitura de ...\" \/>\n<meta property=\"og:url\" content=\"https:\/\/deputadotaveirajr.com.br\/index.php\/prefeitura-de-natal-oferece-desconto-de-16-para-pagamento-antecipado-do-iptu-2025\/\" \/>\n<meta property=\"og:site_name\" content=\"Taveira Jr\" \/>\n<meta name=\"twitter:card\" content=\"summary_large_image\" \/>\n<meta name=\"twitter:label1\" content=\"Est. tempo de leitura\" \/>\n\t<meta name=\"twitter:data1\" content=\"2 minutos\" \/>\n<script type=\"application\/ld+json\" class=\"yoast-schema-graph\">{\"@context\":\"https:\/\/schema.org\",\"@graph\":[{\"@type\":\"WebPage\",\"@id\":\"https:\/\/deputadotaveirajr.com.br\/index.php\/prefeitura-de-natal-oferece-desconto-de-16-para-pagamento-antecipado-do-iptu-2025\/\",\"url\":\"https:\/\/deputadotaveirajr.com.br\/index.php\/prefeitura-de-natal-oferece-desconto-de-16-para-pagamento-antecipado-do-iptu-2025\/\",\"name\":\"Prefeitura de Natal oferece desconto de 16% para pagamento antecipado do IPTU 2025 - Taveira Jr\",\"isPartOf\":{\"@id\":\"https:\/\/deputadotaveirajr.com.br\/#website\"},\"primaryImageOfPage\":{\"@id\":\"https:\/\/deputadotaveirajr.com.br\/index.php\/prefeitura-de-natal-oferece-desconto-de-16-para-pagamento-antecipado-do-iptu-2025\/#primaryimage\"},\"image\":{\"@id\":\"https:\/\/deputadotaveirajr.com.br\/index.php\/prefeitura-de-natal-oferece-desconto-de-16-para-pagamento-antecipado-do-iptu-2025\/#primaryimage\"},\"thumbnailUrl\":\"https:\/\/deputadotaveirajr.com.br\/wp-content\/uploads\/2024\/12\/foto-1-secretaria-de-tributacao-semut-f-alex-regis-secom-8-x6LHpl.jpeg\",\"datePublished\":\"2024-12-02T19:00:09+00:00\",\"breadcrumb\":{\"@id\":\"https:\/\/deputadotaveirajr.com.br\/index.php\/prefeitura-de-natal-oferece-desconto-de-16-para-pagamento-antecipado-do-iptu-2025\/#breadcrumb\"},\"inLanguage\":\"pt-BR\",\"potentialAction\":[{\"@type\":\"ReadAction\",\"target\":[\"https:\/\/deputadotaveirajr.com.br\/index.php\/prefeitura-de-natal-oferece-desconto-de-16-para-pagamento-antecipado-do-iptu-2025\/\"]}]},{\"@type\":\"ImageObject\",\"inLanguage\":\"pt-BR\",\"@id\":\"https:\/\/deputadotaveirajr.com.br\/index.php\/prefeitura-de-natal-oferece-desconto-de-16-para-pagamento-antecipado-do-iptu-2025\/#primaryimage\",\"url\":\"https:\/\/deputadotaveirajr.com.br\/wp-content\/uploads\/2024\/12\/foto-1-secretaria-de-tributacao-semut-f-alex-regis-secom-8-x6LHpl.jpeg\",\"contentUrl\":\"https:\/\/deputadotaveirajr.com.br\/wp-content\/uploads\/2024\/12\/foto-1-secretaria-de-tributacao-semut-f-alex-regis-secom-8-x6LHpl.jpeg\",\"width\":2074,\"height\":1382},{\"@type\":\"BreadcrumbList\",\"@id\":\"https:\/\/deputadotaveirajr.com.br\/index.php\/prefeitura-de-natal-oferece-desconto-de-16-para-pagamento-antecipado-do-iptu-2025\/#breadcrumb\",\"itemListElement\":[{\"@type\":\"ListItem\",\"position\":1,\"name\":\"In\u00edcio\",\"item\":\"https:\/\/deputadotaveirajr.com.br\/\"},{\"@type\":\"ListItem\",\"position\":2,\"name\":\"Prefeitura de Natal oferece desconto de 16% para pagamento antecipado do IPTU 2025\"}]},{\"@type\":\"WebSite\",\"@id\":\"https:\/\/deputadotaveirajr.com.br\/#website\",\"url\":\"https:\/\/deputadotaveirajr.com.br\/\",\"name\":\"Taveira Jr\",\"description\":\"Deputado Estadual\",\"publisher\":{\"@id\":\"https:\/\/deputadotaveirajr.com.br\/#organization\"},\"potentialAction\":[{\"@type\":\"SearchAction\",\"target\":{\"@type\":\"EntryPoint\",\"urlTemplate\":\"https:\/\/deputadotaveirajr.com.br\/?s={search_term_string}\"},\"query-input\":{\"@type\":\"PropertyValueSpecification\",\"valueRequired\":true,\"valueName\":\"search_term_string\"}}],\"inLanguage\":\"pt-BR\"},{\"@type\":\"Organization\",\"@id\":\"https:\/\/deputadotaveirajr.com.br\/#organization\",\"name\":\"Taveira Jr\",\"url\":\"https:\/\/deputadotaveirajr.com.br\/\",\"logo\":{\"@type\":\"ImageObject\",\"inLanguage\":\"pt-BR\",\"@id\":\"https:\/\/deputadotaveirajr.com.br\/#\/schema\/logo\/image\/\",\"url\":\"https:\/\/deputadotaveirajr.com.br\/wp-content\/uploads\/2026\/01\/logolow2a.png\",\"contentUrl\":\"https:\/\/deputadotaveirajr.com.br\/wp-content\/uploads\/2026\/01\/logolow2a.png\",\"width\":290,\"height\":80,\"caption\":\"Taveira Jr\"},\"image\":{\"@id\":\"https:\/\/deputadotaveirajr.com.br\/#\/schema\/logo\/image\/\"}}]}<\/script>\n<!-- \/ Yoast SEO plugin. -->","yoast_head_json":{"title":"Prefeitura de Natal oferece desconto de 16% para pagamento antecipado do IPTU 2025 - Taveira Jr","robots":{"index":"index","follow":"follow","max-snippet":"max-snippet:-1","max-image-preview":"max-image-preview:large","max-video-preview":"max-video-preview:-1"},"canonical":"https:\/\/deputadotaveirajr.com.br\/index.php\/prefeitura-de-natal-oferece-desconto-de-16-para-pagamento-antecipado-do-iptu-2025\/","og_locale":"pt_BR","og_type":"article","og_title":"Prefeitura de Natal oferece desconto de 16% para pagamento antecipado do IPTU 2025 - Taveira Jr","og_description":"Contribuintes em dia podem acessar carn\u00eas no portal da Semut e quitar tributo com desconto at\u00e9 10 de janeiro. Secretaria de Tributa\u00e7\u00e3o do Munic\u00edpio (Semut) Alex R\u00e9gis A Prefeitura de ...","og_url":"https:\/\/deputadotaveirajr.com.br\/index.php\/prefeitura-de-natal-oferece-desconto-de-16-para-pagamento-antecipado-do-iptu-2025\/","og_site_name":"Taveira Jr","twitter_card":"summary_large_image","twitter_misc":{"Est. tempo de leitura":"2 minutos"},"schema":{"@context":"https:\/\/schema.org","@graph":[{"@type":"WebPage","@id":"https:\/\/deputadotaveirajr.com.br\/index.php\/prefeitura-de-natal-oferece-desconto-de-16-para-pagamento-antecipado-do-iptu-2025\/","url":"https:\/\/deputadotaveirajr.com.br\/index.php\/prefeitura-de-natal-oferece-desconto-de-16-para-pagamento-antecipado-do-iptu-2025\/","name":"Prefeitura de Natal oferece desconto de 16% para pagamento antecipado do IPTU 2025 - Taveira Jr","isPartOf":{"@id":"https:\/\/deputadotaveirajr.com.br\/#website"},"primaryImageOfPage":{"@id":"https:\/\/deputadotaveirajr.com.br\/index.php\/prefeitura-de-natal-oferece-desconto-de-16-para-pagamento-antecipado-do-iptu-2025\/#primaryimage"},"image":{"@id":"https:\/\/deputadotaveirajr.com.br\/index.php\/prefeitura-de-natal-oferece-desconto-de-16-para-pagamento-antecipado-do-iptu-2025\/#primaryimage"},"thumbnailUrl":"https:\/\/deputadotaveirajr.com.br\/wp-content\/uploads\/2024\/12\/foto-1-secretaria-de-tributacao-semut-f-alex-regis-secom-8-x6LHpl.jpeg","datePublished":"2024-12-02T19:00:09+00:00","breadcrumb":{"@id":"https:\/\/deputadotaveirajr.com.br\/index.php\/prefeitura-de-natal-oferece-desconto-de-16-para-pagamento-antecipado-do-iptu-2025\/#breadcrumb"},"inLanguage":"pt-BR","potentialAction":[{"@type":"ReadAction","target":["https:\/\/deputadotaveirajr.com.br\/index.php\/prefeitura-de-natal-oferece-desconto-de-16-para-pagamento-antecipado-do-iptu-2025\/"]}]},{"@type":"ImageObject","inLanguage":"pt-BR","@id":"https:\/\/deputadotaveirajr.com.br\/index.php\/prefeitura-de-natal-oferece-desconto-de-16-para-pagamento-antecipado-do-iptu-2025\/#primaryimage","url":"https:\/\/deputadotaveirajr.com.br\/wp-content\/uploads\/2024\/12\/foto-1-secretaria-de-tributacao-semut-f-alex-regis-secom-8-x6LHpl.jpeg","contentUrl":"https:\/\/deputadotaveirajr.com.br\/wp-content\/uploads\/2024\/12\/foto-1-secretaria-de-tributacao-semut-f-alex-regis-secom-8-x6LHpl.jpeg","width":2074,"height":1382},{"@type":"BreadcrumbList","@id":"https:\/\/deputadotaveirajr.com.br\/index.php\/prefeitura-de-natal-oferece-desconto-de-16-para-pagamento-antecipado-do-iptu-2025\/#breadcrumb","itemListElement":[{"@type":"ListItem","position":1,"name":"In\u00edcio","item":"https:\/\/deputadotaveirajr.com.br\/"},{"@type":"ListItem","position":2,"name":"Prefeitura de Natal oferece desconto de 16% para pagamento antecipado do IPTU 2025"}]},{"@type":"WebSite","@id":"https:\/\/deputadotaveirajr.com.br\/#website","url":"https:\/\/deputadotaveirajr.com.br\/","name":"Taveira Jr","description":"Deputado Estadual","publisher":{"@id":"https:\/\/deputadotaveirajr.com.br\/#organization"},"potentialAction":[{"@type":"SearchAction","target":{"@type":"EntryPoint","urlTemplate":"https:\/\/deputadotaveirajr.com.br\/?s={search_term_string}"},"query-input":{"@type":"PropertyValueSpecification","valueRequired":true,"valueName":"search_term_string"}}],"inLanguage":"pt-BR"},{"@type":"Organization","@id":"https:\/\/deputadotaveirajr.com.br\/#organization","name":"Taveira Jr","url":"https:\/\/deputadotaveirajr.com.br\/","logo":{"@type":"ImageObject","inLanguage":"pt-BR","@id":"https:\/\/deputadotaveirajr.com.br\/#\/schema\/logo\/image\/","url":"https:\/\/deputadotaveirajr.com.br\/wp-content\/uploads\/2026\/01\/logolow2a.png","contentUrl":"https:\/\/deputadotaveirajr.com.br\/wp-content\/uploads\/2026\/01\/logolow2a.png","width":290,"height":80,"caption":"Taveira Jr"},"image":{"@id":"https:\/\/deputadotaveirajr.com.br\/#\/schema\/logo\/image\/"}}]}},"_links":{"self":[{"href":"https:\/\/deputadotaveirajr.com.br\/index.php\/wp-json\/wp\/v2\/pages\/11548","targetHints":{"allow":["GET"]}}],"collection":[{"href":"https:\/\/deputadotaveirajr.com.br\/index.php\/wp-json\/wp\/v2\/pages"}],"about":[{"href":"https:\/\/deputadotaveirajr.com.br\/index.php\/wp-json\/wp\/v2\/types\/page"}],"replies":[{"embeddable":true,"href":"https:\/\/deputadotaveirajr.com.br\/index.php\/wp-json\/wp\/v2\/comments?post=11548"}],"version-history":[{"count":0,"href":"https:\/\/deputadotaveirajr.com.br\/index.php\/wp-json\/wp\/v2\/pages\/11548\/revisions"}],"wp:featuredmedia":[{"embeddable":true,"href":"https:\/\/deputadotaveirajr.com.br\/index.php\/wp-json\/wp\/v2\/media\/11549"}],"wp:attachment":[{"href":"https:\/\/deputadotaveirajr.com.br\/index.php\/wp-json\/wp\/v2\/media?parent=11548"}],"curies":[{"name":"wp","href":"https:\/\/api.w.org\/{rel}","templated":true}]}}