{"id":11552,"date":"2024-12-02T18:15:35","date_gmt":"2024-12-02T21:15:35","guid":{"rendered":"https:\/\/deputadotaveirajr.com.br\/index.php\/criminosos-fortemente-armados-assaltam-lanchonete-na-zona-sul-de-natal\/"},"modified":"2024-12-02T18:15:35","modified_gmt":"2024-12-02T21:15:35","slug":"criminosos-fortemente-armados-assaltam-lanchonete-na-zona-sul-de-natal","status":"publish","type":"page","link":"https:\/\/deputadotaveirajr.com.br\/index.php\/criminosos-fortemente-armados-assaltam-lanchonete-na-zona-sul-de-natal\/","title":{"rendered":"Criminosos fortemente armados assaltam lanchonete na Zona Sul de Natal"},"content":{"rendered":"<p>     Crime ocorreu na madrugada deste domingo e est\u00e1 sendo investigado pela Pol\u00edcia Civil. Homens armados assaltam lanchonete na Zona Sul de Natal<br \/>\nReprodu\u00e7\u00e3o<br \/>\nHomens fortemente armados invadiram na madrugada deste domingo (1\u00ba), uma lanchonete localizada na Avenida Prudente de Morais, na Zona Sul de Natal. A a\u00e7\u00e3o aconteceu por volta da 1h.<br \/>\n Imagens das c\u00e2meras de seguran\u00e7a do estabelecimento mostram o momento do assalto, no qual \u00e9 poss\u00edvel observar que os criminosos estavam portando armas longas.<br \/>\n\ud83d\udcf3Participe do canal do g1 RN no WhatsApp<br \/>\nA dire\u00e7\u00e3o da lanchonete confirmou o ocorrido e informou que est\u00e1 colaborando com as investiga\u00e7\u00f5es<br \/>\nA Pol\u00edcia Militar, afirmou n\u00e3o ter informa\u00e7\u00f5es sobre a ocorr\u00eancia. J\u00e1 a Pol\u00edcia Civil afirmou que o caso est\u00e1 em apura\u00e7\u00e3o.<br \/>\nAinda n\u00e3o h\u00e1 detalhes sobre o que foi levado pelos criminosos.<br \/>\nVeja os v\u00eddeos mais assistidos do g1 RN<\/p>","protected":false},"excerpt":{"rendered":"<p>Crime ocorreu na madrugada deste domingo e est\u00e1 sendo investigado pela Pol\u00edcia Civil. Homens armados assaltam lanchonete na Zona Sul de Natal Reprodu\u00e7\u00e3o Homens fortemente armados invadiram na madrugada deste &#8230;<\/p>\n","protected":false},"author":0,"featured_media":11553,"parent":0,"menu_order":0,"comment_status":"closed","ping_status":"closed","template":"","meta":{"footnotes":""},"class_list":["post-11552","page","type-page","status-publish","has-post-thumbnail","hentry"],"yoast_head":"<!-- This site is optimized with the Yoast SEO plugin v27.1.1 - https:\/\/yoast.com\/product\/yoast-seo-wordpress\/ -->\n<title>Criminosos fortemente armados assaltam lanchonete na Zona Sul de Natal - Taveira Jr<\/title>\n<meta name=\"robots\" content=\"index, follow, max-snippet:-1, max-image-preview:large, max-video-preview:-1\" \/>\n<link rel=\"canonical\" href=\"https:\/\/deputadotaveirajr.com.br\/index.php\/criminosos-fortemente-armados-assaltam-lanchonete-na-zona-sul-de-natal\/\" \/>\n<meta property=\"og:locale\" content=\"pt_BR\" \/>\n<meta property=\"og:type\" content=\"article\" \/>\n<meta property=\"og:title\" content=\"Criminosos fortemente armados assaltam lanchonete na Zona Sul de Natal - Taveira Jr\" \/>\n<meta property=\"og:description\" content=\"Crime ocorreu na madrugada deste domingo e est\u00e1 sendo investigado pela Pol\u00edcia Civil. Homens armados assaltam lanchonete na Zona Sul de Natal Reprodu\u00e7\u00e3o Homens fortemente armados invadiram na madrugada deste ...\" \/>\n<meta property=\"og:url\" content=\"https:\/\/deputadotaveirajr.com.br\/index.php\/criminosos-fortemente-armados-assaltam-lanchonete-na-zona-sul-de-natal\/\" \/>\n<meta property=\"og:site_name\" content=\"Taveira Jr\" \/>\n<meta name=\"twitter:card\" content=\"summary_large_image\" \/>\n<meta name=\"twitter:label1\" content=\"Est. tempo de leitura\" \/>\n\t<meta name=\"twitter:data1\" content=\"1 minuto\" \/>\n<script type=\"application\/ld+json\" class=\"yoast-schema-graph\">{\"@context\":\"https:\/\/schema.org\",\"@graph\":[{\"@type\":\"WebPage\",\"@id\":\"https:\/\/deputadotaveirajr.com.br\/index.php\/criminosos-fortemente-armados-assaltam-lanchonete-na-zona-sul-de-natal\/\",\"url\":\"https:\/\/deputadotaveirajr.com.br\/index.php\/criminosos-fortemente-armados-assaltam-lanchonete-na-zona-sul-de-natal\/\",\"name\":\"Criminosos fortemente armados assaltam lanchonete na Zona Sul de Natal - Taveira Jr\",\"isPartOf\":{\"@id\":\"https:\/\/deputadotaveirajr.com.br\/#website\"},\"primaryImageOfPage\":{\"@id\":\"https:\/\/deputadotaveirajr.com.br\/index.php\/criminosos-fortemente-armados-assaltam-lanchonete-na-zona-sul-de-natal\/#primaryimage\"},\"image\":{\"@id\":\"https:\/\/deputadotaveirajr.com.br\/index.php\/criminosos-fortemente-armados-assaltam-lanchonete-na-zona-sul-de-natal\/#primaryimage\"},\"thumbnailUrl\":\"https:\/\/deputadotaveirajr.com.br\/wp-content\/uploads\/2024\/12\/whatsapp-image-2024-12-02-at-18.12.53-NNpojv.jpeg\",\"datePublished\":\"2024-12-02T21:15:35+00:00\",\"breadcrumb\":{\"@id\":\"https:\/\/deputadotaveirajr.com.br\/index.php\/criminosos-fortemente-armados-assaltam-lanchonete-na-zona-sul-de-natal\/#breadcrumb\"},\"inLanguage\":\"pt-BR\",\"potentialAction\":[{\"@type\":\"ReadAction\",\"target\":[\"https:\/\/deputadotaveirajr.com.br\/index.php\/criminosos-fortemente-armados-assaltam-lanchonete-na-zona-sul-de-natal\/\"]}]},{\"@type\":\"ImageObject\",\"inLanguage\":\"pt-BR\",\"@id\":\"https:\/\/deputadotaveirajr.com.br\/index.php\/criminosos-fortemente-armados-assaltam-lanchonete-na-zona-sul-de-natal\/#primaryimage\",\"url\":\"https:\/\/deputadotaveirajr.com.br\/wp-content\/uploads\/2024\/12\/whatsapp-image-2024-12-02-at-18.12.53-NNpojv.jpeg\",\"contentUrl\":\"https:\/\/deputadotaveirajr.com.br\/wp-content\/uploads\/2024\/12\/whatsapp-image-2024-12-02-at-18.12.53-NNpojv.jpeg\",\"width\":1280,\"height\":720},{\"@type\":\"BreadcrumbList\",\"@id\":\"https:\/\/deputadotaveirajr.com.br\/index.php\/criminosos-fortemente-armados-assaltam-lanchonete-na-zona-sul-de-natal\/#breadcrumb\",\"itemListElement\":[{\"@type\":\"ListItem\",\"position\":1,\"name\":\"In\u00edcio\",\"item\":\"https:\/\/deputadotaveirajr.com.br\/\"},{\"@type\":\"ListItem\",\"position\":2,\"name\":\"Criminosos fortemente armados assaltam lanchonete na Zona Sul de Natal\"}]},{\"@type\":\"WebSite\",\"@id\":\"https:\/\/deputadotaveirajr.com.br\/#website\",\"url\":\"https:\/\/deputadotaveirajr.com.br\/\",\"name\":\"Taveira Jr\",\"description\":\"Deputado Estadual\",\"publisher\":{\"@id\":\"https:\/\/deputadotaveirajr.com.br\/#organization\"},\"potentialAction\":[{\"@type\":\"SearchAction\",\"target\":{\"@type\":\"EntryPoint\",\"urlTemplate\":\"https:\/\/deputadotaveirajr.com.br\/?s={search_term_string}\"},\"query-input\":{\"@type\":\"PropertyValueSpecification\",\"valueRequired\":true,\"valueName\":\"search_term_string\"}}],\"inLanguage\":\"pt-BR\"},{\"@type\":\"Organization\",\"@id\":\"https:\/\/deputadotaveirajr.com.br\/#organization\",\"name\":\"Taveira Jr\",\"url\":\"https:\/\/deputadotaveirajr.com.br\/\",\"logo\":{\"@type\":\"ImageObject\",\"inLanguage\":\"pt-BR\",\"@id\":\"https:\/\/deputadotaveirajr.com.br\/#\/schema\/logo\/image\/\",\"url\":\"https:\/\/deputadotaveirajr.com.br\/wp-content\/uploads\/2026\/01\/logolow2a.png\",\"contentUrl\":\"https:\/\/deputadotaveirajr.com.br\/wp-content\/uploads\/2026\/01\/logolow2a.png\",\"width\":290,\"height\":80,\"caption\":\"Taveira Jr\"},\"image\":{\"@id\":\"https:\/\/deputadotaveirajr.com.br\/#\/schema\/logo\/image\/\"}}]}<\/script>\n<!-- \/ Yoast SEO plugin. -->","yoast_head_json":{"title":"Criminosos fortemente armados assaltam lanchonete na Zona Sul de Natal - Taveira Jr","robots":{"index":"index","follow":"follow","max-snippet":"max-snippet:-1","max-image-preview":"max-image-preview:large","max-video-preview":"max-video-preview:-1"},"canonical":"https:\/\/deputadotaveirajr.com.br\/index.php\/criminosos-fortemente-armados-assaltam-lanchonete-na-zona-sul-de-natal\/","og_locale":"pt_BR","og_type":"article","og_title":"Criminosos fortemente armados assaltam lanchonete na Zona Sul de Natal - Taveira Jr","og_description":"Crime ocorreu na madrugada deste domingo e est\u00e1 sendo investigado pela Pol\u00edcia Civil. Homens armados assaltam lanchonete na Zona Sul de Natal Reprodu\u00e7\u00e3o Homens fortemente armados invadiram na madrugada deste ...","og_url":"https:\/\/deputadotaveirajr.com.br\/index.php\/criminosos-fortemente-armados-assaltam-lanchonete-na-zona-sul-de-natal\/","og_site_name":"Taveira Jr","twitter_card":"summary_large_image","twitter_misc":{"Est. tempo de leitura":"1 minuto"},"schema":{"@context":"https:\/\/schema.org","@graph":[{"@type":"WebPage","@id":"https:\/\/deputadotaveirajr.com.br\/index.php\/criminosos-fortemente-armados-assaltam-lanchonete-na-zona-sul-de-natal\/","url":"https:\/\/deputadotaveirajr.com.br\/index.php\/criminosos-fortemente-armados-assaltam-lanchonete-na-zona-sul-de-natal\/","name":"Criminosos fortemente armados assaltam lanchonete na Zona Sul de Natal - Taveira Jr","isPartOf":{"@id":"https:\/\/deputadotaveirajr.com.br\/#website"},"primaryImageOfPage":{"@id":"https:\/\/deputadotaveirajr.com.br\/index.php\/criminosos-fortemente-armados-assaltam-lanchonete-na-zona-sul-de-natal\/#primaryimage"},"image":{"@id":"https:\/\/deputadotaveirajr.com.br\/index.php\/criminosos-fortemente-armados-assaltam-lanchonete-na-zona-sul-de-natal\/#primaryimage"},"thumbnailUrl":"https:\/\/deputadotaveirajr.com.br\/wp-content\/uploads\/2024\/12\/whatsapp-image-2024-12-02-at-18.12.53-NNpojv.jpeg","datePublished":"2024-12-02T21:15:35+00:00","breadcrumb":{"@id":"https:\/\/deputadotaveirajr.com.br\/index.php\/criminosos-fortemente-armados-assaltam-lanchonete-na-zona-sul-de-natal\/#breadcrumb"},"inLanguage":"pt-BR","potentialAction":[{"@type":"ReadAction","target":["https:\/\/deputadotaveirajr.com.br\/index.php\/criminosos-fortemente-armados-assaltam-lanchonete-na-zona-sul-de-natal\/"]}]},{"@type":"ImageObject","inLanguage":"pt-BR","@id":"https:\/\/deputadotaveirajr.com.br\/index.php\/criminosos-fortemente-armados-assaltam-lanchonete-na-zona-sul-de-natal\/#primaryimage","url":"https:\/\/deputadotaveirajr.com.br\/wp-content\/uploads\/2024\/12\/whatsapp-image-2024-12-02-at-18.12.53-NNpojv.jpeg","contentUrl":"https:\/\/deputadotaveirajr.com.br\/wp-content\/uploads\/2024\/12\/whatsapp-image-2024-12-02-at-18.12.53-NNpojv.jpeg","width":1280,"height":720},{"@type":"BreadcrumbList","@id":"https:\/\/deputadotaveirajr.com.br\/index.php\/criminosos-fortemente-armados-assaltam-lanchonete-na-zona-sul-de-natal\/#breadcrumb","itemListElement":[{"@type":"ListItem","position":1,"name":"In\u00edcio","item":"https:\/\/deputadotaveirajr.com.br\/"},{"@type":"ListItem","position":2,"name":"Criminosos fortemente armados assaltam lanchonete na Zona Sul de Natal"}]},{"@type":"WebSite","@id":"https:\/\/deputadotaveirajr.com.br\/#website","url":"https:\/\/deputadotaveirajr.com.br\/","name":"Taveira Jr","description":"Deputado Estadual","publisher":{"@id":"https:\/\/deputadotaveirajr.com.br\/#organization"},"potentialAction":[{"@type":"SearchAction","target":{"@type":"EntryPoint","urlTemplate":"https:\/\/deputadotaveirajr.com.br\/?s={search_term_string}"},"query-input":{"@type":"PropertyValueSpecification","valueRequired":true,"valueName":"search_term_string"}}],"inLanguage":"pt-BR"},{"@type":"Organization","@id":"https:\/\/deputadotaveirajr.com.br\/#organization","name":"Taveira Jr","url":"https:\/\/deputadotaveirajr.com.br\/","logo":{"@type":"ImageObject","inLanguage":"pt-BR","@id":"https:\/\/deputadotaveirajr.com.br\/#\/schema\/logo\/image\/","url":"https:\/\/deputadotaveirajr.com.br\/wp-content\/uploads\/2026\/01\/logolow2a.png","contentUrl":"https:\/\/deputadotaveirajr.com.br\/wp-content\/uploads\/2026\/01\/logolow2a.png","width":290,"height":80,"caption":"Taveira Jr"},"image":{"@id":"https:\/\/deputadotaveirajr.com.br\/#\/schema\/logo\/image\/"}}]}},"_links":{"self":[{"href":"https:\/\/deputadotaveirajr.com.br\/index.php\/wp-json\/wp\/v2\/pages\/11552","targetHints":{"allow":["GET"]}}],"collection":[{"href":"https:\/\/deputadotaveirajr.com.br\/index.php\/wp-json\/wp\/v2\/pages"}],"about":[{"href":"https:\/\/deputadotaveirajr.com.br\/index.php\/wp-json\/wp\/v2\/types\/page"}],"replies":[{"embeddable":true,"href":"https:\/\/deputadotaveirajr.com.br\/index.php\/wp-json\/wp\/v2\/comments?post=11552"}],"version-history":[{"count":0,"href":"https:\/\/deputadotaveirajr.com.br\/index.php\/wp-json\/wp\/v2\/pages\/11552\/revisions"}],"wp:featuredmedia":[{"embeddable":true,"href":"https:\/\/deputadotaveirajr.com.br\/index.php\/wp-json\/wp\/v2\/media\/11553"}],"wp:attachment":[{"href":"https:\/\/deputadotaveirajr.com.br\/index.php\/wp-json\/wp\/v2\/media?parent=11552"}],"curies":[{"name":"wp","href":"https:\/\/api.w.org\/{rel}","templated":true}]}}