{"id":11566,"date":"2024-12-05T15:54:57","date_gmt":"2024-12-05T18:54:57","guid":{"rendered":"https:\/\/deputadotaveirajr.com.br\/index.php\/jovem-desaparece-no-mar-apos-se-afogar-com-namorada-na-praia-de-areia-preta\/"},"modified":"2024-12-05T15:54:57","modified_gmt":"2024-12-05T18:54:57","slug":"jovem-desaparece-no-mar-apos-se-afogar-com-namorada-na-praia-de-areia-preta","status":"publish","type":"page","link":"https:\/\/deputadotaveirajr.com.br\/index.php\/jovem-desaparece-no-mar-apos-se-afogar-com-namorada-na-praia-de-areia-preta\/","title":{"rendered":"Jovem desaparece no mar ap\u00f3s se afogar com namorada na praia de Areia Preta"},"content":{"rendered":"<p>     Niedson Gonzaga, de 21 anos, entrou no mar na manh\u00e3 desta quinta (5) com a namorada, que foi salva por um banhista. Bombeiros iniciaram buscas. Homem desaparece na Praia de Areia Preta, em Natal<br \/>\nUm jovem de 21 anos de idade despareceu ap\u00f3s entrar no mar com a namorada na manh\u00e3 desta quinta-feira (5) na praia de Areia Preta, na Zona Leste de Natal. O Corpo de Bombeiros iniciou as buscas, mas at\u00e9 o in\u00edcio da noite desta quinta ele n\u00e3o havia sido encontrado.<br \/>\nO helic\u00f3ptero Potiguar 1, da Secretaria de Seguran\u00e7a P\u00fablica e Defesa Social (Sesed), tamb\u00e9m auxiliou nas buscas, que foi acompanhada pelos pais do jovem na beira-mar. O jovem foi identificado como Niedson Gonzaga.<br \/>\n\ud83d\udcf3Participe do canal do g1 RN no WhatsApp<br \/>\nDe acordo com o Corpo de Bombeiros, Niedson tomava banho de mar com a namorada. Eles teriam entrado no mar por volta das 10h30.<br \/>\nTestemunhas relataram aos bombeiros que a namorada do jovem come\u00e7ou a se afogar, e ele tentou ajud\u00e1-la. Um banhista, ent\u00e3o, percebeu  o afogamento dos dois e conseguiu retirar a garota da \u00e1gua. Niedson, no entanto, foi levado pela correnteza.<br \/>\nBombeiros buscam jovem desaparecido em Areia Preta, em Natal<br \/>\nS\u00e9rgio Henrique Santos\/Inter TV Cabugi<br \/>\nLEIA TAMB\u00c9M<br \/>\nAFOGAMENTOS NA ZONA LESTE: Cinco pessoas foram resgatadas em um fim de semana de novembro<br \/>\nUma equipe do Corpo de Bombeiros que estava na Praia do Meio chegou cerca de um minuto depois de ser acionada. A base de guarda-vidas de Areia Preta estava desativada, fato que completou pelo menos tr\u00eas semanas, segundo banhistas e comerciantes.<br \/>\nO trecho onde o casal se afogou \u00e9 sinalizado aos banhistas com bandeiras vermelhas sobre os riscos de afogamento. Em um fim de semana de novembro, pelo menos cinco pessoas foram resgatadas de afogamentos nas praias Areia Preta e Praia do Forte.<br \/>\n&#8220;Infelizmente n\u00e3o t\u00ednhamos a presen\u00e7a de guarni\u00e7\u00e3o aqui no local, ela foi acionada de imediato atrav\u00e9s da liga\u00e7\u00e3o de um popular. A guarni\u00e7\u00e3o mais pr\u00f3xima chegou por volta de 1 minuto aqui no local,&#8221;, explicou o subtenente Helder, do Corpo de Bombeiros.<br \/>\n&#8220;A mo\u00e7a j\u00e1 tinha sido salva por um banhista que passava, que teve essa condi\u00e7\u00e3o de realizar o salvamento, e o rapaz que estava junto com ela infelizmente submergiu na \u00e1gua&#8221;, completou.<br \/>\nA namorada do jovem n\u00e3o precisou de atendimento m\u00e9dico ap\u00f3s ser retirada da \u00e1gua. Ela foi levada para uma pousada nas proximidades do local.<br \/>\nO efetivo de guarda-vidas no Rio Grande do Norte \u00e9 estimado em 80 bombeiros militares. Na alta esta\u00e7\u00e3o, durante a Opera\u00e7\u00e3o Ver\u00e3o, o governo do RN aumenta o efetivo todos os dias oferecendo di\u00e1rias operacionais.<br \/>\n&#8220;Fazemos esse trabalho preventivo, com orienta\u00e7\u00e3o aos banhistas. Notamos que nesse m\u00eas de dezembro o fluxo de turista j\u00e1 est\u00e1 se acentuando, aumentando e em breve estaremos com a Opera\u00e7\u00e3o Ver\u00e3o, com o incremento de postos&#8221;, explicou o subtenente.<br \/>\nLocal \u00e9 sinalizado com bandeiras sobre o risco de afogamento<br \/>\nS\u00e9rgio Henrique Santos\/Inter TV Cabugi<br \/>\nV\u00eddeos mais assistidos do g1 RN<\/p>","protected":false},"excerpt":{"rendered":"<p>Niedson Gonzaga, de 21 anos, entrou no mar na manh\u00e3 desta quinta (5) com a namorada, que foi salva por um banhista. Bombeiros iniciaram buscas. Homem desaparece na Praia de &#8230;<\/p>\n","protected":false},"author":0,"featured_media":11567,"parent":0,"menu_order":0,"comment_status":"closed","ping_status":"closed","template":"","meta":{"footnotes":""},"class_list":["post-11566","page","type-page","status-publish","has-post-thumbnail","hentry"],"yoast_head":"<!-- This site is optimized with the Yoast SEO plugin v27.1.1 - https:\/\/yoast.com\/product\/yoast-seo-wordpress\/ -->\n<title>Jovem desaparece no mar ap\u00f3s se afogar com namorada na praia de Areia Preta - Taveira Jr<\/title>\n<meta name=\"robots\" content=\"index, follow, max-snippet:-1, max-image-preview:large, max-video-preview:-1\" \/>\n<link rel=\"canonical\" href=\"https:\/\/deputadotaveirajr.com.br\/index.php\/jovem-desaparece-no-mar-apos-se-afogar-com-namorada-na-praia-de-areia-preta\/\" \/>\n<meta property=\"og:locale\" content=\"pt_BR\" \/>\n<meta property=\"og:type\" content=\"article\" \/>\n<meta property=\"og:title\" content=\"Jovem desaparece no mar ap\u00f3s se afogar com namorada na praia de Areia Preta - Taveira Jr\" \/>\n<meta property=\"og:description\" content=\"Niedson Gonzaga, de 21 anos, entrou no mar na manh\u00e3 desta quinta (5) com a namorada, que foi salva por um banhista. Bombeiros iniciaram buscas. Homem desaparece na Praia de ...\" \/>\n<meta property=\"og:url\" content=\"https:\/\/deputadotaveirajr.com.br\/index.php\/jovem-desaparece-no-mar-apos-se-afogar-com-namorada-na-praia-de-areia-preta\/\" \/>\n<meta property=\"og:site_name\" content=\"Taveira Jr\" \/>\n<meta name=\"twitter:card\" content=\"summary_large_image\" \/>\n<meta name=\"twitter:label1\" content=\"Est. tempo de leitura\" \/>\n\t<meta name=\"twitter:data1\" content=\"3 minutos\" \/>\n<script type=\"application\/ld+json\" class=\"yoast-schema-graph\">{\"@context\":\"https:\/\/schema.org\",\"@graph\":[{\"@type\":\"WebPage\",\"@id\":\"https:\/\/deputadotaveirajr.com.br\/index.php\/jovem-desaparece-no-mar-apos-se-afogar-com-namorada-na-praia-de-areia-preta\/\",\"url\":\"https:\/\/deputadotaveirajr.com.br\/index.php\/jovem-desaparece-no-mar-apos-se-afogar-com-namorada-na-praia-de-areia-preta\/\",\"name\":\"Jovem desaparece no mar ap\u00f3s se afogar com namorada na praia de Areia Preta - Taveira Jr\",\"isPartOf\":{\"@id\":\"https:\/\/deputadotaveirajr.com.br\/#website\"},\"primaryImageOfPage\":{\"@id\":\"https:\/\/deputadotaveirajr.com.br\/index.php\/jovem-desaparece-no-mar-apos-se-afogar-com-namorada-na-praia-de-areia-preta\/#primaryimage\"},\"image\":{\"@id\":\"https:\/\/deputadotaveirajr.com.br\/index.php\/jovem-desaparece-no-mar-apos-se-afogar-com-namorada-na-praia-de-areia-preta\/#primaryimage\"},\"thumbnailUrl\":\"https:\/\/deputadotaveirajr.com.br\/wp-content\/uploads\/2024\/12\/whatsapp-image-2024-12-05-at-12.37.17-1-KgCeE0-scaled.jpeg\",\"datePublished\":\"2024-12-05T18:54:57+00:00\",\"breadcrumb\":{\"@id\":\"https:\/\/deputadotaveirajr.com.br\/index.php\/jovem-desaparece-no-mar-apos-se-afogar-com-namorada-na-praia-de-areia-preta\/#breadcrumb\"},\"inLanguage\":\"pt-BR\",\"potentialAction\":[{\"@type\":\"ReadAction\",\"target\":[\"https:\/\/deputadotaveirajr.com.br\/index.php\/jovem-desaparece-no-mar-apos-se-afogar-com-namorada-na-praia-de-areia-preta\/\"]}]},{\"@type\":\"ImageObject\",\"inLanguage\":\"pt-BR\",\"@id\":\"https:\/\/deputadotaveirajr.com.br\/index.php\/jovem-desaparece-no-mar-apos-se-afogar-com-namorada-na-praia-de-areia-preta\/#primaryimage\",\"url\":\"https:\/\/deputadotaveirajr.com.br\/wp-content\/uploads\/2024\/12\/whatsapp-image-2024-12-05-at-12.37.17-1-KgCeE0-scaled.jpeg\",\"contentUrl\":\"https:\/\/deputadotaveirajr.com.br\/wp-content\/uploads\/2024\/12\/whatsapp-image-2024-12-05-at-12.37.17-1-KgCeE0-scaled.jpeg\",\"width\":2560,\"height\":1920},{\"@type\":\"BreadcrumbList\",\"@id\":\"https:\/\/deputadotaveirajr.com.br\/index.php\/jovem-desaparece-no-mar-apos-se-afogar-com-namorada-na-praia-de-areia-preta\/#breadcrumb\",\"itemListElement\":[{\"@type\":\"ListItem\",\"position\":1,\"name\":\"In\u00edcio\",\"item\":\"https:\/\/deputadotaveirajr.com.br\/\"},{\"@type\":\"ListItem\",\"position\":2,\"name\":\"Jovem desaparece no mar ap\u00f3s se afogar com namorada na praia de Areia Preta\"}]},{\"@type\":\"WebSite\",\"@id\":\"https:\/\/deputadotaveirajr.com.br\/#website\",\"url\":\"https:\/\/deputadotaveirajr.com.br\/\",\"name\":\"Taveira Jr\",\"description\":\"Deputado Estadual\",\"publisher\":{\"@id\":\"https:\/\/deputadotaveirajr.com.br\/#organization\"},\"potentialAction\":[{\"@type\":\"SearchAction\",\"target\":{\"@type\":\"EntryPoint\",\"urlTemplate\":\"https:\/\/deputadotaveirajr.com.br\/?s={search_term_string}\"},\"query-input\":{\"@type\":\"PropertyValueSpecification\",\"valueRequired\":true,\"valueName\":\"search_term_string\"}}],\"inLanguage\":\"pt-BR\"},{\"@type\":\"Organization\",\"@id\":\"https:\/\/deputadotaveirajr.com.br\/#organization\",\"name\":\"Taveira Jr\",\"url\":\"https:\/\/deputadotaveirajr.com.br\/\",\"logo\":{\"@type\":\"ImageObject\",\"inLanguage\":\"pt-BR\",\"@id\":\"https:\/\/deputadotaveirajr.com.br\/#\/schema\/logo\/image\/\",\"url\":\"https:\/\/deputadotaveirajr.com.br\/wp-content\/uploads\/2026\/01\/logolow2a.png\",\"contentUrl\":\"https:\/\/deputadotaveirajr.com.br\/wp-content\/uploads\/2026\/01\/logolow2a.png\",\"width\":290,\"height\":80,\"caption\":\"Taveira Jr\"},\"image\":{\"@id\":\"https:\/\/deputadotaveirajr.com.br\/#\/schema\/logo\/image\/\"}}]}<\/script>\n<!-- \/ Yoast SEO plugin. -->","yoast_head_json":{"title":"Jovem desaparece no mar ap\u00f3s se afogar com namorada na praia de Areia Preta - Taveira Jr","robots":{"index":"index","follow":"follow","max-snippet":"max-snippet:-1","max-image-preview":"max-image-preview:large","max-video-preview":"max-video-preview:-1"},"canonical":"https:\/\/deputadotaveirajr.com.br\/index.php\/jovem-desaparece-no-mar-apos-se-afogar-com-namorada-na-praia-de-areia-preta\/","og_locale":"pt_BR","og_type":"article","og_title":"Jovem desaparece no mar ap\u00f3s se afogar com namorada na praia de Areia Preta - Taveira Jr","og_description":"Niedson Gonzaga, de 21 anos, entrou no mar na manh\u00e3 desta quinta (5) com a namorada, que foi salva por um banhista. Bombeiros iniciaram buscas. Homem desaparece na Praia de ...","og_url":"https:\/\/deputadotaveirajr.com.br\/index.php\/jovem-desaparece-no-mar-apos-se-afogar-com-namorada-na-praia-de-areia-preta\/","og_site_name":"Taveira Jr","twitter_card":"summary_large_image","twitter_misc":{"Est. tempo de leitura":"3 minutos"},"schema":{"@context":"https:\/\/schema.org","@graph":[{"@type":"WebPage","@id":"https:\/\/deputadotaveirajr.com.br\/index.php\/jovem-desaparece-no-mar-apos-se-afogar-com-namorada-na-praia-de-areia-preta\/","url":"https:\/\/deputadotaveirajr.com.br\/index.php\/jovem-desaparece-no-mar-apos-se-afogar-com-namorada-na-praia-de-areia-preta\/","name":"Jovem desaparece no mar ap\u00f3s se afogar com namorada na praia de Areia Preta - Taveira Jr","isPartOf":{"@id":"https:\/\/deputadotaveirajr.com.br\/#website"},"primaryImageOfPage":{"@id":"https:\/\/deputadotaveirajr.com.br\/index.php\/jovem-desaparece-no-mar-apos-se-afogar-com-namorada-na-praia-de-areia-preta\/#primaryimage"},"image":{"@id":"https:\/\/deputadotaveirajr.com.br\/index.php\/jovem-desaparece-no-mar-apos-se-afogar-com-namorada-na-praia-de-areia-preta\/#primaryimage"},"thumbnailUrl":"https:\/\/deputadotaveirajr.com.br\/wp-content\/uploads\/2024\/12\/whatsapp-image-2024-12-05-at-12.37.17-1-KgCeE0-scaled.jpeg","datePublished":"2024-12-05T18:54:57+00:00","breadcrumb":{"@id":"https:\/\/deputadotaveirajr.com.br\/index.php\/jovem-desaparece-no-mar-apos-se-afogar-com-namorada-na-praia-de-areia-preta\/#breadcrumb"},"inLanguage":"pt-BR","potentialAction":[{"@type":"ReadAction","target":["https:\/\/deputadotaveirajr.com.br\/index.php\/jovem-desaparece-no-mar-apos-se-afogar-com-namorada-na-praia-de-areia-preta\/"]}]},{"@type":"ImageObject","inLanguage":"pt-BR","@id":"https:\/\/deputadotaveirajr.com.br\/index.php\/jovem-desaparece-no-mar-apos-se-afogar-com-namorada-na-praia-de-areia-preta\/#primaryimage","url":"https:\/\/deputadotaveirajr.com.br\/wp-content\/uploads\/2024\/12\/whatsapp-image-2024-12-05-at-12.37.17-1-KgCeE0-scaled.jpeg","contentUrl":"https:\/\/deputadotaveirajr.com.br\/wp-content\/uploads\/2024\/12\/whatsapp-image-2024-12-05-at-12.37.17-1-KgCeE0-scaled.jpeg","width":2560,"height":1920},{"@type":"BreadcrumbList","@id":"https:\/\/deputadotaveirajr.com.br\/index.php\/jovem-desaparece-no-mar-apos-se-afogar-com-namorada-na-praia-de-areia-preta\/#breadcrumb","itemListElement":[{"@type":"ListItem","position":1,"name":"In\u00edcio","item":"https:\/\/deputadotaveirajr.com.br\/"},{"@type":"ListItem","position":2,"name":"Jovem desaparece no mar ap\u00f3s se afogar com namorada na praia de Areia Preta"}]},{"@type":"WebSite","@id":"https:\/\/deputadotaveirajr.com.br\/#website","url":"https:\/\/deputadotaveirajr.com.br\/","name":"Taveira Jr","description":"Deputado Estadual","publisher":{"@id":"https:\/\/deputadotaveirajr.com.br\/#organization"},"potentialAction":[{"@type":"SearchAction","target":{"@type":"EntryPoint","urlTemplate":"https:\/\/deputadotaveirajr.com.br\/?s={search_term_string}"},"query-input":{"@type":"PropertyValueSpecification","valueRequired":true,"valueName":"search_term_string"}}],"inLanguage":"pt-BR"},{"@type":"Organization","@id":"https:\/\/deputadotaveirajr.com.br\/#organization","name":"Taveira Jr","url":"https:\/\/deputadotaveirajr.com.br\/","logo":{"@type":"ImageObject","inLanguage":"pt-BR","@id":"https:\/\/deputadotaveirajr.com.br\/#\/schema\/logo\/image\/","url":"https:\/\/deputadotaveirajr.com.br\/wp-content\/uploads\/2026\/01\/logolow2a.png","contentUrl":"https:\/\/deputadotaveirajr.com.br\/wp-content\/uploads\/2026\/01\/logolow2a.png","width":290,"height":80,"caption":"Taveira Jr"},"image":{"@id":"https:\/\/deputadotaveirajr.com.br\/#\/schema\/logo\/image\/"}}]}},"_links":{"self":[{"href":"https:\/\/deputadotaveirajr.com.br\/index.php\/wp-json\/wp\/v2\/pages\/11566","targetHints":{"allow":["GET"]}}],"collection":[{"href":"https:\/\/deputadotaveirajr.com.br\/index.php\/wp-json\/wp\/v2\/pages"}],"about":[{"href":"https:\/\/deputadotaveirajr.com.br\/index.php\/wp-json\/wp\/v2\/types\/page"}],"replies":[{"embeddable":true,"href":"https:\/\/deputadotaveirajr.com.br\/index.php\/wp-json\/wp\/v2\/comments?post=11566"}],"version-history":[{"count":0,"href":"https:\/\/deputadotaveirajr.com.br\/index.php\/wp-json\/wp\/v2\/pages\/11566\/revisions"}],"wp:featuredmedia":[{"embeddable":true,"href":"https:\/\/deputadotaveirajr.com.br\/index.php\/wp-json\/wp\/v2\/media\/11567"}],"wp:attachment":[{"href":"https:\/\/deputadotaveirajr.com.br\/index.php\/wp-json\/wp\/v2\/media?parent=11566"}],"curies":[{"name":"wp","href":"https:\/\/api.w.org\/{rel}","templated":true}]}}