{"id":11572,"date":"2024-12-06T10:11:35","date_gmt":"2024-12-06T13:11:35","guid":{"rendered":"https:\/\/deputadotaveirajr.com.br\/index.php\/lei-que-proibe-uso-de-celular-em-salas-de-aula-no-rn-aguarda-regulamentacao-11-meses-apos-entrar-em-vigor-nao-se-enfrenta-vicio-com-proibicao\/"},"modified":"2024-12-06T10:11:35","modified_gmt":"2024-12-06T13:11:35","slug":"lei-que-proibe-uso-de-celular-em-salas-de-aula-no-rn-aguarda-regulamentacao-11-meses-apos-entrar-em-vigor-nao-se-enfrenta-vicio-com-proibicao","status":"publish","type":"page","link":"https:\/\/deputadotaveirajr.com.br\/index.php\/lei-que-proibe-uso-de-celular-em-salas-de-aula-no-rn-aguarda-regulamentacao-11-meses-apos-entrar-em-vigor-nao-se-enfrenta-vicio-com-proibicao\/","title":{"rendered":"Lei que pro\u00edbe uso de celular em salas de aula no RN aguarda regulamenta\u00e7\u00e3o 11 meses ap\u00f3s entrar em vigor: &#8216;N\u00e3o se enfrenta v\u00edcio com proibi\u00e7\u00e3o&#8217;"},"content":{"rendered":"<p>     Presen\u00e7a dos smartphones nas escolas foi discutida em evento com 1,5 mil educadores nesta quinta-feira (5) em Natal.  Aluna usa celular em sala de aula<br \/>\nTV Globo\/Reprodu\u00e7\u00e3o<br \/>\nUma lei aprovada pela Assembleia Legislativa do Rio Grande do Norte e promulgada em janeiro de 2024 pro\u00edbe o uso de celulares nas salas de aulas das escolas p\u00fablicas e privadas do estado. Por\u00e9m, 11 meses ap\u00f3s entrar em vigor, o texto n\u00e3o foi regulamentado e n\u00e3o mudou a pr\u00e1tica nas escolas potiguares.<br \/>\nA lei permite a utiliza\u00e7\u00e3o dos smartphones nas escolas, &#8220;desde que para fins pedag\u00f3gicos, sob orienta\u00e7\u00e3o e supervis\u00e3o do profissional de ensino&#8221;.<br \/>\n\ud83d\udcf3Participe do canal do g1 RN no WhatsApp<br \/>\nVera Moura \u00e9 professora em duas escolas p\u00fablicas na regi\u00e3o metropolitana de Natal &#8211; uma em Maca\u00edba e outra em S\u00e3o Gon\u00e7alo do Amarante. De acordo com ela, o uso de telefone celular pelos anos \u00e9 uma realidade cada vez mais frequente no ambiente escolar.<br \/>\n\u201cPara fonte de pesquisa \u00e9 de suma import\u00e2ncia. Ent\u00e3o, assim, nada contra o uso, desde que tenha essa finalidade, e nada em excesso\u201d, diz a profissional.<br \/>\nO tema foi um dos pontos discutidos nesta quinta-feira (5) no Semin\u00e1rio Crescendo Juntos, realizado em Natal pela Uni\u00e3o dos Dirigentes Municipais de Educa\u00e7\u00e3o (Undime), com palestras voltadas para 1.500 educadores.<br \/>\nUma das apresenta\u00e7\u00f5es mais aguardadas, no encerramento do evento, foi a do professor, mestre em educa\u00e7\u00e3o e doutor em comunica\u00e7\u00e3o Nelson Pretto, do Departamento de Educa\u00e7\u00e3o da Universidade Federal da Bahia (UFBA) &#8211; justamente a que tratou sobre os celulares: &#8220;As tecnologias digitais devem estar na escola?&#8221;, questionava o t\u00edtulo da palestra.<br \/>\n&#8220;Nosso problema n\u00e3o \u00e9 o celular. Nosso problema s\u00e3o os aplicativos que est\u00e3o dentro dele&#8221;, disse o professor.<br \/>\n&#8220;E a\u00ed n\u00f3s precisamos ter coragem, estou falando do Legislativo e Executivo, de regular essas plataformas, de regular essas empresas, e deixe que as escolas sabem o que v\u00e3o fazer com os celulares, com os computadores, com os v\u00eddeos que v\u00e3o produzir. Esse \u00e9 que \u00e9 o grande desafio. Como n\u00f3s n\u00e3o estamos conseguindo regular essas plataformas, isso est\u00e1 em debate agora no STF, se resolve proibir o professor de usar o celular&#8221;, considera.<br \/>\nPara Nelson Pretto, \u00e9 poss\u00edvel discutir se os celulares s\u00e3o um problema ou a solu\u00e7\u00e3o em sala de aula.<br \/>\n&#8220;O celular \u00e9 um computador poderoso, muito mais potente do que os computadores que est\u00e3o dentro da escola. Ent\u00e3o n\u00f3s temos que saber separar o que \u00e9 o problema, e o problema s\u00e3o esses aplicativos que s\u00e3o constru\u00eddos com intencionalidade, eles s\u00e3o constru\u00eddos para nos enganchar, para nos viciar. Ent\u00e3o temos que enfrentar o v\u00edcio, e n\u00e3o se enfrenta v\u00edcio com proibi\u00e7\u00e3o. Ou seja, ele tem que entrar na escola para ser objeto de estudo e de trabalho para que as escolas, para que os professores e os alunos sejam produtores de conhecimento e de cultura e n\u00e3o consumidores de informa\u00e7\u00f5es&#8221;, considera.<br \/>\nEm \u00e2mbito nacional, um projeto de lei tramita na C\u00e2mara Federal com texto que pro\u00edbe o uso de celular e outros aparelhos eletr\u00f4nicos port\u00e1teis por alunos da educa\u00e7\u00e3o b\u00e1sica em escolas, inclusive nos intervalos entre as aulas.<br \/>\n&#8220;A utiliza\u00e7\u00e3o do celular deve estar condicionada ao um apoio pedag\u00f3gico, algo realmente voltado para o dia-a-dia, para que n\u00e3o tenha essa dispers\u00e3o t\u00e3o grande em sala de aula&#8221;, considera Jo\u00e1ria Vieira, presidente da Undime\/RN.<br \/>\nVeja os v\u00eddeos mais assistidos no g1 RN<\/p>","protected":false},"excerpt":{"rendered":"<p>Presen\u00e7a dos smartphones nas escolas foi discutida em evento com 1,5 mil educadores nesta quinta-feira (5) em Natal. Aluna usa celular em sala de aula TV Globo\/Reprodu\u00e7\u00e3o Uma lei aprovada &#8230;<\/p>\n","protected":false},"author":0,"featured_media":11573,"parent":0,"menu_order":0,"comment_status":"closed","ping_status":"closed","template":"","meta":{"footnotes":""},"class_list":["post-11572","page","type-page","status-publish","has-post-thumbnail","hentry"],"yoast_head":"<!-- This site is optimized with the Yoast SEO plugin v27.1.1 - https:\/\/yoast.com\/product\/yoast-seo-wordpress\/ -->\n<title>Lei que pro\u00edbe uso de celular em salas de aula no RN aguarda regulamenta\u00e7\u00e3o 11 meses ap\u00f3s entrar em vigor: &#039;N\u00e3o se enfrenta v\u00edcio com proibi\u00e7\u00e3o&#039; - Taveira Jr<\/title>\n<meta name=\"robots\" content=\"index, follow, max-snippet:-1, max-image-preview:large, max-video-preview:-1\" \/>\n<link rel=\"canonical\" href=\"https:\/\/deputadotaveirajr.com.br\/index.php\/lei-que-proibe-uso-de-celular-em-salas-de-aula-no-rn-aguarda-regulamentacao-11-meses-apos-entrar-em-vigor-nao-se-enfrenta-vicio-com-proibicao\/\" \/>\n<meta property=\"og:locale\" content=\"pt_BR\" \/>\n<meta property=\"og:type\" content=\"article\" \/>\n<meta property=\"og:title\" content=\"Lei que pro\u00edbe uso de celular em salas de aula no RN aguarda regulamenta\u00e7\u00e3o 11 meses ap\u00f3s entrar em vigor: &#039;N\u00e3o se enfrenta v\u00edcio com proibi\u00e7\u00e3o&#039; - Taveira Jr\" \/>\n<meta property=\"og:description\" content=\"Presen\u00e7a dos smartphones nas escolas foi discutida em evento com 1,5 mil educadores nesta quinta-feira (5) em Natal. Aluna usa celular em sala de aula TV Globo\/Reprodu\u00e7\u00e3o Uma lei aprovada ...\" \/>\n<meta property=\"og:url\" content=\"https:\/\/deputadotaveirajr.com.br\/index.php\/lei-que-proibe-uso-de-celular-em-salas-de-aula-no-rn-aguarda-regulamentacao-11-meses-apos-entrar-em-vigor-nao-se-enfrenta-vicio-com-proibicao\/\" \/>\n<meta property=\"og:site_name\" content=\"Taveira Jr\" \/>\n<meta name=\"twitter:card\" content=\"summary_large_image\" \/>\n<meta name=\"twitter:label1\" content=\"Est. tempo de leitura\" \/>\n\t<meta name=\"twitter:data1\" content=\"3 minutos\" \/>\n<script type=\"application\/ld+json\" class=\"yoast-schema-graph\">{\"@context\":\"https:\/\/schema.org\",\"@graph\":[{\"@type\":\"WebPage\",\"@id\":\"https:\/\/deputadotaveirajr.com.br\/index.php\/lei-que-proibe-uso-de-celular-em-salas-de-aula-no-rn-aguarda-regulamentacao-11-meses-apos-entrar-em-vigor-nao-se-enfrenta-vicio-com-proibicao\/\",\"url\":\"https:\/\/deputadotaveirajr.com.br\/index.php\/lei-que-proibe-uso-de-celular-em-salas-de-aula-no-rn-aguarda-regulamentacao-11-meses-apos-entrar-em-vigor-nao-se-enfrenta-vicio-com-proibicao\/\",\"name\":\"Lei que pro\u00edbe uso de celular em salas de aula no RN aguarda regulamenta\u00e7\u00e3o 11 meses ap\u00f3s entrar em vigor: 'N\u00e3o se enfrenta v\u00edcio com proibi\u00e7\u00e3o' - Taveira Jr\",\"isPartOf\":{\"@id\":\"https:\/\/deputadotaveirajr.com.br\/#website\"},\"primaryImageOfPage\":{\"@id\":\"https:\/\/deputadotaveirajr.com.br\/index.php\/lei-que-proibe-uso-de-celular-em-salas-de-aula-no-rn-aguarda-regulamentacao-11-meses-apos-entrar-em-vigor-nao-se-enfrenta-vicio-com-proibicao\/#primaryimage\"},\"image\":{\"@id\":\"https:\/\/deputadotaveirajr.com.br\/index.php\/lei-que-proibe-uso-de-celular-em-salas-de-aula-no-rn-aguarda-regulamentacao-11-meses-apos-entrar-em-vigor-nao-se-enfrenta-vicio-com-proibicao\/#primaryimage\"},\"thumbnailUrl\":\"https:\/\/deputadotaveirajr.com.br\/wp-content\/uploads\/2024\/12\/celular-na-sala-df1-frame-570-hTJ9OK.jpeg\",\"datePublished\":\"2024-12-06T13:11:35+00:00\",\"breadcrumb\":{\"@id\":\"https:\/\/deputadotaveirajr.com.br\/index.php\/lei-que-proibe-uso-de-celular-em-salas-de-aula-no-rn-aguarda-regulamentacao-11-meses-apos-entrar-em-vigor-nao-se-enfrenta-vicio-com-proibicao\/#breadcrumb\"},\"inLanguage\":\"pt-BR\",\"potentialAction\":[{\"@type\":\"ReadAction\",\"target\":[\"https:\/\/deputadotaveirajr.com.br\/index.php\/lei-que-proibe-uso-de-celular-em-salas-de-aula-no-rn-aguarda-regulamentacao-11-meses-apos-entrar-em-vigor-nao-se-enfrenta-vicio-com-proibicao\/\"]}]},{\"@type\":\"ImageObject\",\"inLanguage\":\"pt-BR\",\"@id\":\"https:\/\/deputadotaveirajr.com.br\/index.php\/lei-que-proibe-uso-de-celular-em-salas-de-aula-no-rn-aguarda-regulamentacao-11-meses-apos-entrar-em-vigor-nao-se-enfrenta-vicio-com-proibicao\/#primaryimage\",\"url\":\"https:\/\/deputadotaveirajr.com.br\/wp-content\/uploads\/2024\/12\/celular-na-sala-df1-frame-570-hTJ9OK.jpeg\",\"contentUrl\":\"https:\/\/deputadotaveirajr.com.br\/wp-content\/uploads\/2024\/12\/celular-na-sala-df1-frame-570-hTJ9OK.jpeg\",\"width\":1920,\"height\":1080},{\"@type\":\"BreadcrumbList\",\"@id\":\"https:\/\/deputadotaveirajr.com.br\/index.php\/lei-que-proibe-uso-de-celular-em-salas-de-aula-no-rn-aguarda-regulamentacao-11-meses-apos-entrar-em-vigor-nao-se-enfrenta-vicio-com-proibicao\/#breadcrumb\",\"itemListElement\":[{\"@type\":\"ListItem\",\"position\":1,\"name\":\"In\u00edcio\",\"item\":\"https:\/\/deputadotaveirajr.com.br\/\"},{\"@type\":\"ListItem\",\"position\":2,\"name\":\"Lei que pro\u00edbe uso de celular em salas de aula no RN aguarda regulamenta\u00e7\u00e3o 11 meses ap\u00f3s entrar em vigor: &#8216;N\u00e3o se enfrenta v\u00edcio com proibi\u00e7\u00e3o&#8217;\"}]},{\"@type\":\"WebSite\",\"@id\":\"https:\/\/deputadotaveirajr.com.br\/#website\",\"url\":\"https:\/\/deputadotaveirajr.com.br\/\",\"name\":\"Taveira Jr\",\"description\":\"Deputado Estadual\",\"publisher\":{\"@id\":\"https:\/\/deputadotaveirajr.com.br\/#organization\"},\"potentialAction\":[{\"@type\":\"SearchAction\",\"target\":{\"@type\":\"EntryPoint\",\"urlTemplate\":\"https:\/\/deputadotaveirajr.com.br\/?s={search_term_string}\"},\"query-input\":{\"@type\":\"PropertyValueSpecification\",\"valueRequired\":true,\"valueName\":\"search_term_string\"}}],\"inLanguage\":\"pt-BR\"},{\"@type\":\"Organization\",\"@id\":\"https:\/\/deputadotaveirajr.com.br\/#organization\",\"name\":\"Taveira Jr\",\"url\":\"https:\/\/deputadotaveirajr.com.br\/\",\"logo\":{\"@type\":\"ImageObject\",\"inLanguage\":\"pt-BR\",\"@id\":\"https:\/\/deputadotaveirajr.com.br\/#\/schema\/logo\/image\/\",\"url\":\"https:\/\/deputadotaveirajr.com.br\/wp-content\/uploads\/2026\/01\/logolow2a.png\",\"contentUrl\":\"https:\/\/deputadotaveirajr.com.br\/wp-content\/uploads\/2026\/01\/logolow2a.png\",\"width\":290,\"height\":80,\"caption\":\"Taveira Jr\"},\"image\":{\"@id\":\"https:\/\/deputadotaveirajr.com.br\/#\/schema\/logo\/image\/\"}}]}<\/script>\n<!-- \/ Yoast SEO plugin. -->","yoast_head_json":{"title":"Lei que pro\u00edbe uso de celular em salas de aula no RN aguarda regulamenta\u00e7\u00e3o 11 meses ap\u00f3s entrar em vigor: 'N\u00e3o se enfrenta v\u00edcio com proibi\u00e7\u00e3o' - Taveira Jr","robots":{"index":"index","follow":"follow","max-snippet":"max-snippet:-1","max-image-preview":"max-image-preview:large","max-video-preview":"max-video-preview:-1"},"canonical":"https:\/\/deputadotaveirajr.com.br\/index.php\/lei-que-proibe-uso-de-celular-em-salas-de-aula-no-rn-aguarda-regulamentacao-11-meses-apos-entrar-em-vigor-nao-se-enfrenta-vicio-com-proibicao\/","og_locale":"pt_BR","og_type":"article","og_title":"Lei que pro\u00edbe uso de celular em salas de aula no RN aguarda regulamenta\u00e7\u00e3o 11 meses ap\u00f3s entrar em vigor: 'N\u00e3o se enfrenta v\u00edcio com proibi\u00e7\u00e3o' - Taveira Jr","og_description":"Presen\u00e7a dos smartphones nas escolas foi discutida em evento com 1,5 mil educadores nesta quinta-feira (5) em Natal. Aluna usa celular em sala de aula TV Globo\/Reprodu\u00e7\u00e3o Uma lei aprovada ...","og_url":"https:\/\/deputadotaveirajr.com.br\/index.php\/lei-que-proibe-uso-de-celular-em-salas-de-aula-no-rn-aguarda-regulamentacao-11-meses-apos-entrar-em-vigor-nao-se-enfrenta-vicio-com-proibicao\/","og_site_name":"Taveira Jr","twitter_card":"summary_large_image","twitter_misc":{"Est. tempo de leitura":"3 minutos"},"schema":{"@context":"https:\/\/schema.org","@graph":[{"@type":"WebPage","@id":"https:\/\/deputadotaveirajr.com.br\/index.php\/lei-que-proibe-uso-de-celular-em-salas-de-aula-no-rn-aguarda-regulamentacao-11-meses-apos-entrar-em-vigor-nao-se-enfrenta-vicio-com-proibicao\/","url":"https:\/\/deputadotaveirajr.com.br\/index.php\/lei-que-proibe-uso-de-celular-em-salas-de-aula-no-rn-aguarda-regulamentacao-11-meses-apos-entrar-em-vigor-nao-se-enfrenta-vicio-com-proibicao\/","name":"Lei que pro\u00edbe uso de celular em salas de aula no RN aguarda regulamenta\u00e7\u00e3o 11 meses ap\u00f3s entrar em vigor: 'N\u00e3o se enfrenta v\u00edcio com proibi\u00e7\u00e3o' - Taveira Jr","isPartOf":{"@id":"https:\/\/deputadotaveirajr.com.br\/#website"},"primaryImageOfPage":{"@id":"https:\/\/deputadotaveirajr.com.br\/index.php\/lei-que-proibe-uso-de-celular-em-salas-de-aula-no-rn-aguarda-regulamentacao-11-meses-apos-entrar-em-vigor-nao-se-enfrenta-vicio-com-proibicao\/#primaryimage"},"image":{"@id":"https:\/\/deputadotaveirajr.com.br\/index.php\/lei-que-proibe-uso-de-celular-em-salas-de-aula-no-rn-aguarda-regulamentacao-11-meses-apos-entrar-em-vigor-nao-se-enfrenta-vicio-com-proibicao\/#primaryimage"},"thumbnailUrl":"https:\/\/deputadotaveirajr.com.br\/wp-content\/uploads\/2024\/12\/celular-na-sala-df1-frame-570-hTJ9OK.jpeg","datePublished":"2024-12-06T13:11:35+00:00","breadcrumb":{"@id":"https:\/\/deputadotaveirajr.com.br\/index.php\/lei-que-proibe-uso-de-celular-em-salas-de-aula-no-rn-aguarda-regulamentacao-11-meses-apos-entrar-em-vigor-nao-se-enfrenta-vicio-com-proibicao\/#breadcrumb"},"inLanguage":"pt-BR","potentialAction":[{"@type":"ReadAction","target":["https:\/\/deputadotaveirajr.com.br\/index.php\/lei-que-proibe-uso-de-celular-em-salas-de-aula-no-rn-aguarda-regulamentacao-11-meses-apos-entrar-em-vigor-nao-se-enfrenta-vicio-com-proibicao\/"]}]},{"@type":"ImageObject","inLanguage":"pt-BR","@id":"https:\/\/deputadotaveirajr.com.br\/index.php\/lei-que-proibe-uso-de-celular-em-salas-de-aula-no-rn-aguarda-regulamentacao-11-meses-apos-entrar-em-vigor-nao-se-enfrenta-vicio-com-proibicao\/#primaryimage","url":"https:\/\/deputadotaveirajr.com.br\/wp-content\/uploads\/2024\/12\/celular-na-sala-df1-frame-570-hTJ9OK.jpeg","contentUrl":"https:\/\/deputadotaveirajr.com.br\/wp-content\/uploads\/2024\/12\/celular-na-sala-df1-frame-570-hTJ9OK.jpeg","width":1920,"height":1080},{"@type":"BreadcrumbList","@id":"https:\/\/deputadotaveirajr.com.br\/index.php\/lei-que-proibe-uso-de-celular-em-salas-de-aula-no-rn-aguarda-regulamentacao-11-meses-apos-entrar-em-vigor-nao-se-enfrenta-vicio-com-proibicao\/#breadcrumb","itemListElement":[{"@type":"ListItem","position":1,"name":"In\u00edcio","item":"https:\/\/deputadotaveirajr.com.br\/"},{"@type":"ListItem","position":2,"name":"Lei que pro\u00edbe uso de celular em salas de aula no RN aguarda regulamenta\u00e7\u00e3o 11 meses ap\u00f3s entrar em vigor: &#8216;N\u00e3o se enfrenta v\u00edcio com proibi\u00e7\u00e3o&#8217;"}]},{"@type":"WebSite","@id":"https:\/\/deputadotaveirajr.com.br\/#website","url":"https:\/\/deputadotaveirajr.com.br\/","name":"Taveira Jr","description":"Deputado Estadual","publisher":{"@id":"https:\/\/deputadotaveirajr.com.br\/#organization"},"potentialAction":[{"@type":"SearchAction","target":{"@type":"EntryPoint","urlTemplate":"https:\/\/deputadotaveirajr.com.br\/?s={search_term_string}"},"query-input":{"@type":"PropertyValueSpecification","valueRequired":true,"valueName":"search_term_string"}}],"inLanguage":"pt-BR"},{"@type":"Organization","@id":"https:\/\/deputadotaveirajr.com.br\/#organization","name":"Taveira Jr","url":"https:\/\/deputadotaveirajr.com.br\/","logo":{"@type":"ImageObject","inLanguage":"pt-BR","@id":"https:\/\/deputadotaveirajr.com.br\/#\/schema\/logo\/image\/","url":"https:\/\/deputadotaveirajr.com.br\/wp-content\/uploads\/2026\/01\/logolow2a.png","contentUrl":"https:\/\/deputadotaveirajr.com.br\/wp-content\/uploads\/2026\/01\/logolow2a.png","width":290,"height":80,"caption":"Taveira Jr"},"image":{"@id":"https:\/\/deputadotaveirajr.com.br\/#\/schema\/logo\/image\/"}}]}},"_links":{"self":[{"href":"https:\/\/deputadotaveirajr.com.br\/index.php\/wp-json\/wp\/v2\/pages\/11572","targetHints":{"allow":["GET"]}}],"collection":[{"href":"https:\/\/deputadotaveirajr.com.br\/index.php\/wp-json\/wp\/v2\/pages"}],"about":[{"href":"https:\/\/deputadotaveirajr.com.br\/index.php\/wp-json\/wp\/v2\/types\/page"}],"replies":[{"embeddable":true,"href":"https:\/\/deputadotaveirajr.com.br\/index.php\/wp-json\/wp\/v2\/comments?post=11572"}],"version-history":[{"count":0,"href":"https:\/\/deputadotaveirajr.com.br\/index.php\/wp-json\/wp\/v2\/pages\/11572\/revisions"}],"wp:featuredmedia":[{"embeddable":true,"href":"https:\/\/deputadotaveirajr.com.br\/index.php\/wp-json\/wp\/v2\/media\/11573"}],"wp:attachment":[{"href":"https:\/\/deputadotaveirajr.com.br\/index.php\/wp-json\/wp\/v2\/media?parent=11572"}],"curies":[{"name":"wp","href":"https:\/\/api.w.org\/{rel}","templated":true}]}}