{"id":11574,"date":"2024-12-06T13:07:02","date_gmt":"2024-12-06T16:07:02","guid":{"rendered":"https:\/\/deputadotaveirajr.com.br\/index.php\/video-pescadores-capturam-peixe-de-15-metro-e-45-kg-em-acude-no-interior-do-rn\/"},"modified":"2024-12-06T13:07:02","modified_gmt":"2024-12-06T16:07:02","slug":"video-pescadores-capturam-peixe-de-15-metro-e-45-kg-em-acude-no-interior-do-rn","status":"publish","type":"page","link":"https:\/\/deputadotaveirajr.com.br\/index.php\/video-pescadores-capturam-peixe-de-15-metro-e-45-kg-em-acude-no-interior-do-rn\/","title":{"rendered":"V\u00cdDEO: Pescadores capturam peixe de 1,5 metro e 45 kg em a\u00e7ude no interior do RN"},"content":{"rendered":"<p>     Caso aconteceu em reservat\u00f3rio de propriedade privada em Rafael Fernandes, no Alto Oeste potiguar.  Pescadores capturam peixe com 1,5 m e cerca de 45 kg no interior do RN<br \/>\nPescadores de Rafael Fernandes, no Alto Oeste potiguar, pescaram um peixe com cerca de 1,5 metro de comprimento em um pequeno a\u00e7ude em uma propriedade particular do munic\u00edpio.<br \/>\n\ud83d\udcf3Participe do canal do g1 RN no WhatsApp<br \/>\nA captura aconteceu na semana passada e, para provar que o feito n\u00e3o era hist\u00f3ria de pescador, os autores da fa\u00e7anha fizeram imagens inclusive deitados ao lado do peixe da esp\u00e9cie pirarucu.<br \/>\nAinda de acordo com os pescadores, o peixe tinha cerca de 45 quilos.<br \/>\nAp\u00f3s as fotos, eles repartiram o pescado &#8211; garantindo refei\u00e7\u00e3o pelos pr\u00f3ximos dias.<br \/>\nPescador posa ao lado de peixe capturado no interior do RN<br \/>\nReprodu\u00e7\u00e3o<br \/>\nVeja os v\u00eddeos mais assistidos no g1 RN<\/p>","protected":false},"excerpt":{"rendered":"<p>Caso aconteceu em reservat\u00f3rio de propriedade privada em Rafael Fernandes, no Alto Oeste potiguar. Pescadores capturam peixe com 1,5 m e cerca de 45 kg no interior do RN Pescadores &#8230;<\/p>\n","protected":false},"author":0,"featured_media":11575,"parent":0,"menu_order":0,"comment_status":"closed","ping_status":"closed","template":"","meta":{"footnotes":""},"class_list":["post-11574","page","type-page","status-publish","has-post-thumbnail","hentry"],"yoast_head":"<!-- This site is optimized with the Yoast SEO plugin v27.1.1 - https:\/\/yoast.com\/product\/yoast-seo-wordpress\/ -->\n<title>V\u00cdDEO: Pescadores capturam peixe de 1,5 metro e 45 kg em a\u00e7ude no interior do RN - Taveira Jr<\/title>\n<meta name=\"robots\" content=\"index, follow, max-snippet:-1, max-image-preview:large, max-video-preview:-1\" \/>\n<link rel=\"canonical\" href=\"https:\/\/deputadotaveirajr.com.br\/index.php\/video-pescadores-capturam-peixe-de-15-metro-e-45-kg-em-acude-no-interior-do-rn\/\" \/>\n<meta property=\"og:locale\" content=\"pt_BR\" \/>\n<meta property=\"og:type\" content=\"article\" \/>\n<meta property=\"og:title\" content=\"V\u00cdDEO: Pescadores capturam peixe de 1,5 metro e 45 kg em a\u00e7ude no interior do RN - Taveira Jr\" \/>\n<meta property=\"og:description\" content=\"Caso aconteceu em reservat\u00f3rio de propriedade privada em Rafael Fernandes, no Alto Oeste potiguar. Pescadores capturam peixe com 1,5 m e cerca de 45 kg no interior do RN Pescadores ...\" \/>\n<meta property=\"og:url\" content=\"https:\/\/deputadotaveirajr.com.br\/index.php\/video-pescadores-capturam-peixe-de-15-metro-e-45-kg-em-acude-no-interior-do-rn\/\" \/>\n<meta property=\"og:site_name\" content=\"Taveira Jr\" \/>\n<meta name=\"twitter:card\" content=\"summary_large_image\" \/>\n<meta name=\"twitter:label1\" content=\"Est. tempo de leitura\" \/>\n\t<meta name=\"twitter:data1\" content=\"1 minuto\" \/>\n<script type=\"application\/ld+json\" class=\"yoast-schema-graph\">{\"@context\":\"https:\/\/schema.org\",\"@graph\":[{\"@type\":\"WebPage\",\"@id\":\"https:\/\/deputadotaveirajr.com.br\/index.php\/video-pescadores-capturam-peixe-de-15-metro-e-45-kg-em-acude-no-interior-do-rn\/\",\"url\":\"https:\/\/deputadotaveirajr.com.br\/index.php\/video-pescadores-capturam-peixe-de-15-metro-e-45-kg-em-acude-no-interior-do-rn\/\",\"name\":\"V\u00cdDEO: Pescadores capturam peixe de 1,5 metro e 45 kg em a\u00e7ude no interior do RN - Taveira Jr\",\"isPartOf\":{\"@id\":\"https:\/\/deputadotaveirajr.com.br\/#website\"},\"primaryImageOfPage\":{\"@id\":\"https:\/\/deputadotaveirajr.com.br\/index.php\/video-pescadores-capturam-peixe-de-15-metro-e-45-kg-em-acude-no-interior-do-rn\/#primaryimage\"},\"image\":{\"@id\":\"https:\/\/deputadotaveirajr.com.br\/index.php\/video-pescadores-capturam-peixe-de-15-metro-e-45-kg-em-acude-no-interior-do-rn\/#primaryimage\"},\"thumbnailUrl\":\"https:\/\/deputadotaveirajr.com.br\/wp-content\/uploads\/2024\/12\/peixe-HV3CfP.jpeg\",\"datePublished\":\"2024-12-06T16:07:02+00:00\",\"breadcrumb\":{\"@id\":\"https:\/\/deputadotaveirajr.com.br\/index.php\/video-pescadores-capturam-peixe-de-15-metro-e-45-kg-em-acude-no-interior-do-rn\/#breadcrumb\"},\"inLanguage\":\"pt-BR\",\"potentialAction\":[{\"@type\":\"ReadAction\",\"target\":[\"https:\/\/deputadotaveirajr.com.br\/index.php\/video-pescadores-capturam-peixe-de-15-metro-e-45-kg-em-acude-no-interior-do-rn\/\"]}]},{\"@type\":\"ImageObject\",\"inLanguage\":\"pt-BR\",\"@id\":\"https:\/\/deputadotaveirajr.com.br\/index.php\/video-pescadores-capturam-peixe-de-15-metro-e-45-kg-em-acude-no-interior-do-rn\/#primaryimage\",\"url\":\"https:\/\/deputadotaveirajr.com.br\/wp-content\/uploads\/2024\/12\/peixe-HV3CfP.jpeg\",\"contentUrl\":\"https:\/\/deputadotaveirajr.com.br\/wp-content\/uploads\/2024\/12\/peixe-HV3CfP.jpeg\",\"width\":1280,\"height\":720},{\"@type\":\"BreadcrumbList\",\"@id\":\"https:\/\/deputadotaveirajr.com.br\/index.php\/video-pescadores-capturam-peixe-de-15-metro-e-45-kg-em-acude-no-interior-do-rn\/#breadcrumb\",\"itemListElement\":[{\"@type\":\"ListItem\",\"position\":1,\"name\":\"In\u00edcio\",\"item\":\"https:\/\/deputadotaveirajr.com.br\/\"},{\"@type\":\"ListItem\",\"position\":2,\"name\":\"V\u00cdDEO: Pescadores capturam peixe de 1,5 metro e 45 kg em a\u00e7ude no interior do RN\"}]},{\"@type\":\"WebSite\",\"@id\":\"https:\/\/deputadotaveirajr.com.br\/#website\",\"url\":\"https:\/\/deputadotaveirajr.com.br\/\",\"name\":\"Taveira Jr\",\"description\":\"Deputado Estadual\",\"publisher\":{\"@id\":\"https:\/\/deputadotaveirajr.com.br\/#organization\"},\"potentialAction\":[{\"@type\":\"SearchAction\",\"target\":{\"@type\":\"EntryPoint\",\"urlTemplate\":\"https:\/\/deputadotaveirajr.com.br\/?s={search_term_string}\"},\"query-input\":{\"@type\":\"PropertyValueSpecification\",\"valueRequired\":true,\"valueName\":\"search_term_string\"}}],\"inLanguage\":\"pt-BR\"},{\"@type\":\"Organization\",\"@id\":\"https:\/\/deputadotaveirajr.com.br\/#organization\",\"name\":\"Taveira Jr\",\"url\":\"https:\/\/deputadotaveirajr.com.br\/\",\"logo\":{\"@type\":\"ImageObject\",\"inLanguage\":\"pt-BR\",\"@id\":\"https:\/\/deputadotaveirajr.com.br\/#\/schema\/logo\/image\/\",\"url\":\"https:\/\/deputadotaveirajr.com.br\/wp-content\/uploads\/2026\/01\/logolow2a.png\",\"contentUrl\":\"https:\/\/deputadotaveirajr.com.br\/wp-content\/uploads\/2026\/01\/logolow2a.png\",\"width\":290,\"height\":80,\"caption\":\"Taveira Jr\"},\"image\":{\"@id\":\"https:\/\/deputadotaveirajr.com.br\/#\/schema\/logo\/image\/\"}}]}<\/script>\n<!-- \/ Yoast SEO plugin. -->","yoast_head_json":{"title":"V\u00cdDEO: Pescadores capturam peixe de 1,5 metro e 45 kg em a\u00e7ude no interior do RN - Taveira Jr","robots":{"index":"index","follow":"follow","max-snippet":"max-snippet:-1","max-image-preview":"max-image-preview:large","max-video-preview":"max-video-preview:-1"},"canonical":"https:\/\/deputadotaveirajr.com.br\/index.php\/video-pescadores-capturam-peixe-de-15-metro-e-45-kg-em-acude-no-interior-do-rn\/","og_locale":"pt_BR","og_type":"article","og_title":"V\u00cdDEO: Pescadores capturam peixe de 1,5 metro e 45 kg em a\u00e7ude no interior do RN - Taveira Jr","og_description":"Caso aconteceu em reservat\u00f3rio de propriedade privada em Rafael Fernandes, no Alto Oeste potiguar. Pescadores capturam peixe com 1,5 m e cerca de 45 kg no interior do RN Pescadores ...","og_url":"https:\/\/deputadotaveirajr.com.br\/index.php\/video-pescadores-capturam-peixe-de-15-metro-e-45-kg-em-acude-no-interior-do-rn\/","og_site_name":"Taveira Jr","twitter_card":"summary_large_image","twitter_misc":{"Est. tempo de leitura":"1 minuto"},"schema":{"@context":"https:\/\/schema.org","@graph":[{"@type":"WebPage","@id":"https:\/\/deputadotaveirajr.com.br\/index.php\/video-pescadores-capturam-peixe-de-15-metro-e-45-kg-em-acude-no-interior-do-rn\/","url":"https:\/\/deputadotaveirajr.com.br\/index.php\/video-pescadores-capturam-peixe-de-15-metro-e-45-kg-em-acude-no-interior-do-rn\/","name":"V\u00cdDEO: Pescadores capturam peixe de 1,5 metro e 45 kg em a\u00e7ude no interior do RN - Taveira Jr","isPartOf":{"@id":"https:\/\/deputadotaveirajr.com.br\/#website"},"primaryImageOfPage":{"@id":"https:\/\/deputadotaveirajr.com.br\/index.php\/video-pescadores-capturam-peixe-de-15-metro-e-45-kg-em-acude-no-interior-do-rn\/#primaryimage"},"image":{"@id":"https:\/\/deputadotaveirajr.com.br\/index.php\/video-pescadores-capturam-peixe-de-15-metro-e-45-kg-em-acude-no-interior-do-rn\/#primaryimage"},"thumbnailUrl":"https:\/\/deputadotaveirajr.com.br\/wp-content\/uploads\/2024\/12\/peixe-HV3CfP.jpeg","datePublished":"2024-12-06T16:07:02+00:00","breadcrumb":{"@id":"https:\/\/deputadotaveirajr.com.br\/index.php\/video-pescadores-capturam-peixe-de-15-metro-e-45-kg-em-acude-no-interior-do-rn\/#breadcrumb"},"inLanguage":"pt-BR","potentialAction":[{"@type":"ReadAction","target":["https:\/\/deputadotaveirajr.com.br\/index.php\/video-pescadores-capturam-peixe-de-15-metro-e-45-kg-em-acude-no-interior-do-rn\/"]}]},{"@type":"ImageObject","inLanguage":"pt-BR","@id":"https:\/\/deputadotaveirajr.com.br\/index.php\/video-pescadores-capturam-peixe-de-15-metro-e-45-kg-em-acude-no-interior-do-rn\/#primaryimage","url":"https:\/\/deputadotaveirajr.com.br\/wp-content\/uploads\/2024\/12\/peixe-HV3CfP.jpeg","contentUrl":"https:\/\/deputadotaveirajr.com.br\/wp-content\/uploads\/2024\/12\/peixe-HV3CfP.jpeg","width":1280,"height":720},{"@type":"BreadcrumbList","@id":"https:\/\/deputadotaveirajr.com.br\/index.php\/video-pescadores-capturam-peixe-de-15-metro-e-45-kg-em-acude-no-interior-do-rn\/#breadcrumb","itemListElement":[{"@type":"ListItem","position":1,"name":"In\u00edcio","item":"https:\/\/deputadotaveirajr.com.br\/"},{"@type":"ListItem","position":2,"name":"V\u00cdDEO: Pescadores capturam peixe de 1,5 metro e 45 kg em a\u00e7ude no interior do RN"}]},{"@type":"WebSite","@id":"https:\/\/deputadotaveirajr.com.br\/#website","url":"https:\/\/deputadotaveirajr.com.br\/","name":"Taveira Jr","description":"Deputado Estadual","publisher":{"@id":"https:\/\/deputadotaveirajr.com.br\/#organization"},"potentialAction":[{"@type":"SearchAction","target":{"@type":"EntryPoint","urlTemplate":"https:\/\/deputadotaveirajr.com.br\/?s={search_term_string}"},"query-input":{"@type":"PropertyValueSpecification","valueRequired":true,"valueName":"search_term_string"}}],"inLanguage":"pt-BR"},{"@type":"Organization","@id":"https:\/\/deputadotaveirajr.com.br\/#organization","name":"Taveira Jr","url":"https:\/\/deputadotaveirajr.com.br\/","logo":{"@type":"ImageObject","inLanguage":"pt-BR","@id":"https:\/\/deputadotaveirajr.com.br\/#\/schema\/logo\/image\/","url":"https:\/\/deputadotaveirajr.com.br\/wp-content\/uploads\/2026\/01\/logolow2a.png","contentUrl":"https:\/\/deputadotaveirajr.com.br\/wp-content\/uploads\/2026\/01\/logolow2a.png","width":290,"height":80,"caption":"Taveira Jr"},"image":{"@id":"https:\/\/deputadotaveirajr.com.br\/#\/schema\/logo\/image\/"}}]}},"_links":{"self":[{"href":"https:\/\/deputadotaveirajr.com.br\/index.php\/wp-json\/wp\/v2\/pages\/11574","targetHints":{"allow":["GET"]}}],"collection":[{"href":"https:\/\/deputadotaveirajr.com.br\/index.php\/wp-json\/wp\/v2\/pages"}],"about":[{"href":"https:\/\/deputadotaveirajr.com.br\/index.php\/wp-json\/wp\/v2\/types\/page"}],"replies":[{"embeddable":true,"href":"https:\/\/deputadotaveirajr.com.br\/index.php\/wp-json\/wp\/v2\/comments?post=11574"}],"version-history":[{"count":0,"href":"https:\/\/deputadotaveirajr.com.br\/index.php\/wp-json\/wp\/v2\/pages\/11574\/revisions"}],"wp:featuredmedia":[{"embeddable":true,"href":"https:\/\/deputadotaveirajr.com.br\/index.php\/wp-json\/wp\/v2\/media\/11575"}],"wp:attachment":[{"href":"https:\/\/deputadotaveirajr.com.br\/index.php\/wp-json\/wp\/v2\/media?parent=11574"}],"curies":[{"name":"wp","href":"https:\/\/api.w.org\/{rel}","templated":true}]}}