{"id":11594,"date":"2024-12-07T00:02:16","date_gmt":"2024-12-07T03:02:16","guid":{"rendered":"https:\/\/deputadotaveirajr.com.br\/index.php\/formacoes-de-nivel-tecnico-garantem-90-de-empregabilidade-no-rn-diz-senai\/"},"modified":"2024-12-07T00:02:16","modified_gmt":"2024-12-07T03:02:16","slug":"formacoes-de-nivel-tecnico-garantem-90-de-empregabilidade-no-rn-diz-senai","status":"publish","type":"page","link":"https:\/\/deputadotaveirajr.com.br\/index.php\/formacoes-de-nivel-tecnico-garantem-90-de-empregabilidade-no-rn-diz-senai\/","title":{"rendered":"Forma\u00e7\u00f5es de n\u00edvel t\u00e9cnico garantem 90% de empregabilidade no RN, diz SENAI"},"content":{"rendered":"<p>     N\u00famero, registrado em pesquisa de egressos do SENAI Nacional entre os anos 2022 e 2024, foi apresentado em reuni\u00e3o do Conselho Regional da institui\u00e7\u00e3o no Rio Grande do Norte. Na avalia\u00e7\u00e3o do SENAI-RN, iniciativa demonstra o compromisso das duas institui\u00e7\u00f5es com a excel\u00eancia operacional e a inova\u00e7\u00e3o no setor de energias renov\u00e1veis<br \/>\nDivulga\u00e7\u00e3o \/ SENAI-RN<br \/>\nForma\u00e7\u00f5es de n\u00edvel t\u00e9cnico garantiram, entre os anos de 2022 e 2024, empregabilidade de 90% no Rio Grande do Norte. O n\u00famero foi registrado em pesquisa de egressos do SENAI Nacional.<br \/>\nAl\u00e9m da taxa de ocupa\u00e7\u00e3o alcan\u00e7ada no per\u00edodo, o levantamento mostra que aproximadamente 50% desse p\u00fablico est\u00e1 atuando na atividade de forma\u00e7\u00e3o e que quase 70% est\u00e3o no mercado formal.<br \/>\nOs resultados apontam que 100% dos entrevistados indicam o SENAI e que 91,3% foram \u201cfidelizados\u201d, ou seja, voltaram para as salas de aula da institui\u00e7\u00e3o ap\u00f3s conclu\u00edrem o primeiro curso.<br \/>\n\u201cOs n\u00fameros mostram que estamos no caminho certo\u201d, disse o diretor do SENAI-RN, do Instituto SENAI de Inova\u00e7\u00e3o em Energias Renov\u00e1veis (ISI-ER) e da FAETI &#8211; Faculdade de Energias Renov\u00e1veis e Tecnologias Industriais do SENAI-RN, Rodrigo Mello.<br \/>\nA pesquisa, explicou ele, teve participa\u00e7\u00e3o de mais de 40 mil pessoas em todo o Brasil e \u00e9 realizada em tr\u00eas fases. \u201cA primeira, no \u00faltimo ano da forma\u00e7\u00e3o do aluno, quando ele ainda est\u00e1 em sala de aula. A segunda \u00e9 feita seis meses ap\u00f3s ele sair do curso e a terceira dentro das empresas em que est\u00e3o trabalhando\u201d, acrescentou o diretor.<br \/>\nOs dados foram divulgados segunda-feira (02), na 10\u00aa reuni\u00e3o do Conselho Regional do SENAI-RN, na Casa da Ind\u00fastria. O Conselho \u00e9 formado por representantes da ind\u00fastria, dos trabalhadores da ind\u00fastria, do Minist\u00e9rio da Educa\u00e7\u00e3o e do Minist\u00e9rio do Trabalho e Previd\u00eancia.<br \/>\nA apresenta\u00e7\u00e3o tamb\u00e9m marcou a divulga\u00e7\u00e3o dos resultados financeiros da institui\u00e7\u00e3o relativos a outubro. O presidente da Federa\u00e7\u00e3o das Ind\u00fastrias do Rio Grande do Norte (FIERN) e do Conselho do SENAI, Roberto Serquiz, ressaltou que a preocupa\u00e7\u00e3o da institui\u00e7\u00e3o \u00e9 manter esfor\u00e7os em prol da competitividade do mercado.<br \/>\n\u201cTrabalhamos pelo ambiente de melhorias cont\u00ednuas de resultados para os setores de petr\u00f3leo e energias renov\u00e1veis, mantendo o olhar na ind\u00fastria da transforma\u00e7\u00e3o, onde a maioria \u00e9 de micro e pequenas empresas, onde est\u00e3o a panifica\u00e7\u00e3o, o leite, a minera\u00e7\u00e3o, a alimenta\u00e7\u00e3o\u201d, exemplificou ele.<br \/>\nSOBRE O SENAI<br \/>\nO SENAI \u00e9 o maior complexo de educa\u00e7\u00e3o profissional da Am\u00e9rica Latina e detentor da maior rede privada de Institutos de Tecnologia e Inova\u00e7\u00e3o para a ind\u00fastria nessa regi\u00e3o do mundo. No Rio Grande do Norte, engloba cinco Centros de Educa\u00e7\u00e3o e Tecnologias: CET (Voltado ao setor da constru\u00e7\u00e3o civil); CETCM (Voltado \u00e0s ind\u00fastrias de alimentos, vestu\u00e1rio e moda); CETIB (cursos diversos para a ind\u00fastria, em Mossor\u00f3); CETAB (vestu\u00e1rio, constru\u00e7\u00e3o e outros), e CTGAS-ER, principal refer\u00eancia do SENAI no Brasil para educa\u00e7\u00e3o e servi\u00e7os com foco nas ind\u00fastrias de energias renov\u00e1veis e do g\u00e1s, al\u00e9m de centro de excel\u00eancia para forma\u00e7\u00e3o profissional em hidrog\u00eanio verde, em parceria com a Alemanha.<br \/>\nA atua\u00e7\u00e3o se d\u00e1 ainda por meio do Instituto SENAI de Inova\u00e7\u00e3o em Energias Renov\u00e1veis (ISI-ER) \u2013 principal refer\u00eancia do SENAI no Brasil em Pesquisa, Desenvolvimento &amp; Inova\u00e7\u00e3o (P&amp;D) com foco em energia e\u00f3lica, solar e sustentabilidade \u2013 do Instituto SENAI de Tecnologias em Petr\u00f3leo e G\u00e1s (IST-PG) e da FAETI (Faculdade de Energias Renov\u00e1veis e Tecnologias Industriais).<br \/>\nPrimeiro do Brasil a se tornar signat\u00e1rio do Pacto Global de Direitos Humanos, Trabalho, Meio Ambiente e Anticorrup\u00e7\u00e3o da Organiza\u00e7\u00e3o das Na\u00e7\u00f5es Unidas (ONU), o SENAI do Rio Grande do Norte tem a atua\u00e7\u00e3o alinhada a Objetivos de Desenvolvimento Sustent\u00e1vel (ODS) que buscam, de forma geral, acabar com a pobreza, reduzir desigualdades, fomentar a educa\u00e7\u00e3o de qualidade e combater as mudan\u00e7as clim\u00e1ticas no mundo.<br \/>\nEm 2024, a institui\u00e7\u00e3o recebeu o \u201cSelo ODS Educa\u00e7\u00e3o\u201d- um reconhecimento nacional p\u00fablico pela forma\u00e7\u00e3o das primeiras mulheres especialistas do Rio Grande do Norte em opera\u00e7\u00e3o e manuten\u00e7\u00e3o de parques e\u00f3licos.<\/p>","protected":false},"excerpt":{"rendered":"<p>N\u00famero, registrado em pesquisa de egressos do SENAI Nacional entre os anos 2022 e 2024, foi apresentado em reuni\u00e3o do Conselho Regional da institui\u00e7\u00e3o no Rio Grande do Norte. Na &#8230;<\/p>\n","protected":false},"author":0,"featured_media":11595,"parent":0,"menu_order":0,"comment_status":"closed","ping_status":"closed","template":"","meta":{"footnotes":""},"class_list":["post-11594","page","type-page","status-publish","has-post-thumbnail","hentry"],"yoast_head":"<!-- This site is optimized with the Yoast SEO plugin v27.1.1 - https:\/\/yoast.com\/product\/yoast-seo-wordpress\/ -->\n<title>Forma\u00e7\u00f5es de n\u00edvel t\u00e9cnico garantem 90% de empregabilidade no RN, diz SENAI - Taveira Jr<\/title>\n<meta name=\"robots\" content=\"index, follow, max-snippet:-1, max-image-preview:large, max-video-preview:-1\" \/>\n<link rel=\"canonical\" href=\"https:\/\/deputadotaveirajr.com.br\/index.php\/formacoes-de-nivel-tecnico-garantem-90-de-empregabilidade-no-rn-diz-senai\/\" \/>\n<meta property=\"og:locale\" content=\"pt_BR\" \/>\n<meta property=\"og:type\" content=\"article\" \/>\n<meta property=\"og:title\" content=\"Forma\u00e7\u00f5es de n\u00edvel t\u00e9cnico garantem 90% de empregabilidade no RN, diz SENAI - Taveira Jr\" \/>\n<meta property=\"og:description\" content=\"N\u00famero, registrado em pesquisa de egressos do SENAI Nacional entre os anos 2022 e 2024, foi apresentado em reuni\u00e3o do Conselho Regional da institui\u00e7\u00e3o no Rio Grande do Norte. Na ...\" \/>\n<meta property=\"og:url\" content=\"https:\/\/deputadotaveirajr.com.br\/index.php\/formacoes-de-nivel-tecnico-garantem-90-de-empregabilidade-no-rn-diz-senai\/\" \/>\n<meta property=\"og:site_name\" content=\"Taveira Jr\" \/>\n<meta name=\"twitter:card\" content=\"summary_large_image\" \/>\n<meta name=\"twitter:label1\" content=\"Est. tempo de leitura\" \/>\n\t<meta name=\"twitter:data1\" content=\"4 minutos\" \/>\n<script type=\"application\/ld+json\" class=\"yoast-schema-graph\">{\"@context\":\"https:\/\/schema.org\",\"@graph\":[{\"@type\":\"WebPage\",\"@id\":\"https:\/\/deputadotaveirajr.com.br\/index.php\/formacoes-de-nivel-tecnico-garantem-90-de-empregabilidade-no-rn-diz-senai\/\",\"url\":\"https:\/\/deputadotaveirajr.com.br\/index.php\/formacoes-de-nivel-tecnico-garantem-90-de-empregabilidade-no-rn-diz-senai\/\",\"name\":\"Forma\u00e7\u00f5es de n\u00edvel t\u00e9cnico garantem 90% de empregabilidade no RN, diz SENAI - Taveira Jr\",\"isPartOf\":{\"@id\":\"https:\/\/deputadotaveirajr.com.br\/#website\"},\"primaryImageOfPage\":{\"@id\":\"https:\/\/deputadotaveirajr.com.br\/index.php\/formacoes-de-nivel-tecnico-garantem-90-de-empregabilidade-no-rn-diz-senai\/#primaryimage\"},\"image\":{\"@id\":\"https:\/\/deputadotaveirajr.com.br\/index.php\/formacoes-de-nivel-tecnico-garantem-90-de-empregabilidade-no-rn-diz-senai\/#primaryimage\"},\"thumbnailUrl\":\"https:\/\/deputadotaveirajr.com.br\/wp-content\/uploads\/2024\/12\/1-reuniao-conselho-regional-senai-rn-RgH6cL.jpeg\",\"datePublished\":\"2024-12-07T03:02:16+00:00\",\"breadcrumb\":{\"@id\":\"https:\/\/deputadotaveirajr.com.br\/index.php\/formacoes-de-nivel-tecnico-garantem-90-de-empregabilidade-no-rn-diz-senai\/#breadcrumb\"},\"inLanguage\":\"pt-BR\",\"potentialAction\":[{\"@type\":\"ReadAction\",\"target\":[\"https:\/\/deputadotaveirajr.com.br\/index.php\/formacoes-de-nivel-tecnico-garantem-90-de-empregabilidade-no-rn-diz-senai\/\"]}]},{\"@type\":\"ImageObject\",\"inLanguage\":\"pt-BR\",\"@id\":\"https:\/\/deputadotaveirajr.com.br\/index.php\/formacoes-de-nivel-tecnico-garantem-90-de-empregabilidade-no-rn-diz-senai\/#primaryimage\",\"url\":\"https:\/\/deputadotaveirajr.com.br\/wp-content\/uploads\/2024\/12\/1-reuniao-conselho-regional-senai-rn-RgH6cL.jpeg\",\"contentUrl\":\"https:\/\/deputadotaveirajr.com.br\/wp-content\/uploads\/2024\/12\/1-reuniao-conselho-regional-senai-rn-RgH6cL.jpeg\",\"width\":1024,\"height\":576},{\"@type\":\"BreadcrumbList\",\"@id\":\"https:\/\/deputadotaveirajr.com.br\/index.php\/formacoes-de-nivel-tecnico-garantem-90-de-empregabilidade-no-rn-diz-senai\/#breadcrumb\",\"itemListElement\":[{\"@type\":\"ListItem\",\"position\":1,\"name\":\"In\u00edcio\",\"item\":\"https:\/\/deputadotaveirajr.com.br\/\"},{\"@type\":\"ListItem\",\"position\":2,\"name\":\"Forma\u00e7\u00f5es de n\u00edvel t\u00e9cnico garantem 90% de empregabilidade no RN, diz SENAI\"}]},{\"@type\":\"WebSite\",\"@id\":\"https:\/\/deputadotaveirajr.com.br\/#website\",\"url\":\"https:\/\/deputadotaveirajr.com.br\/\",\"name\":\"Taveira Jr\",\"description\":\"Deputado Estadual\",\"publisher\":{\"@id\":\"https:\/\/deputadotaveirajr.com.br\/#organization\"},\"potentialAction\":[{\"@type\":\"SearchAction\",\"target\":{\"@type\":\"EntryPoint\",\"urlTemplate\":\"https:\/\/deputadotaveirajr.com.br\/?s={search_term_string}\"},\"query-input\":{\"@type\":\"PropertyValueSpecification\",\"valueRequired\":true,\"valueName\":\"search_term_string\"}}],\"inLanguage\":\"pt-BR\"},{\"@type\":\"Organization\",\"@id\":\"https:\/\/deputadotaveirajr.com.br\/#organization\",\"name\":\"Taveira Jr\",\"url\":\"https:\/\/deputadotaveirajr.com.br\/\",\"logo\":{\"@type\":\"ImageObject\",\"inLanguage\":\"pt-BR\",\"@id\":\"https:\/\/deputadotaveirajr.com.br\/#\/schema\/logo\/image\/\",\"url\":\"https:\/\/deputadotaveirajr.com.br\/wp-content\/uploads\/2026\/01\/logolow2a.png\",\"contentUrl\":\"https:\/\/deputadotaveirajr.com.br\/wp-content\/uploads\/2026\/01\/logolow2a.png\",\"width\":290,\"height\":80,\"caption\":\"Taveira Jr\"},\"image\":{\"@id\":\"https:\/\/deputadotaveirajr.com.br\/#\/schema\/logo\/image\/\"}}]}<\/script>\n<!-- \/ Yoast SEO plugin. -->","yoast_head_json":{"title":"Forma\u00e7\u00f5es de n\u00edvel t\u00e9cnico garantem 90% de empregabilidade no RN, diz SENAI - Taveira Jr","robots":{"index":"index","follow":"follow","max-snippet":"max-snippet:-1","max-image-preview":"max-image-preview:large","max-video-preview":"max-video-preview:-1"},"canonical":"https:\/\/deputadotaveirajr.com.br\/index.php\/formacoes-de-nivel-tecnico-garantem-90-de-empregabilidade-no-rn-diz-senai\/","og_locale":"pt_BR","og_type":"article","og_title":"Forma\u00e7\u00f5es de n\u00edvel t\u00e9cnico garantem 90% de empregabilidade no RN, diz SENAI - Taveira Jr","og_description":"N\u00famero, registrado em pesquisa de egressos do SENAI Nacional entre os anos 2022 e 2024, foi apresentado em reuni\u00e3o do Conselho Regional da institui\u00e7\u00e3o no Rio Grande do Norte. Na ...","og_url":"https:\/\/deputadotaveirajr.com.br\/index.php\/formacoes-de-nivel-tecnico-garantem-90-de-empregabilidade-no-rn-diz-senai\/","og_site_name":"Taveira Jr","twitter_card":"summary_large_image","twitter_misc":{"Est. tempo de leitura":"4 minutos"},"schema":{"@context":"https:\/\/schema.org","@graph":[{"@type":"WebPage","@id":"https:\/\/deputadotaveirajr.com.br\/index.php\/formacoes-de-nivel-tecnico-garantem-90-de-empregabilidade-no-rn-diz-senai\/","url":"https:\/\/deputadotaveirajr.com.br\/index.php\/formacoes-de-nivel-tecnico-garantem-90-de-empregabilidade-no-rn-diz-senai\/","name":"Forma\u00e7\u00f5es de n\u00edvel t\u00e9cnico garantem 90% de empregabilidade no RN, diz SENAI - Taveira Jr","isPartOf":{"@id":"https:\/\/deputadotaveirajr.com.br\/#website"},"primaryImageOfPage":{"@id":"https:\/\/deputadotaveirajr.com.br\/index.php\/formacoes-de-nivel-tecnico-garantem-90-de-empregabilidade-no-rn-diz-senai\/#primaryimage"},"image":{"@id":"https:\/\/deputadotaveirajr.com.br\/index.php\/formacoes-de-nivel-tecnico-garantem-90-de-empregabilidade-no-rn-diz-senai\/#primaryimage"},"thumbnailUrl":"https:\/\/deputadotaveirajr.com.br\/wp-content\/uploads\/2024\/12\/1-reuniao-conselho-regional-senai-rn-RgH6cL.jpeg","datePublished":"2024-12-07T03:02:16+00:00","breadcrumb":{"@id":"https:\/\/deputadotaveirajr.com.br\/index.php\/formacoes-de-nivel-tecnico-garantem-90-de-empregabilidade-no-rn-diz-senai\/#breadcrumb"},"inLanguage":"pt-BR","potentialAction":[{"@type":"ReadAction","target":["https:\/\/deputadotaveirajr.com.br\/index.php\/formacoes-de-nivel-tecnico-garantem-90-de-empregabilidade-no-rn-diz-senai\/"]}]},{"@type":"ImageObject","inLanguage":"pt-BR","@id":"https:\/\/deputadotaveirajr.com.br\/index.php\/formacoes-de-nivel-tecnico-garantem-90-de-empregabilidade-no-rn-diz-senai\/#primaryimage","url":"https:\/\/deputadotaveirajr.com.br\/wp-content\/uploads\/2024\/12\/1-reuniao-conselho-regional-senai-rn-RgH6cL.jpeg","contentUrl":"https:\/\/deputadotaveirajr.com.br\/wp-content\/uploads\/2024\/12\/1-reuniao-conselho-regional-senai-rn-RgH6cL.jpeg","width":1024,"height":576},{"@type":"BreadcrumbList","@id":"https:\/\/deputadotaveirajr.com.br\/index.php\/formacoes-de-nivel-tecnico-garantem-90-de-empregabilidade-no-rn-diz-senai\/#breadcrumb","itemListElement":[{"@type":"ListItem","position":1,"name":"In\u00edcio","item":"https:\/\/deputadotaveirajr.com.br\/"},{"@type":"ListItem","position":2,"name":"Forma\u00e7\u00f5es de n\u00edvel t\u00e9cnico garantem 90% de empregabilidade no RN, diz SENAI"}]},{"@type":"WebSite","@id":"https:\/\/deputadotaveirajr.com.br\/#website","url":"https:\/\/deputadotaveirajr.com.br\/","name":"Taveira Jr","description":"Deputado Estadual","publisher":{"@id":"https:\/\/deputadotaveirajr.com.br\/#organization"},"potentialAction":[{"@type":"SearchAction","target":{"@type":"EntryPoint","urlTemplate":"https:\/\/deputadotaveirajr.com.br\/?s={search_term_string}"},"query-input":{"@type":"PropertyValueSpecification","valueRequired":true,"valueName":"search_term_string"}}],"inLanguage":"pt-BR"},{"@type":"Organization","@id":"https:\/\/deputadotaveirajr.com.br\/#organization","name":"Taveira Jr","url":"https:\/\/deputadotaveirajr.com.br\/","logo":{"@type":"ImageObject","inLanguage":"pt-BR","@id":"https:\/\/deputadotaveirajr.com.br\/#\/schema\/logo\/image\/","url":"https:\/\/deputadotaveirajr.com.br\/wp-content\/uploads\/2026\/01\/logolow2a.png","contentUrl":"https:\/\/deputadotaveirajr.com.br\/wp-content\/uploads\/2026\/01\/logolow2a.png","width":290,"height":80,"caption":"Taveira Jr"},"image":{"@id":"https:\/\/deputadotaveirajr.com.br\/#\/schema\/logo\/image\/"}}]}},"_links":{"self":[{"href":"https:\/\/deputadotaveirajr.com.br\/index.php\/wp-json\/wp\/v2\/pages\/11594","targetHints":{"allow":["GET"]}}],"collection":[{"href":"https:\/\/deputadotaveirajr.com.br\/index.php\/wp-json\/wp\/v2\/pages"}],"about":[{"href":"https:\/\/deputadotaveirajr.com.br\/index.php\/wp-json\/wp\/v2\/types\/page"}],"replies":[{"embeddable":true,"href":"https:\/\/deputadotaveirajr.com.br\/index.php\/wp-json\/wp\/v2\/comments?post=11594"}],"version-history":[{"count":0,"href":"https:\/\/deputadotaveirajr.com.br\/index.php\/wp-json\/wp\/v2\/pages\/11594\/revisions"}],"wp:featuredmedia":[{"embeddable":true,"href":"https:\/\/deputadotaveirajr.com.br\/index.php\/wp-json\/wp\/v2\/media\/11595"}],"wp:attachment":[{"href":"https:\/\/deputadotaveirajr.com.br\/index.php\/wp-json\/wp\/v2\/media?parent=11594"}],"curies":[{"name":"wp","href":"https:\/\/api.w.org\/{rel}","templated":true}]}}