{"id":11596,"date":"2024-12-07T00:01:22","date_gmt":"2024-12-07T03:01:22","guid":{"rendered":"https:\/\/deputadotaveirajr.com.br\/index.php\/vestas-e-senai-rn-unem-forcas-para-qualificar-profissionais-na-area-de-soldagem\/"},"modified":"2024-12-07T00:01:22","modified_gmt":"2024-12-07T03:01:22","slug":"vestas-e-senai-rn-unem-forcas-para-qualificar-profissionais-na-area-de-soldagem","status":"publish","type":"page","link":"https:\/\/deputadotaveirajr.com.br\/index.php\/vestas-e-senai-rn-unem-forcas-para-qualificar-profissionais-na-area-de-soldagem\/","title":{"rendered":"VESTAS e SENAI-RN unem for\u00e7as para qualificar profissionais na \u00e1rea de soldagem"},"content":{"rendered":"<p>     Parceria teve como objetivo a qualifica\u00e7\u00e3o da equipe de manuten\u00e7\u00e3o da empresa em atua\u00e7\u00e3o no munic\u00edpio de S\u00e3o Bento do Norte. Curso intensivo foi realizado pelo SENAI Mossor\u00f3. Na avalia\u00e7\u00e3o do SENAI-RN, iniciativa demonstra o compromisso das duas institui\u00e7\u00f5es com a excel\u00eancia operacional e a inova\u00e7\u00e3o no setor de energias renov\u00e1veis<br \/>\nDivulga\u00e7\u00e3o \/ SENAI-RN<br \/>\nA VESTAS, empresa dinamarquesa, l\u00edder mundial em solu\u00e7\u00f5es de energia e\u00f3lica, e o Servi\u00e7o Nacional de Aprendizagem Industrial (SENAI), refer\u00eancia em educa\u00e7\u00e3o profissional, iniciaram uma parceria estrat\u00e9gica para qualificar a equipe de manuten\u00e7\u00e3o da empresa em S\u00e3o Bento do Norte-RN.<br \/>\nNesse contexto, no m\u00eas de novembro, o Centro de Educa\u00e7\u00e3o e Tecnologias \u00cdtalo Bologna (SENAI Mossor\u00f3) ofereceu um curso intensivo de 40 horas, combinando teoria e pr\u00e1tica, para capacitar os profissionais da Vesta<br \/>\nO diretor do SENAI Mossor\u00f3, Emery Costa, e o instrutor do curso Luiz Arquilino explicam que a iniciativa, direcionada para a demanda espec\u00edfica de soldagem em chaparia no processo TIG em ligas de cobre, demonstra o compromisso de ambas as institui\u00e7\u00f5es com a excel\u00eancia operacional e a inova\u00e7\u00e3o no setor de energias renov\u00e1veis.<br \/>\n\u201cO SENAI Mossor\u00f3 sempre foi refer\u00eancia nos servi\u00e7os de Metalmec\u00e2nica e no cen\u00e1rio do Rio Grande do Norte. Ent\u00e3o, para n\u00f3s, \u00e9 uma oportunidade muito singular ensinar, capacitar profissionais para um tipo espec\u00edfico de soldagem. Isso vem de encontro a todo nosso know-how e expertise na forma\u00e7\u00e3o de bons profissionais para a ind\u00fastria.\u201d, diz o diretor.<br \/>\nPr\u00e1ticas<br \/>\nAs atividades pr\u00e1ticas foram especialmente projetadas para simular as situa\u00e7\u00f5es reais enfrentadas pelos t\u00e9cnicos no dia a dia, garantindo que os conhecimentos adquiridos fossem imediatamente aplic\u00e1veis.<br \/>\nA parceria n\u00e3o se limitou \u00e0 sala de aula. Na semana seguinte, o instrutor do SENAI acompanhou a equipe da Vestas diretamente nos geradores e\u00f3licos, orientando e supervisionando a aplica\u00e7\u00e3o dos novos conhecimentos.<br \/>\nCom a abordagem pr\u00e1tica assegurou que os procedimentos de soldagem fossem realizados com seguran\u00e7a e efici\u00eancia, evitando danos aos equipamentos e garantindo a integridade estrutural dos geradores.<br \/>\nPara o assessor t\u00e9cnico do SENAI Mossor\u00f3, professor Luiz Arquilino a parceria \u00e9 uma forma do SENAI se aproximar desse segmento.<br \/>\n\u201cN\u00e3o s\u00f3 para essa empresa em si, como para outras tantas concorrentes que existem, e falando da vis\u00e3o da empresa \u00e9 muito importante porque a gente leva o padr\u00e3o SENAI para todas elas, e creio que em breve, com essa parceria com a Vestas, todos os seus profissionais ir\u00e3o estar sempre se especializando, e alavancando os conhecimentos que eles j\u00e1 t\u00eam com os padr\u00f5es SENAI de qualidade\u201d, diz.<br \/>\nSegundo Arquilino, a meta \u00e9 qualificar todos os profissionais da empresa em diversas \u00e1reas, atendendo \u00e0s necessidades espec\u00edficas do segmento de energias renov\u00e1veis. \u201cA colabora\u00e7\u00e3o estrat\u00e9gica demonstra o compromisso de ambas as institui\u00e7\u00f5es com o desenvolvimento de m\u00e3o de obra altamente qualificada e a busca por solu\u00e7\u00f5es inovadoras para o setor e\u00f3lico\u201d, afirma Arquilino.<br \/>\nPrincipais benef\u00edcios da parceria<br \/>\nAumento da efici\u00eancia operacional: Com profissionais altamente qualificados, a Vestas pode realizar manuten\u00e7\u00f5es com maior rapidez e seguran\u00e7a, reduzindo o tempo de parada dos equipamentos.<br \/>\nExtens\u00e3o da vida \u00fatil dos equipamentos: A soldagem correta e precisa garante a integridade estrutural dos geradores e\u00f3licos, prolongando sua vida \u00fatil.<br \/>\nFortalecimento da cadeia produtiva: A qualifica\u00e7\u00e3o profissional no setor e\u00f3lico contribui para o desenvolvimento da regi\u00e3o e estimula a gera\u00e7\u00e3o de empregos.<br \/>\nConsolida\u00e7\u00e3o da lideran\u00e7a da Vestas: Ao investir na qualifica\u00e7\u00e3o de seus profissionais, a Vestas reafirma sua posi\u00e7\u00e3o de lideran\u00e7a no mercado de energias renov\u00e1veis.<br \/>\nA parceria entre o SENAI e a Vestas representa um marco importante para o setor e\u00f3lico no Brasil, demonstrando o compromisso de ambas as institui\u00e7\u00f5es com a inova\u00e7\u00e3o, a qualidade e o desenvolvimento sustent\u00e1vel.<\/p>","protected":false},"excerpt":{"rendered":"<p>Parceria teve como objetivo a qualifica\u00e7\u00e3o da equipe de manuten\u00e7\u00e3o da empresa em atua\u00e7\u00e3o no munic\u00edpio de S\u00e3o Bento do Norte. Curso intensivo foi realizado pelo SENAI Mossor\u00f3. Na avalia\u00e7\u00e3o &#8230;<\/p>\n","protected":false},"author":0,"featured_media":11597,"parent":0,"menu_order":0,"comment_status":"closed","ping_status":"closed","template":"","meta":{"footnotes":""},"class_list":["post-11596","page","type-page","status-publish","has-post-thumbnail","hentry"],"yoast_head":"<!-- This site is optimized with the Yoast SEO plugin v27.1.1 - https:\/\/yoast.com\/product\/yoast-seo-wordpress\/ -->\n<title>VESTAS e SENAI-RN unem for\u00e7as para qualificar profissionais na \u00e1rea de soldagem - Taveira Jr<\/title>\n<meta name=\"robots\" content=\"index, follow, max-snippet:-1, max-image-preview:large, max-video-preview:-1\" \/>\n<link rel=\"canonical\" href=\"https:\/\/deputadotaveirajr.com.br\/index.php\/vestas-e-senai-rn-unem-forcas-para-qualificar-profissionais-na-area-de-soldagem\/\" \/>\n<meta property=\"og:locale\" content=\"pt_BR\" \/>\n<meta property=\"og:type\" content=\"article\" \/>\n<meta property=\"og:title\" content=\"VESTAS e SENAI-RN unem for\u00e7as para qualificar profissionais na \u00e1rea de soldagem - Taveira Jr\" \/>\n<meta property=\"og:description\" content=\"Parceria teve como objetivo a qualifica\u00e7\u00e3o da equipe de manuten\u00e7\u00e3o da empresa em atua\u00e7\u00e3o no munic\u00edpio de S\u00e3o Bento do Norte. Curso intensivo foi realizado pelo SENAI Mossor\u00f3. Na avalia\u00e7\u00e3o ...\" \/>\n<meta property=\"og:url\" content=\"https:\/\/deputadotaveirajr.com.br\/index.php\/vestas-e-senai-rn-unem-forcas-para-qualificar-profissionais-na-area-de-soldagem\/\" \/>\n<meta property=\"og:site_name\" content=\"Taveira Jr\" \/>\n<meta name=\"twitter:card\" content=\"summary_large_image\" \/>\n<meta name=\"twitter:label1\" content=\"Est. tempo de leitura\" \/>\n\t<meta name=\"twitter:data1\" content=\"3 minutos\" \/>\n<script type=\"application\/ld+json\" class=\"yoast-schema-graph\">{\"@context\":\"https:\/\/schema.org\",\"@graph\":[{\"@type\":\"WebPage\",\"@id\":\"https:\/\/deputadotaveirajr.com.br\/index.php\/vestas-e-senai-rn-unem-forcas-para-qualificar-profissionais-na-area-de-soldagem\/\",\"url\":\"https:\/\/deputadotaveirajr.com.br\/index.php\/vestas-e-senai-rn-unem-forcas-para-qualificar-profissionais-na-area-de-soldagem\/\",\"name\":\"VESTAS e SENAI-RN unem for\u00e7as para qualificar profissionais na \u00e1rea de soldagem - Taveira Jr\",\"isPartOf\":{\"@id\":\"https:\/\/deputadotaveirajr.com.br\/#website\"},\"primaryImageOfPage\":{\"@id\":\"https:\/\/deputadotaveirajr.com.br\/index.php\/vestas-e-senai-rn-unem-forcas-para-qualificar-profissionais-na-area-de-soldagem\/#primaryimage\"},\"image\":{\"@id\":\"https:\/\/deputadotaveirajr.com.br\/index.php\/vestas-e-senai-rn-unem-forcas-para-qualificar-profissionais-na-area-de-soldagem\/#primaryimage\"},\"thumbnailUrl\":\"https:\/\/deputadotaveirajr.com.br\/wp-content\/uploads\/2024\/12\/1-senai-vestas-solda-riSMHi.jpeg\",\"datePublished\":\"2024-12-07T03:01:22+00:00\",\"breadcrumb\":{\"@id\":\"https:\/\/deputadotaveirajr.com.br\/index.php\/vestas-e-senai-rn-unem-forcas-para-qualificar-profissionais-na-area-de-soldagem\/#breadcrumb\"},\"inLanguage\":\"pt-BR\",\"potentialAction\":[{\"@type\":\"ReadAction\",\"target\":[\"https:\/\/deputadotaveirajr.com.br\/index.php\/vestas-e-senai-rn-unem-forcas-para-qualificar-profissionais-na-area-de-soldagem\/\"]}]},{\"@type\":\"ImageObject\",\"inLanguage\":\"pt-BR\",\"@id\":\"https:\/\/deputadotaveirajr.com.br\/index.php\/vestas-e-senai-rn-unem-forcas-para-qualificar-profissionais-na-area-de-soldagem\/#primaryimage\",\"url\":\"https:\/\/deputadotaveirajr.com.br\/wp-content\/uploads\/2024\/12\/1-senai-vestas-solda-riSMHi.jpeg\",\"contentUrl\":\"https:\/\/deputadotaveirajr.com.br\/wp-content\/uploads\/2024\/12\/1-senai-vestas-solda-riSMHi.jpeg\",\"width\":1197,\"height\":779},{\"@type\":\"BreadcrumbList\",\"@id\":\"https:\/\/deputadotaveirajr.com.br\/index.php\/vestas-e-senai-rn-unem-forcas-para-qualificar-profissionais-na-area-de-soldagem\/#breadcrumb\",\"itemListElement\":[{\"@type\":\"ListItem\",\"position\":1,\"name\":\"In\u00edcio\",\"item\":\"https:\/\/deputadotaveirajr.com.br\/\"},{\"@type\":\"ListItem\",\"position\":2,\"name\":\"VESTAS e SENAI-RN unem for\u00e7as para qualificar profissionais na \u00e1rea de soldagem\"}]},{\"@type\":\"WebSite\",\"@id\":\"https:\/\/deputadotaveirajr.com.br\/#website\",\"url\":\"https:\/\/deputadotaveirajr.com.br\/\",\"name\":\"Taveira Jr\",\"description\":\"Deputado Estadual\",\"publisher\":{\"@id\":\"https:\/\/deputadotaveirajr.com.br\/#organization\"},\"potentialAction\":[{\"@type\":\"SearchAction\",\"target\":{\"@type\":\"EntryPoint\",\"urlTemplate\":\"https:\/\/deputadotaveirajr.com.br\/?s={search_term_string}\"},\"query-input\":{\"@type\":\"PropertyValueSpecification\",\"valueRequired\":true,\"valueName\":\"search_term_string\"}}],\"inLanguage\":\"pt-BR\"},{\"@type\":\"Organization\",\"@id\":\"https:\/\/deputadotaveirajr.com.br\/#organization\",\"name\":\"Taveira Jr\",\"url\":\"https:\/\/deputadotaveirajr.com.br\/\",\"logo\":{\"@type\":\"ImageObject\",\"inLanguage\":\"pt-BR\",\"@id\":\"https:\/\/deputadotaveirajr.com.br\/#\/schema\/logo\/image\/\",\"url\":\"https:\/\/deputadotaveirajr.com.br\/wp-content\/uploads\/2026\/01\/logolow2a.png\",\"contentUrl\":\"https:\/\/deputadotaveirajr.com.br\/wp-content\/uploads\/2026\/01\/logolow2a.png\",\"width\":290,\"height\":80,\"caption\":\"Taveira Jr\"},\"image\":{\"@id\":\"https:\/\/deputadotaveirajr.com.br\/#\/schema\/logo\/image\/\"}}]}<\/script>\n<!-- \/ Yoast SEO plugin. -->","yoast_head_json":{"title":"VESTAS e SENAI-RN unem for\u00e7as para qualificar profissionais na \u00e1rea de soldagem - Taveira Jr","robots":{"index":"index","follow":"follow","max-snippet":"max-snippet:-1","max-image-preview":"max-image-preview:large","max-video-preview":"max-video-preview:-1"},"canonical":"https:\/\/deputadotaveirajr.com.br\/index.php\/vestas-e-senai-rn-unem-forcas-para-qualificar-profissionais-na-area-de-soldagem\/","og_locale":"pt_BR","og_type":"article","og_title":"VESTAS e SENAI-RN unem for\u00e7as para qualificar profissionais na \u00e1rea de soldagem - Taveira Jr","og_description":"Parceria teve como objetivo a qualifica\u00e7\u00e3o da equipe de manuten\u00e7\u00e3o da empresa em atua\u00e7\u00e3o no munic\u00edpio de S\u00e3o Bento do Norte. Curso intensivo foi realizado pelo SENAI Mossor\u00f3. Na avalia\u00e7\u00e3o ...","og_url":"https:\/\/deputadotaveirajr.com.br\/index.php\/vestas-e-senai-rn-unem-forcas-para-qualificar-profissionais-na-area-de-soldagem\/","og_site_name":"Taveira Jr","twitter_card":"summary_large_image","twitter_misc":{"Est. tempo de leitura":"3 minutos"},"schema":{"@context":"https:\/\/schema.org","@graph":[{"@type":"WebPage","@id":"https:\/\/deputadotaveirajr.com.br\/index.php\/vestas-e-senai-rn-unem-forcas-para-qualificar-profissionais-na-area-de-soldagem\/","url":"https:\/\/deputadotaveirajr.com.br\/index.php\/vestas-e-senai-rn-unem-forcas-para-qualificar-profissionais-na-area-de-soldagem\/","name":"VESTAS e SENAI-RN unem for\u00e7as para qualificar profissionais na \u00e1rea de soldagem - Taveira Jr","isPartOf":{"@id":"https:\/\/deputadotaveirajr.com.br\/#website"},"primaryImageOfPage":{"@id":"https:\/\/deputadotaveirajr.com.br\/index.php\/vestas-e-senai-rn-unem-forcas-para-qualificar-profissionais-na-area-de-soldagem\/#primaryimage"},"image":{"@id":"https:\/\/deputadotaveirajr.com.br\/index.php\/vestas-e-senai-rn-unem-forcas-para-qualificar-profissionais-na-area-de-soldagem\/#primaryimage"},"thumbnailUrl":"https:\/\/deputadotaveirajr.com.br\/wp-content\/uploads\/2024\/12\/1-senai-vestas-solda-riSMHi.jpeg","datePublished":"2024-12-07T03:01:22+00:00","breadcrumb":{"@id":"https:\/\/deputadotaveirajr.com.br\/index.php\/vestas-e-senai-rn-unem-forcas-para-qualificar-profissionais-na-area-de-soldagem\/#breadcrumb"},"inLanguage":"pt-BR","potentialAction":[{"@type":"ReadAction","target":["https:\/\/deputadotaveirajr.com.br\/index.php\/vestas-e-senai-rn-unem-forcas-para-qualificar-profissionais-na-area-de-soldagem\/"]}]},{"@type":"ImageObject","inLanguage":"pt-BR","@id":"https:\/\/deputadotaveirajr.com.br\/index.php\/vestas-e-senai-rn-unem-forcas-para-qualificar-profissionais-na-area-de-soldagem\/#primaryimage","url":"https:\/\/deputadotaveirajr.com.br\/wp-content\/uploads\/2024\/12\/1-senai-vestas-solda-riSMHi.jpeg","contentUrl":"https:\/\/deputadotaveirajr.com.br\/wp-content\/uploads\/2024\/12\/1-senai-vestas-solda-riSMHi.jpeg","width":1197,"height":779},{"@type":"BreadcrumbList","@id":"https:\/\/deputadotaveirajr.com.br\/index.php\/vestas-e-senai-rn-unem-forcas-para-qualificar-profissionais-na-area-de-soldagem\/#breadcrumb","itemListElement":[{"@type":"ListItem","position":1,"name":"In\u00edcio","item":"https:\/\/deputadotaveirajr.com.br\/"},{"@type":"ListItem","position":2,"name":"VESTAS e SENAI-RN unem for\u00e7as para qualificar profissionais na \u00e1rea de soldagem"}]},{"@type":"WebSite","@id":"https:\/\/deputadotaveirajr.com.br\/#website","url":"https:\/\/deputadotaveirajr.com.br\/","name":"Taveira Jr","description":"Deputado Estadual","publisher":{"@id":"https:\/\/deputadotaveirajr.com.br\/#organization"},"potentialAction":[{"@type":"SearchAction","target":{"@type":"EntryPoint","urlTemplate":"https:\/\/deputadotaveirajr.com.br\/?s={search_term_string}"},"query-input":{"@type":"PropertyValueSpecification","valueRequired":true,"valueName":"search_term_string"}}],"inLanguage":"pt-BR"},{"@type":"Organization","@id":"https:\/\/deputadotaveirajr.com.br\/#organization","name":"Taveira Jr","url":"https:\/\/deputadotaveirajr.com.br\/","logo":{"@type":"ImageObject","inLanguage":"pt-BR","@id":"https:\/\/deputadotaveirajr.com.br\/#\/schema\/logo\/image\/","url":"https:\/\/deputadotaveirajr.com.br\/wp-content\/uploads\/2026\/01\/logolow2a.png","contentUrl":"https:\/\/deputadotaveirajr.com.br\/wp-content\/uploads\/2026\/01\/logolow2a.png","width":290,"height":80,"caption":"Taveira Jr"},"image":{"@id":"https:\/\/deputadotaveirajr.com.br\/#\/schema\/logo\/image\/"}}]}},"_links":{"self":[{"href":"https:\/\/deputadotaveirajr.com.br\/index.php\/wp-json\/wp\/v2\/pages\/11596","targetHints":{"allow":["GET"]}}],"collection":[{"href":"https:\/\/deputadotaveirajr.com.br\/index.php\/wp-json\/wp\/v2\/pages"}],"about":[{"href":"https:\/\/deputadotaveirajr.com.br\/index.php\/wp-json\/wp\/v2\/types\/page"}],"replies":[{"embeddable":true,"href":"https:\/\/deputadotaveirajr.com.br\/index.php\/wp-json\/wp\/v2\/comments?post=11596"}],"version-history":[{"count":0,"href":"https:\/\/deputadotaveirajr.com.br\/index.php\/wp-json\/wp\/v2\/pages\/11596\/revisions"}],"wp:featuredmedia":[{"embeddable":true,"href":"https:\/\/deputadotaveirajr.com.br\/index.php\/wp-json\/wp\/v2\/media\/11597"}],"wp:attachment":[{"href":"https:\/\/deputadotaveirajr.com.br\/index.php\/wp-json\/wp\/v2\/media?parent=11596"}],"curies":[{"name":"wp","href":"https:\/\/api.w.org\/{rel}","templated":true}]}}