{"id":11634,"date":"2024-12-10T11:27:29","date_gmt":"2024-12-10T14:27:29","guid":{"rendered":"https:\/\/deputadotaveirajr.com.br\/index.php\/salarios-de-ate-r-363-mil-governo-do-rn-sanciona-lei-com-reajustes-para-servidores-da-seguranca\/"},"modified":"2024-12-10T11:27:29","modified_gmt":"2024-12-10T14:27:29","slug":"salarios-de-ate-r-363-mil-governo-do-rn-sanciona-lei-com-reajustes-para-servidores-da-seguranca","status":"publish","type":"page","link":"https:\/\/deputadotaveirajr.com.br\/index.php\/salarios-de-ate-r-363-mil-governo-do-rn-sanciona-lei-com-reajustes-para-servidores-da-seguranca\/","title":{"rendered":"Sal\u00e1rios de at\u00e9 R$ 36,3 mil: governo do RN sanciona lei com reajustes para servidores da seguran\u00e7a"},"content":{"rendered":"<p>     Texto publicado no Di\u00e1rio Oficial do Estado ainda prev\u00ea aumento de 2% para a maior parte das carreiras em 2026. No caso dos militares, aumento ser\u00e1 de 5,5%.  Pol\u00edcia Civil do Rio Grande do Norte (RN) foto ilustrativa policial colete<br \/>\nDivulga\u00e7\u00e3o\/Sesed<br \/>\nO governo do Rio Grande do Norte sancionou e publicou no Di\u00e1rio Oficial desta ter\u00e7a-feira (10) uma lei com novos sal\u00e1rios para servidores da Pol\u00edcia Civil e da Pol\u00edcia Militar, al\u00e9m do Corpo de Bombeiros, Instituto T\u00e9cnico-Cient\u00edfico de Per\u00edcia (Itep) e Pol\u00edcia Penal.<br \/>\nO texto tinha sido enviado pelo pr\u00f3prio governo e aprovado pela Assembleia Legislativa no dia 13 de novembro. Na ocasi\u00e3o, o governo informou que a revis\u00e3o visava recompor as perdas inflacion\u00e1rias.<br \/>\n\ud83d\udcf3Participe do canal do g1 RN no WhatsApp<br \/>\nAl\u00e9m dos valores que ser\u00e3o pagos a partir de janeiro de 2025, a lei prev\u00ea reajuste de 2% para a maior parte das carreiras em janeiro de 2026. No caso dos militares, o aumento dever\u00e1 ser de 5,5%.<br \/>\nLEIA TAMB\u00c9M:<br \/>\nGoverno altera carreira e aumenta sal\u00e1rio de controladores do RN<br \/>\nRN gasta quase 57% das receitas com folha salarial<br \/>\nO maior sal\u00e1rio pago pelo governo aos servidores da \u00e1rea da seguran\u00e7a ser\u00e1 o dos delegados da Pol\u00edcia Civil que chegarem \u00e0 classe especial s\u00eanior, no valor de R$ 36.334,74. No in\u00edcio da carreira, os delegados substitutos ganhar\u00e3o R$ 19.716,55.<br \/>\nJ\u00e1 os agentes e escriv\u00e3es da Pol\u00edcia Civil em in\u00edcio de carreira ter\u00e3o sal\u00e1rios de R$ 5.596,50 em 2025. Os policiais no fim da carreira dever\u00e3o receber R$ 15.121,94 mensais.<br \/>\nEntres os policiais e bombeiros militares, o menor vencimento, de soldado, ser\u00e1 de R$ 4.245,64. O pra\u00e7a pode chegar a subtenente, com sal\u00e1rio de 13.849,00. J\u00e1 um oficial come\u00e7a como tenente (R$ 11.675,51) podendo chegar a coronel (R$ 27.698,00).<br \/>\nNo caso da Pol\u00edcia Penal, o sal\u00e1rio inicial \u00e9 de R$ 5.096,60 e chegar\u00e1 a R$ 15.416,20 para os servidores no fim de carreira. No Itep, os sal\u00e1rios variam de R$ 3.711,57 &#8211; sal\u00e1rio inicial dos agentes de Necropsia e T\u00e9cnico Forense &#8211; a R$ 24.357,91, vencimento dos m\u00e9dicos legistas, odontolegista e peritos criminais no fim de carreira.<br \/>\nA lei foi aprovada na Assembleia em meio \u00e0s discuss\u00f5es sobre outro projeto enviado pelo governo ao Legislativo: o que aumenta a al\u00edquota do Imposto Sobre Consumo e Servi\u00e7os (ICMS) de 18% para 20% a partir de 2025.<br \/>\nA taxa \u00e9 a base de c\u00e1lculo do imposto sobre a maior parte dos produtos comercializados no estado.<br \/>\nVeja os v\u00eddeos mais assistidos no g1 RN<\/p>","protected":false},"excerpt":{"rendered":"<p>Texto publicado no Di\u00e1rio Oficial do Estado ainda prev\u00ea aumento de 2% para a maior parte das carreiras em 2026. No caso dos militares, aumento ser\u00e1 de 5,5%. Pol\u00edcia Civil &#8230;<\/p>\n","protected":false},"author":0,"featured_media":11635,"parent":0,"menu_order":0,"comment_status":"closed","ping_status":"closed","template":"","meta":{"footnotes":""},"class_list":["post-11634","page","type-page","status-publish","has-post-thumbnail","hentry"],"yoast_head":"<!-- This site is optimized with the Yoast SEO plugin v27.1.1 - https:\/\/yoast.com\/product\/yoast-seo-wordpress\/ -->\n<title>Sal\u00e1rios de at\u00e9 R$ 36,3 mil: governo do RN sanciona lei com reajustes para servidores da seguran\u00e7a - Taveira Jr<\/title>\n<meta name=\"robots\" content=\"index, follow, max-snippet:-1, max-image-preview:large, max-video-preview:-1\" \/>\n<link rel=\"canonical\" href=\"https:\/\/deputadotaveirajr.com.br\/index.php\/salarios-de-ate-r-363-mil-governo-do-rn-sanciona-lei-com-reajustes-para-servidores-da-seguranca\/\" \/>\n<meta property=\"og:locale\" content=\"pt_BR\" \/>\n<meta property=\"og:type\" content=\"article\" \/>\n<meta property=\"og:title\" content=\"Sal\u00e1rios de at\u00e9 R$ 36,3 mil: governo do RN sanciona lei com reajustes para servidores da seguran\u00e7a - Taveira Jr\" \/>\n<meta property=\"og:description\" content=\"Texto publicado no Di\u00e1rio Oficial do Estado ainda prev\u00ea aumento de 2% para a maior parte das carreiras em 2026. No caso dos militares, aumento ser\u00e1 de 5,5%. Pol\u00edcia Civil ...\" \/>\n<meta property=\"og:url\" content=\"https:\/\/deputadotaveirajr.com.br\/index.php\/salarios-de-ate-r-363-mil-governo-do-rn-sanciona-lei-com-reajustes-para-servidores-da-seguranca\/\" \/>\n<meta property=\"og:site_name\" content=\"Taveira Jr\" \/>\n<meta name=\"twitter:card\" content=\"summary_large_image\" \/>\n<meta name=\"twitter:label1\" content=\"Est. tempo de leitura\" \/>\n\t<meta name=\"twitter:data1\" content=\"2 minutos\" \/>\n<script type=\"application\/ld+json\" class=\"yoast-schema-graph\">{\"@context\":\"https:\/\/schema.org\",\"@graph\":[{\"@type\":\"WebPage\",\"@id\":\"https:\/\/deputadotaveirajr.com.br\/index.php\/salarios-de-ate-r-363-mil-governo-do-rn-sanciona-lei-com-reajustes-para-servidores-da-seguranca\/\",\"url\":\"https:\/\/deputadotaveirajr.com.br\/index.php\/salarios-de-ate-r-363-mil-governo-do-rn-sanciona-lei-com-reajustes-para-servidores-da-seguranca\/\",\"name\":\"Sal\u00e1rios de at\u00e9 R$ 36,3 mil: governo do RN sanciona lei com reajustes para servidores da seguran\u00e7a - Taveira Jr\",\"isPartOf\":{\"@id\":\"https:\/\/deputadotaveirajr.com.br\/#website\"},\"primaryImageOfPage\":{\"@id\":\"https:\/\/deputadotaveirajr.com.br\/index.php\/salarios-de-ate-r-363-mil-governo-do-rn-sanciona-lei-com-reajustes-para-servidores-da-seguranca\/#primaryimage\"},\"image\":{\"@id\":\"https:\/\/deputadotaveirajr.com.br\/index.php\/salarios-de-ate-r-363-mil-governo-do-rn-sanciona-lei-com-reajustes-para-servidores-da-seguranca\/#primaryimage\"},\"thumbnailUrl\":\"https:\/\/deputadotaveirajr.com.br\/wp-content\/uploads\/2024\/12\/whatsapp-image-2024-02-23-at-21.27.52-Ma4ofM.jpeg\",\"datePublished\":\"2024-12-10T14:27:29+00:00\",\"breadcrumb\":{\"@id\":\"https:\/\/deputadotaveirajr.com.br\/index.php\/salarios-de-ate-r-363-mil-governo-do-rn-sanciona-lei-com-reajustes-para-servidores-da-seguranca\/#breadcrumb\"},\"inLanguage\":\"pt-BR\",\"potentialAction\":[{\"@type\":\"ReadAction\",\"target\":[\"https:\/\/deputadotaveirajr.com.br\/index.php\/salarios-de-ate-r-363-mil-governo-do-rn-sanciona-lei-com-reajustes-para-servidores-da-seguranca\/\"]}]},{\"@type\":\"ImageObject\",\"inLanguage\":\"pt-BR\",\"@id\":\"https:\/\/deputadotaveirajr.com.br\/index.php\/salarios-de-ate-r-363-mil-governo-do-rn-sanciona-lei-com-reajustes-para-servidores-da-seguranca\/#primaryimage\",\"url\":\"https:\/\/deputadotaveirajr.com.br\/wp-content\/uploads\/2024\/12\/whatsapp-image-2024-02-23-at-21.27.52-Ma4ofM.jpeg\",\"contentUrl\":\"https:\/\/deputadotaveirajr.com.br\/wp-content\/uploads\/2024\/12\/whatsapp-image-2024-02-23-at-21.27.52-Ma4ofM.jpeg\",\"width\":1000,\"height\":583},{\"@type\":\"BreadcrumbList\",\"@id\":\"https:\/\/deputadotaveirajr.com.br\/index.php\/salarios-de-ate-r-363-mil-governo-do-rn-sanciona-lei-com-reajustes-para-servidores-da-seguranca\/#breadcrumb\",\"itemListElement\":[{\"@type\":\"ListItem\",\"position\":1,\"name\":\"In\u00edcio\",\"item\":\"https:\/\/deputadotaveirajr.com.br\/\"},{\"@type\":\"ListItem\",\"position\":2,\"name\":\"Sal\u00e1rios de at\u00e9 R$ 36,3 mil: governo do RN sanciona lei com reajustes para servidores da seguran\u00e7a\"}]},{\"@type\":\"WebSite\",\"@id\":\"https:\/\/deputadotaveirajr.com.br\/#website\",\"url\":\"https:\/\/deputadotaveirajr.com.br\/\",\"name\":\"Taveira Jr\",\"description\":\"Deputado Estadual\",\"publisher\":{\"@id\":\"https:\/\/deputadotaveirajr.com.br\/#organization\"},\"potentialAction\":[{\"@type\":\"SearchAction\",\"target\":{\"@type\":\"EntryPoint\",\"urlTemplate\":\"https:\/\/deputadotaveirajr.com.br\/?s={search_term_string}\"},\"query-input\":{\"@type\":\"PropertyValueSpecification\",\"valueRequired\":true,\"valueName\":\"search_term_string\"}}],\"inLanguage\":\"pt-BR\"},{\"@type\":\"Organization\",\"@id\":\"https:\/\/deputadotaveirajr.com.br\/#organization\",\"name\":\"Taveira Jr\",\"url\":\"https:\/\/deputadotaveirajr.com.br\/\",\"logo\":{\"@type\":\"ImageObject\",\"inLanguage\":\"pt-BR\",\"@id\":\"https:\/\/deputadotaveirajr.com.br\/#\/schema\/logo\/image\/\",\"url\":\"https:\/\/deputadotaveirajr.com.br\/wp-content\/uploads\/2026\/01\/logolow2a.png\",\"contentUrl\":\"https:\/\/deputadotaveirajr.com.br\/wp-content\/uploads\/2026\/01\/logolow2a.png\",\"width\":290,\"height\":80,\"caption\":\"Taveira Jr\"},\"image\":{\"@id\":\"https:\/\/deputadotaveirajr.com.br\/#\/schema\/logo\/image\/\"}}]}<\/script>\n<!-- \/ Yoast SEO plugin. -->","yoast_head_json":{"title":"Sal\u00e1rios de at\u00e9 R$ 36,3 mil: governo do RN sanciona lei com reajustes para servidores da seguran\u00e7a - Taveira Jr","robots":{"index":"index","follow":"follow","max-snippet":"max-snippet:-1","max-image-preview":"max-image-preview:large","max-video-preview":"max-video-preview:-1"},"canonical":"https:\/\/deputadotaveirajr.com.br\/index.php\/salarios-de-ate-r-363-mil-governo-do-rn-sanciona-lei-com-reajustes-para-servidores-da-seguranca\/","og_locale":"pt_BR","og_type":"article","og_title":"Sal\u00e1rios de at\u00e9 R$ 36,3 mil: governo do RN sanciona lei com reajustes para servidores da seguran\u00e7a - Taveira Jr","og_description":"Texto publicado no Di\u00e1rio Oficial do Estado ainda prev\u00ea aumento de 2% para a maior parte das carreiras em 2026. No caso dos militares, aumento ser\u00e1 de 5,5%. Pol\u00edcia Civil ...","og_url":"https:\/\/deputadotaveirajr.com.br\/index.php\/salarios-de-ate-r-363-mil-governo-do-rn-sanciona-lei-com-reajustes-para-servidores-da-seguranca\/","og_site_name":"Taveira Jr","twitter_card":"summary_large_image","twitter_misc":{"Est. tempo de leitura":"2 minutos"},"schema":{"@context":"https:\/\/schema.org","@graph":[{"@type":"WebPage","@id":"https:\/\/deputadotaveirajr.com.br\/index.php\/salarios-de-ate-r-363-mil-governo-do-rn-sanciona-lei-com-reajustes-para-servidores-da-seguranca\/","url":"https:\/\/deputadotaveirajr.com.br\/index.php\/salarios-de-ate-r-363-mil-governo-do-rn-sanciona-lei-com-reajustes-para-servidores-da-seguranca\/","name":"Sal\u00e1rios de at\u00e9 R$ 36,3 mil: governo do RN sanciona lei com reajustes para servidores da seguran\u00e7a - Taveira Jr","isPartOf":{"@id":"https:\/\/deputadotaveirajr.com.br\/#website"},"primaryImageOfPage":{"@id":"https:\/\/deputadotaveirajr.com.br\/index.php\/salarios-de-ate-r-363-mil-governo-do-rn-sanciona-lei-com-reajustes-para-servidores-da-seguranca\/#primaryimage"},"image":{"@id":"https:\/\/deputadotaveirajr.com.br\/index.php\/salarios-de-ate-r-363-mil-governo-do-rn-sanciona-lei-com-reajustes-para-servidores-da-seguranca\/#primaryimage"},"thumbnailUrl":"https:\/\/deputadotaveirajr.com.br\/wp-content\/uploads\/2024\/12\/whatsapp-image-2024-02-23-at-21.27.52-Ma4ofM.jpeg","datePublished":"2024-12-10T14:27:29+00:00","breadcrumb":{"@id":"https:\/\/deputadotaveirajr.com.br\/index.php\/salarios-de-ate-r-363-mil-governo-do-rn-sanciona-lei-com-reajustes-para-servidores-da-seguranca\/#breadcrumb"},"inLanguage":"pt-BR","potentialAction":[{"@type":"ReadAction","target":["https:\/\/deputadotaveirajr.com.br\/index.php\/salarios-de-ate-r-363-mil-governo-do-rn-sanciona-lei-com-reajustes-para-servidores-da-seguranca\/"]}]},{"@type":"ImageObject","inLanguage":"pt-BR","@id":"https:\/\/deputadotaveirajr.com.br\/index.php\/salarios-de-ate-r-363-mil-governo-do-rn-sanciona-lei-com-reajustes-para-servidores-da-seguranca\/#primaryimage","url":"https:\/\/deputadotaveirajr.com.br\/wp-content\/uploads\/2024\/12\/whatsapp-image-2024-02-23-at-21.27.52-Ma4ofM.jpeg","contentUrl":"https:\/\/deputadotaveirajr.com.br\/wp-content\/uploads\/2024\/12\/whatsapp-image-2024-02-23-at-21.27.52-Ma4ofM.jpeg","width":1000,"height":583},{"@type":"BreadcrumbList","@id":"https:\/\/deputadotaveirajr.com.br\/index.php\/salarios-de-ate-r-363-mil-governo-do-rn-sanciona-lei-com-reajustes-para-servidores-da-seguranca\/#breadcrumb","itemListElement":[{"@type":"ListItem","position":1,"name":"In\u00edcio","item":"https:\/\/deputadotaveirajr.com.br\/"},{"@type":"ListItem","position":2,"name":"Sal\u00e1rios de at\u00e9 R$ 36,3 mil: governo do RN sanciona lei com reajustes para servidores da seguran\u00e7a"}]},{"@type":"WebSite","@id":"https:\/\/deputadotaveirajr.com.br\/#website","url":"https:\/\/deputadotaveirajr.com.br\/","name":"Taveira Jr","description":"Deputado Estadual","publisher":{"@id":"https:\/\/deputadotaveirajr.com.br\/#organization"},"potentialAction":[{"@type":"SearchAction","target":{"@type":"EntryPoint","urlTemplate":"https:\/\/deputadotaveirajr.com.br\/?s={search_term_string}"},"query-input":{"@type":"PropertyValueSpecification","valueRequired":true,"valueName":"search_term_string"}}],"inLanguage":"pt-BR"},{"@type":"Organization","@id":"https:\/\/deputadotaveirajr.com.br\/#organization","name":"Taveira Jr","url":"https:\/\/deputadotaveirajr.com.br\/","logo":{"@type":"ImageObject","inLanguage":"pt-BR","@id":"https:\/\/deputadotaveirajr.com.br\/#\/schema\/logo\/image\/","url":"https:\/\/deputadotaveirajr.com.br\/wp-content\/uploads\/2026\/01\/logolow2a.png","contentUrl":"https:\/\/deputadotaveirajr.com.br\/wp-content\/uploads\/2026\/01\/logolow2a.png","width":290,"height":80,"caption":"Taveira Jr"},"image":{"@id":"https:\/\/deputadotaveirajr.com.br\/#\/schema\/logo\/image\/"}}]}},"_links":{"self":[{"href":"https:\/\/deputadotaveirajr.com.br\/index.php\/wp-json\/wp\/v2\/pages\/11634","targetHints":{"allow":["GET"]}}],"collection":[{"href":"https:\/\/deputadotaveirajr.com.br\/index.php\/wp-json\/wp\/v2\/pages"}],"about":[{"href":"https:\/\/deputadotaveirajr.com.br\/index.php\/wp-json\/wp\/v2\/types\/page"}],"replies":[{"embeddable":true,"href":"https:\/\/deputadotaveirajr.com.br\/index.php\/wp-json\/wp\/v2\/comments?post=11634"}],"version-history":[{"count":0,"href":"https:\/\/deputadotaveirajr.com.br\/index.php\/wp-json\/wp\/v2\/pages\/11634\/revisions"}],"wp:featuredmedia":[{"embeddable":true,"href":"https:\/\/deputadotaveirajr.com.br\/index.php\/wp-json\/wp\/v2\/media\/11635"}],"wp:attachment":[{"href":"https:\/\/deputadotaveirajr.com.br\/index.php\/wp-json\/wp\/v2\/media?parent=11634"}],"curies":[{"name":"wp","href":"https:\/\/api.w.org\/{rel}","templated":true}]}}