{"id":11674,"date":"2024-12-13T16:19:34","date_gmt":"2024-12-13T19:19:34","guid":{"rendered":"https:\/\/deputadotaveirajr.com.br\/index.php\/novo-prazo-engorda-de-ponta-negra-sera-concluida-no-fim-de-janeiro-de-2025\/"},"modified":"2024-12-13T16:19:34","modified_gmt":"2024-12-13T19:19:34","slug":"novo-prazo-engorda-de-ponta-negra-sera-concluida-no-fim-de-janeiro-de-2025","status":"publish","type":"page","link":"https:\/\/deputadotaveirajr.com.br\/index.php\/novo-prazo-engorda-de-ponta-negra-sera-concluida-no-fim-de-janeiro-de-2025\/","title":{"rendered":"Novo prazo: engorda de Ponta Negra ser\u00e1 conclu\u00edda no fim de janeiro de 2025"},"content":{"rendered":"<p><img decoding=\"async\" src=\"https:\/\/s2-g1.glbimg.com\/BhSVkNYP1DNlc6OChTRvuWw7GVI=\/i.s3.glbimg.com\/v1\/AUTH_59edd422c0c84a879bd37670ae4f538a\/internal_photos\/bs\/2024\/i\/o\/ecIAnsQJyR7UBJlkJsAA\/whatsapp-image-2024-12-13-at-16.13.19.jpeg\" \/><br \/>     Informa\u00e7\u00e3o foi confirmada pela DTA Engenharia, empresa que faz parte do cons\u00f3rcio contratado pelo munic\u00edpio para executar a obra. Prefeitura de Natal havia anunciado que a obra seria conclu\u00edda at\u00e9 o fim de dezembro de 2024. Engorda da praia de Ponta Negra<br \/>\nAnt\u00f4nio Ara\u00fajo\/Inter TV<br \/>\nA engorda da praia de Ponta Negra, na Zona Sul de Natal, teve a previs\u00e3o de conclus\u00e3o alterada e s\u00f3 deve ser finalizada no fim de janeiro de 2025. O novo prazo foi confirmado nesta sexta-feira (13), ao g1 RN, pela empresa DTA Engenharia, que faz parte do cons\u00f3rcio contratado pelo munic\u00edpio para executar a obra.<br \/>\nA Prefeitura de Natal havia anunciado que a obra seria conclu\u00edda at\u00e9 o fim de dezembro de 2024.<br \/>\nVeja linha do tempo da obra da engorda da praia de Ponta Negra<br \/>\nSegundo a empresa, o aterro hidr\u00e1ulico da praia est\u00e1 cerca de 70% conclu\u00eddo, com um trecho de 3,2 km finalizados. Cerca de 850.000 m3 de areia j\u00e1 foram depositados na praia.<br \/>\n\u201cA previs\u00e3o de conclus\u00e3o \u00e9 para final de janeiro de 2025\u201d, informou a empresa por meio de nota.<br \/>\nAinda de acordo com a empresa, somente em janeiro, a obra alcan\u00e7ar\u00e1 o Morro do Careca, principal cart\u00e3o postal da cidade.<br \/>\nAp\u00f3s a engorda, a empresa ainda dever\u00e1 continuar prestando servi\u00e7os na praia. O cons\u00f3rcio DTA\/AJM tamb\u00e9m det\u00e9m o contrato de  realiza\u00e7\u00e3o da extens\u00e3o do cal\u00e7ad\u00e3o da orla da Praia de Ponta Negra, que ainda est\u00e1 em fase de ajustes de projeto, com previs\u00e3o de conclus\u00e3o em 2025.<br \/>\nRelembre a obra<br \/>\nEm junho, a draga contratada chegou \u00e0 cidade, mas as licen\u00e7as ambientais ainda estavam pendentes no Idema.<br \/>\nEm julho, sem autoriza\u00e7\u00e3o, a draga deixou Natal. No mesmo m\u00eas, a Justi\u00e7a determinou a emiss\u00e3o da licen\u00e7a, concedida em 23 de julho com 80 condicionantes.<br \/>\nA obra foi iniciada em 30 de agosto, mas paralisada em 3 de setembro ap\u00f3s problemas na jazida de areia serem identificados pela Funpec.<br \/>\nEm 20 de setembro, um decreto de emerg\u00eancia foi publicado pela prefeitura, justificando a busca por uma nova jazida, que foi localizada a 10 km da costa.<br \/>\nA interven\u00e7\u00e3o foi retomada em 21 de setembro com a nova jazida, enquanto a prefeitura alegou que o decreto dispensava a necessidade de uma nova licen\u00e7a ambiental.<br \/>\nO Idema afirmou que a \u00e1rea utilizada n\u00e3o estava coberta pela licen\u00e7a inicial e que a responsabilidade ambiental passou a ser exclusiva da prefeitura.<br \/>\nObra chegou a 55% de conclus\u00e3o no final de novembro<br \/>\nObra da engorda de Ponta Negra chega a 55% conclusa\u0303o<\/p>","protected":false},"excerpt":{"rendered":"<p>Informa\u00e7\u00e3o foi confirmada pela DTA Engenharia, empresa que faz parte do cons\u00f3rcio contratado pelo munic\u00edpio para executar a obra. Prefeitura de Natal havia anunciado que a obra seria conclu\u00edda at\u00e9 &#8230;<\/p>\n","protected":false},"author":0,"featured_media":11675,"parent":0,"menu_order":0,"comment_status":"closed","ping_status":"closed","template":"","meta":{"footnotes":""},"class_list":["post-11674","page","type-page","status-publish","has-post-thumbnail","hentry"],"yoast_head":"<!-- This site is optimized with the Yoast SEO plugin v27.1.1 - https:\/\/yoast.com\/product\/yoast-seo-wordpress\/ -->\n<title>Novo prazo: engorda de Ponta Negra ser\u00e1 conclu\u00edda no fim de janeiro de 2025 - Taveira Jr<\/title>\n<meta name=\"robots\" content=\"index, follow, max-snippet:-1, max-image-preview:large, max-video-preview:-1\" \/>\n<link rel=\"canonical\" href=\"https:\/\/deputadotaveirajr.com.br\/index.php\/novo-prazo-engorda-de-ponta-negra-sera-concluida-no-fim-de-janeiro-de-2025\/\" \/>\n<meta property=\"og:locale\" content=\"pt_BR\" \/>\n<meta property=\"og:type\" content=\"article\" \/>\n<meta property=\"og:title\" content=\"Novo prazo: engorda de Ponta Negra ser\u00e1 conclu\u00edda no fim de janeiro de 2025 - Taveira Jr\" \/>\n<meta property=\"og:description\" content=\"Informa\u00e7\u00e3o foi confirmada pela DTA Engenharia, empresa que faz parte do cons\u00f3rcio contratado pelo munic\u00edpio para executar a obra. Prefeitura de Natal havia anunciado que a obra seria conclu\u00edda at\u00e9 ...\" \/>\n<meta property=\"og:url\" content=\"https:\/\/deputadotaveirajr.com.br\/index.php\/novo-prazo-engorda-de-ponta-negra-sera-concluida-no-fim-de-janeiro-de-2025\/\" \/>\n<meta property=\"og:site_name\" content=\"Taveira Jr\" \/>\n<meta property=\"og:image\" content=\"https:\/\/s2-g1.glbimg.com\/BhSVkNYP1DNlc6OChTRvuWw7GVI=\/i.s3.glbimg.com\/v1\/AUTH_59edd422c0c84a879bd37670ae4f538a\/internal_photos\/bs\/2024\/i\/o\/ecIAnsQJyR7UBJlkJsAA\/whatsapp-image-2024-12-13-at-16.13.19.jpeg\" \/>\n<meta name=\"twitter:card\" content=\"summary_large_image\" \/>\n<meta name=\"twitter:label1\" content=\"Est. tempo de leitura\" \/>\n\t<meta name=\"twitter:data1\" content=\"2 minutos\" \/>\n<script type=\"application\/ld+json\" class=\"yoast-schema-graph\">{\"@context\":\"https:\/\/schema.org\",\"@graph\":[{\"@type\":\"WebPage\",\"@id\":\"https:\/\/deputadotaveirajr.com.br\/index.php\/novo-prazo-engorda-de-ponta-negra-sera-concluida-no-fim-de-janeiro-de-2025\/\",\"url\":\"https:\/\/deputadotaveirajr.com.br\/index.php\/novo-prazo-engorda-de-ponta-negra-sera-concluida-no-fim-de-janeiro-de-2025\/\",\"name\":\"Novo prazo: engorda de Ponta Negra ser\u00e1 conclu\u00edda no fim de janeiro de 2025 - Taveira Jr\",\"isPartOf\":{\"@id\":\"https:\/\/deputadotaveirajr.com.br\/#website\"},\"primaryImageOfPage\":{\"@id\":\"https:\/\/deputadotaveirajr.com.br\/index.php\/novo-prazo-engorda-de-ponta-negra-sera-concluida-no-fim-de-janeiro-de-2025\/#primaryimage\"},\"image\":{\"@id\":\"https:\/\/deputadotaveirajr.com.br\/index.php\/novo-prazo-engorda-de-ponta-negra-sera-concluida-no-fim-de-janeiro-de-2025\/#primaryimage\"},\"thumbnailUrl\":\"https:\/\/deputadotaveirajr.com.br\/wp-content\/uploads\/2024\/12\/whatsapp-image-2024-12-13-at-16.13.19-tH4OtR.jpeg\",\"datePublished\":\"2024-12-13T19:19:34+00:00\",\"breadcrumb\":{\"@id\":\"https:\/\/deputadotaveirajr.com.br\/index.php\/novo-prazo-engorda-de-ponta-negra-sera-concluida-no-fim-de-janeiro-de-2025\/#breadcrumb\"},\"inLanguage\":\"pt-BR\",\"potentialAction\":[{\"@type\":\"ReadAction\",\"target\":[\"https:\/\/deputadotaveirajr.com.br\/index.php\/novo-prazo-engorda-de-ponta-negra-sera-concluida-no-fim-de-janeiro-de-2025\/\"]}]},{\"@type\":\"ImageObject\",\"inLanguage\":\"pt-BR\",\"@id\":\"https:\/\/deputadotaveirajr.com.br\/index.php\/novo-prazo-engorda-de-ponta-negra-sera-concluida-no-fim-de-janeiro-de-2025\/#primaryimage\",\"url\":\"https:\/\/deputadotaveirajr.com.br\/wp-content\/uploads\/2024\/12\/whatsapp-image-2024-12-13-at-16.13.19-tH4OtR.jpeg\",\"contentUrl\":\"https:\/\/deputadotaveirajr.com.br\/wp-content\/uploads\/2024\/12\/whatsapp-image-2024-12-13-at-16.13.19-tH4OtR.jpeg\",\"width\":1600,\"height\":1200},{\"@type\":\"BreadcrumbList\",\"@id\":\"https:\/\/deputadotaveirajr.com.br\/index.php\/novo-prazo-engorda-de-ponta-negra-sera-concluida-no-fim-de-janeiro-de-2025\/#breadcrumb\",\"itemListElement\":[{\"@type\":\"ListItem\",\"position\":1,\"name\":\"In\u00edcio\",\"item\":\"https:\/\/deputadotaveirajr.com.br\/\"},{\"@type\":\"ListItem\",\"position\":2,\"name\":\"Novo prazo: engorda de Ponta Negra ser\u00e1 conclu\u00edda no fim de janeiro de 2025\"}]},{\"@type\":\"WebSite\",\"@id\":\"https:\/\/deputadotaveirajr.com.br\/#website\",\"url\":\"https:\/\/deputadotaveirajr.com.br\/\",\"name\":\"Taveira Jr\",\"description\":\"Deputado Estadual\",\"publisher\":{\"@id\":\"https:\/\/deputadotaveirajr.com.br\/#organization\"},\"potentialAction\":[{\"@type\":\"SearchAction\",\"target\":{\"@type\":\"EntryPoint\",\"urlTemplate\":\"https:\/\/deputadotaveirajr.com.br\/?s={search_term_string}\"},\"query-input\":{\"@type\":\"PropertyValueSpecification\",\"valueRequired\":true,\"valueName\":\"search_term_string\"}}],\"inLanguage\":\"pt-BR\"},{\"@type\":\"Organization\",\"@id\":\"https:\/\/deputadotaveirajr.com.br\/#organization\",\"name\":\"Taveira Jr\",\"url\":\"https:\/\/deputadotaveirajr.com.br\/\",\"logo\":{\"@type\":\"ImageObject\",\"inLanguage\":\"pt-BR\",\"@id\":\"https:\/\/deputadotaveirajr.com.br\/#\/schema\/logo\/image\/\",\"url\":\"https:\/\/deputadotaveirajr.com.br\/wp-content\/uploads\/2026\/01\/logolow2a.png\",\"contentUrl\":\"https:\/\/deputadotaveirajr.com.br\/wp-content\/uploads\/2026\/01\/logolow2a.png\",\"width\":290,\"height\":80,\"caption\":\"Taveira Jr\"},\"image\":{\"@id\":\"https:\/\/deputadotaveirajr.com.br\/#\/schema\/logo\/image\/\"}}]}<\/script>\n<!-- \/ Yoast SEO plugin. -->","yoast_head_json":{"title":"Novo prazo: engorda de Ponta Negra ser\u00e1 conclu\u00edda no fim de janeiro de 2025 - Taveira Jr","robots":{"index":"index","follow":"follow","max-snippet":"max-snippet:-1","max-image-preview":"max-image-preview:large","max-video-preview":"max-video-preview:-1"},"canonical":"https:\/\/deputadotaveirajr.com.br\/index.php\/novo-prazo-engorda-de-ponta-negra-sera-concluida-no-fim-de-janeiro-de-2025\/","og_locale":"pt_BR","og_type":"article","og_title":"Novo prazo: engorda de Ponta Negra ser\u00e1 conclu\u00edda no fim de janeiro de 2025 - Taveira Jr","og_description":"Informa\u00e7\u00e3o foi confirmada pela DTA Engenharia, empresa que faz parte do cons\u00f3rcio contratado pelo munic\u00edpio para executar a obra. Prefeitura de Natal havia anunciado que a obra seria conclu\u00edda at\u00e9 ...","og_url":"https:\/\/deputadotaveirajr.com.br\/index.php\/novo-prazo-engorda-de-ponta-negra-sera-concluida-no-fim-de-janeiro-de-2025\/","og_site_name":"Taveira Jr","og_image":[{"url":"https:\/\/s2-g1.glbimg.com\/BhSVkNYP1DNlc6OChTRvuWw7GVI=\/i.s3.glbimg.com\/v1\/AUTH_59edd422c0c84a879bd37670ae4f538a\/internal_photos\/bs\/2024\/i\/o\/ecIAnsQJyR7UBJlkJsAA\/whatsapp-image-2024-12-13-at-16.13.19.jpeg","type":"","width":"","height":""}],"twitter_card":"summary_large_image","twitter_misc":{"Est. tempo de leitura":"2 minutos"},"schema":{"@context":"https:\/\/schema.org","@graph":[{"@type":"WebPage","@id":"https:\/\/deputadotaveirajr.com.br\/index.php\/novo-prazo-engorda-de-ponta-negra-sera-concluida-no-fim-de-janeiro-de-2025\/","url":"https:\/\/deputadotaveirajr.com.br\/index.php\/novo-prazo-engorda-de-ponta-negra-sera-concluida-no-fim-de-janeiro-de-2025\/","name":"Novo prazo: engorda de Ponta Negra ser\u00e1 conclu\u00edda no fim de janeiro de 2025 - Taveira Jr","isPartOf":{"@id":"https:\/\/deputadotaveirajr.com.br\/#website"},"primaryImageOfPage":{"@id":"https:\/\/deputadotaveirajr.com.br\/index.php\/novo-prazo-engorda-de-ponta-negra-sera-concluida-no-fim-de-janeiro-de-2025\/#primaryimage"},"image":{"@id":"https:\/\/deputadotaveirajr.com.br\/index.php\/novo-prazo-engorda-de-ponta-negra-sera-concluida-no-fim-de-janeiro-de-2025\/#primaryimage"},"thumbnailUrl":"https:\/\/deputadotaveirajr.com.br\/wp-content\/uploads\/2024\/12\/whatsapp-image-2024-12-13-at-16.13.19-tH4OtR.jpeg","datePublished":"2024-12-13T19:19:34+00:00","breadcrumb":{"@id":"https:\/\/deputadotaveirajr.com.br\/index.php\/novo-prazo-engorda-de-ponta-negra-sera-concluida-no-fim-de-janeiro-de-2025\/#breadcrumb"},"inLanguage":"pt-BR","potentialAction":[{"@type":"ReadAction","target":["https:\/\/deputadotaveirajr.com.br\/index.php\/novo-prazo-engorda-de-ponta-negra-sera-concluida-no-fim-de-janeiro-de-2025\/"]}]},{"@type":"ImageObject","inLanguage":"pt-BR","@id":"https:\/\/deputadotaveirajr.com.br\/index.php\/novo-prazo-engorda-de-ponta-negra-sera-concluida-no-fim-de-janeiro-de-2025\/#primaryimage","url":"https:\/\/deputadotaveirajr.com.br\/wp-content\/uploads\/2024\/12\/whatsapp-image-2024-12-13-at-16.13.19-tH4OtR.jpeg","contentUrl":"https:\/\/deputadotaveirajr.com.br\/wp-content\/uploads\/2024\/12\/whatsapp-image-2024-12-13-at-16.13.19-tH4OtR.jpeg","width":1600,"height":1200},{"@type":"BreadcrumbList","@id":"https:\/\/deputadotaveirajr.com.br\/index.php\/novo-prazo-engorda-de-ponta-negra-sera-concluida-no-fim-de-janeiro-de-2025\/#breadcrumb","itemListElement":[{"@type":"ListItem","position":1,"name":"In\u00edcio","item":"https:\/\/deputadotaveirajr.com.br\/"},{"@type":"ListItem","position":2,"name":"Novo prazo: engorda de Ponta Negra ser\u00e1 conclu\u00edda no fim de janeiro de 2025"}]},{"@type":"WebSite","@id":"https:\/\/deputadotaveirajr.com.br\/#website","url":"https:\/\/deputadotaveirajr.com.br\/","name":"Taveira Jr","description":"Deputado Estadual","publisher":{"@id":"https:\/\/deputadotaveirajr.com.br\/#organization"},"potentialAction":[{"@type":"SearchAction","target":{"@type":"EntryPoint","urlTemplate":"https:\/\/deputadotaveirajr.com.br\/?s={search_term_string}"},"query-input":{"@type":"PropertyValueSpecification","valueRequired":true,"valueName":"search_term_string"}}],"inLanguage":"pt-BR"},{"@type":"Organization","@id":"https:\/\/deputadotaveirajr.com.br\/#organization","name":"Taveira Jr","url":"https:\/\/deputadotaveirajr.com.br\/","logo":{"@type":"ImageObject","inLanguage":"pt-BR","@id":"https:\/\/deputadotaveirajr.com.br\/#\/schema\/logo\/image\/","url":"https:\/\/deputadotaveirajr.com.br\/wp-content\/uploads\/2026\/01\/logolow2a.png","contentUrl":"https:\/\/deputadotaveirajr.com.br\/wp-content\/uploads\/2026\/01\/logolow2a.png","width":290,"height":80,"caption":"Taveira Jr"},"image":{"@id":"https:\/\/deputadotaveirajr.com.br\/#\/schema\/logo\/image\/"}}]}},"_links":{"self":[{"href":"https:\/\/deputadotaveirajr.com.br\/index.php\/wp-json\/wp\/v2\/pages\/11674","targetHints":{"allow":["GET"]}}],"collection":[{"href":"https:\/\/deputadotaveirajr.com.br\/index.php\/wp-json\/wp\/v2\/pages"}],"about":[{"href":"https:\/\/deputadotaveirajr.com.br\/index.php\/wp-json\/wp\/v2\/types\/page"}],"replies":[{"embeddable":true,"href":"https:\/\/deputadotaveirajr.com.br\/index.php\/wp-json\/wp\/v2\/comments?post=11674"}],"version-history":[{"count":0,"href":"https:\/\/deputadotaveirajr.com.br\/index.php\/wp-json\/wp\/v2\/pages\/11674\/revisions"}],"wp:featuredmedia":[{"embeddable":true,"href":"https:\/\/deputadotaveirajr.com.br\/index.php\/wp-json\/wp\/v2\/media\/11675"}],"wp:attachment":[{"href":"https:\/\/deputadotaveirajr.com.br\/index.php\/wp-json\/wp\/v2\/media?parent=11674"}],"curies":[{"name":"wp","href":"https:\/\/api.w.org\/{rel}","templated":true}]}}