{"id":11685,"date":"2024-12-16T19:47:48","date_gmt":"2024-12-16T22:47:48","guid":{"rendered":"https:\/\/deputadotaveirajr.com.br\/index.php\/prefeitura-anuncia-taty-girl-thullio-milionario-e-bell-marques-entre-atracoes-do-natal-em-natal-veja-programacao\/"},"modified":"2024-12-16T19:47:48","modified_gmt":"2024-12-16T22:47:48","slug":"prefeitura-anuncia-taty-girl-thullio-milionario-e-bell-marques-entre-atracoes-do-natal-em-natal-veja-programacao","status":"publish","type":"page","link":"https:\/\/deputadotaveirajr.com.br\/index.php\/prefeitura-anuncia-taty-girl-thullio-milionario-e-bell-marques-entre-atracoes-do-natal-em-natal-veja-programacao\/","title":{"rendered":"Prefeitura anuncia Taty Girl, Th\u00fallio Milion\u00e1rio e Bell Marques entre atra\u00e7\u00f5es do Natal em Natal; veja programa\u00e7\u00e3o"},"content":{"rendered":"<p><img decoding=\"async\" src=\"https:\/\/s2-g1.glbimg.com\/3eCwZcQKMn4T861zn-Sc1_GUP8Q=\/i.s3.glbimg.com\/v1\/AUTH_59edd422c0c84a879bd37670ae4f538a\/internal_photos\/bs\/2024\/H\/L\/fGn2QGTNSDGDded0ZBTg\/taty-girl-2.png\" \/><br \/>     Jo\u00e3o Gomes, Pedro Sampaio, Bell Marques e outros nomes do cen\u00e1rio musical nacional est\u00e3o confirmados na programa\u00e7\u00e3o de shows de fim de ano da capital potiguar. Taty Girl \u00e9 uma das atra\u00e7\u00f5es do Natal em Natal<br \/>\nPrefeitura de Fortaleza<br \/>\nA Prefeitura de Natal  anunciou nesta segunda-feira (16) novas atra\u00e7\u00f5es para a programa\u00e7\u00e3o do Natal em Natal 2024. Entre os nomes est\u00e3o Taty Girl, Th\u00fallio Milion\u00e1rio, Bell Marques e a banda Desejo de Menina.<br \/>\nOs shows, que acontecem em diferentes polos da cidade, tem entrada gratuita e seguem at\u00e9 o fim do ano.<br \/>\nAl\u00e9m disso, a programa\u00e7\u00e3o re\u00fane atra\u00e7\u00f5es musicais, espet\u00e1culos, dan\u00e7a e teatro durante todo o m\u00eas de dezembro, com op\u00e7\u00f5es para todas as idades.<br \/>\n\ud83d\udcf3Participe do canal do g1 RN no WhatsApp<br \/>\nConfira a programa\u00e7\u00e3o completa:<br \/>\nSandoval Wanderley<br \/>\n17 a 19 de dezembro<br \/>\nFestival de Teatro<br \/>\n Anfiteatro da UFRN<br \/>\n20 e 21 de dezembro<br \/>\nEspet\u00e1culo &#8220;Um Presente de Natal&#8221;<br \/>\nVila da Pra\u00e7a &#8211; Pra\u00e7a C\u00edvica<br \/>\n20 de dezembro<br \/>\nBanda Detroit<br \/>\nGianinni Alencar<br \/>\nBell Marques<br \/>\n21 de dezembro<br \/>\nSesi Bigband &amp; Bia Gurgel<br \/>\nIgor Sanfoneiro<br \/>\nDorgival Dantas<br \/>\n22 de dezembro<br \/>\nMarina Elali<br \/>\nSerginho Pimenta<br \/>\nJo\u00e3o Gomes<br \/>\nArena das Dunas<br \/>\n25 de dezembro<br \/>\nEspet\u00e1culo &#8220;Um Presente de Natal&#8221;<br \/>\nPadre Nunes<br \/>\nDJ Felipe BZ<br \/>\nPonta Negra<br \/>\n27 de dezembro<br \/>\nCavaleiros do Forr\u00f3<br \/>\nGrafith<br \/>\n28 de dezembro<br \/>\nPedro &amp; Erick<br \/>\nRicardo Chaves<br \/>\nRa\u00e7a Negra<br \/>\nTaty Girl<br \/>\n29 de dezembro<br \/>\nOlodum<br \/>\nPedro Sampaio<br \/>\nEfrain Lima<br \/>\n30 de dezembro<br \/>\nPedro Luccas<br \/>\nMichelle Andrade<br \/>\nN\u00fazio<br \/>\nEric Land<br \/>\n31 de dezembro<br \/>\nBeto Barbosa<br \/>\nFabinho Miranda<br \/>\nTh\u00fallio Milion\u00e1rio<br \/>\nRedinha<br \/>\n29 de dezembro<br \/>\nAline Reis<br \/>\nCircuito Musical<br \/>\nHeitor Costa<br \/>\nRa\u00ed Saia Rodada<br \/>\n30 de dezembro<br \/>\nForro dos 3<br \/>\nAmanda &amp; Ruama<br \/>\nKad\u00fa Martins<br \/>\nDesejo de Menina<br \/>\n31 de dezembro<br \/>\nBanda Pretta<br \/>\nCheiro de Amor<br \/>\nMelissa Farias<br \/>\nForr\u00f3 Virote<br \/>\nAl\u00e9m disso, outros lugares possuem programa\u00e7\u00f5es natalinas fixas durante o m\u00eas de dezembro, como a \u00c1rvore de Mirassol e a \u00c1rvore de Ponta Negra. Veja outros:<br \/>\nCom 110 metros, \u00c1rvore de Mirassol \u00e9 acesa em Natal<br \/>\nEmanuel Amaral<br \/>\nVila da Pra\u00e7a<br \/>\nLocal: Pra\u00e7a C\u00edvica<br \/>\nBanda Sinf\u00f4nica de Natal: 19h &#8211; 19\/12<br \/>\nVal\u00e9ria Oliveira: 19h &#8211; 19\/12<br \/>\nDetroit: 22h &#8211; 21\/12<br \/>\nBell Marques: 19h &#8211; 22\/12<br \/>\nSESI Big Band: 21h &#8211; 19\/12<br \/>\nDorgival: 19h &#8211; 21\/12<br \/>\nMarina Elali: 21h &#8211; 22\/12<br \/>\nSerginho Pimenta: 19h &#8211; 19\/12<br \/>\nJo\u00e3o Gomes:\u00a023h\u00a0&#8211;\u00a022\/12<br \/>\nVila da M\u00fasica<br \/>\nData: 13, 14, 20, 21, 25 e 28 de dezembro e 1\u00ba de janeiro<br \/>\nLocal: Mirassol<br \/>\nVila da Magia<br \/>\nData: 14, 15, 21, 22, 28 e 29 de dezembro<br \/>\nLocal: Mirassol<br \/>\nCasa de Praia do Papai Noel<br \/>\nData: de quinta a domingo at\u00e9 22 de dezembro<br \/>\nLocal: Avenida Praia de Ponta Negra<br \/>\nTrupe Magia do Natal &#8211; Cortejo Natalino<br \/>\nData:  12, 13, 14, 19, 20 e 21de dezembro<br \/>\nLocal: Avenida Praia de Ponta Negra<br \/>\nPrograma\u00e7\u00e3o no Espa\u00e7o Cultural Jesiel Figueiredo<br \/>\nData:  14, 21 e 28 de dezembro<br \/>\nLocal: Espa\u00e7o Cultural Jesiel Figueiredo (Zona Norte)<br \/>\nNatal tamb\u00e9m recebe show de Alceu Valen\u00e7a, na sexta-feira (13), na abertura oficial do Brilha Natal, da Fecom\u00e9rcio.<br \/>\nVeja os v\u00eddeos mais assistidos do g1 RN<\/p>","protected":false},"excerpt":{"rendered":"<p>Jo\u00e3o Gomes, Pedro Sampaio, Bell Marques e outros nomes do cen\u00e1rio musical nacional est\u00e3o confirmados na programa\u00e7\u00e3o de shows de fim de ano da capital potiguar. Taty Girl \u00e9 uma &#8230;<\/p>\n","protected":false},"author":0,"featured_media":11686,"parent":0,"menu_order":0,"comment_status":"closed","ping_status":"closed","template":"","meta":{"footnotes":""},"class_list":["post-11685","page","type-page","status-publish","has-post-thumbnail","hentry"],"yoast_head":"<!-- This site is optimized with the Yoast SEO plugin v27.1.1 - https:\/\/yoast.com\/product\/yoast-seo-wordpress\/ -->\n<title>Prefeitura anuncia Taty Girl, Th\u00fallio Milion\u00e1rio e Bell Marques entre atra\u00e7\u00f5es do Natal em Natal; veja programa\u00e7\u00e3o - Taveira Jr<\/title>\n<meta name=\"robots\" content=\"index, follow, max-snippet:-1, max-image-preview:large, max-video-preview:-1\" \/>\n<link rel=\"canonical\" href=\"https:\/\/deputadotaveirajr.com.br\/index.php\/prefeitura-anuncia-taty-girl-thullio-milionario-e-bell-marques-entre-atracoes-do-natal-em-natal-veja-programacao\/\" \/>\n<meta property=\"og:locale\" content=\"pt_BR\" \/>\n<meta property=\"og:type\" content=\"article\" \/>\n<meta property=\"og:title\" content=\"Prefeitura anuncia Taty Girl, Th\u00fallio Milion\u00e1rio e Bell Marques entre atra\u00e7\u00f5es do Natal em Natal; veja programa\u00e7\u00e3o - Taveira Jr\" \/>\n<meta property=\"og:description\" content=\"Jo\u00e3o Gomes, Pedro Sampaio, Bell Marques e outros nomes do cen\u00e1rio musical nacional est\u00e3o confirmados na programa\u00e7\u00e3o de shows de fim de ano da capital potiguar. Taty Girl \u00e9 uma ...\" \/>\n<meta property=\"og:url\" content=\"https:\/\/deputadotaveirajr.com.br\/index.php\/prefeitura-anuncia-taty-girl-thullio-milionario-e-bell-marques-entre-atracoes-do-natal-em-natal-veja-programacao\/\" \/>\n<meta property=\"og:site_name\" content=\"Taveira Jr\" \/>\n<meta property=\"og:image\" content=\"https:\/\/s2-g1.glbimg.com\/3eCwZcQKMn4T861zn-Sc1_GUP8Q=\/i.s3.glbimg.com\/v1\/AUTH_59edd422c0c84a879bd37670ae4f538a\/internal_photos\/bs\/2024\/H\/L\/fGn2QGTNSDGDded0ZBTg\/taty-girl-2.png\" \/>\n<meta name=\"twitter:card\" content=\"summary_large_image\" \/>\n<meta name=\"twitter:label1\" content=\"Est. tempo de leitura\" \/>\n\t<meta name=\"twitter:data1\" content=\"2 minutos\" \/>\n<script type=\"application\/ld+json\" class=\"yoast-schema-graph\">{\"@context\":\"https:\/\/schema.org\",\"@graph\":[{\"@type\":\"WebPage\",\"@id\":\"https:\/\/deputadotaveirajr.com.br\/index.php\/prefeitura-anuncia-taty-girl-thullio-milionario-e-bell-marques-entre-atracoes-do-natal-em-natal-veja-programacao\/\",\"url\":\"https:\/\/deputadotaveirajr.com.br\/index.php\/prefeitura-anuncia-taty-girl-thullio-milionario-e-bell-marques-entre-atracoes-do-natal-em-natal-veja-programacao\/\",\"name\":\"Prefeitura anuncia Taty Girl, Th\u00fallio Milion\u00e1rio e Bell Marques entre atra\u00e7\u00f5es do Natal em Natal; veja programa\u00e7\u00e3o - Taveira Jr\",\"isPartOf\":{\"@id\":\"https:\/\/deputadotaveirajr.com.br\/#website\"},\"primaryImageOfPage\":{\"@id\":\"https:\/\/deputadotaveirajr.com.br\/index.php\/prefeitura-anuncia-taty-girl-thullio-milionario-e-bell-marques-entre-atracoes-do-natal-em-natal-veja-programacao\/#primaryimage\"},\"image\":{\"@id\":\"https:\/\/deputadotaveirajr.com.br\/index.php\/prefeitura-anuncia-taty-girl-thullio-milionario-e-bell-marques-entre-atracoes-do-natal-em-natal-veja-programacao\/#primaryimage\"},\"thumbnailUrl\":\"https:\/\/deputadotaveirajr.com.br\/wp-content\/uploads\/2024\/12\/taty-girl-2-DVQ3uO.jpeg\",\"datePublished\":\"2024-12-16T22:47:48+00:00\",\"breadcrumb\":{\"@id\":\"https:\/\/deputadotaveirajr.com.br\/index.php\/prefeitura-anuncia-taty-girl-thullio-milionario-e-bell-marques-entre-atracoes-do-natal-em-natal-veja-programacao\/#breadcrumb\"},\"inLanguage\":\"pt-BR\",\"potentialAction\":[{\"@type\":\"ReadAction\",\"target\":[\"https:\/\/deputadotaveirajr.com.br\/index.php\/prefeitura-anuncia-taty-girl-thullio-milionario-e-bell-marques-entre-atracoes-do-natal-em-natal-veja-programacao\/\"]}]},{\"@type\":\"ImageObject\",\"inLanguage\":\"pt-BR\",\"@id\":\"https:\/\/deputadotaveirajr.com.br\/index.php\/prefeitura-anuncia-taty-girl-thullio-milionario-e-bell-marques-entre-atracoes-do-natal-em-natal-veja-programacao\/#primaryimage\",\"url\":\"https:\/\/deputadotaveirajr.com.br\/wp-content\/uploads\/2024\/12\/taty-girl-2-DVQ3uO.jpeg\",\"contentUrl\":\"https:\/\/deputadotaveirajr.com.br\/wp-content\/uploads\/2024\/12\/taty-girl-2-DVQ3uO.jpeg\",\"width\":1072,\"height\":709},{\"@type\":\"BreadcrumbList\",\"@id\":\"https:\/\/deputadotaveirajr.com.br\/index.php\/prefeitura-anuncia-taty-girl-thullio-milionario-e-bell-marques-entre-atracoes-do-natal-em-natal-veja-programacao\/#breadcrumb\",\"itemListElement\":[{\"@type\":\"ListItem\",\"position\":1,\"name\":\"In\u00edcio\",\"item\":\"https:\/\/deputadotaveirajr.com.br\/\"},{\"@type\":\"ListItem\",\"position\":2,\"name\":\"Prefeitura anuncia Taty Girl, Th\u00fallio Milion\u00e1rio e Bell Marques entre atra\u00e7\u00f5es do Natal em Natal; veja programa\u00e7\u00e3o\"}]},{\"@type\":\"WebSite\",\"@id\":\"https:\/\/deputadotaveirajr.com.br\/#website\",\"url\":\"https:\/\/deputadotaveirajr.com.br\/\",\"name\":\"Taveira Jr\",\"description\":\"Deputado Estadual\",\"publisher\":{\"@id\":\"https:\/\/deputadotaveirajr.com.br\/#organization\"},\"potentialAction\":[{\"@type\":\"SearchAction\",\"target\":{\"@type\":\"EntryPoint\",\"urlTemplate\":\"https:\/\/deputadotaveirajr.com.br\/?s={search_term_string}\"},\"query-input\":{\"@type\":\"PropertyValueSpecification\",\"valueRequired\":true,\"valueName\":\"search_term_string\"}}],\"inLanguage\":\"pt-BR\"},{\"@type\":\"Organization\",\"@id\":\"https:\/\/deputadotaveirajr.com.br\/#organization\",\"name\":\"Taveira Jr\",\"url\":\"https:\/\/deputadotaveirajr.com.br\/\",\"logo\":{\"@type\":\"ImageObject\",\"inLanguage\":\"pt-BR\",\"@id\":\"https:\/\/deputadotaveirajr.com.br\/#\/schema\/logo\/image\/\",\"url\":\"https:\/\/deputadotaveirajr.com.br\/wp-content\/uploads\/2026\/01\/logolow2a.png\",\"contentUrl\":\"https:\/\/deputadotaveirajr.com.br\/wp-content\/uploads\/2026\/01\/logolow2a.png\",\"width\":290,\"height\":80,\"caption\":\"Taveira Jr\"},\"image\":{\"@id\":\"https:\/\/deputadotaveirajr.com.br\/#\/schema\/logo\/image\/\"}}]}<\/script>\n<!-- \/ Yoast SEO plugin. -->","yoast_head_json":{"title":"Prefeitura anuncia Taty Girl, Th\u00fallio Milion\u00e1rio e Bell Marques entre atra\u00e7\u00f5es do Natal em Natal; veja programa\u00e7\u00e3o - Taveira Jr","robots":{"index":"index","follow":"follow","max-snippet":"max-snippet:-1","max-image-preview":"max-image-preview:large","max-video-preview":"max-video-preview:-1"},"canonical":"https:\/\/deputadotaveirajr.com.br\/index.php\/prefeitura-anuncia-taty-girl-thullio-milionario-e-bell-marques-entre-atracoes-do-natal-em-natal-veja-programacao\/","og_locale":"pt_BR","og_type":"article","og_title":"Prefeitura anuncia Taty Girl, Th\u00fallio Milion\u00e1rio e Bell Marques entre atra\u00e7\u00f5es do Natal em Natal; veja programa\u00e7\u00e3o - Taveira Jr","og_description":"Jo\u00e3o Gomes, Pedro Sampaio, Bell Marques e outros nomes do cen\u00e1rio musical nacional est\u00e3o confirmados na programa\u00e7\u00e3o de shows de fim de ano da capital potiguar. Taty Girl \u00e9 uma ...","og_url":"https:\/\/deputadotaveirajr.com.br\/index.php\/prefeitura-anuncia-taty-girl-thullio-milionario-e-bell-marques-entre-atracoes-do-natal-em-natal-veja-programacao\/","og_site_name":"Taveira Jr","og_image":[{"url":"https:\/\/s2-g1.glbimg.com\/3eCwZcQKMn4T861zn-Sc1_GUP8Q=\/i.s3.glbimg.com\/v1\/AUTH_59edd422c0c84a879bd37670ae4f538a\/internal_photos\/bs\/2024\/H\/L\/fGn2QGTNSDGDded0ZBTg\/taty-girl-2.png","type":"","width":"","height":""}],"twitter_card":"summary_large_image","twitter_misc":{"Est. tempo de leitura":"2 minutos"},"schema":{"@context":"https:\/\/schema.org","@graph":[{"@type":"WebPage","@id":"https:\/\/deputadotaveirajr.com.br\/index.php\/prefeitura-anuncia-taty-girl-thullio-milionario-e-bell-marques-entre-atracoes-do-natal-em-natal-veja-programacao\/","url":"https:\/\/deputadotaveirajr.com.br\/index.php\/prefeitura-anuncia-taty-girl-thullio-milionario-e-bell-marques-entre-atracoes-do-natal-em-natal-veja-programacao\/","name":"Prefeitura anuncia Taty Girl, Th\u00fallio Milion\u00e1rio e Bell Marques entre atra\u00e7\u00f5es do Natal em Natal; veja programa\u00e7\u00e3o - Taveira Jr","isPartOf":{"@id":"https:\/\/deputadotaveirajr.com.br\/#website"},"primaryImageOfPage":{"@id":"https:\/\/deputadotaveirajr.com.br\/index.php\/prefeitura-anuncia-taty-girl-thullio-milionario-e-bell-marques-entre-atracoes-do-natal-em-natal-veja-programacao\/#primaryimage"},"image":{"@id":"https:\/\/deputadotaveirajr.com.br\/index.php\/prefeitura-anuncia-taty-girl-thullio-milionario-e-bell-marques-entre-atracoes-do-natal-em-natal-veja-programacao\/#primaryimage"},"thumbnailUrl":"https:\/\/deputadotaveirajr.com.br\/wp-content\/uploads\/2024\/12\/taty-girl-2-DVQ3uO.jpeg","datePublished":"2024-12-16T22:47:48+00:00","breadcrumb":{"@id":"https:\/\/deputadotaveirajr.com.br\/index.php\/prefeitura-anuncia-taty-girl-thullio-milionario-e-bell-marques-entre-atracoes-do-natal-em-natal-veja-programacao\/#breadcrumb"},"inLanguage":"pt-BR","potentialAction":[{"@type":"ReadAction","target":["https:\/\/deputadotaveirajr.com.br\/index.php\/prefeitura-anuncia-taty-girl-thullio-milionario-e-bell-marques-entre-atracoes-do-natal-em-natal-veja-programacao\/"]}]},{"@type":"ImageObject","inLanguage":"pt-BR","@id":"https:\/\/deputadotaveirajr.com.br\/index.php\/prefeitura-anuncia-taty-girl-thullio-milionario-e-bell-marques-entre-atracoes-do-natal-em-natal-veja-programacao\/#primaryimage","url":"https:\/\/deputadotaveirajr.com.br\/wp-content\/uploads\/2024\/12\/taty-girl-2-DVQ3uO.jpeg","contentUrl":"https:\/\/deputadotaveirajr.com.br\/wp-content\/uploads\/2024\/12\/taty-girl-2-DVQ3uO.jpeg","width":1072,"height":709},{"@type":"BreadcrumbList","@id":"https:\/\/deputadotaveirajr.com.br\/index.php\/prefeitura-anuncia-taty-girl-thullio-milionario-e-bell-marques-entre-atracoes-do-natal-em-natal-veja-programacao\/#breadcrumb","itemListElement":[{"@type":"ListItem","position":1,"name":"In\u00edcio","item":"https:\/\/deputadotaveirajr.com.br\/"},{"@type":"ListItem","position":2,"name":"Prefeitura anuncia Taty Girl, Th\u00fallio Milion\u00e1rio e Bell Marques entre atra\u00e7\u00f5es do Natal em Natal; veja programa\u00e7\u00e3o"}]},{"@type":"WebSite","@id":"https:\/\/deputadotaveirajr.com.br\/#website","url":"https:\/\/deputadotaveirajr.com.br\/","name":"Taveira Jr","description":"Deputado Estadual","publisher":{"@id":"https:\/\/deputadotaveirajr.com.br\/#organization"},"potentialAction":[{"@type":"SearchAction","target":{"@type":"EntryPoint","urlTemplate":"https:\/\/deputadotaveirajr.com.br\/?s={search_term_string}"},"query-input":{"@type":"PropertyValueSpecification","valueRequired":true,"valueName":"search_term_string"}}],"inLanguage":"pt-BR"},{"@type":"Organization","@id":"https:\/\/deputadotaveirajr.com.br\/#organization","name":"Taveira Jr","url":"https:\/\/deputadotaveirajr.com.br\/","logo":{"@type":"ImageObject","inLanguage":"pt-BR","@id":"https:\/\/deputadotaveirajr.com.br\/#\/schema\/logo\/image\/","url":"https:\/\/deputadotaveirajr.com.br\/wp-content\/uploads\/2026\/01\/logolow2a.png","contentUrl":"https:\/\/deputadotaveirajr.com.br\/wp-content\/uploads\/2026\/01\/logolow2a.png","width":290,"height":80,"caption":"Taveira Jr"},"image":{"@id":"https:\/\/deputadotaveirajr.com.br\/#\/schema\/logo\/image\/"}}]}},"_links":{"self":[{"href":"https:\/\/deputadotaveirajr.com.br\/index.php\/wp-json\/wp\/v2\/pages\/11685","targetHints":{"allow":["GET"]}}],"collection":[{"href":"https:\/\/deputadotaveirajr.com.br\/index.php\/wp-json\/wp\/v2\/pages"}],"about":[{"href":"https:\/\/deputadotaveirajr.com.br\/index.php\/wp-json\/wp\/v2\/types\/page"}],"replies":[{"embeddable":true,"href":"https:\/\/deputadotaveirajr.com.br\/index.php\/wp-json\/wp\/v2\/comments?post=11685"}],"version-history":[{"count":0,"href":"https:\/\/deputadotaveirajr.com.br\/index.php\/wp-json\/wp\/v2\/pages\/11685\/revisions"}],"wp:featuredmedia":[{"embeddable":true,"href":"https:\/\/deputadotaveirajr.com.br\/index.php\/wp-json\/wp\/v2\/media\/11686"}],"wp:attachment":[{"href":"https:\/\/deputadotaveirajr.com.br\/index.php\/wp-json\/wp\/v2\/media?parent=11685"}],"curies":[{"name":"wp","href":"https:\/\/api.w.org\/{rel}","templated":true}]}}