{"id":11695,"date":"2024-12-17T07:56:15","date_gmt":"2024-12-17T10:56:15","guid":{"rendered":"https:\/\/deputadotaveirajr.com.br\/index.php\/dois-irmaos-morrem-em-colisao-frontal-entre-moto-e-caminhao-na-br-226-no-rn\/"},"modified":"2024-12-17T07:56:15","modified_gmt":"2024-12-17T10:56:15","slug":"dois-irmaos-morrem-em-colisao-frontal-entre-moto-e-caminhao-na-br-226-no-rn","status":"publish","type":"page","link":"https:\/\/deputadotaveirajr.com.br\/index.php\/dois-irmaos-morrem-em-colisao-frontal-entre-moto-e-caminhao-na-br-226-no-rn\/","title":{"rendered":"Dois irm\u00e3os morrem em colis\u00e3o frontal entre moto e caminh\u00e3o na BR-226 no RN"},"content":{"rendered":"<p><img decoding=\"async\" src=\"https:\/\/s2-g1.glbimg.com\/dQOj7vHsD3_UsbxymZEV6JvER08=\/i.s3.glbimg.com\/v1\/AUTH_59edd422c0c84a879bd37670ae4f538a\/internal_photos\/bs\/2024\/C\/M\/UxtrHNRbGBBjavLAg2DQ\/asfalto.jpeg\" \/><br \/>     Caso aconteceu na noite de segunda-feira (16) entre Triunfo Potiguar e Campo Grande.   Dois irm\u00e3os morreram em um acidente envolvendo um caminh\u00e3o e uma motocicleta na BR-226, em Triunfo Potiguar, no interior do Rio Grande do Norte, no in\u00edcio da noite desta segunda-feira (16).<br \/>\nA colis\u00e3o frontal ocorreu no km 266 da rodovia, por volta das 18h40, no trecho entre Triunfo Potiguar e Campo Grande.<br \/>\n\ud83d\udcf3Participe do canal do g1 RN no WhatsApp<br \/>\nAs v\u00edtimas foram identificadas como Aldenor Mizael Dantas, de 42 anos, e Manoel Ant\u00f4nio da Silva Neto, de 44 anos.<br \/>\nEles seguiam de Jucurutu para Triunfo Potiguar na moto. Segundo a Pol\u00edcia Rodovi\u00e1ria Federal (PRF), os dois n\u00e3o usavam capacete.<br \/>\nAp\u00f3s a colis\u00e3o, o caminh\u00e3o modelo F4000 saiu da pista e ficou submerso em um reservat\u00f3rio de \u00e1gua \u00e0s margens da rodovia, enquanto a motocicleta pegou fogo. Um dos corpos ficou parcialmente carbonizado.<br \/>\nEquipes da PRF, do Instituto T\u00e9cnico-Cient\u00edfico de Per\u00edcia (ITEP) de Caic\u00f3 e da Pol\u00edcia Civil de Patu estiveram no local para atender a ocorr\u00eancia. As circunst\u00e2ncias ainda ser\u00e3o investigadas.<br \/>\nNo caminh\u00e3o, estavam duas pessoas que vinham do Cear\u00e1 e n\u00e3o ficaram feridas.<br \/>\nAsfalto, rodovia, sinaliza\u00e7\u00e3o<br \/>\nIgor J\u00e1come\/g1<br \/>\nVeja os v\u00eddeos mais assistidos no g1 RN<\/p>","protected":false},"excerpt":{"rendered":"<p>Caso aconteceu na noite de segunda-feira (16) entre Triunfo Potiguar e Campo Grande. Dois irm\u00e3os morreram em um acidente envolvendo um caminh\u00e3o e uma motocicleta na BR-226, em Triunfo Potiguar, &#8230;<\/p>\n","protected":false},"author":0,"featured_media":11696,"parent":0,"menu_order":0,"comment_status":"closed","ping_status":"closed","template":"","meta":{"footnotes":""},"class_list":["post-11695","page","type-page","status-publish","has-post-thumbnail","hentry"],"yoast_head":"<!-- This site is optimized with the Yoast SEO plugin v27.1.1 - https:\/\/yoast.com\/product\/yoast-seo-wordpress\/ -->\n<title>Dois irm\u00e3os morrem em colis\u00e3o frontal entre moto e caminh\u00e3o na BR-226 no RN - Taveira Jr<\/title>\n<meta name=\"robots\" content=\"index, follow, max-snippet:-1, max-image-preview:large, max-video-preview:-1\" \/>\n<link rel=\"canonical\" href=\"https:\/\/deputadotaveirajr.com.br\/index.php\/dois-irmaos-morrem-em-colisao-frontal-entre-moto-e-caminhao-na-br-226-no-rn\/\" \/>\n<meta property=\"og:locale\" content=\"pt_BR\" \/>\n<meta property=\"og:type\" content=\"article\" \/>\n<meta property=\"og:title\" content=\"Dois irm\u00e3os morrem em colis\u00e3o frontal entre moto e caminh\u00e3o na BR-226 no RN - Taveira Jr\" \/>\n<meta property=\"og:description\" content=\"Caso aconteceu na noite de segunda-feira (16) entre Triunfo Potiguar e Campo Grande. Dois irm\u00e3os morreram em um acidente envolvendo um caminh\u00e3o e uma motocicleta na BR-226, em Triunfo Potiguar, ...\" \/>\n<meta property=\"og:url\" content=\"https:\/\/deputadotaveirajr.com.br\/index.php\/dois-irmaos-morrem-em-colisao-frontal-entre-moto-e-caminhao-na-br-226-no-rn\/\" \/>\n<meta property=\"og:site_name\" content=\"Taveira Jr\" \/>\n<meta property=\"og:image\" content=\"https:\/\/s2-g1.glbimg.com\/dQOj7vHsD3_UsbxymZEV6JvER08=\/i.s3.glbimg.com\/v1\/AUTH_59edd422c0c84a879bd37670ae4f538a\/internal_photos\/bs\/2024\/C\/M\/UxtrHNRbGBBjavLAg2DQ\/asfalto.jpeg\" \/>\n<meta name=\"twitter:card\" content=\"summary_large_image\" \/>\n<meta name=\"twitter:label1\" content=\"Est. tempo de leitura\" \/>\n\t<meta name=\"twitter:data1\" content=\"1 minuto\" \/>\n<script type=\"application\/ld+json\" class=\"yoast-schema-graph\">{\"@context\":\"https:\/\/schema.org\",\"@graph\":[{\"@type\":\"WebPage\",\"@id\":\"https:\/\/deputadotaveirajr.com.br\/index.php\/dois-irmaos-morrem-em-colisao-frontal-entre-moto-e-caminhao-na-br-226-no-rn\/\",\"url\":\"https:\/\/deputadotaveirajr.com.br\/index.php\/dois-irmaos-morrem-em-colisao-frontal-entre-moto-e-caminhao-na-br-226-no-rn\/\",\"name\":\"Dois irm\u00e3os morrem em colis\u00e3o frontal entre moto e caminh\u00e3o na BR-226 no RN - Taveira Jr\",\"isPartOf\":{\"@id\":\"https:\/\/deputadotaveirajr.com.br\/#website\"},\"primaryImageOfPage\":{\"@id\":\"https:\/\/deputadotaveirajr.com.br\/index.php\/dois-irmaos-morrem-em-colisao-frontal-entre-moto-e-caminhao-na-br-226-no-rn\/#primaryimage\"},\"image\":{\"@id\":\"https:\/\/deputadotaveirajr.com.br\/index.php\/dois-irmaos-morrem-em-colisao-frontal-entre-moto-e-caminhao-na-br-226-no-rn\/#primaryimage\"},\"thumbnailUrl\":\"https:\/\/deputadotaveirajr.com.br\/wp-content\/uploads\/2024\/12\/asfalto-XX5ZBp.jpeg\",\"datePublished\":\"2024-12-17T10:56:15+00:00\",\"breadcrumb\":{\"@id\":\"https:\/\/deputadotaveirajr.com.br\/index.php\/dois-irmaos-morrem-em-colisao-frontal-entre-moto-e-caminhao-na-br-226-no-rn\/#breadcrumb\"},\"inLanguage\":\"pt-BR\",\"potentialAction\":[{\"@type\":\"ReadAction\",\"target\":[\"https:\/\/deputadotaveirajr.com.br\/index.php\/dois-irmaos-morrem-em-colisao-frontal-entre-moto-e-caminhao-na-br-226-no-rn\/\"]}]},{\"@type\":\"ImageObject\",\"inLanguage\":\"pt-BR\",\"@id\":\"https:\/\/deputadotaveirajr.com.br\/index.php\/dois-irmaos-morrem-em-colisao-frontal-entre-moto-e-caminhao-na-br-226-no-rn\/#primaryimage\",\"url\":\"https:\/\/deputadotaveirajr.com.br\/wp-content\/uploads\/2024\/12\/asfalto-XX5ZBp.jpeg\",\"contentUrl\":\"https:\/\/deputadotaveirajr.com.br\/wp-content\/uploads\/2024\/12\/asfalto-XX5ZBp.jpeg\",\"width\":1600,\"height\":1408},{\"@type\":\"BreadcrumbList\",\"@id\":\"https:\/\/deputadotaveirajr.com.br\/index.php\/dois-irmaos-morrem-em-colisao-frontal-entre-moto-e-caminhao-na-br-226-no-rn\/#breadcrumb\",\"itemListElement\":[{\"@type\":\"ListItem\",\"position\":1,\"name\":\"In\u00edcio\",\"item\":\"https:\/\/deputadotaveirajr.com.br\/\"},{\"@type\":\"ListItem\",\"position\":2,\"name\":\"Dois irm\u00e3os morrem em colis\u00e3o frontal entre moto e caminh\u00e3o na BR-226 no RN\"}]},{\"@type\":\"WebSite\",\"@id\":\"https:\/\/deputadotaveirajr.com.br\/#website\",\"url\":\"https:\/\/deputadotaveirajr.com.br\/\",\"name\":\"Taveira Jr\",\"description\":\"Deputado Estadual\",\"publisher\":{\"@id\":\"https:\/\/deputadotaveirajr.com.br\/#organization\"},\"potentialAction\":[{\"@type\":\"SearchAction\",\"target\":{\"@type\":\"EntryPoint\",\"urlTemplate\":\"https:\/\/deputadotaveirajr.com.br\/?s={search_term_string}\"},\"query-input\":{\"@type\":\"PropertyValueSpecification\",\"valueRequired\":true,\"valueName\":\"search_term_string\"}}],\"inLanguage\":\"pt-BR\"},{\"@type\":\"Organization\",\"@id\":\"https:\/\/deputadotaveirajr.com.br\/#organization\",\"name\":\"Taveira Jr\",\"url\":\"https:\/\/deputadotaveirajr.com.br\/\",\"logo\":{\"@type\":\"ImageObject\",\"inLanguage\":\"pt-BR\",\"@id\":\"https:\/\/deputadotaveirajr.com.br\/#\/schema\/logo\/image\/\",\"url\":\"https:\/\/deputadotaveirajr.com.br\/wp-content\/uploads\/2026\/01\/logolow2a.png\",\"contentUrl\":\"https:\/\/deputadotaveirajr.com.br\/wp-content\/uploads\/2026\/01\/logolow2a.png\",\"width\":290,\"height\":80,\"caption\":\"Taveira Jr\"},\"image\":{\"@id\":\"https:\/\/deputadotaveirajr.com.br\/#\/schema\/logo\/image\/\"}}]}<\/script>\n<!-- \/ Yoast SEO plugin. -->","yoast_head_json":{"title":"Dois irm\u00e3os morrem em colis\u00e3o frontal entre moto e caminh\u00e3o na BR-226 no RN - Taveira Jr","robots":{"index":"index","follow":"follow","max-snippet":"max-snippet:-1","max-image-preview":"max-image-preview:large","max-video-preview":"max-video-preview:-1"},"canonical":"https:\/\/deputadotaveirajr.com.br\/index.php\/dois-irmaos-morrem-em-colisao-frontal-entre-moto-e-caminhao-na-br-226-no-rn\/","og_locale":"pt_BR","og_type":"article","og_title":"Dois irm\u00e3os morrem em colis\u00e3o frontal entre moto e caminh\u00e3o na BR-226 no RN - Taveira Jr","og_description":"Caso aconteceu na noite de segunda-feira (16) entre Triunfo Potiguar e Campo Grande. Dois irm\u00e3os morreram em um acidente envolvendo um caminh\u00e3o e uma motocicleta na BR-226, em Triunfo Potiguar, ...","og_url":"https:\/\/deputadotaveirajr.com.br\/index.php\/dois-irmaos-morrem-em-colisao-frontal-entre-moto-e-caminhao-na-br-226-no-rn\/","og_site_name":"Taveira Jr","og_image":[{"url":"https:\/\/s2-g1.glbimg.com\/dQOj7vHsD3_UsbxymZEV6JvER08=\/i.s3.glbimg.com\/v1\/AUTH_59edd422c0c84a879bd37670ae4f538a\/internal_photos\/bs\/2024\/C\/M\/UxtrHNRbGBBjavLAg2DQ\/asfalto.jpeg","type":"","width":"","height":""}],"twitter_card":"summary_large_image","twitter_misc":{"Est. tempo de leitura":"1 minuto"},"schema":{"@context":"https:\/\/schema.org","@graph":[{"@type":"WebPage","@id":"https:\/\/deputadotaveirajr.com.br\/index.php\/dois-irmaos-morrem-em-colisao-frontal-entre-moto-e-caminhao-na-br-226-no-rn\/","url":"https:\/\/deputadotaveirajr.com.br\/index.php\/dois-irmaos-morrem-em-colisao-frontal-entre-moto-e-caminhao-na-br-226-no-rn\/","name":"Dois irm\u00e3os morrem em colis\u00e3o frontal entre moto e caminh\u00e3o na BR-226 no RN - Taveira Jr","isPartOf":{"@id":"https:\/\/deputadotaveirajr.com.br\/#website"},"primaryImageOfPage":{"@id":"https:\/\/deputadotaveirajr.com.br\/index.php\/dois-irmaos-morrem-em-colisao-frontal-entre-moto-e-caminhao-na-br-226-no-rn\/#primaryimage"},"image":{"@id":"https:\/\/deputadotaveirajr.com.br\/index.php\/dois-irmaos-morrem-em-colisao-frontal-entre-moto-e-caminhao-na-br-226-no-rn\/#primaryimage"},"thumbnailUrl":"https:\/\/deputadotaveirajr.com.br\/wp-content\/uploads\/2024\/12\/asfalto-XX5ZBp.jpeg","datePublished":"2024-12-17T10:56:15+00:00","breadcrumb":{"@id":"https:\/\/deputadotaveirajr.com.br\/index.php\/dois-irmaos-morrem-em-colisao-frontal-entre-moto-e-caminhao-na-br-226-no-rn\/#breadcrumb"},"inLanguage":"pt-BR","potentialAction":[{"@type":"ReadAction","target":["https:\/\/deputadotaveirajr.com.br\/index.php\/dois-irmaos-morrem-em-colisao-frontal-entre-moto-e-caminhao-na-br-226-no-rn\/"]}]},{"@type":"ImageObject","inLanguage":"pt-BR","@id":"https:\/\/deputadotaveirajr.com.br\/index.php\/dois-irmaos-morrem-em-colisao-frontal-entre-moto-e-caminhao-na-br-226-no-rn\/#primaryimage","url":"https:\/\/deputadotaveirajr.com.br\/wp-content\/uploads\/2024\/12\/asfalto-XX5ZBp.jpeg","contentUrl":"https:\/\/deputadotaveirajr.com.br\/wp-content\/uploads\/2024\/12\/asfalto-XX5ZBp.jpeg","width":1600,"height":1408},{"@type":"BreadcrumbList","@id":"https:\/\/deputadotaveirajr.com.br\/index.php\/dois-irmaos-morrem-em-colisao-frontal-entre-moto-e-caminhao-na-br-226-no-rn\/#breadcrumb","itemListElement":[{"@type":"ListItem","position":1,"name":"In\u00edcio","item":"https:\/\/deputadotaveirajr.com.br\/"},{"@type":"ListItem","position":2,"name":"Dois irm\u00e3os morrem em colis\u00e3o frontal entre moto e caminh\u00e3o na BR-226 no RN"}]},{"@type":"WebSite","@id":"https:\/\/deputadotaveirajr.com.br\/#website","url":"https:\/\/deputadotaveirajr.com.br\/","name":"Taveira Jr","description":"Deputado Estadual","publisher":{"@id":"https:\/\/deputadotaveirajr.com.br\/#organization"},"potentialAction":[{"@type":"SearchAction","target":{"@type":"EntryPoint","urlTemplate":"https:\/\/deputadotaveirajr.com.br\/?s={search_term_string}"},"query-input":{"@type":"PropertyValueSpecification","valueRequired":true,"valueName":"search_term_string"}}],"inLanguage":"pt-BR"},{"@type":"Organization","@id":"https:\/\/deputadotaveirajr.com.br\/#organization","name":"Taveira Jr","url":"https:\/\/deputadotaveirajr.com.br\/","logo":{"@type":"ImageObject","inLanguage":"pt-BR","@id":"https:\/\/deputadotaveirajr.com.br\/#\/schema\/logo\/image\/","url":"https:\/\/deputadotaveirajr.com.br\/wp-content\/uploads\/2026\/01\/logolow2a.png","contentUrl":"https:\/\/deputadotaveirajr.com.br\/wp-content\/uploads\/2026\/01\/logolow2a.png","width":290,"height":80,"caption":"Taveira Jr"},"image":{"@id":"https:\/\/deputadotaveirajr.com.br\/#\/schema\/logo\/image\/"}}]}},"_links":{"self":[{"href":"https:\/\/deputadotaveirajr.com.br\/index.php\/wp-json\/wp\/v2\/pages\/11695","targetHints":{"allow":["GET"]}}],"collection":[{"href":"https:\/\/deputadotaveirajr.com.br\/index.php\/wp-json\/wp\/v2\/pages"}],"about":[{"href":"https:\/\/deputadotaveirajr.com.br\/index.php\/wp-json\/wp\/v2\/types\/page"}],"replies":[{"embeddable":true,"href":"https:\/\/deputadotaveirajr.com.br\/index.php\/wp-json\/wp\/v2\/comments?post=11695"}],"version-history":[{"count":0,"href":"https:\/\/deputadotaveirajr.com.br\/index.php\/wp-json\/wp\/v2\/pages\/11695\/revisions"}],"wp:featuredmedia":[{"embeddable":true,"href":"https:\/\/deputadotaveirajr.com.br\/index.php\/wp-json\/wp\/v2\/media\/11696"}],"wp:attachment":[{"href":"https:\/\/deputadotaveirajr.com.br\/index.php\/wp-json\/wp\/v2\/media?parent=11695"}],"curies":[{"name":"wp","href":"https:\/\/api.w.org\/{rel}","templated":true}]}}