{"id":11826,"date":"2024-12-20T17:04:12","date_gmt":"2024-12-20T20:04:12","guid":{"rendered":"https:\/\/deputadotaveirajr.com.br\/index.php\/confira-percurso-da-caravana-iluminada-de-natal-na-capital-potiguar\/"},"modified":"2024-12-20T17:04:12","modified_gmt":"2024-12-20T20:04:12","slug":"confira-percurso-da-caravana-iluminada-de-natal-na-capital-potiguar","status":"publish","type":"page","link":"https:\/\/deputadotaveirajr.com.br\/index.php\/confira-percurso-da-caravana-iluminada-de-natal-na-capital-potiguar\/","title":{"rendered":"Confira percurso da caravana iluminada de Natal na capital potiguar"},"content":{"rendered":"<p><img decoding=\"async\" src=\"https:\/\/s2-g1.glbimg.com\/6sscouHMDj8ATpf6-nWdPtyg48U=\/i.s3.glbimg.com\/v1\/AUTH_59edd422c0c84a879bd37670ae4f538a\/internal_photos\/bs\/2024\/d\/D\/Bdlbd0RZa1C79AdEZz9w\/whatsapp-image-2024-12-06-at-08.38.39.jpeg\" \/><br \/>     Papai Noel participa de desfile com paradas em pontos tur\u00edsticos da cidade neste s\u00e1bado (21).  Caravana de Natal da Coca-Cola percorre diversos estados do Brasil<br \/>\nAsscom\/Solar Coca-Cola<br \/>\nA Caravana da Coca-Cola 2024 estar\u00e1 em Natal neste s\u00e1bado (21), com um percurso que abrange as zonas Norte e Sul da cidade. O evento come\u00e7a \u00e0s 17h na Zona Norte e conta com a presen\u00e7a do Papai Noel, que participar\u00e1 do trajeto em um dos caminh\u00f5es iluminados.<br \/>\nO percurso da caravana come\u00e7a na Avenida Doutor Jo\u00e3o Medeiros Filho, na Zona Norte, de onde segue para a Avenida Paulistana e depois para a Avenida das Fronteiras.<br \/>\n\ud83d\udcf3Participe do canal do g1 RN no WhatsApp<br \/>\nEm seguida, o trajeto passa pela Avenida Maranguape, pela Rua Ilh\u00e9us e pela Rua Paranduva.<br \/>\nContinuando o percurso, a caravana transita pela Avenida Senhor do Bonfim, Avenida Pico do Cabugi e Avenida Itapetinga, retornando novamente \u00e0 Avenida Doutor Jo\u00e3o Medeiros Filho antes de atravessar a Ponte Newton Navarro rumo \u00e0 Zona Sul.<br \/>\nJ\u00e1 na Zona Sul, a caravana percorre a Avenida Presidente Caf\u00e9 Filho e a Rua 25 de Dezembro, seguindo para a Avenida Hermes da Fonseca, onde realiza uma parada no Nordest\u00e3o da Salgado Filho.<br \/>\nO trajeto continua pela Avenida Senador Salgado Filho e Avenida Engenheiro Roberto Freire, at\u00e9 alcan\u00e7ar a Avenida Praia de Ponta Negra, onde faz uma parada especial na \u00c1rvore de Natal de Ponta Negra.<br \/>\nPor fim, o evento encerra na Vila do Natal, em Mirassol, local que abriga uma das maiores \u00e1rvore natalina do pa\u00eds.<br \/>\nNatal em Natal: \u00e1rvore de Mirassol \u00e9 acesa<br \/>\nVeja os v\u00eddeos mais assistidos do g1 RN<\/p>","protected":false},"excerpt":{"rendered":"<p>Papai Noel participa de desfile com paradas em pontos tur\u00edsticos da cidade neste s\u00e1bado (21). Caravana de Natal da Coca-Cola percorre diversos estados do Brasil Asscom\/Solar Coca-Cola A Caravana da &#8230;<\/p>\n","protected":false},"author":0,"featured_media":11827,"parent":0,"menu_order":0,"comment_status":"closed","ping_status":"closed","template":"","meta":{"footnotes":""},"class_list":["post-11826","page","type-page","status-publish","has-post-thumbnail","hentry"],"yoast_head":"<!-- This site is optimized with the Yoast SEO plugin v27.1.1 - https:\/\/yoast.com\/product\/yoast-seo-wordpress\/ -->\n<title>Confira percurso da caravana iluminada de Natal na capital potiguar - Taveira Jr<\/title>\n<meta name=\"robots\" content=\"index, follow, max-snippet:-1, max-image-preview:large, max-video-preview:-1\" \/>\n<link rel=\"canonical\" href=\"https:\/\/deputadotaveirajr.com.br\/index.php\/confira-percurso-da-caravana-iluminada-de-natal-na-capital-potiguar\/\" \/>\n<meta property=\"og:locale\" content=\"pt_BR\" \/>\n<meta property=\"og:type\" content=\"article\" \/>\n<meta property=\"og:title\" content=\"Confira percurso da caravana iluminada de Natal na capital potiguar - Taveira Jr\" \/>\n<meta property=\"og:description\" content=\"Papai Noel participa de desfile com paradas em pontos tur\u00edsticos da cidade neste s\u00e1bado (21). Caravana de Natal da Coca-Cola percorre diversos estados do Brasil Asscom\/Solar Coca-Cola A Caravana da ...\" \/>\n<meta property=\"og:url\" content=\"https:\/\/deputadotaveirajr.com.br\/index.php\/confira-percurso-da-caravana-iluminada-de-natal-na-capital-potiguar\/\" \/>\n<meta property=\"og:site_name\" content=\"Taveira Jr\" \/>\n<meta property=\"og:image\" content=\"https:\/\/s2-g1.glbimg.com\/6sscouHMDj8ATpf6-nWdPtyg48U=\/i.s3.glbimg.com\/v1\/AUTH_59edd422c0c84a879bd37670ae4f538a\/internal_photos\/bs\/2024\/d\/D\/Bdlbd0RZa1C79AdEZz9w\/whatsapp-image-2024-12-06-at-08.38.39.jpeg\" \/>\n<meta name=\"twitter:card\" content=\"summary_large_image\" \/>\n<meta name=\"twitter:label1\" content=\"Est. tempo de leitura\" \/>\n\t<meta name=\"twitter:data1\" content=\"1 minuto\" \/>\n<script type=\"application\/ld+json\" class=\"yoast-schema-graph\">{\"@context\":\"https:\/\/schema.org\",\"@graph\":[{\"@type\":\"WebPage\",\"@id\":\"https:\/\/deputadotaveirajr.com.br\/index.php\/confira-percurso-da-caravana-iluminada-de-natal-na-capital-potiguar\/\",\"url\":\"https:\/\/deputadotaveirajr.com.br\/index.php\/confira-percurso-da-caravana-iluminada-de-natal-na-capital-potiguar\/\",\"name\":\"Confira percurso da caravana iluminada de Natal na capital potiguar - Taveira Jr\",\"isPartOf\":{\"@id\":\"https:\/\/deputadotaveirajr.com.br\/#website\"},\"primaryImageOfPage\":{\"@id\":\"https:\/\/deputadotaveirajr.com.br\/index.php\/confira-percurso-da-caravana-iluminada-de-natal-na-capital-potiguar\/#primaryimage\"},\"image\":{\"@id\":\"https:\/\/deputadotaveirajr.com.br\/index.php\/confira-percurso-da-caravana-iluminada-de-natal-na-capital-potiguar\/#primaryimage\"},\"thumbnailUrl\":\"https:\/\/deputadotaveirajr.com.br\/wp-content\/uploads\/2024\/12\/whatsapp-image-2024-12-06-at-08.38.39-La1Gym.jpeg\",\"datePublished\":\"2024-12-20T20:04:12+00:00\",\"breadcrumb\":{\"@id\":\"https:\/\/deputadotaveirajr.com.br\/index.php\/confira-percurso-da-caravana-iluminada-de-natal-na-capital-potiguar\/#breadcrumb\"},\"inLanguage\":\"pt-BR\",\"potentialAction\":[{\"@type\":\"ReadAction\",\"target\":[\"https:\/\/deputadotaveirajr.com.br\/index.php\/confira-percurso-da-caravana-iluminada-de-natal-na-capital-potiguar\/\"]}]},{\"@type\":\"ImageObject\",\"inLanguage\":\"pt-BR\",\"@id\":\"https:\/\/deputadotaveirajr.com.br\/index.php\/confira-percurso-da-caravana-iluminada-de-natal-na-capital-potiguar\/#primaryimage\",\"url\":\"https:\/\/deputadotaveirajr.com.br\/wp-content\/uploads\/2024\/12\/whatsapp-image-2024-12-06-at-08.38.39-La1Gym.jpeg\",\"contentUrl\":\"https:\/\/deputadotaveirajr.com.br\/wp-content\/uploads\/2024\/12\/whatsapp-image-2024-12-06-at-08.38.39-La1Gym.jpeg\",\"width\":1280,\"height\":853},{\"@type\":\"BreadcrumbList\",\"@id\":\"https:\/\/deputadotaveirajr.com.br\/index.php\/confira-percurso-da-caravana-iluminada-de-natal-na-capital-potiguar\/#breadcrumb\",\"itemListElement\":[{\"@type\":\"ListItem\",\"position\":1,\"name\":\"In\u00edcio\",\"item\":\"https:\/\/deputadotaveirajr.com.br\/\"},{\"@type\":\"ListItem\",\"position\":2,\"name\":\"Confira percurso da caravana iluminada de Natal na capital potiguar\"}]},{\"@type\":\"WebSite\",\"@id\":\"https:\/\/deputadotaveirajr.com.br\/#website\",\"url\":\"https:\/\/deputadotaveirajr.com.br\/\",\"name\":\"Taveira Jr\",\"description\":\"Deputado Estadual\",\"publisher\":{\"@id\":\"https:\/\/deputadotaveirajr.com.br\/#organization\"},\"potentialAction\":[{\"@type\":\"SearchAction\",\"target\":{\"@type\":\"EntryPoint\",\"urlTemplate\":\"https:\/\/deputadotaveirajr.com.br\/?s={search_term_string}\"},\"query-input\":{\"@type\":\"PropertyValueSpecification\",\"valueRequired\":true,\"valueName\":\"search_term_string\"}}],\"inLanguage\":\"pt-BR\"},{\"@type\":\"Organization\",\"@id\":\"https:\/\/deputadotaveirajr.com.br\/#organization\",\"name\":\"Taveira Jr\",\"url\":\"https:\/\/deputadotaveirajr.com.br\/\",\"logo\":{\"@type\":\"ImageObject\",\"inLanguage\":\"pt-BR\",\"@id\":\"https:\/\/deputadotaveirajr.com.br\/#\/schema\/logo\/image\/\",\"url\":\"https:\/\/deputadotaveirajr.com.br\/wp-content\/uploads\/2026\/01\/logolow2a.png\",\"contentUrl\":\"https:\/\/deputadotaveirajr.com.br\/wp-content\/uploads\/2026\/01\/logolow2a.png\",\"width\":290,\"height\":80,\"caption\":\"Taveira Jr\"},\"image\":{\"@id\":\"https:\/\/deputadotaveirajr.com.br\/#\/schema\/logo\/image\/\"}}]}<\/script>\n<!-- \/ Yoast SEO plugin. -->","yoast_head_json":{"title":"Confira percurso da caravana iluminada de Natal na capital potiguar - Taveira Jr","robots":{"index":"index","follow":"follow","max-snippet":"max-snippet:-1","max-image-preview":"max-image-preview:large","max-video-preview":"max-video-preview:-1"},"canonical":"https:\/\/deputadotaveirajr.com.br\/index.php\/confira-percurso-da-caravana-iluminada-de-natal-na-capital-potiguar\/","og_locale":"pt_BR","og_type":"article","og_title":"Confira percurso da caravana iluminada de Natal na capital potiguar - Taveira Jr","og_description":"Papai Noel participa de desfile com paradas em pontos tur\u00edsticos da cidade neste s\u00e1bado (21). Caravana de Natal da Coca-Cola percorre diversos estados do Brasil Asscom\/Solar Coca-Cola A Caravana da ...","og_url":"https:\/\/deputadotaveirajr.com.br\/index.php\/confira-percurso-da-caravana-iluminada-de-natal-na-capital-potiguar\/","og_site_name":"Taveira Jr","og_image":[{"url":"https:\/\/s2-g1.glbimg.com\/6sscouHMDj8ATpf6-nWdPtyg48U=\/i.s3.glbimg.com\/v1\/AUTH_59edd422c0c84a879bd37670ae4f538a\/internal_photos\/bs\/2024\/d\/D\/Bdlbd0RZa1C79AdEZz9w\/whatsapp-image-2024-12-06-at-08.38.39.jpeg","type":"","width":"","height":""}],"twitter_card":"summary_large_image","twitter_misc":{"Est. tempo de leitura":"1 minuto"},"schema":{"@context":"https:\/\/schema.org","@graph":[{"@type":"WebPage","@id":"https:\/\/deputadotaveirajr.com.br\/index.php\/confira-percurso-da-caravana-iluminada-de-natal-na-capital-potiguar\/","url":"https:\/\/deputadotaveirajr.com.br\/index.php\/confira-percurso-da-caravana-iluminada-de-natal-na-capital-potiguar\/","name":"Confira percurso da caravana iluminada de Natal na capital potiguar - Taveira Jr","isPartOf":{"@id":"https:\/\/deputadotaveirajr.com.br\/#website"},"primaryImageOfPage":{"@id":"https:\/\/deputadotaveirajr.com.br\/index.php\/confira-percurso-da-caravana-iluminada-de-natal-na-capital-potiguar\/#primaryimage"},"image":{"@id":"https:\/\/deputadotaveirajr.com.br\/index.php\/confira-percurso-da-caravana-iluminada-de-natal-na-capital-potiguar\/#primaryimage"},"thumbnailUrl":"https:\/\/deputadotaveirajr.com.br\/wp-content\/uploads\/2024\/12\/whatsapp-image-2024-12-06-at-08.38.39-La1Gym.jpeg","datePublished":"2024-12-20T20:04:12+00:00","breadcrumb":{"@id":"https:\/\/deputadotaveirajr.com.br\/index.php\/confira-percurso-da-caravana-iluminada-de-natal-na-capital-potiguar\/#breadcrumb"},"inLanguage":"pt-BR","potentialAction":[{"@type":"ReadAction","target":["https:\/\/deputadotaveirajr.com.br\/index.php\/confira-percurso-da-caravana-iluminada-de-natal-na-capital-potiguar\/"]}]},{"@type":"ImageObject","inLanguage":"pt-BR","@id":"https:\/\/deputadotaveirajr.com.br\/index.php\/confira-percurso-da-caravana-iluminada-de-natal-na-capital-potiguar\/#primaryimage","url":"https:\/\/deputadotaveirajr.com.br\/wp-content\/uploads\/2024\/12\/whatsapp-image-2024-12-06-at-08.38.39-La1Gym.jpeg","contentUrl":"https:\/\/deputadotaveirajr.com.br\/wp-content\/uploads\/2024\/12\/whatsapp-image-2024-12-06-at-08.38.39-La1Gym.jpeg","width":1280,"height":853},{"@type":"BreadcrumbList","@id":"https:\/\/deputadotaveirajr.com.br\/index.php\/confira-percurso-da-caravana-iluminada-de-natal-na-capital-potiguar\/#breadcrumb","itemListElement":[{"@type":"ListItem","position":1,"name":"In\u00edcio","item":"https:\/\/deputadotaveirajr.com.br\/"},{"@type":"ListItem","position":2,"name":"Confira percurso da caravana iluminada de Natal na capital potiguar"}]},{"@type":"WebSite","@id":"https:\/\/deputadotaveirajr.com.br\/#website","url":"https:\/\/deputadotaveirajr.com.br\/","name":"Taveira Jr","description":"Deputado Estadual","publisher":{"@id":"https:\/\/deputadotaveirajr.com.br\/#organization"},"potentialAction":[{"@type":"SearchAction","target":{"@type":"EntryPoint","urlTemplate":"https:\/\/deputadotaveirajr.com.br\/?s={search_term_string}"},"query-input":{"@type":"PropertyValueSpecification","valueRequired":true,"valueName":"search_term_string"}}],"inLanguage":"pt-BR"},{"@type":"Organization","@id":"https:\/\/deputadotaveirajr.com.br\/#organization","name":"Taveira Jr","url":"https:\/\/deputadotaveirajr.com.br\/","logo":{"@type":"ImageObject","inLanguage":"pt-BR","@id":"https:\/\/deputadotaveirajr.com.br\/#\/schema\/logo\/image\/","url":"https:\/\/deputadotaveirajr.com.br\/wp-content\/uploads\/2026\/01\/logolow2a.png","contentUrl":"https:\/\/deputadotaveirajr.com.br\/wp-content\/uploads\/2026\/01\/logolow2a.png","width":290,"height":80,"caption":"Taveira Jr"},"image":{"@id":"https:\/\/deputadotaveirajr.com.br\/#\/schema\/logo\/image\/"}}]}},"_links":{"self":[{"href":"https:\/\/deputadotaveirajr.com.br\/index.php\/wp-json\/wp\/v2\/pages\/11826","targetHints":{"allow":["GET"]}}],"collection":[{"href":"https:\/\/deputadotaveirajr.com.br\/index.php\/wp-json\/wp\/v2\/pages"}],"about":[{"href":"https:\/\/deputadotaveirajr.com.br\/index.php\/wp-json\/wp\/v2\/types\/page"}],"replies":[{"embeddable":true,"href":"https:\/\/deputadotaveirajr.com.br\/index.php\/wp-json\/wp\/v2\/comments?post=11826"}],"version-history":[{"count":0,"href":"https:\/\/deputadotaveirajr.com.br\/index.php\/wp-json\/wp\/v2\/pages\/11826\/revisions"}],"wp:featuredmedia":[{"embeddable":true,"href":"https:\/\/deputadotaveirajr.com.br\/index.php\/wp-json\/wp\/v2\/media\/11827"}],"wp:attachment":[{"href":"https:\/\/deputadotaveirajr.com.br\/index.php\/wp-json\/wp\/v2\/media?parent=11826"}],"curies":[{"name":"wp","href":"https:\/\/api.w.org\/{rel}","templated":true}]}}