{"id":11828,"date":"2024-12-20T16:55:34","date_gmt":"2024-12-20T19:55:34","guid":{"rendered":"https:\/\/deputadotaveirajr.com.br\/index.php\/justica-determina-que-governo-do-rn-pague-13o-salario-a-todos-os-servidores-em-dezembro\/"},"modified":"2024-12-20T16:55:34","modified_gmt":"2024-12-20T19:55:34","slug":"justica-determina-que-governo-do-rn-pague-13o-salario-a-todos-os-servidores-em-dezembro","status":"publish","type":"page","link":"https:\/\/deputadotaveirajr.com.br\/index.php\/justica-determina-que-governo-do-rn-pague-13o-salario-a-todos-os-servidores-em-dezembro\/","title":{"rendered":"Justi\u00e7a determina que governo do RN pague 13\u00ba sal\u00e1rio a todos os servidores em dezembro"},"content":{"rendered":"<p><img decoding=\"async\" src=\"https:\/\/s2-g1.glbimg.com\/O3_WfHPt0t8whx_nDcDE1ersiW0=\/i.s3.glbimg.com\/v1\/AUTH_59edd422c0c84a879bd37670ae4f538a\/internal_photos\/bs\/2021\/o\/H\/5g4oQMTwCSjjX7Abq0KA\/assecom-rn.jpg\" \/><br \/>     Desde que anunciou calend\u00e1rio de pagamento com previs\u00f5es at\u00e9 janeiro, governo do Estado tem sido alvo de a\u00e7\u00f5es de categorais para pagar gratifica\u00e7\u00e3o ainda em dezembro. Centro administrativo do Governo do Rio Grande do Norte em Natal RN<br \/>\nAssecom\/Governo do RN<br \/>\nA desembargadora Lourdes Azev\u00eado determinou nesta quinta-feira (20) que o governo do Rio Grande do Norte pague o 13\u00ba sal\u00e1rio de todos os servidores p\u00fablicos de \u00f3rg\u00e3os da Administra\u00e7\u00e3o Direta do Estado ainda no m\u00eas de dezembro.<br \/>\nA decis\u00e3o atendeu a um pedido do Sindicato dos Trabalhadores do Servi\u00e7o P\u00fablico da Administra\u00e7\u00e3o Direta do RN (Sinsp) e vale para efetivos, aposentados e pensionistas.<br \/>\n\ud83d\udcf3Participe do canal do g1 RN no WhatsApp<br \/>\nO governo havia anunciado um calend\u00e1rio de pagamentos que previa que servidores com sal\u00e1rios acima de R$ 4,2 mil receberiam apenas a partir de janeiro. Desde ent\u00e3o, categorias entraram na Justi\u00e7a contra a decis\u00e3o e pelo direito de receber a gratifica\u00e7\u00e3o ainda em dezembro.<br \/>\nA Justi\u00e7a concedeu decis\u00f5es favor\u00e1veis aos trabalhadores da educa\u00e7\u00e3o, da sa\u00fade e policiais civis &#8211; nesse \u00faltimo caso o governo recorreu e teve o recurso aceito, revertendo a decis\u00e3o.<br \/>\nO governo do RN informou que tem recorrido das decis\u00f5es de primeira inst\u00e2ncia e, em nota, defendeu que &#8220;defini\u00e7\u00e3o do pagamento do d\u00e9cimo terceiro sal\u00e1rio \u00e9 compet\u00eancia do Poder Executivo estadual, respeitando a disponibilidade de recursos e o fluxo financeiro di\u00e1rio&#8221;.<br \/>\nA nota citou ainda que &#8220;o referido calend\u00e1rio de pagamento foi previamente divulgado, sendo o mesmo de dom\u00ednio p\u00fablico, e ser\u00e1 inteiramente cumprido, como ocorreu em anos anteriores, desde que a governadora restabeleceu a regularidade e calend\u00e1rio de pagamento do funcionalismo p\u00fablico estadual&#8221;.<br \/>\nAt\u00e9 a atualiza\u00e7\u00e3o mais recente da reportagem, o governo n\u00e3o havia se manifestado sobre a decis\u00e3o da desembargadora, em 2\u00aa inst\u00e2ncia.<br \/>\nGoverno do RN e\u0301 notificado por conta de pagamento de de\u0301cimo terceiro sala\u0301rio<br \/>\nDecis\u00e3o<br \/>\nA nova decis\u00e3o determinou que, no prazo de 10 dias, o governo apresente as informa\u00e7\u00f5es necess\u00e1rias.<br \/>\nA desembargadora Lourdes Azev\u00eado citou no documento que \u201co pagamento tempestivo das verbas remunerat\u00f3rias, especialmente aquelas de natureza alimentar, constitui obriga\u00e7\u00e3o n\u00e3o apenas legal, mas tamb\u00e9m moral, por configurar elemento essencial \u00e0 estabilidade financeira e ao planejamento or\u00e7ament\u00e1rio dos servidores e de suas fam\u00edlias&#8221;.<br \/>\nNa decis\u00e3o, ela pontuou que &#8220;o atraso, al\u00e9m de gerar preju\u00edzos econ\u00f4micos, agrava a incerteza financeira, extrapolando o \u00e2mbito material para atingir o n\u00facleo existencial dos servidores\u201d.<br \/>\nEla acrescentou que o atraso &#8220;somente se justificaria em situa\u00e7\u00e3o de extrema gravidade, excepcional\u00edssima, devidamente comprovada, o que n\u00e3o corresponde ao caso dos autos&#8221;.  Portanto, segundo a decis\u00e3o, o dever de cumprir com o pagamento em dezembro \u00e9 &#8220;incontroverso&#8221;, segundo a decis\u00e3o.<br \/>\nCalend\u00e1rio do 13\u00ba<br \/>\nA governadora F\u00e1tima Bezerra (PT) anunciou no dia 11 de dezembro que o calend\u00e1rio de pagamento do 13\u00ba sal\u00e1rios dos servidores do estado.<br \/>\n&#8220;Mesmo diante das imensas dificuldades financeiras que o Estado tem enfrentado, especialmente com a redu\u00e7\u00e3o do ICMS, mais uma vez o Governo do Estado, trazendo seguran\u00e7a e previsibilidade, apresenta o calend\u00e1rio de pagamento do 13\u00ba&#8221;, postou a gestora nas redes sociais no dia.<br \/>\nO calend\u00e1rio de pagamento foi feito da seguinte forma:<br \/>\n20 de dezembro: Servidores ativos, aposentados, pensionistas que ganham at\u00e9 R$ 4.200 (bruto)<br \/>\n20 de dezembro: Empregados p\u00fablicos, regidos pela CLT<br \/>\n20 de dezembro: Servidores ativos que trabalham no DEI, DETRAN, IDEMA, IPEM, IPERN, JUCERN e ARSEP (que j\u00e1 receberam adiantamento em julho)<br \/>\n10 de janeiro de 2025: Demais servidores<br \/>\nV\u00eddeos mais assistidos do g1 RN<\/p>","protected":false},"excerpt":{"rendered":"<p>Desde que anunciou calend\u00e1rio de pagamento com previs\u00f5es at\u00e9 janeiro, governo do Estado tem sido alvo de a\u00e7\u00f5es de categorais para pagar gratifica\u00e7\u00e3o ainda em dezembro. Centro administrativo do Governo &#8230;<\/p>\n","protected":false},"author":0,"featured_media":11829,"parent":0,"menu_order":0,"comment_status":"closed","ping_status":"closed","template":"","meta":{"footnotes":""},"class_list":["post-11828","page","type-page","status-publish","has-post-thumbnail","hentry"],"yoast_head":"<!-- This site is optimized with the Yoast SEO plugin v27.1.1 - https:\/\/yoast.com\/product\/yoast-seo-wordpress\/ -->\n<title>Justi\u00e7a determina que governo do RN pague 13\u00ba sal\u00e1rio a todos os servidores em dezembro - Taveira Jr<\/title>\n<meta name=\"robots\" content=\"index, follow, max-snippet:-1, max-image-preview:large, max-video-preview:-1\" \/>\n<link rel=\"canonical\" href=\"https:\/\/deputadotaveirajr.com.br\/index.php\/justica-determina-que-governo-do-rn-pague-13o-salario-a-todos-os-servidores-em-dezembro\/\" \/>\n<meta property=\"og:locale\" content=\"pt_BR\" \/>\n<meta property=\"og:type\" content=\"article\" \/>\n<meta property=\"og:title\" content=\"Justi\u00e7a determina que governo do RN pague 13\u00ba sal\u00e1rio a todos os servidores em dezembro - Taveira Jr\" \/>\n<meta property=\"og:description\" content=\"Desde que anunciou calend\u00e1rio de pagamento com previs\u00f5es at\u00e9 janeiro, governo do Estado tem sido alvo de a\u00e7\u00f5es de categorais para pagar gratifica\u00e7\u00e3o ainda em dezembro. Centro administrativo do Governo ...\" \/>\n<meta property=\"og:url\" content=\"https:\/\/deputadotaveirajr.com.br\/index.php\/justica-determina-que-governo-do-rn-pague-13o-salario-a-todos-os-servidores-em-dezembro\/\" \/>\n<meta property=\"og:site_name\" content=\"Taveira Jr\" \/>\n<meta property=\"og:image\" content=\"https:\/\/s2-g1.glbimg.com\/O3_WfHPt0t8whx_nDcDE1ersiW0=\/i.s3.glbimg.com\/v1\/AUTH_59edd422c0c84a879bd37670ae4f538a\/internal_photos\/bs\/2021\/o\/H\/5g4oQMTwCSjjX7Abq0KA\/assecom-rn.jpg\" \/>\n<meta name=\"twitter:card\" content=\"summary_large_image\" \/>\n<meta name=\"twitter:label1\" content=\"Est. tempo de leitura\" \/>\n\t<meta name=\"twitter:data1\" content=\"3 minutos\" \/>\n<script type=\"application\/ld+json\" class=\"yoast-schema-graph\">{\"@context\":\"https:\/\/schema.org\",\"@graph\":[{\"@type\":\"WebPage\",\"@id\":\"https:\/\/deputadotaveirajr.com.br\/index.php\/justica-determina-que-governo-do-rn-pague-13o-salario-a-todos-os-servidores-em-dezembro\/\",\"url\":\"https:\/\/deputadotaveirajr.com.br\/index.php\/justica-determina-que-governo-do-rn-pague-13o-salario-a-todos-os-servidores-em-dezembro\/\",\"name\":\"Justi\u00e7a determina que governo do RN pague 13\u00ba sal\u00e1rio a todos os servidores em dezembro - Taveira Jr\",\"isPartOf\":{\"@id\":\"https:\/\/deputadotaveirajr.com.br\/#website\"},\"primaryImageOfPage\":{\"@id\":\"https:\/\/deputadotaveirajr.com.br\/index.php\/justica-determina-que-governo-do-rn-pague-13o-salario-a-todos-os-servidores-em-dezembro\/#primaryimage\"},\"image\":{\"@id\":\"https:\/\/deputadotaveirajr.com.br\/index.php\/justica-determina-que-governo-do-rn-pague-13o-salario-a-todos-os-servidores-em-dezembro\/#primaryimage\"},\"thumbnailUrl\":\"https:\/\/deputadotaveirajr.com.br\/wp-content\/uploads\/2024\/12\/assecom-rn-wGzPol.jpeg\",\"datePublished\":\"2024-12-20T19:55:34+00:00\",\"breadcrumb\":{\"@id\":\"https:\/\/deputadotaveirajr.com.br\/index.php\/justica-determina-que-governo-do-rn-pague-13o-salario-a-todos-os-servidores-em-dezembro\/#breadcrumb\"},\"inLanguage\":\"pt-BR\",\"potentialAction\":[{\"@type\":\"ReadAction\",\"target\":[\"https:\/\/deputadotaveirajr.com.br\/index.php\/justica-determina-que-governo-do-rn-pague-13o-salario-a-todos-os-servidores-em-dezembro\/\"]}]},{\"@type\":\"ImageObject\",\"inLanguage\":\"pt-BR\",\"@id\":\"https:\/\/deputadotaveirajr.com.br\/index.php\/justica-determina-que-governo-do-rn-pague-13o-salario-a-todos-os-servidores-em-dezembro\/#primaryimage\",\"url\":\"https:\/\/deputadotaveirajr.com.br\/wp-content\/uploads\/2024\/12\/assecom-rn-wGzPol.jpeg\",\"contentUrl\":\"https:\/\/deputadotaveirajr.com.br\/wp-content\/uploads\/2024\/12\/assecom-rn-wGzPol.jpeg\",\"width\":1280,\"height\":960},{\"@type\":\"BreadcrumbList\",\"@id\":\"https:\/\/deputadotaveirajr.com.br\/index.php\/justica-determina-que-governo-do-rn-pague-13o-salario-a-todos-os-servidores-em-dezembro\/#breadcrumb\",\"itemListElement\":[{\"@type\":\"ListItem\",\"position\":1,\"name\":\"In\u00edcio\",\"item\":\"https:\/\/deputadotaveirajr.com.br\/\"},{\"@type\":\"ListItem\",\"position\":2,\"name\":\"Justi\u00e7a determina que governo do RN pague 13\u00ba sal\u00e1rio a todos os servidores em dezembro\"}]},{\"@type\":\"WebSite\",\"@id\":\"https:\/\/deputadotaveirajr.com.br\/#website\",\"url\":\"https:\/\/deputadotaveirajr.com.br\/\",\"name\":\"Taveira Jr\",\"description\":\"Deputado Estadual\",\"publisher\":{\"@id\":\"https:\/\/deputadotaveirajr.com.br\/#organization\"},\"potentialAction\":[{\"@type\":\"SearchAction\",\"target\":{\"@type\":\"EntryPoint\",\"urlTemplate\":\"https:\/\/deputadotaveirajr.com.br\/?s={search_term_string}\"},\"query-input\":{\"@type\":\"PropertyValueSpecification\",\"valueRequired\":true,\"valueName\":\"search_term_string\"}}],\"inLanguage\":\"pt-BR\"},{\"@type\":\"Organization\",\"@id\":\"https:\/\/deputadotaveirajr.com.br\/#organization\",\"name\":\"Taveira Jr\",\"url\":\"https:\/\/deputadotaveirajr.com.br\/\",\"logo\":{\"@type\":\"ImageObject\",\"inLanguage\":\"pt-BR\",\"@id\":\"https:\/\/deputadotaveirajr.com.br\/#\/schema\/logo\/image\/\",\"url\":\"https:\/\/deputadotaveirajr.com.br\/wp-content\/uploads\/2026\/01\/logolow2a.png\",\"contentUrl\":\"https:\/\/deputadotaveirajr.com.br\/wp-content\/uploads\/2026\/01\/logolow2a.png\",\"width\":290,\"height\":80,\"caption\":\"Taveira Jr\"},\"image\":{\"@id\":\"https:\/\/deputadotaveirajr.com.br\/#\/schema\/logo\/image\/\"}}]}<\/script>\n<!-- \/ Yoast SEO plugin. -->","yoast_head_json":{"title":"Justi\u00e7a determina que governo do RN pague 13\u00ba sal\u00e1rio a todos os servidores em dezembro - Taveira Jr","robots":{"index":"index","follow":"follow","max-snippet":"max-snippet:-1","max-image-preview":"max-image-preview:large","max-video-preview":"max-video-preview:-1"},"canonical":"https:\/\/deputadotaveirajr.com.br\/index.php\/justica-determina-que-governo-do-rn-pague-13o-salario-a-todos-os-servidores-em-dezembro\/","og_locale":"pt_BR","og_type":"article","og_title":"Justi\u00e7a determina que governo do RN pague 13\u00ba sal\u00e1rio a todos os servidores em dezembro - Taveira Jr","og_description":"Desde que anunciou calend\u00e1rio de pagamento com previs\u00f5es at\u00e9 janeiro, governo do Estado tem sido alvo de a\u00e7\u00f5es de categorais para pagar gratifica\u00e7\u00e3o ainda em dezembro. Centro administrativo do Governo ...","og_url":"https:\/\/deputadotaveirajr.com.br\/index.php\/justica-determina-que-governo-do-rn-pague-13o-salario-a-todos-os-servidores-em-dezembro\/","og_site_name":"Taveira Jr","og_image":[{"url":"https:\/\/s2-g1.glbimg.com\/O3_WfHPt0t8whx_nDcDE1ersiW0=\/i.s3.glbimg.com\/v1\/AUTH_59edd422c0c84a879bd37670ae4f538a\/internal_photos\/bs\/2021\/o\/H\/5g4oQMTwCSjjX7Abq0KA\/assecom-rn.jpg","type":"","width":"","height":""}],"twitter_card":"summary_large_image","twitter_misc":{"Est. tempo de leitura":"3 minutos"},"schema":{"@context":"https:\/\/schema.org","@graph":[{"@type":"WebPage","@id":"https:\/\/deputadotaveirajr.com.br\/index.php\/justica-determina-que-governo-do-rn-pague-13o-salario-a-todos-os-servidores-em-dezembro\/","url":"https:\/\/deputadotaveirajr.com.br\/index.php\/justica-determina-que-governo-do-rn-pague-13o-salario-a-todos-os-servidores-em-dezembro\/","name":"Justi\u00e7a determina que governo do RN pague 13\u00ba sal\u00e1rio a todos os servidores em dezembro - Taveira Jr","isPartOf":{"@id":"https:\/\/deputadotaveirajr.com.br\/#website"},"primaryImageOfPage":{"@id":"https:\/\/deputadotaveirajr.com.br\/index.php\/justica-determina-que-governo-do-rn-pague-13o-salario-a-todos-os-servidores-em-dezembro\/#primaryimage"},"image":{"@id":"https:\/\/deputadotaveirajr.com.br\/index.php\/justica-determina-que-governo-do-rn-pague-13o-salario-a-todos-os-servidores-em-dezembro\/#primaryimage"},"thumbnailUrl":"https:\/\/deputadotaveirajr.com.br\/wp-content\/uploads\/2024\/12\/assecom-rn-wGzPol.jpeg","datePublished":"2024-12-20T19:55:34+00:00","breadcrumb":{"@id":"https:\/\/deputadotaveirajr.com.br\/index.php\/justica-determina-que-governo-do-rn-pague-13o-salario-a-todos-os-servidores-em-dezembro\/#breadcrumb"},"inLanguage":"pt-BR","potentialAction":[{"@type":"ReadAction","target":["https:\/\/deputadotaveirajr.com.br\/index.php\/justica-determina-que-governo-do-rn-pague-13o-salario-a-todos-os-servidores-em-dezembro\/"]}]},{"@type":"ImageObject","inLanguage":"pt-BR","@id":"https:\/\/deputadotaveirajr.com.br\/index.php\/justica-determina-que-governo-do-rn-pague-13o-salario-a-todos-os-servidores-em-dezembro\/#primaryimage","url":"https:\/\/deputadotaveirajr.com.br\/wp-content\/uploads\/2024\/12\/assecom-rn-wGzPol.jpeg","contentUrl":"https:\/\/deputadotaveirajr.com.br\/wp-content\/uploads\/2024\/12\/assecom-rn-wGzPol.jpeg","width":1280,"height":960},{"@type":"BreadcrumbList","@id":"https:\/\/deputadotaveirajr.com.br\/index.php\/justica-determina-que-governo-do-rn-pague-13o-salario-a-todos-os-servidores-em-dezembro\/#breadcrumb","itemListElement":[{"@type":"ListItem","position":1,"name":"In\u00edcio","item":"https:\/\/deputadotaveirajr.com.br\/"},{"@type":"ListItem","position":2,"name":"Justi\u00e7a determina que governo do RN pague 13\u00ba sal\u00e1rio a todos os servidores em dezembro"}]},{"@type":"WebSite","@id":"https:\/\/deputadotaveirajr.com.br\/#website","url":"https:\/\/deputadotaveirajr.com.br\/","name":"Taveira Jr","description":"Deputado Estadual","publisher":{"@id":"https:\/\/deputadotaveirajr.com.br\/#organization"},"potentialAction":[{"@type":"SearchAction","target":{"@type":"EntryPoint","urlTemplate":"https:\/\/deputadotaveirajr.com.br\/?s={search_term_string}"},"query-input":{"@type":"PropertyValueSpecification","valueRequired":true,"valueName":"search_term_string"}}],"inLanguage":"pt-BR"},{"@type":"Organization","@id":"https:\/\/deputadotaveirajr.com.br\/#organization","name":"Taveira Jr","url":"https:\/\/deputadotaveirajr.com.br\/","logo":{"@type":"ImageObject","inLanguage":"pt-BR","@id":"https:\/\/deputadotaveirajr.com.br\/#\/schema\/logo\/image\/","url":"https:\/\/deputadotaveirajr.com.br\/wp-content\/uploads\/2026\/01\/logolow2a.png","contentUrl":"https:\/\/deputadotaveirajr.com.br\/wp-content\/uploads\/2026\/01\/logolow2a.png","width":290,"height":80,"caption":"Taveira Jr"},"image":{"@id":"https:\/\/deputadotaveirajr.com.br\/#\/schema\/logo\/image\/"}}]}},"_links":{"self":[{"href":"https:\/\/deputadotaveirajr.com.br\/index.php\/wp-json\/wp\/v2\/pages\/11828","targetHints":{"allow":["GET"]}}],"collection":[{"href":"https:\/\/deputadotaveirajr.com.br\/index.php\/wp-json\/wp\/v2\/pages"}],"about":[{"href":"https:\/\/deputadotaveirajr.com.br\/index.php\/wp-json\/wp\/v2\/types\/page"}],"replies":[{"embeddable":true,"href":"https:\/\/deputadotaveirajr.com.br\/index.php\/wp-json\/wp\/v2\/comments?post=11828"}],"version-history":[{"count":0,"href":"https:\/\/deputadotaveirajr.com.br\/index.php\/wp-json\/wp\/v2\/pages\/11828\/revisions"}],"wp:featuredmedia":[{"embeddable":true,"href":"https:\/\/deputadotaveirajr.com.br\/index.php\/wp-json\/wp\/v2\/media\/11829"}],"wp:attachment":[{"href":"https:\/\/deputadotaveirajr.com.br\/index.php\/wp-json\/wp\/v2\/media?parent=11828"}],"curies":[{"name":"wp","href":"https:\/\/api.w.org\/{rel}","templated":true}]}}