{"id":11838,"date":"2024-12-21T12:27:31","date_gmt":"2024-12-21T15:27:31","guid":{"rendered":"https:\/\/deputadotaveirajr.com.br\/index.php\/video-chuva-de-granizo-surpreende-moradores-de-cidade-do-rn\/"},"modified":"2024-12-21T12:27:31","modified_gmt":"2024-12-21T15:27:31","slug":"video-chuva-de-granizo-surpreende-moradores-de-cidade-do-rn","status":"publish","type":"page","link":"https:\/\/deputadotaveirajr.com.br\/index.php\/video-chuva-de-granizo-surpreende-moradores-de-cidade-do-rn\/","title":{"rendered":"V\u00cdDEO: Chuva de granizo surpreende moradores de cidade do RN"},"content":{"rendered":"<p><img decoding=\"async\" src=\"https:\/\/s2-g1.glbimg.com\/A2DCvu1tMNKZHmykZLJnFj01spA=\/i.s3.glbimg.com\/v1\/AUTH_59edd422c0c84a879bd37670ae4f538a\/internal_photos\/bs\/2024\/k\/i\/nDExE0TU21gPdRc4jKVg\/imagem1.jpg\" \/><br \/>     Fen\u00f4meno ocorreu no fim da tarde desta sexta-feira (20) na zona rural de Apodi. Defesa Civil informou que nenhuma intercorr\u00eancia foi registrada por conta da chuva. Chuva de granizo surpreende moradores de Apodi<br \/>\nUma chuva de granizo na tarde desta sexta-feira (20) surpreendeu moradores da zona rural da cidade de Apodi, na Regi\u00e3o Oeste do Rio Grande do Norte. O fen\u00f4meno foi registrado em v\u00eddeo por algumas pessoas (veja acima).<br \/>\nA chuva inusitada come\u00e7ou por volta das 16h30, contou a agricultora Valqu\u00edria Fernandes, que \u00e9 moradora da regi\u00e3o. Ela disse que o fen\u00f4meno ocorreu acompanhado de ventos fortes.<br \/>\n\ud83d\udcf3Participe do canal do g1 RN no WhatsApp<br \/>\n&#8220;A chuva durou cerca de uma hora. Depois de uns 20 minutos veio um rel\u00e2mpago muito grande e, em seguida, come\u00e7amos a ouvir um barulho no telhado. Quando fomos olhar,percebemos que era granizo&#8221;, relatou.<br \/>\nA agricultora contou que foi a primeira vez que presenciou uma chuva desse tipo na regi\u00e3o. A curiosidade atraiu ela e outros moradores da regi\u00e3o para o lado de fora da casa.<br \/>\nA Defesa Civil de Apodi informou que a chuva de granizo, especificamente, durou cerca de 15 minutos e n\u00e3o registrou nenhuma intercorr\u00eancia relacionada ao fato. Segundo o \u00f3rg\u00e3o, nenhum dano estrutural foi causado e nenhuma pessoa ou animal foram feridos pela chuva.<br \/>\nChuva de granizo surpreendeu moradores de Apodi<br \/>\nReprodu\u00e7\u00e3o\/cedida<br \/>\nHist\u00f3rico recente<br \/>\nNo in\u00edcio do m\u00eas de dezembro, as cidades de Ipueira e Serra Negra do Norte tamb\u00e9m registraram chuvas de granizo.<br \/>\nO chefe do n\u00facleo de meteorologia da Empresa de Pesquisa Agropecu\u00e1ria do RN (Emparn), Gilmar Bristot, explicou na \u00e9poca que essa chuva \u00e9 mais comum em regi\u00f5es mais frias, mas pode ocorrer tamb\u00e9m no Nordeste.<br \/>\nSegundo ele, as pedras de granizo se formam em nuvens do tipo cumulonimbus, &#8220;que tem o desenvolvimento vertical bastante intenso, que consegue passar o n\u00edvel de congelamento, o n\u00edvel de 0 grau de temperatura na atmosfera&#8221;.<br \/>\nEle explicou que o n\u00edvel de congelamento \u00e9 muito elevado, ent\u00e3o &#8220;as nuvens precisam ter um desenvolvimento vertical muito intenso, \u00e0s vezes de 13 km, 14 km de altura&#8221;.<br \/>\n&#8220;Quando essa nuvem ultrapassa esse n\u00edvel, o de congelamento, as got\u00edculas de \u00e1gua, que tem um movimento veritcal dentro da nuvem, elas sobem e descem e se chocam umas com as outras pra ganhar peso e vencer a for\u00e7a da gravidade e precipitar, isso \u00e9 a chuva&#8230; Essas got\u00edculas dentro da nuvem s\u00e3o for\u00e7adas a subir e, quando ultrapassam esse n\u00edvel, elas congelam&#8221;.<br \/>\nChuva de granizo atinge cidades do RN<br \/>\nV\u00eddeos mais assistidos do g1 RN<\/p>","protected":false},"excerpt":{"rendered":"<p>Fen\u00f4meno ocorreu no fim da tarde desta sexta-feira (20) na zona rural de Apodi. Defesa Civil informou que nenhuma intercorr\u00eancia foi registrada por conta da chuva. Chuva de granizo surpreende &#8230;<\/p>\n","protected":false},"author":0,"featured_media":11839,"parent":0,"menu_order":0,"comment_status":"closed","ping_status":"closed","template":"","meta":{"footnotes":""},"class_list":["post-11838","page","type-page","status-publish","has-post-thumbnail","hentry"],"yoast_head":"<!-- This site is optimized with the Yoast SEO plugin v27.1.1 - https:\/\/yoast.com\/product\/yoast-seo-wordpress\/ -->\n<title>V\u00cdDEO: Chuva de granizo surpreende moradores de cidade do RN - Taveira Jr<\/title>\n<meta name=\"robots\" content=\"index, follow, max-snippet:-1, max-image-preview:large, max-video-preview:-1\" \/>\n<link rel=\"canonical\" href=\"https:\/\/deputadotaveirajr.com.br\/index.php\/video-chuva-de-granizo-surpreende-moradores-de-cidade-do-rn\/\" \/>\n<meta property=\"og:locale\" content=\"pt_BR\" \/>\n<meta property=\"og:type\" content=\"article\" \/>\n<meta property=\"og:title\" content=\"V\u00cdDEO: Chuva de granizo surpreende moradores de cidade do RN - Taveira Jr\" \/>\n<meta property=\"og:description\" content=\"Fen\u00f4meno ocorreu no fim da tarde desta sexta-feira (20) na zona rural de Apodi. Defesa Civil informou que nenhuma intercorr\u00eancia foi registrada por conta da chuva. Chuva de granizo surpreende ...\" \/>\n<meta property=\"og:url\" content=\"https:\/\/deputadotaveirajr.com.br\/index.php\/video-chuva-de-granizo-surpreende-moradores-de-cidade-do-rn\/\" \/>\n<meta property=\"og:site_name\" content=\"Taveira Jr\" \/>\n<meta property=\"og:image\" content=\"https:\/\/s2-g1.glbimg.com\/A2DCvu1tMNKZHmykZLJnFj01spA=\/i.s3.glbimg.com\/v1\/AUTH_59edd422c0c84a879bd37670ae4f538a\/internal_photos\/bs\/2024\/k\/i\/nDExE0TU21gPdRc4jKVg\/imagem1.jpg\" \/>\n<meta name=\"twitter:card\" content=\"summary_large_image\" \/>\n<meta name=\"twitter:label1\" content=\"Est. tempo de leitura\" \/>\n\t<meta name=\"twitter:data1\" content=\"2 minutos\" \/>\n<script type=\"application\/ld+json\" class=\"yoast-schema-graph\">{\"@context\":\"https:\/\/schema.org\",\"@graph\":[{\"@type\":\"WebPage\",\"@id\":\"https:\/\/deputadotaveirajr.com.br\/index.php\/video-chuva-de-granizo-surpreende-moradores-de-cidade-do-rn\/\",\"url\":\"https:\/\/deputadotaveirajr.com.br\/index.php\/video-chuva-de-granizo-surpreende-moradores-de-cidade-do-rn\/\",\"name\":\"V\u00cdDEO: Chuva de granizo surpreende moradores de cidade do RN - Taveira Jr\",\"isPartOf\":{\"@id\":\"https:\/\/deputadotaveirajr.com.br\/#website\"},\"primaryImageOfPage\":{\"@id\":\"https:\/\/deputadotaveirajr.com.br\/index.php\/video-chuva-de-granizo-surpreende-moradores-de-cidade-do-rn\/#primaryimage\"},\"image\":{\"@id\":\"https:\/\/deputadotaveirajr.com.br\/index.php\/video-chuva-de-granizo-surpreende-moradores-de-cidade-do-rn\/#primaryimage\"},\"thumbnailUrl\":\"https:\/\/deputadotaveirajr.com.br\/wp-content\/uploads\/2024\/12\/imagem1-tSBlST.jpeg\",\"datePublished\":\"2024-12-21T15:27:31+00:00\",\"breadcrumb\":{\"@id\":\"https:\/\/deputadotaveirajr.com.br\/index.php\/video-chuva-de-granizo-surpreende-moradores-de-cidade-do-rn\/#breadcrumb\"},\"inLanguage\":\"pt-BR\",\"potentialAction\":[{\"@type\":\"ReadAction\",\"target\":[\"https:\/\/deputadotaveirajr.com.br\/index.php\/video-chuva-de-granizo-surpreende-moradores-de-cidade-do-rn\/\"]}]},{\"@type\":\"ImageObject\",\"inLanguage\":\"pt-BR\",\"@id\":\"https:\/\/deputadotaveirajr.com.br\/index.php\/video-chuva-de-granizo-surpreende-moradores-de-cidade-do-rn\/#primaryimage\",\"url\":\"https:\/\/deputadotaveirajr.com.br\/wp-content\/uploads\/2024\/12\/imagem1-tSBlST.jpeg\",\"contentUrl\":\"https:\/\/deputadotaveirajr.com.br\/wp-content\/uploads\/2024\/12\/imagem1-tSBlST.jpeg\",\"width\":600,\"height\":642},{\"@type\":\"BreadcrumbList\",\"@id\":\"https:\/\/deputadotaveirajr.com.br\/index.php\/video-chuva-de-granizo-surpreende-moradores-de-cidade-do-rn\/#breadcrumb\",\"itemListElement\":[{\"@type\":\"ListItem\",\"position\":1,\"name\":\"In\u00edcio\",\"item\":\"https:\/\/deputadotaveirajr.com.br\/\"},{\"@type\":\"ListItem\",\"position\":2,\"name\":\"V\u00cdDEO: Chuva de granizo surpreende moradores de cidade do RN\"}]},{\"@type\":\"WebSite\",\"@id\":\"https:\/\/deputadotaveirajr.com.br\/#website\",\"url\":\"https:\/\/deputadotaveirajr.com.br\/\",\"name\":\"Taveira Jr\",\"description\":\"Deputado Estadual\",\"publisher\":{\"@id\":\"https:\/\/deputadotaveirajr.com.br\/#organization\"},\"potentialAction\":[{\"@type\":\"SearchAction\",\"target\":{\"@type\":\"EntryPoint\",\"urlTemplate\":\"https:\/\/deputadotaveirajr.com.br\/?s={search_term_string}\"},\"query-input\":{\"@type\":\"PropertyValueSpecification\",\"valueRequired\":true,\"valueName\":\"search_term_string\"}}],\"inLanguage\":\"pt-BR\"},{\"@type\":\"Organization\",\"@id\":\"https:\/\/deputadotaveirajr.com.br\/#organization\",\"name\":\"Taveira Jr\",\"url\":\"https:\/\/deputadotaveirajr.com.br\/\",\"logo\":{\"@type\":\"ImageObject\",\"inLanguage\":\"pt-BR\",\"@id\":\"https:\/\/deputadotaveirajr.com.br\/#\/schema\/logo\/image\/\",\"url\":\"https:\/\/deputadotaveirajr.com.br\/wp-content\/uploads\/2026\/01\/logolow2a.png\",\"contentUrl\":\"https:\/\/deputadotaveirajr.com.br\/wp-content\/uploads\/2026\/01\/logolow2a.png\",\"width\":290,\"height\":80,\"caption\":\"Taveira Jr\"},\"image\":{\"@id\":\"https:\/\/deputadotaveirajr.com.br\/#\/schema\/logo\/image\/\"}}]}<\/script>\n<!-- \/ Yoast SEO plugin. -->","yoast_head_json":{"title":"V\u00cdDEO: Chuva de granizo surpreende moradores de cidade do RN - Taveira Jr","robots":{"index":"index","follow":"follow","max-snippet":"max-snippet:-1","max-image-preview":"max-image-preview:large","max-video-preview":"max-video-preview:-1"},"canonical":"https:\/\/deputadotaveirajr.com.br\/index.php\/video-chuva-de-granizo-surpreende-moradores-de-cidade-do-rn\/","og_locale":"pt_BR","og_type":"article","og_title":"V\u00cdDEO: Chuva de granizo surpreende moradores de cidade do RN - Taveira Jr","og_description":"Fen\u00f4meno ocorreu no fim da tarde desta sexta-feira (20) na zona rural de Apodi. Defesa Civil informou que nenhuma intercorr\u00eancia foi registrada por conta da chuva. Chuva de granizo surpreende ...","og_url":"https:\/\/deputadotaveirajr.com.br\/index.php\/video-chuva-de-granizo-surpreende-moradores-de-cidade-do-rn\/","og_site_name":"Taveira Jr","og_image":[{"url":"https:\/\/s2-g1.glbimg.com\/A2DCvu1tMNKZHmykZLJnFj01spA=\/i.s3.glbimg.com\/v1\/AUTH_59edd422c0c84a879bd37670ae4f538a\/internal_photos\/bs\/2024\/k\/i\/nDExE0TU21gPdRc4jKVg\/imagem1.jpg","type":"","width":"","height":""}],"twitter_card":"summary_large_image","twitter_misc":{"Est. tempo de leitura":"2 minutos"},"schema":{"@context":"https:\/\/schema.org","@graph":[{"@type":"WebPage","@id":"https:\/\/deputadotaveirajr.com.br\/index.php\/video-chuva-de-granizo-surpreende-moradores-de-cidade-do-rn\/","url":"https:\/\/deputadotaveirajr.com.br\/index.php\/video-chuva-de-granizo-surpreende-moradores-de-cidade-do-rn\/","name":"V\u00cdDEO: Chuva de granizo surpreende moradores de cidade do RN - Taveira Jr","isPartOf":{"@id":"https:\/\/deputadotaveirajr.com.br\/#website"},"primaryImageOfPage":{"@id":"https:\/\/deputadotaveirajr.com.br\/index.php\/video-chuva-de-granizo-surpreende-moradores-de-cidade-do-rn\/#primaryimage"},"image":{"@id":"https:\/\/deputadotaveirajr.com.br\/index.php\/video-chuva-de-granizo-surpreende-moradores-de-cidade-do-rn\/#primaryimage"},"thumbnailUrl":"https:\/\/deputadotaveirajr.com.br\/wp-content\/uploads\/2024\/12\/imagem1-tSBlST.jpeg","datePublished":"2024-12-21T15:27:31+00:00","breadcrumb":{"@id":"https:\/\/deputadotaveirajr.com.br\/index.php\/video-chuva-de-granizo-surpreende-moradores-de-cidade-do-rn\/#breadcrumb"},"inLanguage":"pt-BR","potentialAction":[{"@type":"ReadAction","target":["https:\/\/deputadotaveirajr.com.br\/index.php\/video-chuva-de-granizo-surpreende-moradores-de-cidade-do-rn\/"]}]},{"@type":"ImageObject","inLanguage":"pt-BR","@id":"https:\/\/deputadotaveirajr.com.br\/index.php\/video-chuva-de-granizo-surpreende-moradores-de-cidade-do-rn\/#primaryimage","url":"https:\/\/deputadotaveirajr.com.br\/wp-content\/uploads\/2024\/12\/imagem1-tSBlST.jpeg","contentUrl":"https:\/\/deputadotaveirajr.com.br\/wp-content\/uploads\/2024\/12\/imagem1-tSBlST.jpeg","width":600,"height":642},{"@type":"BreadcrumbList","@id":"https:\/\/deputadotaveirajr.com.br\/index.php\/video-chuva-de-granizo-surpreende-moradores-de-cidade-do-rn\/#breadcrumb","itemListElement":[{"@type":"ListItem","position":1,"name":"In\u00edcio","item":"https:\/\/deputadotaveirajr.com.br\/"},{"@type":"ListItem","position":2,"name":"V\u00cdDEO: Chuva de granizo surpreende moradores de cidade do RN"}]},{"@type":"WebSite","@id":"https:\/\/deputadotaveirajr.com.br\/#website","url":"https:\/\/deputadotaveirajr.com.br\/","name":"Taveira Jr","description":"Deputado Estadual","publisher":{"@id":"https:\/\/deputadotaveirajr.com.br\/#organization"},"potentialAction":[{"@type":"SearchAction","target":{"@type":"EntryPoint","urlTemplate":"https:\/\/deputadotaveirajr.com.br\/?s={search_term_string}"},"query-input":{"@type":"PropertyValueSpecification","valueRequired":true,"valueName":"search_term_string"}}],"inLanguage":"pt-BR"},{"@type":"Organization","@id":"https:\/\/deputadotaveirajr.com.br\/#organization","name":"Taveira Jr","url":"https:\/\/deputadotaveirajr.com.br\/","logo":{"@type":"ImageObject","inLanguage":"pt-BR","@id":"https:\/\/deputadotaveirajr.com.br\/#\/schema\/logo\/image\/","url":"https:\/\/deputadotaveirajr.com.br\/wp-content\/uploads\/2026\/01\/logolow2a.png","contentUrl":"https:\/\/deputadotaveirajr.com.br\/wp-content\/uploads\/2026\/01\/logolow2a.png","width":290,"height":80,"caption":"Taveira Jr"},"image":{"@id":"https:\/\/deputadotaveirajr.com.br\/#\/schema\/logo\/image\/"}}]}},"_links":{"self":[{"href":"https:\/\/deputadotaveirajr.com.br\/index.php\/wp-json\/wp\/v2\/pages\/11838","targetHints":{"allow":["GET"]}}],"collection":[{"href":"https:\/\/deputadotaveirajr.com.br\/index.php\/wp-json\/wp\/v2\/pages"}],"about":[{"href":"https:\/\/deputadotaveirajr.com.br\/index.php\/wp-json\/wp\/v2\/types\/page"}],"replies":[{"embeddable":true,"href":"https:\/\/deputadotaveirajr.com.br\/index.php\/wp-json\/wp\/v2\/comments?post=11838"}],"version-history":[{"count":0,"href":"https:\/\/deputadotaveirajr.com.br\/index.php\/wp-json\/wp\/v2\/pages\/11838\/revisions"}],"wp:featuredmedia":[{"embeddable":true,"href":"https:\/\/deputadotaveirajr.com.br\/index.php\/wp-json\/wp\/v2\/media\/11839"}],"wp:attachment":[{"href":"https:\/\/deputadotaveirajr.com.br\/index.php\/wp-json\/wp\/v2\/media?parent=11838"}],"curies":[{"name":"wp","href":"https:\/\/api.w.org\/{rel}","templated":true}]}}