{"id":11862,"date":"2024-12-23T12:44:26","date_gmt":"2024-12-23T15:44:26","guid":{"rendered":"https:\/\/deputadotaveirajr.com.br\/index.php\/sobe-para-5-numero-de-mortos-em-acidente-na-br-226-em-bom-jesus\/"},"modified":"2024-12-23T12:44:26","modified_gmt":"2024-12-23T15:44:26","slug":"sobe-para-5-numero-de-mortos-em-acidente-na-br-226-em-bom-jesus","status":"publish","type":"page","link":"https:\/\/deputadotaveirajr.com.br\/index.php\/sobe-para-5-numero-de-mortos-em-acidente-na-br-226-em-bom-jesus\/","title":{"rendered":"Sobe para 5 n\u00famero de mortos em acidente na BR-226 em Bom Jesus"},"content":{"rendered":"<p><img decoding=\"async\" src=\"https:\/\/s2-g1.glbimg.com\/-ybk1VAkgt_Pfo12QdJ8-ETKxy0=\/i.s3.glbimg.com\/v1\/AUTH_59edd422c0c84a879bd37670ae4f538a\/internal_photos\/bs\/2024\/0\/v\/AWavAPST2tBEMkMAYR2Q\/whatsapp-image-2024-12-22-at-10.23.37.jpeg\" \/><br \/>     Tr\u00eas pessoas morreram na hora e outras duas chegaram a ser socorridas, mas morreram no hospital, segundo PRF. Colis\u00e3o aconteceu na manh\u00e3 deste domingo (22). Colis\u00e3o frontal na BR-226 deixa tr\u00eas mortos em Bom Jesus &#8211; V\u00eddeo: Cedido<br \/>\nSubiu para cinco o n\u00famero de pessoas mortas no acidente ocorrido no domingo (22) na BR-226, em Bom Jesus, regi\u00e3o agreste do Rio Grande do Norte.<br \/>\nA colis\u00e3o frontal envolveu dois ve\u00edculos Chevrolet Celta e ocorreu por volta das 6h50 no km 52 da via, segundo a Pol\u00edcia Rodovi\u00e1ria Federal (PRF).<br \/>\n\ud83d\udcf3Participe do canal do g1 RN no WhatsApp<br \/>\nTr\u00eas pessoas morreram logo ap\u00f3s o acidente, segundo a PRF. Horas depois, no pr\u00f3prio domingo, a PRF informou que o n\u00famero havia aumentado para quatro, com uma das v\u00edtimas que havia sido socorrida.<br \/>\nNesta segunda-feira, mais uma v\u00edtima &#8211; Francisco Valdeir Teixeira, de 50 anos &#8211; foi confirmada pelo \u00f3rg\u00e3o, totalizando cinco mortos. Ele estava internado no Hospital Monsenhor Walfredo Gurgel, em Natal.<br \/>\nAs v\u00edtimas foram:<br \/>\nCarro vermelho<br \/>\nMaria das Gra\u00e7as Barbosa dos Santos, de 58 anos (morreu na hora)<br \/>\nFrancisco Valdeir Teixeira, de 50 anos (levado pelo Samu, morreu no hospital)<br \/>\nCarro cinza<br \/>\nFrancisco Aparecido da Silva, de 43 anos (morreu na hora)<br \/>\nJo\u00e3o Guilherme Lima Rodrigues de Azevedo, de 15 anos (morreu na hora)<br \/>\nDionete Rodrigues de Azevedo, 42 anos (morreu no hospital)<br \/>\nO trecho onde ocorreu o acidente fica entre os munic\u00edpios de Bom Jesus e Senador Eloy de Souza. Os dois ve\u00edculos colidiram de frente.<br \/>\nAl\u00e9m da PRF, Corpo de Bombeiros, Servi\u00e7o de Atendimento M\u00f3vel de Urg\u00eancia (SAMU), Instituto T\u00e9cnico-Cient\u00edfico de Per\u00edcia (ITEP) e Pol\u00edcia Civil foram acionadas para atender \u00e0 ocorr\u00eancia.  A rodovia foi parcialmente interditada no dia.<br \/>\nAcidente aconteceu na BR-226, em Bom Jesus<br \/>\nCedida<br \/>\nVideos mais assistidos do g1 RN<\/p>","protected":false},"excerpt":{"rendered":"<p>Tr\u00eas pessoas morreram na hora e outras duas chegaram a ser socorridas, mas morreram no hospital, segundo PRF. Colis\u00e3o aconteceu na manh\u00e3 deste domingo (22). Colis\u00e3o frontal na BR-226 deixa &#8230;<\/p>\n","protected":false},"author":0,"featured_media":11863,"parent":0,"menu_order":0,"comment_status":"closed","ping_status":"closed","template":"","meta":{"footnotes":""},"class_list":["post-11862","page","type-page","status-publish","has-post-thumbnail","hentry"],"yoast_head":"<!-- This site is optimized with the Yoast SEO plugin v27.1.1 - https:\/\/yoast.com\/product\/yoast-seo-wordpress\/ -->\n<title>Sobe para 5 n\u00famero de mortos em acidente na BR-226 em Bom Jesus - Taveira Jr<\/title>\n<meta name=\"robots\" content=\"index, follow, max-snippet:-1, max-image-preview:large, max-video-preview:-1\" \/>\n<link rel=\"canonical\" href=\"https:\/\/deputadotaveirajr.com.br\/index.php\/sobe-para-5-numero-de-mortos-em-acidente-na-br-226-em-bom-jesus\/\" \/>\n<meta property=\"og:locale\" content=\"pt_BR\" \/>\n<meta property=\"og:type\" content=\"article\" \/>\n<meta property=\"og:title\" content=\"Sobe para 5 n\u00famero de mortos em acidente na BR-226 em Bom Jesus - Taveira Jr\" \/>\n<meta property=\"og:description\" content=\"Tr\u00eas pessoas morreram na hora e outras duas chegaram a ser socorridas, mas morreram no hospital, segundo PRF. Colis\u00e3o aconteceu na manh\u00e3 deste domingo (22). Colis\u00e3o frontal na BR-226 deixa ...\" \/>\n<meta property=\"og:url\" content=\"https:\/\/deputadotaveirajr.com.br\/index.php\/sobe-para-5-numero-de-mortos-em-acidente-na-br-226-em-bom-jesus\/\" \/>\n<meta property=\"og:site_name\" content=\"Taveira Jr\" \/>\n<meta property=\"og:image\" content=\"https:\/\/s2-g1.glbimg.com\/-ybk1VAkgt_Pfo12QdJ8-ETKxy0=\/i.s3.glbimg.com\/v1\/AUTH_59edd422c0c84a879bd37670ae4f538a\/internal_photos\/bs\/2024\/0\/v\/AWavAPST2tBEMkMAYR2Q\/whatsapp-image-2024-12-22-at-10.23.37.jpeg\" \/>\n<meta name=\"twitter:card\" content=\"summary_large_image\" \/>\n<meta name=\"twitter:label1\" content=\"Est. tempo de leitura\" \/>\n\t<meta name=\"twitter:data1\" content=\"2 minutos\" \/>\n<script type=\"application\/ld+json\" class=\"yoast-schema-graph\">{\"@context\":\"https:\/\/schema.org\",\"@graph\":[{\"@type\":\"WebPage\",\"@id\":\"https:\/\/deputadotaveirajr.com.br\/index.php\/sobe-para-5-numero-de-mortos-em-acidente-na-br-226-em-bom-jesus\/\",\"url\":\"https:\/\/deputadotaveirajr.com.br\/index.php\/sobe-para-5-numero-de-mortos-em-acidente-na-br-226-em-bom-jesus\/\",\"name\":\"Sobe para 5 n\u00famero de mortos em acidente na BR-226 em Bom Jesus - Taveira Jr\",\"isPartOf\":{\"@id\":\"https:\/\/deputadotaveirajr.com.br\/#website\"},\"primaryImageOfPage\":{\"@id\":\"https:\/\/deputadotaveirajr.com.br\/index.php\/sobe-para-5-numero-de-mortos-em-acidente-na-br-226-em-bom-jesus\/#primaryimage\"},\"image\":{\"@id\":\"https:\/\/deputadotaveirajr.com.br\/index.php\/sobe-para-5-numero-de-mortos-em-acidente-na-br-226-em-bom-jesus\/#primaryimage\"},\"thumbnailUrl\":\"https:\/\/deputadotaveirajr.com.br\/wp-content\/uploads\/2024\/12\/whatsapp-image-2024-12-22-at-10.23.37-Scp3X2.jpeg\",\"datePublished\":\"2024-12-23T15:44:26+00:00\",\"breadcrumb\":{\"@id\":\"https:\/\/deputadotaveirajr.com.br\/index.php\/sobe-para-5-numero-de-mortos-em-acidente-na-br-226-em-bom-jesus\/#breadcrumb\"},\"inLanguage\":\"pt-BR\",\"potentialAction\":[{\"@type\":\"ReadAction\",\"target\":[\"https:\/\/deputadotaveirajr.com.br\/index.php\/sobe-para-5-numero-de-mortos-em-acidente-na-br-226-em-bom-jesus\/\"]}]},{\"@type\":\"ImageObject\",\"inLanguage\":\"pt-BR\",\"@id\":\"https:\/\/deputadotaveirajr.com.br\/index.php\/sobe-para-5-numero-de-mortos-em-acidente-na-br-226-em-bom-jesus\/#primaryimage\",\"url\":\"https:\/\/deputadotaveirajr.com.br\/wp-content\/uploads\/2024\/12\/whatsapp-image-2024-12-22-at-10.23.37-Scp3X2.jpeg\",\"contentUrl\":\"https:\/\/deputadotaveirajr.com.br\/wp-content\/uploads\/2024\/12\/whatsapp-image-2024-12-22-at-10.23.37-Scp3X2.jpeg\",\"width\":1280,\"height\":720},{\"@type\":\"BreadcrumbList\",\"@id\":\"https:\/\/deputadotaveirajr.com.br\/index.php\/sobe-para-5-numero-de-mortos-em-acidente-na-br-226-em-bom-jesus\/#breadcrumb\",\"itemListElement\":[{\"@type\":\"ListItem\",\"position\":1,\"name\":\"In\u00edcio\",\"item\":\"https:\/\/deputadotaveirajr.com.br\/\"},{\"@type\":\"ListItem\",\"position\":2,\"name\":\"Sobe para 5 n\u00famero de mortos em acidente na BR-226 em Bom Jesus\"}]},{\"@type\":\"WebSite\",\"@id\":\"https:\/\/deputadotaveirajr.com.br\/#website\",\"url\":\"https:\/\/deputadotaveirajr.com.br\/\",\"name\":\"Taveira Jr\",\"description\":\"Deputado Estadual\",\"publisher\":{\"@id\":\"https:\/\/deputadotaveirajr.com.br\/#organization\"},\"potentialAction\":[{\"@type\":\"SearchAction\",\"target\":{\"@type\":\"EntryPoint\",\"urlTemplate\":\"https:\/\/deputadotaveirajr.com.br\/?s={search_term_string}\"},\"query-input\":{\"@type\":\"PropertyValueSpecification\",\"valueRequired\":true,\"valueName\":\"search_term_string\"}}],\"inLanguage\":\"pt-BR\"},{\"@type\":\"Organization\",\"@id\":\"https:\/\/deputadotaveirajr.com.br\/#organization\",\"name\":\"Taveira Jr\",\"url\":\"https:\/\/deputadotaveirajr.com.br\/\",\"logo\":{\"@type\":\"ImageObject\",\"inLanguage\":\"pt-BR\",\"@id\":\"https:\/\/deputadotaveirajr.com.br\/#\/schema\/logo\/image\/\",\"url\":\"https:\/\/deputadotaveirajr.com.br\/wp-content\/uploads\/2026\/01\/logolow2a.png\",\"contentUrl\":\"https:\/\/deputadotaveirajr.com.br\/wp-content\/uploads\/2026\/01\/logolow2a.png\",\"width\":290,\"height\":80,\"caption\":\"Taveira Jr\"},\"image\":{\"@id\":\"https:\/\/deputadotaveirajr.com.br\/#\/schema\/logo\/image\/\"}}]}<\/script>\n<!-- \/ Yoast SEO plugin. -->","yoast_head_json":{"title":"Sobe para 5 n\u00famero de mortos em acidente na BR-226 em Bom Jesus - Taveira Jr","robots":{"index":"index","follow":"follow","max-snippet":"max-snippet:-1","max-image-preview":"max-image-preview:large","max-video-preview":"max-video-preview:-1"},"canonical":"https:\/\/deputadotaveirajr.com.br\/index.php\/sobe-para-5-numero-de-mortos-em-acidente-na-br-226-em-bom-jesus\/","og_locale":"pt_BR","og_type":"article","og_title":"Sobe para 5 n\u00famero de mortos em acidente na BR-226 em Bom Jesus - Taveira Jr","og_description":"Tr\u00eas pessoas morreram na hora e outras duas chegaram a ser socorridas, mas morreram no hospital, segundo PRF. Colis\u00e3o aconteceu na manh\u00e3 deste domingo (22). Colis\u00e3o frontal na BR-226 deixa ...","og_url":"https:\/\/deputadotaveirajr.com.br\/index.php\/sobe-para-5-numero-de-mortos-em-acidente-na-br-226-em-bom-jesus\/","og_site_name":"Taveira Jr","og_image":[{"url":"https:\/\/s2-g1.glbimg.com\/-ybk1VAkgt_Pfo12QdJ8-ETKxy0=\/i.s3.glbimg.com\/v1\/AUTH_59edd422c0c84a879bd37670ae4f538a\/internal_photos\/bs\/2024\/0\/v\/AWavAPST2tBEMkMAYR2Q\/whatsapp-image-2024-12-22-at-10.23.37.jpeg","type":"","width":"","height":""}],"twitter_card":"summary_large_image","twitter_misc":{"Est. tempo de leitura":"2 minutos"},"schema":{"@context":"https:\/\/schema.org","@graph":[{"@type":"WebPage","@id":"https:\/\/deputadotaveirajr.com.br\/index.php\/sobe-para-5-numero-de-mortos-em-acidente-na-br-226-em-bom-jesus\/","url":"https:\/\/deputadotaveirajr.com.br\/index.php\/sobe-para-5-numero-de-mortos-em-acidente-na-br-226-em-bom-jesus\/","name":"Sobe para 5 n\u00famero de mortos em acidente na BR-226 em Bom Jesus - Taveira Jr","isPartOf":{"@id":"https:\/\/deputadotaveirajr.com.br\/#website"},"primaryImageOfPage":{"@id":"https:\/\/deputadotaveirajr.com.br\/index.php\/sobe-para-5-numero-de-mortos-em-acidente-na-br-226-em-bom-jesus\/#primaryimage"},"image":{"@id":"https:\/\/deputadotaveirajr.com.br\/index.php\/sobe-para-5-numero-de-mortos-em-acidente-na-br-226-em-bom-jesus\/#primaryimage"},"thumbnailUrl":"https:\/\/deputadotaveirajr.com.br\/wp-content\/uploads\/2024\/12\/whatsapp-image-2024-12-22-at-10.23.37-Scp3X2.jpeg","datePublished":"2024-12-23T15:44:26+00:00","breadcrumb":{"@id":"https:\/\/deputadotaveirajr.com.br\/index.php\/sobe-para-5-numero-de-mortos-em-acidente-na-br-226-em-bom-jesus\/#breadcrumb"},"inLanguage":"pt-BR","potentialAction":[{"@type":"ReadAction","target":["https:\/\/deputadotaveirajr.com.br\/index.php\/sobe-para-5-numero-de-mortos-em-acidente-na-br-226-em-bom-jesus\/"]}]},{"@type":"ImageObject","inLanguage":"pt-BR","@id":"https:\/\/deputadotaveirajr.com.br\/index.php\/sobe-para-5-numero-de-mortos-em-acidente-na-br-226-em-bom-jesus\/#primaryimage","url":"https:\/\/deputadotaveirajr.com.br\/wp-content\/uploads\/2024\/12\/whatsapp-image-2024-12-22-at-10.23.37-Scp3X2.jpeg","contentUrl":"https:\/\/deputadotaveirajr.com.br\/wp-content\/uploads\/2024\/12\/whatsapp-image-2024-12-22-at-10.23.37-Scp3X2.jpeg","width":1280,"height":720},{"@type":"BreadcrumbList","@id":"https:\/\/deputadotaveirajr.com.br\/index.php\/sobe-para-5-numero-de-mortos-em-acidente-na-br-226-em-bom-jesus\/#breadcrumb","itemListElement":[{"@type":"ListItem","position":1,"name":"In\u00edcio","item":"https:\/\/deputadotaveirajr.com.br\/"},{"@type":"ListItem","position":2,"name":"Sobe para 5 n\u00famero de mortos em acidente na BR-226 em Bom Jesus"}]},{"@type":"WebSite","@id":"https:\/\/deputadotaveirajr.com.br\/#website","url":"https:\/\/deputadotaveirajr.com.br\/","name":"Taveira Jr","description":"Deputado Estadual","publisher":{"@id":"https:\/\/deputadotaveirajr.com.br\/#organization"},"potentialAction":[{"@type":"SearchAction","target":{"@type":"EntryPoint","urlTemplate":"https:\/\/deputadotaveirajr.com.br\/?s={search_term_string}"},"query-input":{"@type":"PropertyValueSpecification","valueRequired":true,"valueName":"search_term_string"}}],"inLanguage":"pt-BR"},{"@type":"Organization","@id":"https:\/\/deputadotaveirajr.com.br\/#organization","name":"Taveira Jr","url":"https:\/\/deputadotaveirajr.com.br\/","logo":{"@type":"ImageObject","inLanguage":"pt-BR","@id":"https:\/\/deputadotaveirajr.com.br\/#\/schema\/logo\/image\/","url":"https:\/\/deputadotaveirajr.com.br\/wp-content\/uploads\/2026\/01\/logolow2a.png","contentUrl":"https:\/\/deputadotaveirajr.com.br\/wp-content\/uploads\/2026\/01\/logolow2a.png","width":290,"height":80,"caption":"Taveira Jr"},"image":{"@id":"https:\/\/deputadotaveirajr.com.br\/#\/schema\/logo\/image\/"}}]}},"_links":{"self":[{"href":"https:\/\/deputadotaveirajr.com.br\/index.php\/wp-json\/wp\/v2\/pages\/11862","targetHints":{"allow":["GET"]}}],"collection":[{"href":"https:\/\/deputadotaveirajr.com.br\/index.php\/wp-json\/wp\/v2\/pages"}],"about":[{"href":"https:\/\/deputadotaveirajr.com.br\/index.php\/wp-json\/wp\/v2\/types\/page"}],"replies":[{"embeddable":true,"href":"https:\/\/deputadotaveirajr.com.br\/index.php\/wp-json\/wp\/v2\/comments?post=11862"}],"version-history":[{"count":0,"href":"https:\/\/deputadotaveirajr.com.br\/index.php\/wp-json\/wp\/v2\/pages\/11862\/revisions"}],"wp:featuredmedia":[{"embeddable":true,"href":"https:\/\/deputadotaveirajr.com.br\/index.php\/wp-json\/wp\/v2\/media\/11863"}],"wp:attachment":[{"href":"https:\/\/deputadotaveirajr.com.br\/index.php\/wp-json\/wp\/v2\/media?parent=11862"}],"curies":[{"name":"wp","href":"https:\/\/api.w.org\/{rel}","templated":true}]}}