{"id":11880,"date":"2024-12-26T16:14:29","date_gmt":"2024-12-26T19:14:29","guid":{"rendered":"https:\/\/deputadotaveirajr.com.br\/index.php\/procon-escolas-privadas-de-natal-preveem-aumento-medio-de-ate-9-em-mensalidade-para-2025\/"},"modified":"2024-12-26T16:14:29","modified_gmt":"2024-12-26T19:14:29","slug":"procon-escolas-privadas-de-natal-preveem-aumento-medio-de-ate-9-em-mensalidade-para-2025","status":"publish","type":"page","link":"https:\/\/deputadotaveirajr.com.br\/index.php\/procon-escolas-privadas-de-natal-preveem-aumento-medio-de-ate-9-em-mensalidade-para-2025\/","title":{"rendered":"Procon: escolas privadas de Natal preveem aumento m\u00e9dio de at\u00e9 9% em mensalidade para 2025"},"content":{"rendered":"<p><img decoding=\"async\" src=\"https:\/\/s2-g1.glbimg.com\/tsj8HW72NIcJE03zIaSKLfKokmg=\/i.s3.glbimg.com\/v1\/AUTH_59edd422c0c84a879bd37670ae4f538a\/internal_photos\/bs\/2021\/u\/B\/QvQT06SXWRQwqSZVhXEw\/10052012professoresmarcossantos008.jpg\" \/><br \/>     Regi\u00f5es Leste e Sul concentram escolas com as maiores mensalidades, enquanto as regi\u00f5es Oeste e Norte apresentam os menores valores. Pesquisa foi feita em 30 escolas. Giz e lousa em sala de aula<br \/>\nMarcos Santos\/USP Imagens<br \/>\nAs escolas privadas de Natal preveem um aumento de at\u00e9 9% no pre\u00e7o da mensalidade para o ano de 2025. \u00c9 o que aponta uma pesquisa divulgada nesta quinta-feira (26) pelo Instituto de Prote\u00e7\u00e3o e Defesa do Consumidor (Procon Natal).<br \/>\nOs aumentos s\u00e3o diferentes para os n\u00edveis. Para o ensino m\u00e9dio, por exemplo, o reajuste m\u00e9dio previsto \u00e9 de 8,71%. Para educa\u00e7\u00e3o infantil e para os n\u00edveis fundamental I e II, foi registrado um acr\u00e9scimo de 9,25%.  (Veja os valores mais abaixo).<br \/>\n\ud83d\udcf3Participe do canal do g1 RN no WhatsApp<br \/>\nSegundo o Procon, os percentuais foram calculados com base na m\u00e9dia das varia\u00e7\u00f5es anuais, e aproximadamente 60% das escolas pesquisadas aplicaram reajustes acima dessa m\u00e9dia.<br \/>\nOs valores previstos de reajuste de cada pesquisa constam no site do Procon e podem se acessados por AQUI.<br \/>\nSegundo o Procon, as regi\u00f5es Leste e Sul concentram as escolas com as maiores mensalidades, enquanto as regi\u00f5es Oeste e Norte apresentam os menores valores.<br \/>\nPesquisa<br \/>\nA pesquisa foi feita em 30 escolas &#8211; tendo sido escolhidas as maiores e mais tradicionais, distribu\u00eddas pelas quatro regi\u00f5es de Natal. O levantamento foi realizado entre os dias 23 e 29 de novembro.<br \/>\n\ud83d\udd0e O Procon considerou apenas os valores das mensalidades, sem descontos aplicados, e para um turno principal. Algumas escolas oferecem pre\u00e7os diferenciados para turnos matutino e vespertino, como tamb\u00e9m descontos para irm\u00e3os matriculados, por exemplo.<br \/>\nM\u00e9dia de valores<br \/>\nO Procon identificou grande varia\u00e7\u00e3o nos valores das mensalidades, &#8220;refletindo o padr\u00e3o e a metodologia de ensino de cada escola&#8221;.<br \/>\nEduca\u00e7\u00e3o Infantil: m\u00e9dia de mensalidade de R$ 1.188,36 (50% das escolas praticam pre\u00e7os abaixo dessa m\u00e9dia).<br \/>\nEnsino Fundamental I: m\u00e9dia de mensalidade de R$ 1.249,89 (60% das escolas apresentam pre\u00e7os inferiores a essa m\u00e9dia)<br \/>\nEnsino Fundamental II: m\u00e9dia de mensalidade de R$ 1.358,68 (60% das escolas ofertando valores abaixo da m\u00e9dia)<br \/>\nEnsino M\u00e9dio: m\u00e9dia de R$ 1.692,20 (46% das escolas possuem pre\u00e7os abaixo desse valor). Este n\u00edvel apresenta varia\u00e7\u00f5es devido ao enfoque no preparo para o ENEM.<br \/>\nDe acordo com o Procon, escolas voltadas \u00e0 prepara\u00e7\u00e3o para o ensino superior tendem a ter mensalidades mais altas no ensino m\u00e9dio.<br \/>\nO Procon refor\u00e7ou que pais ou respons\u00e1veis podem tomar medidas como visitar as escolas, analisar espa\u00e7os, n\u00famero de alunos por sala, instala\u00e7\u00f5es, laborat\u00f3rios, bibliotecas, metodologia de ensino, carga hor\u00e1ria e comunica\u00e7\u00e3o com as fam\u00edlias para uma escolha melhor.<br \/>\nV\u00eddeos mais assistidos do g1 RN<\/p>","protected":false},"excerpt":{"rendered":"<p>Regi\u00f5es Leste e Sul concentram escolas com as maiores mensalidades, enquanto as regi\u00f5es Oeste e Norte apresentam os menores valores. Pesquisa foi feita em 30 escolas. Giz e lousa em &#8230;<\/p>\n","protected":false},"author":0,"featured_media":11881,"parent":0,"menu_order":0,"comment_status":"closed","ping_status":"closed","template":"","meta":{"footnotes":""},"class_list":["post-11880","page","type-page","status-publish","has-post-thumbnail","hentry"],"yoast_head":"<!-- This site is optimized with the Yoast SEO plugin v27.1.1 - https:\/\/yoast.com\/product\/yoast-seo-wordpress\/ -->\n<title>Procon: escolas privadas de Natal preveem aumento m\u00e9dio de at\u00e9 9% em mensalidade para 2025 - Taveira Jr<\/title>\n<meta name=\"robots\" content=\"index, follow, max-snippet:-1, max-image-preview:large, max-video-preview:-1\" \/>\n<link rel=\"canonical\" href=\"https:\/\/deputadotaveirajr.com.br\/index.php\/procon-escolas-privadas-de-natal-preveem-aumento-medio-de-ate-9-em-mensalidade-para-2025\/\" \/>\n<meta property=\"og:locale\" content=\"pt_BR\" \/>\n<meta property=\"og:type\" content=\"article\" \/>\n<meta property=\"og:title\" content=\"Procon: escolas privadas de Natal preveem aumento m\u00e9dio de at\u00e9 9% em mensalidade para 2025 - Taveira Jr\" \/>\n<meta property=\"og:description\" content=\"Regi\u00f5es Leste e Sul concentram escolas com as maiores mensalidades, enquanto as regi\u00f5es Oeste e Norte apresentam os menores valores. Pesquisa foi feita em 30 escolas. Giz e lousa em ...\" \/>\n<meta property=\"og:url\" content=\"https:\/\/deputadotaveirajr.com.br\/index.php\/procon-escolas-privadas-de-natal-preveem-aumento-medio-de-ate-9-em-mensalidade-para-2025\/\" \/>\n<meta property=\"og:site_name\" content=\"Taveira Jr\" \/>\n<meta property=\"og:image\" content=\"https:\/\/s2-g1.glbimg.com\/tsj8HW72NIcJE03zIaSKLfKokmg=\/i.s3.glbimg.com\/v1\/AUTH_59edd422c0c84a879bd37670ae4f538a\/internal_photos\/bs\/2021\/u\/B\/QvQT06SXWRQwqSZVhXEw\/10052012professoresmarcossantos008.jpg\" \/>\n<meta name=\"twitter:card\" content=\"summary_large_image\" \/>\n<meta name=\"twitter:label1\" content=\"Est. tempo de leitura\" \/>\n\t<meta name=\"twitter:data1\" content=\"2 minutos\" \/>\n<script type=\"application\/ld+json\" class=\"yoast-schema-graph\">{\"@context\":\"https:\/\/schema.org\",\"@graph\":[{\"@type\":\"WebPage\",\"@id\":\"https:\/\/deputadotaveirajr.com.br\/index.php\/procon-escolas-privadas-de-natal-preveem-aumento-medio-de-ate-9-em-mensalidade-para-2025\/\",\"url\":\"https:\/\/deputadotaveirajr.com.br\/index.php\/procon-escolas-privadas-de-natal-preveem-aumento-medio-de-ate-9-em-mensalidade-para-2025\/\",\"name\":\"Procon: escolas privadas de Natal preveem aumento m\u00e9dio de at\u00e9 9% em mensalidade para 2025 - Taveira Jr\",\"isPartOf\":{\"@id\":\"https:\/\/deputadotaveirajr.com.br\/#website\"},\"primaryImageOfPage\":{\"@id\":\"https:\/\/deputadotaveirajr.com.br\/index.php\/procon-escolas-privadas-de-natal-preveem-aumento-medio-de-ate-9-em-mensalidade-para-2025\/#primaryimage\"},\"image\":{\"@id\":\"https:\/\/deputadotaveirajr.com.br\/index.php\/procon-escolas-privadas-de-natal-preveem-aumento-medio-de-ate-9-em-mensalidade-para-2025\/#primaryimage\"},\"thumbnailUrl\":\"https:\/\/deputadotaveirajr.com.br\/wp-content\/uploads\/2024\/12\/10052012professoresmarcossantos008-1sFack.jpeg\",\"datePublished\":\"2024-12-26T19:14:29+00:00\",\"breadcrumb\":{\"@id\":\"https:\/\/deputadotaveirajr.com.br\/index.php\/procon-escolas-privadas-de-natal-preveem-aumento-medio-de-ate-9-em-mensalidade-para-2025\/#breadcrumb\"},\"inLanguage\":\"pt-BR\",\"potentialAction\":[{\"@type\":\"ReadAction\",\"target\":[\"https:\/\/deputadotaveirajr.com.br\/index.php\/procon-escolas-privadas-de-natal-preveem-aumento-medio-de-ate-9-em-mensalidade-para-2025\/\"]}]},{\"@type\":\"ImageObject\",\"inLanguage\":\"pt-BR\",\"@id\":\"https:\/\/deputadotaveirajr.com.br\/index.php\/procon-escolas-privadas-de-natal-preveem-aumento-medio-de-ate-9-em-mensalidade-para-2025\/#primaryimage\",\"url\":\"https:\/\/deputadotaveirajr.com.br\/wp-content\/uploads\/2024\/12\/10052012professoresmarcossantos008-1sFack.jpeg\",\"contentUrl\":\"https:\/\/deputadotaveirajr.com.br\/wp-content\/uploads\/2024\/12\/10052012professoresmarcossantos008-1sFack.jpeg\",\"width\":1772,\"height\":1181},{\"@type\":\"BreadcrumbList\",\"@id\":\"https:\/\/deputadotaveirajr.com.br\/index.php\/procon-escolas-privadas-de-natal-preveem-aumento-medio-de-ate-9-em-mensalidade-para-2025\/#breadcrumb\",\"itemListElement\":[{\"@type\":\"ListItem\",\"position\":1,\"name\":\"In\u00edcio\",\"item\":\"https:\/\/deputadotaveirajr.com.br\/\"},{\"@type\":\"ListItem\",\"position\":2,\"name\":\"Procon: escolas privadas de Natal preveem aumento m\u00e9dio de at\u00e9 9% em mensalidade para 2025\"}]},{\"@type\":\"WebSite\",\"@id\":\"https:\/\/deputadotaveirajr.com.br\/#website\",\"url\":\"https:\/\/deputadotaveirajr.com.br\/\",\"name\":\"Taveira Jr\",\"description\":\"Deputado Estadual\",\"publisher\":{\"@id\":\"https:\/\/deputadotaveirajr.com.br\/#organization\"},\"potentialAction\":[{\"@type\":\"SearchAction\",\"target\":{\"@type\":\"EntryPoint\",\"urlTemplate\":\"https:\/\/deputadotaveirajr.com.br\/?s={search_term_string}\"},\"query-input\":{\"@type\":\"PropertyValueSpecification\",\"valueRequired\":true,\"valueName\":\"search_term_string\"}}],\"inLanguage\":\"pt-BR\"},{\"@type\":\"Organization\",\"@id\":\"https:\/\/deputadotaveirajr.com.br\/#organization\",\"name\":\"Taveira Jr\",\"url\":\"https:\/\/deputadotaveirajr.com.br\/\",\"logo\":{\"@type\":\"ImageObject\",\"inLanguage\":\"pt-BR\",\"@id\":\"https:\/\/deputadotaveirajr.com.br\/#\/schema\/logo\/image\/\",\"url\":\"https:\/\/deputadotaveirajr.com.br\/wp-content\/uploads\/2026\/01\/logolow2a.png\",\"contentUrl\":\"https:\/\/deputadotaveirajr.com.br\/wp-content\/uploads\/2026\/01\/logolow2a.png\",\"width\":290,\"height\":80,\"caption\":\"Taveira Jr\"},\"image\":{\"@id\":\"https:\/\/deputadotaveirajr.com.br\/#\/schema\/logo\/image\/\"}}]}<\/script>\n<!-- \/ Yoast SEO plugin. -->","yoast_head_json":{"title":"Procon: escolas privadas de Natal preveem aumento m\u00e9dio de at\u00e9 9% em mensalidade para 2025 - Taveira Jr","robots":{"index":"index","follow":"follow","max-snippet":"max-snippet:-1","max-image-preview":"max-image-preview:large","max-video-preview":"max-video-preview:-1"},"canonical":"https:\/\/deputadotaveirajr.com.br\/index.php\/procon-escolas-privadas-de-natal-preveem-aumento-medio-de-ate-9-em-mensalidade-para-2025\/","og_locale":"pt_BR","og_type":"article","og_title":"Procon: escolas privadas de Natal preveem aumento m\u00e9dio de at\u00e9 9% em mensalidade para 2025 - Taveira Jr","og_description":"Regi\u00f5es Leste e Sul concentram escolas com as maiores mensalidades, enquanto as regi\u00f5es Oeste e Norte apresentam os menores valores. Pesquisa foi feita em 30 escolas. Giz e lousa em ...","og_url":"https:\/\/deputadotaveirajr.com.br\/index.php\/procon-escolas-privadas-de-natal-preveem-aumento-medio-de-ate-9-em-mensalidade-para-2025\/","og_site_name":"Taveira Jr","og_image":[{"url":"https:\/\/s2-g1.glbimg.com\/tsj8HW72NIcJE03zIaSKLfKokmg=\/i.s3.glbimg.com\/v1\/AUTH_59edd422c0c84a879bd37670ae4f538a\/internal_photos\/bs\/2021\/u\/B\/QvQT06SXWRQwqSZVhXEw\/10052012professoresmarcossantos008.jpg","type":"","width":"","height":""}],"twitter_card":"summary_large_image","twitter_misc":{"Est. tempo de leitura":"2 minutos"},"schema":{"@context":"https:\/\/schema.org","@graph":[{"@type":"WebPage","@id":"https:\/\/deputadotaveirajr.com.br\/index.php\/procon-escolas-privadas-de-natal-preveem-aumento-medio-de-ate-9-em-mensalidade-para-2025\/","url":"https:\/\/deputadotaveirajr.com.br\/index.php\/procon-escolas-privadas-de-natal-preveem-aumento-medio-de-ate-9-em-mensalidade-para-2025\/","name":"Procon: escolas privadas de Natal preveem aumento m\u00e9dio de at\u00e9 9% em mensalidade para 2025 - Taveira Jr","isPartOf":{"@id":"https:\/\/deputadotaveirajr.com.br\/#website"},"primaryImageOfPage":{"@id":"https:\/\/deputadotaveirajr.com.br\/index.php\/procon-escolas-privadas-de-natal-preveem-aumento-medio-de-ate-9-em-mensalidade-para-2025\/#primaryimage"},"image":{"@id":"https:\/\/deputadotaveirajr.com.br\/index.php\/procon-escolas-privadas-de-natal-preveem-aumento-medio-de-ate-9-em-mensalidade-para-2025\/#primaryimage"},"thumbnailUrl":"https:\/\/deputadotaveirajr.com.br\/wp-content\/uploads\/2024\/12\/10052012professoresmarcossantos008-1sFack.jpeg","datePublished":"2024-12-26T19:14:29+00:00","breadcrumb":{"@id":"https:\/\/deputadotaveirajr.com.br\/index.php\/procon-escolas-privadas-de-natal-preveem-aumento-medio-de-ate-9-em-mensalidade-para-2025\/#breadcrumb"},"inLanguage":"pt-BR","potentialAction":[{"@type":"ReadAction","target":["https:\/\/deputadotaveirajr.com.br\/index.php\/procon-escolas-privadas-de-natal-preveem-aumento-medio-de-ate-9-em-mensalidade-para-2025\/"]}]},{"@type":"ImageObject","inLanguage":"pt-BR","@id":"https:\/\/deputadotaveirajr.com.br\/index.php\/procon-escolas-privadas-de-natal-preveem-aumento-medio-de-ate-9-em-mensalidade-para-2025\/#primaryimage","url":"https:\/\/deputadotaveirajr.com.br\/wp-content\/uploads\/2024\/12\/10052012professoresmarcossantos008-1sFack.jpeg","contentUrl":"https:\/\/deputadotaveirajr.com.br\/wp-content\/uploads\/2024\/12\/10052012professoresmarcossantos008-1sFack.jpeg","width":1772,"height":1181},{"@type":"BreadcrumbList","@id":"https:\/\/deputadotaveirajr.com.br\/index.php\/procon-escolas-privadas-de-natal-preveem-aumento-medio-de-ate-9-em-mensalidade-para-2025\/#breadcrumb","itemListElement":[{"@type":"ListItem","position":1,"name":"In\u00edcio","item":"https:\/\/deputadotaveirajr.com.br\/"},{"@type":"ListItem","position":2,"name":"Procon: escolas privadas de Natal preveem aumento m\u00e9dio de at\u00e9 9% em mensalidade para 2025"}]},{"@type":"WebSite","@id":"https:\/\/deputadotaveirajr.com.br\/#website","url":"https:\/\/deputadotaveirajr.com.br\/","name":"Taveira Jr","description":"Deputado Estadual","publisher":{"@id":"https:\/\/deputadotaveirajr.com.br\/#organization"},"potentialAction":[{"@type":"SearchAction","target":{"@type":"EntryPoint","urlTemplate":"https:\/\/deputadotaveirajr.com.br\/?s={search_term_string}"},"query-input":{"@type":"PropertyValueSpecification","valueRequired":true,"valueName":"search_term_string"}}],"inLanguage":"pt-BR"},{"@type":"Organization","@id":"https:\/\/deputadotaveirajr.com.br\/#organization","name":"Taveira Jr","url":"https:\/\/deputadotaveirajr.com.br\/","logo":{"@type":"ImageObject","inLanguage":"pt-BR","@id":"https:\/\/deputadotaveirajr.com.br\/#\/schema\/logo\/image\/","url":"https:\/\/deputadotaveirajr.com.br\/wp-content\/uploads\/2026\/01\/logolow2a.png","contentUrl":"https:\/\/deputadotaveirajr.com.br\/wp-content\/uploads\/2026\/01\/logolow2a.png","width":290,"height":80,"caption":"Taveira Jr"},"image":{"@id":"https:\/\/deputadotaveirajr.com.br\/#\/schema\/logo\/image\/"}}]}},"_links":{"self":[{"href":"https:\/\/deputadotaveirajr.com.br\/index.php\/wp-json\/wp\/v2\/pages\/11880","targetHints":{"allow":["GET"]}}],"collection":[{"href":"https:\/\/deputadotaveirajr.com.br\/index.php\/wp-json\/wp\/v2\/pages"}],"about":[{"href":"https:\/\/deputadotaveirajr.com.br\/index.php\/wp-json\/wp\/v2\/types\/page"}],"replies":[{"embeddable":true,"href":"https:\/\/deputadotaveirajr.com.br\/index.php\/wp-json\/wp\/v2\/comments?post=11880"}],"version-history":[{"count":0,"href":"https:\/\/deputadotaveirajr.com.br\/index.php\/wp-json\/wp\/v2\/pages\/11880\/revisions"}],"wp:featuredmedia":[{"embeddable":true,"href":"https:\/\/deputadotaveirajr.com.br\/index.php\/wp-json\/wp\/v2\/media\/11881"}],"wp:attachment":[{"href":"https:\/\/deputadotaveirajr.com.br\/index.php\/wp-json\/wp\/v2\/media?parent=11880"}],"curies":[{"name":"wp","href":"https:\/\/api.w.org\/{rel}","templated":true}]}}