{"id":11914,"date":"2025-01-01T11:30:14","date_gmt":"2025-01-01T14:30:14","guid":{"rendered":"https:\/\/deputadotaveirajr.com.br\/index.php\/rn-tera-bandeira-verde-nas-contas-de-energia-em-janeiro\/"},"modified":"2025-01-01T11:30:14","modified_gmt":"2025-01-01T14:30:14","slug":"rn-tera-bandeira-verde-nas-contas-de-energia-em-janeiro","status":"publish","type":"page","link":"https:\/\/deputadotaveirajr.com.br\/index.php\/rn-tera-bandeira-verde-nas-contas-de-energia-em-janeiro\/","title":{"rendered":"RN ter\u00e1 bandeira verde nas contas de energia em janeiro"},"content":{"rendered":"<p><img decoding=\"async\" src=\"https:\/\/s2-g1.glbimg.com\/VgFk7cUsSCZKf-mWuvz7I5OLBfw=\/i.s3.glbimg.com\/v1\/AUTH_59edd422c0c84a879bd37670ae4f538a\/internal_photos\/bs\/2023\/L\/J\/w6cxRBQee0SWcrJrFXvQ\/ar-condicionado.jpg\" \/><br \/>     Potiguares ter\u00e3o m\u00eas sem cobran\u00e7a extra no custo da tarifa de energia el\u00e9trica. RN ter\u00e1 bandeira verde nas contas de energia em janeiro<br \/>\nReprodu\u00e7\u00e3o\/EPTV<br \/>\nA Ag\u00eancia Nacional de Energia El\u00e9trica (Aneel) divulgou na sexta-feira (27) que a bandeira em dezembro ser\u00e1 verde no Rio Grande do Norte, ou seja: n\u00e3o haver\u00e1 cobran\u00e7a extra nas contas de luz para a popula\u00e7\u00e3o.<br \/>\nA bandeira ficou verde de abril de 2022 at\u00e9 julho de 2024, quando foi interrompida com o an\u00fancio da bandeira amarela, seguida de bandeira verde em agosto, vermelha, patamar 1, em setembro, vermelha, patamar 2, em outubro, amarela em novembro, at\u00e9 voltar \u00e0 bandeira verde em dezembro de 2024.<br \/>\n\ud83d\udcf3Participe do canal do g1 RN no WhatsApp<br \/>\nApesar disso, a Neoenergia Cosern chama aten\u00e7\u00e3o para a necessidade de ado\u00e7\u00e3o de consumo consciente de energia el\u00e9trica. A distribuidora ressalta que, mesmo com a bandeira verde, \u00e9 poss\u00edvel reduzir ainda mais o valor da conta.<br \/>\nComo economizar?<br \/>\nVeja algumas dicas recomendadas pela distribuidora para economizar ainda mais durante o per\u00edodo de ver\u00e3o, \u00e9poca mais quente do ano.<br \/>\nAr-condicionado e ventilador: Mantenha a temperatura do ar-condicionado entre 23\u00baC e 25\u00baC. Se poss\u00edvel, escolha modelos com tecnologia Inverter, que s\u00e3o mais econ\u00f4micos. Realize a manuten\u00e7\u00e3o do aparelho e limpe os filtros regularmente. Use ventiladores de teto para circular o ar e manter o ambiente agrad\u00e1vel.<br \/>\nChuveiro el\u00e9trico: Utilize a op\u00e7\u00e3o &#8220;ver\u00e3o&#8221; para economizar at\u00e9 30% de energia. Tome banhos r\u00e1pidos e desligue a \u00e1gua enquanto se ensaboa. Sempre utilize resist\u00eancias originais para evitar o aumento do consumo e danos \u00e0 instala\u00e7\u00e3o.<br \/>\nGeladeiras: Verifique a borracha de veda\u00e7\u00e3o e evite colocar alimentos quentes na geladeira. Mantenha o aparelho afastado da parede para garantir uma boa ventila\u00e7\u00e3o e efici\u00eancia. Abra a porta da geladeira apenas quando necess\u00e1rio.<br \/>\nIlumina\u00e7\u00e3o: Aproveite ao m\u00e1ximo a ilumina\u00e7\u00e3o natural durante o dia. Em ambientes internos, utilize l\u00e2mpadas de LED, que s\u00e3o at\u00e9 40% mais econ\u00f4micas e t\u00eam maior durabilidade, reduzindo o impacto ambiental.<br \/>\nVeja os v\u00eddeos mais assistidos do g1 RN<\/p>","protected":false},"excerpt":{"rendered":"<p>Potiguares ter\u00e3o m\u00eas sem cobran\u00e7a extra no custo da tarifa de energia el\u00e9trica. RN ter\u00e1 bandeira verde nas contas de energia em janeiro Reprodu\u00e7\u00e3o\/EPTV A Ag\u00eancia Nacional de Energia El\u00e9trica &#8230;<\/p>\n","protected":false},"author":0,"featured_media":11915,"parent":0,"menu_order":0,"comment_status":"closed","ping_status":"closed","template":"","meta":{"footnotes":""},"class_list":["post-11914","page","type-page","status-publish","has-post-thumbnail","hentry"],"yoast_head":"<!-- This site is optimized with the Yoast SEO plugin v27.1.1 - https:\/\/yoast.com\/product\/yoast-seo-wordpress\/ -->\n<title>RN ter\u00e1 bandeira verde nas contas de energia em janeiro - Taveira Jr<\/title>\n<meta name=\"robots\" content=\"index, follow, max-snippet:-1, max-image-preview:large, max-video-preview:-1\" \/>\n<link rel=\"canonical\" href=\"https:\/\/deputadotaveirajr.com.br\/index.php\/rn-tera-bandeira-verde-nas-contas-de-energia-em-janeiro\/\" \/>\n<meta property=\"og:locale\" content=\"pt_BR\" \/>\n<meta property=\"og:type\" content=\"article\" \/>\n<meta property=\"og:title\" content=\"RN ter\u00e1 bandeira verde nas contas de energia em janeiro - Taveira Jr\" \/>\n<meta property=\"og:description\" content=\"Potiguares ter\u00e3o m\u00eas sem cobran\u00e7a extra no custo da tarifa de energia el\u00e9trica. RN ter\u00e1 bandeira verde nas contas de energia em janeiro Reprodu\u00e7\u00e3o\/EPTV A Ag\u00eancia Nacional de Energia El\u00e9trica ...\" \/>\n<meta property=\"og:url\" content=\"https:\/\/deputadotaveirajr.com.br\/index.php\/rn-tera-bandeira-verde-nas-contas-de-energia-em-janeiro\/\" \/>\n<meta property=\"og:site_name\" content=\"Taveira Jr\" \/>\n<meta property=\"og:image\" content=\"https:\/\/s2-g1.glbimg.com\/VgFk7cUsSCZKf-mWuvz7I5OLBfw=\/i.s3.glbimg.com\/v1\/AUTH_59edd422c0c84a879bd37670ae4f538a\/internal_photos\/bs\/2023\/L\/J\/w6cxRBQee0SWcrJrFXvQ\/ar-condicionado.jpg\" \/>\n<meta name=\"twitter:card\" content=\"summary_large_image\" \/>\n<meta name=\"twitter:label1\" content=\"Est. tempo de leitura\" \/>\n\t<meta name=\"twitter:data1\" content=\"2 minutos\" \/>\n<script type=\"application\/ld+json\" class=\"yoast-schema-graph\">{\"@context\":\"https:\/\/schema.org\",\"@graph\":[{\"@type\":\"WebPage\",\"@id\":\"https:\/\/deputadotaveirajr.com.br\/index.php\/rn-tera-bandeira-verde-nas-contas-de-energia-em-janeiro\/\",\"url\":\"https:\/\/deputadotaveirajr.com.br\/index.php\/rn-tera-bandeira-verde-nas-contas-de-energia-em-janeiro\/\",\"name\":\"RN ter\u00e1 bandeira verde nas contas de energia em janeiro - Taveira Jr\",\"isPartOf\":{\"@id\":\"https:\/\/deputadotaveirajr.com.br\/#website\"},\"primaryImageOfPage\":{\"@id\":\"https:\/\/deputadotaveirajr.com.br\/index.php\/rn-tera-bandeira-verde-nas-contas-de-energia-em-janeiro\/#primaryimage\"},\"image\":{\"@id\":\"https:\/\/deputadotaveirajr.com.br\/index.php\/rn-tera-bandeira-verde-nas-contas-de-energia-em-janeiro\/#primaryimage\"},\"thumbnailUrl\":\"https:\/\/deputadotaveirajr.com.br\/wp-content\/uploads\/2025\/01\/ar-condicionado-Z9blEi.jpeg\",\"datePublished\":\"2025-01-01T14:30:14+00:00\",\"breadcrumb\":{\"@id\":\"https:\/\/deputadotaveirajr.com.br\/index.php\/rn-tera-bandeira-verde-nas-contas-de-energia-em-janeiro\/#breadcrumb\"},\"inLanguage\":\"pt-BR\",\"potentialAction\":[{\"@type\":\"ReadAction\",\"target\":[\"https:\/\/deputadotaveirajr.com.br\/index.php\/rn-tera-bandeira-verde-nas-contas-de-energia-em-janeiro\/\"]}]},{\"@type\":\"ImageObject\",\"inLanguage\":\"pt-BR\",\"@id\":\"https:\/\/deputadotaveirajr.com.br\/index.php\/rn-tera-bandeira-verde-nas-contas-de-energia-em-janeiro\/#primaryimage\",\"url\":\"https:\/\/deputadotaveirajr.com.br\/wp-content\/uploads\/2025\/01\/ar-condicionado-Z9blEi.jpeg\",\"contentUrl\":\"https:\/\/deputadotaveirajr.com.br\/wp-content\/uploads\/2025\/01\/ar-condicionado-Z9blEi.jpeg\",\"width\":1032,\"height\":578},{\"@type\":\"BreadcrumbList\",\"@id\":\"https:\/\/deputadotaveirajr.com.br\/index.php\/rn-tera-bandeira-verde-nas-contas-de-energia-em-janeiro\/#breadcrumb\",\"itemListElement\":[{\"@type\":\"ListItem\",\"position\":1,\"name\":\"In\u00edcio\",\"item\":\"https:\/\/deputadotaveirajr.com.br\/\"},{\"@type\":\"ListItem\",\"position\":2,\"name\":\"RN ter\u00e1 bandeira verde nas contas de energia em janeiro\"}]},{\"@type\":\"WebSite\",\"@id\":\"https:\/\/deputadotaveirajr.com.br\/#website\",\"url\":\"https:\/\/deputadotaveirajr.com.br\/\",\"name\":\"Taveira Jr\",\"description\":\"Deputado Estadual\",\"publisher\":{\"@id\":\"https:\/\/deputadotaveirajr.com.br\/#organization\"},\"potentialAction\":[{\"@type\":\"SearchAction\",\"target\":{\"@type\":\"EntryPoint\",\"urlTemplate\":\"https:\/\/deputadotaveirajr.com.br\/?s={search_term_string}\"},\"query-input\":{\"@type\":\"PropertyValueSpecification\",\"valueRequired\":true,\"valueName\":\"search_term_string\"}}],\"inLanguage\":\"pt-BR\"},{\"@type\":\"Organization\",\"@id\":\"https:\/\/deputadotaveirajr.com.br\/#organization\",\"name\":\"Taveira Jr\",\"url\":\"https:\/\/deputadotaveirajr.com.br\/\",\"logo\":{\"@type\":\"ImageObject\",\"inLanguage\":\"pt-BR\",\"@id\":\"https:\/\/deputadotaveirajr.com.br\/#\/schema\/logo\/image\/\",\"url\":\"https:\/\/deputadotaveirajr.com.br\/wp-content\/uploads\/2026\/01\/logolow2a.png\",\"contentUrl\":\"https:\/\/deputadotaveirajr.com.br\/wp-content\/uploads\/2026\/01\/logolow2a.png\",\"width\":290,\"height\":80,\"caption\":\"Taveira Jr\"},\"image\":{\"@id\":\"https:\/\/deputadotaveirajr.com.br\/#\/schema\/logo\/image\/\"}}]}<\/script>\n<!-- \/ Yoast SEO plugin. -->","yoast_head_json":{"title":"RN ter\u00e1 bandeira verde nas contas de energia em janeiro - Taveira Jr","robots":{"index":"index","follow":"follow","max-snippet":"max-snippet:-1","max-image-preview":"max-image-preview:large","max-video-preview":"max-video-preview:-1"},"canonical":"https:\/\/deputadotaveirajr.com.br\/index.php\/rn-tera-bandeira-verde-nas-contas-de-energia-em-janeiro\/","og_locale":"pt_BR","og_type":"article","og_title":"RN ter\u00e1 bandeira verde nas contas de energia em janeiro - Taveira Jr","og_description":"Potiguares ter\u00e3o m\u00eas sem cobran\u00e7a extra no custo da tarifa de energia el\u00e9trica. RN ter\u00e1 bandeira verde nas contas de energia em janeiro Reprodu\u00e7\u00e3o\/EPTV A Ag\u00eancia Nacional de Energia El\u00e9trica ...","og_url":"https:\/\/deputadotaveirajr.com.br\/index.php\/rn-tera-bandeira-verde-nas-contas-de-energia-em-janeiro\/","og_site_name":"Taveira Jr","og_image":[{"url":"https:\/\/s2-g1.glbimg.com\/VgFk7cUsSCZKf-mWuvz7I5OLBfw=\/i.s3.glbimg.com\/v1\/AUTH_59edd422c0c84a879bd37670ae4f538a\/internal_photos\/bs\/2023\/L\/J\/w6cxRBQee0SWcrJrFXvQ\/ar-condicionado.jpg","type":"","width":"","height":""}],"twitter_card":"summary_large_image","twitter_misc":{"Est. tempo de leitura":"2 minutos"},"schema":{"@context":"https:\/\/schema.org","@graph":[{"@type":"WebPage","@id":"https:\/\/deputadotaveirajr.com.br\/index.php\/rn-tera-bandeira-verde-nas-contas-de-energia-em-janeiro\/","url":"https:\/\/deputadotaveirajr.com.br\/index.php\/rn-tera-bandeira-verde-nas-contas-de-energia-em-janeiro\/","name":"RN ter\u00e1 bandeira verde nas contas de energia em janeiro - Taveira Jr","isPartOf":{"@id":"https:\/\/deputadotaveirajr.com.br\/#website"},"primaryImageOfPage":{"@id":"https:\/\/deputadotaveirajr.com.br\/index.php\/rn-tera-bandeira-verde-nas-contas-de-energia-em-janeiro\/#primaryimage"},"image":{"@id":"https:\/\/deputadotaveirajr.com.br\/index.php\/rn-tera-bandeira-verde-nas-contas-de-energia-em-janeiro\/#primaryimage"},"thumbnailUrl":"https:\/\/deputadotaveirajr.com.br\/wp-content\/uploads\/2025\/01\/ar-condicionado-Z9blEi.jpeg","datePublished":"2025-01-01T14:30:14+00:00","breadcrumb":{"@id":"https:\/\/deputadotaveirajr.com.br\/index.php\/rn-tera-bandeira-verde-nas-contas-de-energia-em-janeiro\/#breadcrumb"},"inLanguage":"pt-BR","potentialAction":[{"@type":"ReadAction","target":["https:\/\/deputadotaveirajr.com.br\/index.php\/rn-tera-bandeira-verde-nas-contas-de-energia-em-janeiro\/"]}]},{"@type":"ImageObject","inLanguage":"pt-BR","@id":"https:\/\/deputadotaveirajr.com.br\/index.php\/rn-tera-bandeira-verde-nas-contas-de-energia-em-janeiro\/#primaryimage","url":"https:\/\/deputadotaveirajr.com.br\/wp-content\/uploads\/2025\/01\/ar-condicionado-Z9blEi.jpeg","contentUrl":"https:\/\/deputadotaveirajr.com.br\/wp-content\/uploads\/2025\/01\/ar-condicionado-Z9blEi.jpeg","width":1032,"height":578},{"@type":"BreadcrumbList","@id":"https:\/\/deputadotaveirajr.com.br\/index.php\/rn-tera-bandeira-verde-nas-contas-de-energia-em-janeiro\/#breadcrumb","itemListElement":[{"@type":"ListItem","position":1,"name":"In\u00edcio","item":"https:\/\/deputadotaveirajr.com.br\/"},{"@type":"ListItem","position":2,"name":"RN ter\u00e1 bandeira verde nas contas de energia em janeiro"}]},{"@type":"WebSite","@id":"https:\/\/deputadotaveirajr.com.br\/#website","url":"https:\/\/deputadotaveirajr.com.br\/","name":"Taveira Jr","description":"Deputado Estadual","publisher":{"@id":"https:\/\/deputadotaveirajr.com.br\/#organization"},"potentialAction":[{"@type":"SearchAction","target":{"@type":"EntryPoint","urlTemplate":"https:\/\/deputadotaveirajr.com.br\/?s={search_term_string}"},"query-input":{"@type":"PropertyValueSpecification","valueRequired":true,"valueName":"search_term_string"}}],"inLanguage":"pt-BR"},{"@type":"Organization","@id":"https:\/\/deputadotaveirajr.com.br\/#organization","name":"Taveira Jr","url":"https:\/\/deputadotaveirajr.com.br\/","logo":{"@type":"ImageObject","inLanguage":"pt-BR","@id":"https:\/\/deputadotaveirajr.com.br\/#\/schema\/logo\/image\/","url":"https:\/\/deputadotaveirajr.com.br\/wp-content\/uploads\/2026\/01\/logolow2a.png","contentUrl":"https:\/\/deputadotaveirajr.com.br\/wp-content\/uploads\/2026\/01\/logolow2a.png","width":290,"height":80,"caption":"Taveira Jr"},"image":{"@id":"https:\/\/deputadotaveirajr.com.br\/#\/schema\/logo\/image\/"}}]}},"_links":{"self":[{"href":"https:\/\/deputadotaveirajr.com.br\/index.php\/wp-json\/wp\/v2\/pages\/11914","targetHints":{"allow":["GET"]}}],"collection":[{"href":"https:\/\/deputadotaveirajr.com.br\/index.php\/wp-json\/wp\/v2\/pages"}],"about":[{"href":"https:\/\/deputadotaveirajr.com.br\/index.php\/wp-json\/wp\/v2\/types\/page"}],"replies":[{"embeddable":true,"href":"https:\/\/deputadotaveirajr.com.br\/index.php\/wp-json\/wp\/v2\/comments?post=11914"}],"version-history":[{"count":0,"href":"https:\/\/deputadotaveirajr.com.br\/index.php\/wp-json\/wp\/v2\/pages\/11914\/revisions"}],"wp:featuredmedia":[{"embeddable":true,"href":"https:\/\/deputadotaveirajr.com.br\/index.php\/wp-json\/wp\/v2\/media\/11915"}],"wp:attachment":[{"href":"https:\/\/deputadotaveirajr.com.br\/index.php\/wp-json\/wp\/v2\/media?parent=11914"}],"curies":[{"name":"wp","href":"https:\/\/api.w.org\/{rel}","templated":true}]}}