{"id":12040,"date":"2025-01-19T13:42:51","date_gmt":"2025-01-19T16:42:51","guid":{"rendered":"https:\/\/deputadotaveirajr.com.br\/index.php\/inmet-alerta-para-chuvas-intensas-em-96-cidades-do-rn-veja-quais\/"},"modified":"2025-01-19T13:42:51","modified_gmt":"2025-01-19T16:42:51","slug":"inmet-alerta-para-chuvas-intensas-em-96-cidades-do-rn-veja-quais","status":"publish","type":"page","link":"https:\/\/deputadotaveirajr.com.br\/index.php\/inmet-alerta-para-chuvas-intensas-em-96-cidades-do-rn-veja-quais\/","title":{"rendered":"Inmet alerta para chuvas intensas em 96 cidades do RN; veja quais"},"content":{"rendered":"<p><img decoding=\"async\" src=\"https:\/\/s2-g1.glbimg.com\/LwvA9x2kNp8JFvMtGQhM3rwCy4U=\/i.s3.glbimg.com\/v1\/AUTH_59edd422c0c84a879bd37670ae4f538a\/internal_photos\/bs\/2025\/r\/n\/f6sGf5SmiH6yL2eADyqg\/inmet333.jpg\" \/><br \/>     Aviso \u00e9 da cor amarela, que prev\u00ea chuvas entre 20 e 30 mm por hora e at\u00e9 50 mm por dia. Alerta vale at\u00e9 10h de segunda-feira (20). Chuvas intensas atingem parte do Rio Grande do Norte<br \/>\nDivulga\u00e7\u00e3o<br \/>\nO Instituto Nacional de Meteorologia emitiu um alerta de chuvas intensas para 96 cidades do Rio Grande do Norte. O aviso vale at\u00e9 10h de segunda-feira (20). (Veja lista de cidades atingidas mais abaixo).<br \/>\nAs chuvas atingem cidades das regi\u00f5es Oeste, Alto Oeste, Central, Costa Branca, Vale do A\u00e7u e Serid\u00f3 do RN.<br \/>\n\ud83d\udcf3Participe do canal do g1 RN no WhatsApp<br \/>\nO aviso \u00e9 da cor amarela (perigo potencial), que prev\u00ea chuvas de 20 e 30 mm\/h ou at\u00e9 50 mm\/dia, al\u00e9m de ventos intensos, entre 40 e 60 km\/h.<br \/>\nSegundo o Inmet, nesses casos, h\u00e1 baixo risco de corte de energia el\u00e9trica, queda de galhos de \u00e1rvores, alagamentos e de descargas el\u00e9tricas.<br \/>\nO Instituto recomenda, em casos de rajadas de vento: n\u00e3o se abrigar debaixo de \u00e1rvores, pois h\u00e1 leve risco de queda e descargas el\u00e9tricas, e n\u00e3o estacionar ve\u00edculos pr\u00f3ximos a torres de transmiss\u00e3o e placas de propaganda. Al\u00e9m disso, evitar usar aparelhos eletr\u00f4nicos ligados \u00e0 tomada.<br \/>\n\ud83d\udcde Em caso de necessidade, acionar Defesa Civil (telefone 199) ou Corpo de Bombeiros (telefone 193).<br \/>\nVeja cidades atingidas por chuvas<br \/>\nAcari<br \/>\nAss\u00fa<br \/>\nAfonso Bezerra<br \/>\n\u00c1gua Nova<br \/>\nAlexandria<br \/>\nAlmino Afonso<br \/>\nAlto do Rodrigues<br \/>\nAngicos<br \/>\nAnt\u00f4nio Martins<br \/>\nApodi<br \/>\nAreia Branca<br \/>\nAugusto Severo<br \/>\nBara\u00fana<br \/>\nBod\u00f3<br \/>\nCaic\u00f3<br \/>\nCara\u00fabas<br \/>\nCarna\u00faba dos Dantas<br \/>\nCarnaubais<br \/>\nCerro Cor\u00e1<br \/>\nCoronel Jo\u00e3o Pessoa<br \/>\nCruzeta<br \/>\nCurrais Novos<br \/>\nDoutor Severiano<br \/>\nEncanto<br \/>\nEquador<br \/>\nFelipe Guerra<br \/>\nFernando Pedroza<br \/>\nFlor\u00e2nia<br \/>\nFrancisco Dantas<br \/>\nFrutuoso Gomes<br \/>\nGalinhos<br \/>\nGovernador Dix-Sept Rosado<br \/>\nGrossos<br \/>\nGuamar\u00e9<br \/>\nIpangua\u00e7u<br \/>\nIpueira<br \/>\nItaj\u00e1<br \/>\nIta\u00fa<br \/>\nJanda\u00edra<br \/>\nJandu\u00eds<br \/>\nJardim de Piranhas<br \/>\nJardim do Serid\u00f3<br \/>\nJo\u00e3o Dias<br \/>\nJos\u00e9 da Penha<br \/>\nJucurutu<br \/>\nLagoa Nova<br \/>\nLajes<br \/>\nLucr\u00e9cia<br \/>\nLu\u00eds Gomes<br \/>\nMacau<br \/>\nMajor Sales<br \/>\nMarcelino Vieira<br \/>\nMartins<br \/>\nMessias Targino<br \/>\nMossor\u00f3<br \/>\nOlho d&#8217;\u00c1gua do Borges<br \/>\nOuro Branco<br \/>\nParan\u00e1<br \/>\nPara\u00fa<br \/>\nParelhas<br \/>\nPatu<br \/>\nPau dos Ferros<br \/>\nPedro Avelino<br \/>\nPend\u00eancias<br \/>\nPil\u00f5es<br \/>\nPortalegre<br \/>\nPorto do Mangue<br \/>\nRafael Fernandes<br \/>\nRafael Godeiro<br \/>\nRiacho da Cruz<br \/>\nRiacho de Santana<br \/>\nRodolfo Fernandes<br \/>\nSantana do Matos<br \/>\nSantana do Serid\u00f3<br \/>\nS\u00e3o Fernando<br \/>\nS\u00e3o Francisco do Oeste<br \/>\nS\u00e3o Jo\u00e3o do Sabugi<br \/>\nS\u00e3o Jos\u00e9 do Serid\u00f3<br \/>\nS\u00e3o Miguel<br \/>\nS\u00e3o Rafael<br \/>\nS\u00e3o Tom\u00e9<br \/>\nS\u00e3o Vicente<br \/>\nSerra do Mel<br \/>\nSerra Negra do Norte<br \/>\nSerrinha dos Pintos<br \/>\nSeveriano Melo<br \/>\nTaboleiro Grande<br \/>\nTenente Ananias<br \/>\nTenente Laurentino Cruz<br \/>\nTibau<br \/>\nTimba\u00faba dos Batistas<br \/>\nTriunfo Potiguar<br \/>\nUmarizal<br \/>\nUpanema<br \/>\nVenha-Ver<br \/>\nVi\u00e7osa<br \/>\nPirangi \u00e9 uma das praias mais frequentadas no ver\u00e3o potiguar<\/p>","protected":false},"excerpt":{"rendered":"<p>Aviso \u00e9 da cor amarela, que prev\u00ea chuvas entre 20 e 30 mm por hora e at\u00e9 50 mm por dia. Alerta vale at\u00e9 10h de segunda-feira (20). Chuvas intensas &#8230;<\/p>\n","protected":false},"author":0,"featured_media":12041,"parent":0,"menu_order":0,"comment_status":"closed","ping_status":"closed","template":"","meta":{"footnotes":""},"class_list":["post-12040","page","type-page","status-publish","has-post-thumbnail","hentry"],"yoast_head":"<!-- This site is optimized with the Yoast SEO plugin v27.1.1 - https:\/\/yoast.com\/product\/yoast-seo-wordpress\/ -->\n<title>Inmet alerta para chuvas intensas em 96 cidades do RN; veja quais - Taveira Jr<\/title>\n<meta name=\"robots\" content=\"index, follow, max-snippet:-1, max-image-preview:large, max-video-preview:-1\" \/>\n<link rel=\"canonical\" href=\"https:\/\/deputadotaveirajr.com.br\/index.php\/inmet-alerta-para-chuvas-intensas-em-96-cidades-do-rn-veja-quais\/\" \/>\n<meta property=\"og:locale\" content=\"pt_BR\" \/>\n<meta property=\"og:type\" content=\"article\" \/>\n<meta property=\"og:title\" content=\"Inmet alerta para chuvas intensas em 96 cidades do RN; veja quais - Taveira Jr\" \/>\n<meta property=\"og:description\" content=\"Aviso \u00e9 da cor amarela, que prev\u00ea chuvas entre 20 e 30 mm por hora e at\u00e9 50 mm por dia. Alerta vale at\u00e9 10h de segunda-feira (20). Chuvas intensas ...\" \/>\n<meta property=\"og:url\" content=\"https:\/\/deputadotaveirajr.com.br\/index.php\/inmet-alerta-para-chuvas-intensas-em-96-cidades-do-rn-veja-quais\/\" \/>\n<meta property=\"og:site_name\" content=\"Taveira Jr\" \/>\n<meta property=\"og:image\" content=\"https:\/\/s2-g1.glbimg.com\/LwvA9x2kNp8JFvMtGQhM3rwCy4U=\/i.s3.glbimg.com\/v1\/AUTH_59edd422c0c84a879bd37670ae4f538a\/internal_photos\/bs\/2025\/r\/n\/f6sGf5SmiH6yL2eADyqg\/inmet333.jpg\" \/>\n<meta name=\"twitter:card\" content=\"summary_large_image\" \/>\n<meta name=\"twitter:label1\" content=\"Est. tempo de leitura\" \/>\n\t<meta name=\"twitter:data1\" content=\"2 minutos\" \/>\n<script type=\"application\/ld+json\" class=\"yoast-schema-graph\">{\"@context\":\"https:\/\/schema.org\",\"@graph\":[{\"@type\":\"WebPage\",\"@id\":\"https:\/\/deputadotaveirajr.com.br\/index.php\/inmet-alerta-para-chuvas-intensas-em-96-cidades-do-rn-veja-quais\/\",\"url\":\"https:\/\/deputadotaveirajr.com.br\/index.php\/inmet-alerta-para-chuvas-intensas-em-96-cidades-do-rn-veja-quais\/\",\"name\":\"Inmet alerta para chuvas intensas em 96 cidades do RN; veja quais - Taveira Jr\",\"isPartOf\":{\"@id\":\"https:\/\/deputadotaveirajr.com.br\/#website\"},\"primaryImageOfPage\":{\"@id\":\"https:\/\/deputadotaveirajr.com.br\/index.php\/inmet-alerta-para-chuvas-intensas-em-96-cidades-do-rn-veja-quais\/#primaryimage\"},\"image\":{\"@id\":\"https:\/\/deputadotaveirajr.com.br\/index.php\/inmet-alerta-para-chuvas-intensas-em-96-cidades-do-rn-veja-quais\/#primaryimage\"},\"thumbnailUrl\":\"https:\/\/deputadotaveirajr.com.br\/wp-content\/uploads\/2025\/01\/inmet333-JfQLWj.jpeg\",\"datePublished\":\"2025-01-19T16:42:51+00:00\",\"breadcrumb\":{\"@id\":\"https:\/\/deputadotaveirajr.com.br\/index.php\/inmet-alerta-para-chuvas-intensas-em-96-cidades-do-rn-veja-quais\/#breadcrumb\"},\"inLanguage\":\"pt-BR\",\"potentialAction\":[{\"@type\":\"ReadAction\",\"target\":[\"https:\/\/deputadotaveirajr.com.br\/index.php\/inmet-alerta-para-chuvas-intensas-em-96-cidades-do-rn-veja-quais\/\"]}]},{\"@type\":\"ImageObject\",\"inLanguage\":\"pt-BR\",\"@id\":\"https:\/\/deputadotaveirajr.com.br\/index.php\/inmet-alerta-para-chuvas-intensas-em-96-cidades-do-rn-veja-quais\/#primaryimage\",\"url\":\"https:\/\/deputadotaveirajr.com.br\/wp-content\/uploads\/2025\/01\/inmet333-JfQLWj.jpeg\",\"contentUrl\":\"https:\/\/deputadotaveirajr.com.br\/wp-content\/uploads\/2025\/01\/inmet333-JfQLWj.jpeg\",\"width\":564,\"height\":515},{\"@type\":\"BreadcrumbList\",\"@id\":\"https:\/\/deputadotaveirajr.com.br\/index.php\/inmet-alerta-para-chuvas-intensas-em-96-cidades-do-rn-veja-quais\/#breadcrumb\",\"itemListElement\":[{\"@type\":\"ListItem\",\"position\":1,\"name\":\"In\u00edcio\",\"item\":\"https:\/\/deputadotaveirajr.com.br\/\"},{\"@type\":\"ListItem\",\"position\":2,\"name\":\"Inmet alerta para chuvas intensas em 96 cidades do RN; veja quais\"}]},{\"@type\":\"WebSite\",\"@id\":\"https:\/\/deputadotaveirajr.com.br\/#website\",\"url\":\"https:\/\/deputadotaveirajr.com.br\/\",\"name\":\"Taveira Jr\",\"description\":\"Deputado Estadual\",\"publisher\":{\"@id\":\"https:\/\/deputadotaveirajr.com.br\/#organization\"},\"potentialAction\":[{\"@type\":\"SearchAction\",\"target\":{\"@type\":\"EntryPoint\",\"urlTemplate\":\"https:\/\/deputadotaveirajr.com.br\/?s={search_term_string}\"},\"query-input\":{\"@type\":\"PropertyValueSpecification\",\"valueRequired\":true,\"valueName\":\"search_term_string\"}}],\"inLanguage\":\"pt-BR\"},{\"@type\":\"Organization\",\"@id\":\"https:\/\/deputadotaveirajr.com.br\/#organization\",\"name\":\"Taveira Jr\",\"url\":\"https:\/\/deputadotaveirajr.com.br\/\",\"logo\":{\"@type\":\"ImageObject\",\"inLanguage\":\"pt-BR\",\"@id\":\"https:\/\/deputadotaveirajr.com.br\/#\/schema\/logo\/image\/\",\"url\":\"https:\/\/deputadotaveirajr.com.br\/wp-content\/uploads\/2026\/01\/logolow2a.png\",\"contentUrl\":\"https:\/\/deputadotaveirajr.com.br\/wp-content\/uploads\/2026\/01\/logolow2a.png\",\"width\":290,\"height\":80,\"caption\":\"Taveira Jr\"},\"image\":{\"@id\":\"https:\/\/deputadotaveirajr.com.br\/#\/schema\/logo\/image\/\"}}]}<\/script>\n<!-- \/ Yoast SEO plugin. -->","yoast_head_json":{"title":"Inmet alerta para chuvas intensas em 96 cidades do RN; veja quais - Taveira Jr","robots":{"index":"index","follow":"follow","max-snippet":"max-snippet:-1","max-image-preview":"max-image-preview:large","max-video-preview":"max-video-preview:-1"},"canonical":"https:\/\/deputadotaveirajr.com.br\/index.php\/inmet-alerta-para-chuvas-intensas-em-96-cidades-do-rn-veja-quais\/","og_locale":"pt_BR","og_type":"article","og_title":"Inmet alerta para chuvas intensas em 96 cidades do RN; veja quais - Taveira Jr","og_description":"Aviso \u00e9 da cor amarela, que prev\u00ea chuvas entre 20 e 30 mm por hora e at\u00e9 50 mm por dia. Alerta vale at\u00e9 10h de segunda-feira (20). Chuvas intensas ...","og_url":"https:\/\/deputadotaveirajr.com.br\/index.php\/inmet-alerta-para-chuvas-intensas-em-96-cidades-do-rn-veja-quais\/","og_site_name":"Taveira Jr","og_image":[{"url":"https:\/\/s2-g1.glbimg.com\/LwvA9x2kNp8JFvMtGQhM3rwCy4U=\/i.s3.glbimg.com\/v1\/AUTH_59edd422c0c84a879bd37670ae4f538a\/internal_photos\/bs\/2025\/r\/n\/f6sGf5SmiH6yL2eADyqg\/inmet333.jpg","type":"","width":"","height":""}],"twitter_card":"summary_large_image","twitter_misc":{"Est. tempo de leitura":"2 minutos"},"schema":{"@context":"https:\/\/schema.org","@graph":[{"@type":"WebPage","@id":"https:\/\/deputadotaveirajr.com.br\/index.php\/inmet-alerta-para-chuvas-intensas-em-96-cidades-do-rn-veja-quais\/","url":"https:\/\/deputadotaveirajr.com.br\/index.php\/inmet-alerta-para-chuvas-intensas-em-96-cidades-do-rn-veja-quais\/","name":"Inmet alerta para chuvas intensas em 96 cidades do RN; veja quais - Taveira Jr","isPartOf":{"@id":"https:\/\/deputadotaveirajr.com.br\/#website"},"primaryImageOfPage":{"@id":"https:\/\/deputadotaveirajr.com.br\/index.php\/inmet-alerta-para-chuvas-intensas-em-96-cidades-do-rn-veja-quais\/#primaryimage"},"image":{"@id":"https:\/\/deputadotaveirajr.com.br\/index.php\/inmet-alerta-para-chuvas-intensas-em-96-cidades-do-rn-veja-quais\/#primaryimage"},"thumbnailUrl":"https:\/\/deputadotaveirajr.com.br\/wp-content\/uploads\/2025\/01\/inmet333-JfQLWj.jpeg","datePublished":"2025-01-19T16:42:51+00:00","breadcrumb":{"@id":"https:\/\/deputadotaveirajr.com.br\/index.php\/inmet-alerta-para-chuvas-intensas-em-96-cidades-do-rn-veja-quais\/#breadcrumb"},"inLanguage":"pt-BR","potentialAction":[{"@type":"ReadAction","target":["https:\/\/deputadotaveirajr.com.br\/index.php\/inmet-alerta-para-chuvas-intensas-em-96-cidades-do-rn-veja-quais\/"]}]},{"@type":"ImageObject","inLanguage":"pt-BR","@id":"https:\/\/deputadotaveirajr.com.br\/index.php\/inmet-alerta-para-chuvas-intensas-em-96-cidades-do-rn-veja-quais\/#primaryimage","url":"https:\/\/deputadotaveirajr.com.br\/wp-content\/uploads\/2025\/01\/inmet333-JfQLWj.jpeg","contentUrl":"https:\/\/deputadotaveirajr.com.br\/wp-content\/uploads\/2025\/01\/inmet333-JfQLWj.jpeg","width":564,"height":515},{"@type":"BreadcrumbList","@id":"https:\/\/deputadotaveirajr.com.br\/index.php\/inmet-alerta-para-chuvas-intensas-em-96-cidades-do-rn-veja-quais\/#breadcrumb","itemListElement":[{"@type":"ListItem","position":1,"name":"In\u00edcio","item":"https:\/\/deputadotaveirajr.com.br\/"},{"@type":"ListItem","position":2,"name":"Inmet alerta para chuvas intensas em 96 cidades do RN; veja quais"}]},{"@type":"WebSite","@id":"https:\/\/deputadotaveirajr.com.br\/#website","url":"https:\/\/deputadotaveirajr.com.br\/","name":"Taveira Jr","description":"Deputado Estadual","publisher":{"@id":"https:\/\/deputadotaveirajr.com.br\/#organization"},"potentialAction":[{"@type":"SearchAction","target":{"@type":"EntryPoint","urlTemplate":"https:\/\/deputadotaveirajr.com.br\/?s={search_term_string}"},"query-input":{"@type":"PropertyValueSpecification","valueRequired":true,"valueName":"search_term_string"}}],"inLanguage":"pt-BR"},{"@type":"Organization","@id":"https:\/\/deputadotaveirajr.com.br\/#organization","name":"Taveira Jr","url":"https:\/\/deputadotaveirajr.com.br\/","logo":{"@type":"ImageObject","inLanguage":"pt-BR","@id":"https:\/\/deputadotaveirajr.com.br\/#\/schema\/logo\/image\/","url":"https:\/\/deputadotaveirajr.com.br\/wp-content\/uploads\/2026\/01\/logolow2a.png","contentUrl":"https:\/\/deputadotaveirajr.com.br\/wp-content\/uploads\/2026\/01\/logolow2a.png","width":290,"height":80,"caption":"Taveira Jr"},"image":{"@id":"https:\/\/deputadotaveirajr.com.br\/#\/schema\/logo\/image\/"}}]}},"_links":{"self":[{"href":"https:\/\/deputadotaveirajr.com.br\/index.php\/wp-json\/wp\/v2\/pages\/12040","targetHints":{"allow":["GET"]}}],"collection":[{"href":"https:\/\/deputadotaveirajr.com.br\/index.php\/wp-json\/wp\/v2\/pages"}],"about":[{"href":"https:\/\/deputadotaveirajr.com.br\/index.php\/wp-json\/wp\/v2\/types\/page"}],"replies":[{"embeddable":true,"href":"https:\/\/deputadotaveirajr.com.br\/index.php\/wp-json\/wp\/v2\/comments?post=12040"}],"version-history":[{"count":0,"href":"https:\/\/deputadotaveirajr.com.br\/index.php\/wp-json\/wp\/v2\/pages\/12040\/revisions"}],"wp:featuredmedia":[{"embeddable":true,"href":"https:\/\/deputadotaveirajr.com.br\/index.php\/wp-json\/wp\/v2\/media\/12041"}],"wp:attachment":[{"href":"https:\/\/deputadotaveirajr.com.br\/index.php\/wp-json\/wp\/v2\/media?parent=12040"}],"curies":[{"name":"wp","href":"https:\/\/api.w.org\/{rel}","templated":true}]}}