{"id":12074,"date":"2025-01-22T11:03:57","date_gmt":"2025-01-22T14:03:57","guid":{"rendered":"https:\/\/deputadotaveirajr.com.br\/index.php\/funcionarios-terceirizados-paralisam-atividades-no-hospital-walfredo-gurgel-e-fazem-protesto-em-natal\/"},"modified":"2025-01-22T11:03:57","modified_gmt":"2025-01-22T14:03:57","slug":"funcionarios-terceirizados-paralisam-atividades-no-hospital-walfredo-gurgel-e-fazem-protesto-em-natal","status":"publish","type":"page","link":"https:\/\/deputadotaveirajr.com.br\/index.php\/funcionarios-terceirizados-paralisam-atividades-no-hospital-walfredo-gurgel-e-fazem-protesto-em-natal\/","title":{"rendered":"Funcion\u00e1rios terceirizados paralisam atividades no Hospital Walfredo Gurgel e fazem protesto em Natal"},"content":{"rendered":"<p><img decoding=\"async\" src=\"https:\/\/s2-g1.glbimg.com\/2EPGH2-Wfqd5RnZiLSeK0JmzEXU=\/i.s3.glbimg.com\/v1\/AUTH_59edd422c0c84a879bd37670ae4f538a\/internal_photos\/bs\/2025\/3\/q\/QAKYPCRMCEB5ydJOarSA\/whatsapp-image-2025-01-22-at-09.49.22.jpeg\" \/><br \/>     Protesto re\u00fane categorias em frente ao hospital e afeta servi\u00e7os essenciais na maior unidade de sa\u00fade do estado.  Funcion\u00e1rios terceirizados paralisam atividades no Hospital Walfredo Gurgel em Natal<br \/>\nServidores terceirizados do Hospital Walfredo Gurgel, maior unidade de sa\u00fade do Rio Grande do Norte, paralisaram as atividades na manh\u00e3 desta quarta-feira (22), por causa do atraso de sal\u00e1rios e outros benef\u00edcios.<br \/>\nEntre os trabalhadores est\u00e3o profissionais de nutri\u00e7\u00e3o, vigil\u00e2ncia, maqueiros e servi\u00e7os de lavanderia e higieniza\u00e7\u00e3o. Eles realizaram um protesto em frente \u00e0 unidade, localizada na Avenida Salgado Filho, em Natal.<br \/>\n\ud83d\udcf3Participe do canal do g1 RN no WhatsApp<br \/>\nDe acordo com os terceirizados, o movimento foi motivado pelo atraso nos sal\u00e1rios e no pagamento de quatro meses de vale-alimenta\u00e7\u00e3o, responsabilidade do Governo do Estado.<br \/>\nSegundo M\u00e1rcio Lucena, presidente do Sindicato dos Vigilantes, a situa\u00e7\u00e3o, al\u00e9m dos funcion\u00e1rios do hospital, afeta cerca de 800 trabalhadores no estado, incluindo vigilantes que est\u00e3o sem receber o 13\u00ba sal\u00e1rio de 2024.<br \/>\n \u201cInfelizmente, decidimos protestar para chamar a aten\u00e7\u00e3o da imprensa nacional e estadual. Muitos vigilantes est\u00e3o sendo despejados por falta de pagamento de aluguel e outras contas b\u00e1sicas\u201d, afirmou.<br \/>\nCom a redu\u00e7\u00e3o do servi\u00e7o, parte da alimenta\u00e7\u00e3o fornecida pelo hospital est\u00e1 suspensa.<br \/>\nRos\u00e1lia Fernandes, coordenadora geral do Sindicato dos Servidores da Sa\u00fade, afirmou que desde o \u00faltimo domingo (19), as refei\u00e7\u00f5es foram suspensas para funcion\u00e1rios e acompanhantes, exceto da pediatria.<br \/>\n\u201cHoje, a ordem \u00e9 oferecer alimenta\u00e7\u00e3o apenas para pacientes e acompanhantes da pediatria. Os demais est\u00e3o sem refei\u00e7\u00f5es. Essa \u00e9 uma situa\u00e7\u00e3o recorrente que afeta n\u00e3o s\u00f3 os terceirizados, mas tamb\u00e9m os servidores p\u00fablicos que dependem desse suporte\u201d, disse.<br \/>\nRos\u00e1lia tamb\u00e9m destacou que a situa\u00e7\u00e3o \u00e9 semelhante em outras unidades do estado. \u201cNo Hospital Santa Catarina, em Natal, n\u00e3o houve jantar na noite de domingo. No Tarc\u00edsio Maia, em Mossor\u00f3, j\u00e1 s\u00e3o sete dias sem refei\u00e7\u00f5es para os funcion\u00e1rios. \u00c9 uma penalidade constante para quem trabalha na sa\u00fade p\u00fablica\u201d, completou.<br \/>\nA situa\u00e7\u00e3o tem impactado os pacientes e seus acompanhantes. Meire Barbosa, que acompanha um amigo internado no hospital ap\u00f3s ter ficado parapl\u00e9gico devido a um tiro nas costas, relatou as dificuldades enfrentadas.<br \/>\n\u201cOntem ficamos com fome. Hoje de manh\u00e3 veio apenas um p\u00e3o seco e caf\u00e9. Quem tem dinheiro consegue comer, quem n\u00e3o tem, depende da ajuda de outras pessoas. Se n\u00e3o fosse uma menina que comprou quentinhas e dividiu com quatro pessoas, ningu\u00e9m teria comido nada\u201d, afirmou.<br \/>\nSegundo Meire, muitos acompanhantes de outras cidades, como Macau e Pau dos Ferros, tamb\u00e9m enfrentam dificuldades. \u201cA situa\u00e7\u00e3o est\u00e1 horr\u00edvel. Todo mundo est\u00e1 com fome. \u00c9 um absurdo muito grande o que est\u00e1 acontecendo\u201d, disse.<br \/>\nEm nota, o Governo do Estado informou que est\u00e1 adotando medidas para enfrentar a situa\u00e7\u00e3o e que a Secretaria de Fazenda est\u00e1 dialogando com as empresas prestadoras de servi\u00e7os terceirizados para fazer os repasses necess\u00e1rios.<br \/>\nO Governo tamb\u00e9m ressaltou que tem enfrentado dificuldades financeiras decorrentes da queda na arrecada\u00e7\u00e3o do ICMS em 2024  e das leis 192 e 194 de 2022. Confira a nota na \u00edntegra:<br \/>\n&#8220;O Governo do Estado do Rio Grande do Norte est\u00e1 adotando todas as medidas cab\u00edveis e urgentes para enfrentar essa situa\u00e7\u00e3o. A Secretaria de Fazendo est\u00e1 dialogando com as empresas prestadoras de servi\u00e7os terceirizados para fazer os repasses necess\u00e1rios e cumprir com os compromissos assumidos ainda no m\u00eas de janeiro.<br \/>\nNo entanto, \u00e9 importante ressaltar que o Estado enfrenta s\u00e9rias dificuldades financeiras decorrentes da queda significativa na arrecada\u00e7\u00e3o do ICMS em 2024, e das leis 192 e 194 de 2022, o que tem gerado impactos diretos em \u00e1reas priorit\u00e1rias, como a Sa\u00fade.<br \/>\nO efeito do reajuste da al\u00edquota modal em 20%, aprovado para 2025, s\u00f3 acontecer\u00e1 a partir de abril, quando a gest\u00e3o iniciar\u00e1 gradativamente o reequil\u00edbrio das contas p\u00fablicas.&#8221;<br \/>\nAl\u00e9m disso, a Secretaria de Sa\u00fade P\u00fablica do RN (Sesap) afirmou que a respeito do vale-alimenta\u00e7\u00e3o, n\u00e3o procede que o atraso seja responsabilidade do governo. De acordo com a secretaria, o repasse feito \u00e0 empresa engloba todos os valores.<br \/>\nOs funcion\u00e1rios terceirizados liberaram o tr\u00e2nsito na Avenida Salgado Filho por volta das 10h40 e seguiram em protesto para a sede da Governadoria, no Centro Administrativo.<br \/>\nFuncion\u00e1rios terceirizados paralisam atividades no Hospital Walfredo Gurgel<br \/>\nS\u00e9rgio Henrique Santos\/Inter TV Cabugi<br \/>\nVeja os v\u00eddeos mais assistidos do g1 RN<\/p>","protected":false},"excerpt":{"rendered":"<p>Protesto re\u00fane categorias em frente ao hospital e afeta servi\u00e7os essenciais na maior unidade de sa\u00fade do estado. Funcion\u00e1rios terceirizados paralisam atividades no Hospital Walfredo Gurgel em Natal Servidores terceirizados &#8230;<\/p>\n","protected":false},"author":0,"featured_media":12075,"parent":0,"menu_order":0,"comment_status":"closed","ping_status":"closed","template":"","meta":{"footnotes":""},"class_list":["post-12074","page","type-page","status-publish","has-post-thumbnail","hentry"],"yoast_head":"<!-- This site is optimized with the Yoast SEO plugin v27.1.1 - https:\/\/yoast.com\/product\/yoast-seo-wordpress\/ -->\n<title>Funcion\u00e1rios terceirizados paralisam atividades no Hospital Walfredo Gurgel e fazem protesto em Natal - Taveira Jr<\/title>\n<meta name=\"robots\" content=\"index, follow, max-snippet:-1, max-image-preview:large, max-video-preview:-1\" \/>\n<link rel=\"canonical\" href=\"https:\/\/deputadotaveirajr.com.br\/index.php\/funcionarios-terceirizados-paralisam-atividades-no-hospital-walfredo-gurgel-e-fazem-protesto-em-natal\/\" \/>\n<meta property=\"og:locale\" content=\"pt_BR\" \/>\n<meta property=\"og:type\" content=\"article\" \/>\n<meta property=\"og:title\" content=\"Funcion\u00e1rios terceirizados paralisam atividades no Hospital Walfredo Gurgel e fazem protesto em Natal - Taveira Jr\" \/>\n<meta property=\"og:description\" content=\"Protesto re\u00fane categorias em frente ao hospital e afeta servi\u00e7os essenciais na maior unidade de sa\u00fade do estado. Funcion\u00e1rios terceirizados paralisam atividades no Hospital Walfredo Gurgel em Natal Servidores terceirizados ...\" \/>\n<meta property=\"og:url\" content=\"https:\/\/deputadotaveirajr.com.br\/index.php\/funcionarios-terceirizados-paralisam-atividades-no-hospital-walfredo-gurgel-e-fazem-protesto-em-natal\/\" \/>\n<meta property=\"og:site_name\" content=\"Taveira Jr\" \/>\n<meta property=\"og:image\" content=\"https:\/\/s2-g1.glbimg.com\/2EPGH2-Wfqd5RnZiLSeK0JmzEXU=\/i.s3.glbimg.com\/v1\/AUTH_59edd422c0c84a879bd37670ae4f538a\/internal_photos\/bs\/2025\/3\/q\/QAKYPCRMCEB5ydJOarSA\/whatsapp-image-2025-01-22-at-09.49.22.jpeg\" \/>\n<meta name=\"twitter:card\" content=\"summary_large_image\" \/>\n<meta name=\"twitter:label1\" content=\"Est. tempo de leitura\" \/>\n\t<meta name=\"twitter:data1\" content=\"4 minutos\" \/>\n<script type=\"application\/ld+json\" class=\"yoast-schema-graph\">{\"@context\":\"https:\/\/schema.org\",\"@graph\":[{\"@type\":\"WebPage\",\"@id\":\"https:\/\/deputadotaveirajr.com.br\/index.php\/funcionarios-terceirizados-paralisam-atividades-no-hospital-walfredo-gurgel-e-fazem-protesto-em-natal\/\",\"url\":\"https:\/\/deputadotaveirajr.com.br\/index.php\/funcionarios-terceirizados-paralisam-atividades-no-hospital-walfredo-gurgel-e-fazem-protesto-em-natal\/\",\"name\":\"Funcion\u00e1rios terceirizados paralisam atividades no Hospital Walfredo Gurgel e fazem protesto em Natal - Taveira Jr\",\"isPartOf\":{\"@id\":\"https:\/\/deputadotaveirajr.com.br\/#website\"},\"primaryImageOfPage\":{\"@id\":\"https:\/\/deputadotaveirajr.com.br\/index.php\/funcionarios-terceirizados-paralisam-atividades-no-hospital-walfredo-gurgel-e-fazem-protesto-em-natal\/#primaryimage\"},\"image\":{\"@id\":\"https:\/\/deputadotaveirajr.com.br\/index.php\/funcionarios-terceirizados-paralisam-atividades-no-hospital-walfredo-gurgel-e-fazem-protesto-em-natal\/#primaryimage\"},\"thumbnailUrl\":\"https:\/\/deputadotaveirajr.com.br\/wp-content\/uploads\/2025\/01\/whatsapp-image-2025-01-22-at-09.49.22-iC2oLK-scaled.jpeg\",\"datePublished\":\"2025-01-22T14:03:57+00:00\",\"breadcrumb\":{\"@id\":\"https:\/\/deputadotaveirajr.com.br\/index.php\/funcionarios-terceirizados-paralisam-atividades-no-hospital-walfredo-gurgel-e-fazem-protesto-em-natal\/#breadcrumb\"},\"inLanguage\":\"pt-BR\",\"potentialAction\":[{\"@type\":\"ReadAction\",\"target\":[\"https:\/\/deputadotaveirajr.com.br\/index.php\/funcionarios-terceirizados-paralisam-atividades-no-hospital-walfredo-gurgel-e-fazem-protesto-em-natal\/\"]}]},{\"@type\":\"ImageObject\",\"inLanguage\":\"pt-BR\",\"@id\":\"https:\/\/deputadotaveirajr.com.br\/index.php\/funcionarios-terceirizados-paralisam-atividades-no-hospital-walfredo-gurgel-e-fazem-protesto-em-natal\/#primaryimage\",\"url\":\"https:\/\/deputadotaveirajr.com.br\/wp-content\/uploads\/2025\/01\/whatsapp-image-2025-01-22-at-09.49.22-iC2oLK-scaled.jpeg\",\"contentUrl\":\"https:\/\/deputadotaveirajr.com.br\/wp-content\/uploads\/2025\/01\/whatsapp-image-2025-01-22-at-09.49.22-iC2oLK-scaled.jpeg\",\"width\":2560,\"height\":1920},{\"@type\":\"BreadcrumbList\",\"@id\":\"https:\/\/deputadotaveirajr.com.br\/index.php\/funcionarios-terceirizados-paralisam-atividades-no-hospital-walfredo-gurgel-e-fazem-protesto-em-natal\/#breadcrumb\",\"itemListElement\":[{\"@type\":\"ListItem\",\"position\":1,\"name\":\"In\u00edcio\",\"item\":\"https:\/\/deputadotaveirajr.com.br\/\"},{\"@type\":\"ListItem\",\"position\":2,\"name\":\"Funcion\u00e1rios terceirizados paralisam atividades no Hospital Walfredo Gurgel e fazem protesto em Natal\"}]},{\"@type\":\"WebSite\",\"@id\":\"https:\/\/deputadotaveirajr.com.br\/#website\",\"url\":\"https:\/\/deputadotaveirajr.com.br\/\",\"name\":\"Taveira Jr\",\"description\":\"Deputado Estadual\",\"publisher\":{\"@id\":\"https:\/\/deputadotaveirajr.com.br\/#organization\"},\"potentialAction\":[{\"@type\":\"SearchAction\",\"target\":{\"@type\":\"EntryPoint\",\"urlTemplate\":\"https:\/\/deputadotaveirajr.com.br\/?s={search_term_string}\"},\"query-input\":{\"@type\":\"PropertyValueSpecification\",\"valueRequired\":true,\"valueName\":\"search_term_string\"}}],\"inLanguage\":\"pt-BR\"},{\"@type\":\"Organization\",\"@id\":\"https:\/\/deputadotaveirajr.com.br\/#organization\",\"name\":\"Taveira Jr\",\"url\":\"https:\/\/deputadotaveirajr.com.br\/\",\"logo\":{\"@type\":\"ImageObject\",\"inLanguage\":\"pt-BR\",\"@id\":\"https:\/\/deputadotaveirajr.com.br\/#\/schema\/logo\/image\/\",\"url\":\"https:\/\/deputadotaveirajr.com.br\/wp-content\/uploads\/2026\/01\/logolow2a.png\",\"contentUrl\":\"https:\/\/deputadotaveirajr.com.br\/wp-content\/uploads\/2026\/01\/logolow2a.png\",\"width\":290,\"height\":80,\"caption\":\"Taveira Jr\"},\"image\":{\"@id\":\"https:\/\/deputadotaveirajr.com.br\/#\/schema\/logo\/image\/\"}}]}<\/script>\n<!-- \/ Yoast SEO plugin. -->","yoast_head_json":{"title":"Funcion\u00e1rios terceirizados paralisam atividades no Hospital Walfredo Gurgel e fazem protesto em Natal - Taveira Jr","robots":{"index":"index","follow":"follow","max-snippet":"max-snippet:-1","max-image-preview":"max-image-preview:large","max-video-preview":"max-video-preview:-1"},"canonical":"https:\/\/deputadotaveirajr.com.br\/index.php\/funcionarios-terceirizados-paralisam-atividades-no-hospital-walfredo-gurgel-e-fazem-protesto-em-natal\/","og_locale":"pt_BR","og_type":"article","og_title":"Funcion\u00e1rios terceirizados paralisam atividades no Hospital Walfredo Gurgel e fazem protesto em Natal - Taveira Jr","og_description":"Protesto re\u00fane categorias em frente ao hospital e afeta servi\u00e7os essenciais na maior unidade de sa\u00fade do estado. Funcion\u00e1rios terceirizados paralisam atividades no Hospital Walfredo Gurgel em Natal Servidores terceirizados ...","og_url":"https:\/\/deputadotaveirajr.com.br\/index.php\/funcionarios-terceirizados-paralisam-atividades-no-hospital-walfredo-gurgel-e-fazem-protesto-em-natal\/","og_site_name":"Taveira Jr","og_image":[{"url":"https:\/\/s2-g1.glbimg.com\/2EPGH2-Wfqd5RnZiLSeK0JmzEXU=\/i.s3.glbimg.com\/v1\/AUTH_59edd422c0c84a879bd37670ae4f538a\/internal_photos\/bs\/2025\/3\/q\/QAKYPCRMCEB5ydJOarSA\/whatsapp-image-2025-01-22-at-09.49.22.jpeg","type":"","width":"","height":""}],"twitter_card":"summary_large_image","twitter_misc":{"Est. tempo de leitura":"4 minutos"},"schema":{"@context":"https:\/\/schema.org","@graph":[{"@type":"WebPage","@id":"https:\/\/deputadotaveirajr.com.br\/index.php\/funcionarios-terceirizados-paralisam-atividades-no-hospital-walfredo-gurgel-e-fazem-protesto-em-natal\/","url":"https:\/\/deputadotaveirajr.com.br\/index.php\/funcionarios-terceirizados-paralisam-atividades-no-hospital-walfredo-gurgel-e-fazem-protesto-em-natal\/","name":"Funcion\u00e1rios terceirizados paralisam atividades no Hospital Walfredo Gurgel e fazem protesto em Natal - Taveira Jr","isPartOf":{"@id":"https:\/\/deputadotaveirajr.com.br\/#website"},"primaryImageOfPage":{"@id":"https:\/\/deputadotaveirajr.com.br\/index.php\/funcionarios-terceirizados-paralisam-atividades-no-hospital-walfredo-gurgel-e-fazem-protesto-em-natal\/#primaryimage"},"image":{"@id":"https:\/\/deputadotaveirajr.com.br\/index.php\/funcionarios-terceirizados-paralisam-atividades-no-hospital-walfredo-gurgel-e-fazem-protesto-em-natal\/#primaryimage"},"thumbnailUrl":"https:\/\/deputadotaveirajr.com.br\/wp-content\/uploads\/2025\/01\/whatsapp-image-2025-01-22-at-09.49.22-iC2oLK-scaled.jpeg","datePublished":"2025-01-22T14:03:57+00:00","breadcrumb":{"@id":"https:\/\/deputadotaveirajr.com.br\/index.php\/funcionarios-terceirizados-paralisam-atividades-no-hospital-walfredo-gurgel-e-fazem-protesto-em-natal\/#breadcrumb"},"inLanguage":"pt-BR","potentialAction":[{"@type":"ReadAction","target":["https:\/\/deputadotaveirajr.com.br\/index.php\/funcionarios-terceirizados-paralisam-atividades-no-hospital-walfredo-gurgel-e-fazem-protesto-em-natal\/"]}]},{"@type":"ImageObject","inLanguage":"pt-BR","@id":"https:\/\/deputadotaveirajr.com.br\/index.php\/funcionarios-terceirizados-paralisam-atividades-no-hospital-walfredo-gurgel-e-fazem-protesto-em-natal\/#primaryimage","url":"https:\/\/deputadotaveirajr.com.br\/wp-content\/uploads\/2025\/01\/whatsapp-image-2025-01-22-at-09.49.22-iC2oLK-scaled.jpeg","contentUrl":"https:\/\/deputadotaveirajr.com.br\/wp-content\/uploads\/2025\/01\/whatsapp-image-2025-01-22-at-09.49.22-iC2oLK-scaled.jpeg","width":2560,"height":1920},{"@type":"BreadcrumbList","@id":"https:\/\/deputadotaveirajr.com.br\/index.php\/funcionarios-terceirizados-paralisam-atividades-no-hospital-walfredo-gurgel-e-fazem-protesto-em-natal\/#breadcrumb","itemListElement":[{"@type":"ListItem","position":1,"name":"In\u00edcio","item":"https:\/\/deputadotaveirajr.com.br\/"},{"@type":"ListItem","position":2,"name":"Funcion\u00e1rios terceirizados paralisam atividades no Hospital Walfredo Gurgel e fazem protesto em Natal"}]},{"@type":"WebSite","@id":"https:\/\/deputadotaveirajr.com.br\/#website","url":"https:\/\/deputadotaveirajr.com.br\/","name":"Taveira Jr","description":"Deputado Estadual","publisher":{"@id":"https:\/\/deputadotaveirajr.com.br\/#organization"},"potentialAction":[{"@type":"SearchAction","target":{"@type":"EntryPoint","urlTemplate":"https:\/\/deputadotaveirajr.com.br\/?s={search_term_string}"},"query-input":{"@type":"PropertyValueSpecification","valueRequired":true,"valueName":"search_term_string"}}],"inLanguage":"pt-BR"},{"@type":"Organization","@id":"https:\/\/deputadotaveirajr.com.br\/#organization","name":"Taveira Jr","url":"https:\/\/deputadotaveirajr.com.br\/","logo":{"@type":"ImageObject","inLanguage":"pt-BR","@id":"https:\/\/deputadotaveirajr.com.br\/#\/schema\/logo\/image\/","url":"https:\/\/deputadotaveirajr.com.br\/wp-content\/uploads\/2026\/01\/logolow2a.png","contentUrl":"https:\/\/deputadotaveirajr.com.br\/wp-content\/uploads\/2026\/01\/logolow2a.png","width":290,"height":80,"caption":"Taveira Jr"},"image":{"@id":"https:\/\/deputadotaveirajr.com.br\/#\/schema\/logo\/image\/"}}]}},"_links":{"self":[{"href":"https:\/\/deputadotaveirajr.com.br\/index.php\/wp-json\/wp\/v2\/pages\/12074","targetHints":{"allow":["GET"]}}],"collection":[{"href":"https:\/\/deputadotaveirajr.com.br\/index.php\/wp-json\/wp\/v2\/pages"}],"about":[{"href":"https:\/\/deputadotaveirajr.com.br\/index.php\/wp-json\/wp\/v2\/types\/page"}],"replies":[{"embeddable":true,"href":"https:\/\/deputadotaveirajr.com.br\/index.php\/wp-json\/wp\/v2\/comments?post=12074"}],"version-history":[{"count":0,"href":"https:\/\/deputadotaveirajr.com.br\/index.php\/wp-json\/wp\/v2\/pages\/12074\/revisions"}],"wp:featuredmedia":[{"embeddable":true,"href":"https:\/\/deputadotaveirajr.com.br\/index.php\/wp-json\/wp\/v2\/media\/12075"}],"wp:attachment":[{"href":"https:\/\/deputadotaveirajr.com.br\/index.php\/wp-json\/wp\/v2\/media?parent=12074"}],"curies":[{"name":"wp","href":"https:\/\/api.w.org\/{rel}","templated":true}]}}