{"id":12080,"date":"2025-01-23T09:37:49","date_gmt":"2025-01-23T12:37:49","guid":{"rendered":"https:\/\/deputadotaveirajr.com.br\/index.php\/obra-de-engorda-da-praia-de-ponta-negra-chega-ao-morro-do-careca\/"},"modified":"2025-01-23T09:37:49","modified_gmt":"2025-01-23T12:37:49","slug":"obra-de-engorda-da-praia-de-ponta-negra-chega-ao-morro-do-careca","status":"publish","type":"page","link":"https:\/\/deputadotaveirajr.com.br\/index.php\/obra-de-engorda-da-praia-de-ponta-negra-chega-ao-morro-do-careca\/","title":{"rendered":"Obra de engorda da praia de Ponta Negra chega ao Morro do Careca"},"content":{"rendered":"<p><img decoding=\"async\" src=\"https:\/\/s2-g1.glbimg.com\/krY9-Od8zWZ1kbil6lYEAShHOno=\/i.s3.glbimg.com\/v1\/AUTH_59edd422c0c84a879bd37670ae4f538a\/internal_photos\/bs\/2025\/0\/S\/6uDkX7SaKzG435bSWVLg\/morro-do-careca.jpg\" \/><br \/>     Segundo o secret\u00e1rio de Meio Ambiente e Urbanismo de Natal, expectativa \u00e9 de que a obra seja conclu\u00edda at\u00e9 o pr\u00f3ximo domingo (26).  Engorda de Ponta Negra chega ao Morro do Careca<br \/>\nCaruso\/Cedida<br \/>\nA obra de engorda da Praia de Ponta Negra, na Zona Sul de Natal, chegou ao Morro do Careca nesta quarta-feira (22).<br \/>\nDe acordo com o secret\u00e1rio municipal de Meio Ambiente e Urbanismo (Semurb), Thiago Mesquita, a expectativa \u00e9 de que o aterro seja conclu\u00eddo at\u00e9 o pr\u00f3ximo domingo (26).<br \/>\n\ud83d\udcf3Participe do canal do g1 RN no WhatsApp<br \/>\nA engorda significa a amplia\u00e7\u00e3o da faixa de areia da praia, em um trecho de 4,3 km da orla de Natal. Ela foi iniciada na Via Costeira, nas proximidades do Hotel Sehrs e seguiu em dire\u00e7\u00e3o ao Morro do Careca, principal cart\u00e3o postal da cidade.<br \/>\nO servi\u00e7o \u00e9 realizado por um navio do tipo draga, que puxa a areia de uma jazida, localizada no mar, e transporta o material at\u00e9 pr\u00f3ximo da praia. Encanamentos s\u00e3o acoplados \u00e0 embarca\u00e7\u00e3o e a areia \u00e9 bombeada para a praia. M\u00e1quinas concluem a distribui\u00e7\u00e3o da areia na orla.<br \/>\n&#8220;Essa obra j\u00e1 tem cumprido o papel ambiental de resguardar todo o processo erosivo contra a linha de costa da praia de Ponta Negra, de resguardar, a partir de agora, toda a base do Morro do Careca, e tamb\u00e9m de garantir um grande avan\u00e7o no aspecto socioecon\u00f4mico, no aspecto do turismo do munic\u00edpio de Natal&#8221;, afirmou.<br \/>\nMorro do Careca: por que a eros\u00e3o acelerou e amea\u00e7a uma das dunas mais famosas do Nordeste<br \/>\nA expectativa do munic\u00edpio \u00e9 que a praia fique com cerca de 100 metros de faixa de areia na mar\u00e9 baixa e 50 metros na mar\u00e9 alta.<br \/>\nA obra foi iniciada no segundo semestre de 2024 com expectativa de ser conclu\u00edda at\u00e9 dezembro. Por\u00e9m, no dia 13 de dezembro, a empresa DTA Engenharia, que faz parte do cons\u00f3rcio contratado pelo munic\u00edpio, confirmou ao g1 que a obra s\u00f3 seria conclu\u00edda no fim de janeiro de 2025.<br \/>\nNo \u00faltimo dia 13 de janeiro, parte do trecho com faixa de areia ampliada ficou alagado, ap\u00f3s uma chuva. A prefeitura atribuiu a situa\u00e7\u00e3o a um problema na rede de drenagem da praia.<br \/>\nRelembre a obra<br \/>\nA draga contratada para a obra chegou a Natal em junho, mas as licen\u00e7as ambientais ainda estavam pendentes no Idema.<br \/>\nEm julho, sem autoriza\u00e7\u00e3o para executar a obra, a draga deixou a cidade. No mesmo m\u00eas, a Justi\u00e7a determinou a emiss\u00e3o da licen\u00e7a, que foi concedida em 23 de julho com 80 condicionantes.<br \/>\nA obra foi iniciada em 30 de agosto, mas paralisada em 3 de setembro ap\u00f3s problemas na jazida de areia serem identificados pela Funpec. O munic\u00edpio iniciou uma nova busca por novos bancos de areia e encontrou um a 10 km da costa.<br \/>\nEm 20 de setembro, um decreto de emerg\u00eancia foi publicado pela prefeitura por causa da eros\u00e3o do mar na costa.<br \/>\nA interven\u00e7\u00e3o foi retomada em 21 de setembro com a nova jazida, enquanto a prefeitura alegou que o decreto dispensava a necessidade de uma nova licen\u00e7a ambiental.<br \/>\nO Idema afirmou que a \u00e1rea utilizada n\u00e3o estava coberta pela licen\u00e7a inicial e que a responsabilidade ambiental passou a ser exclusiva da prefeitura.<br \/>\nVeja os v\u00eddeos mais assistidos no g1 RN<\/p>","protected":false},"excerpt":{"rendered":"<p>Segundo o secret\u00e1rio de Meio Ambiente e Urbanismo de Natal, expectativa \u00e9 de que a obra seja conclu\u00edda at\u00e9 o pr\u00f3ximo domingo (26). Engorda de Ponta Negra chega ao Morro &#8230;<\/p>\n","protected":false},"author":0,"featured_media":12081,"parent":0,"menu_order":0,"comment_status":"closed","ping_status":"closed","template":"","meta":{"footnotes":""},"class_list":["post-12080","page","type-page","status-publish","has-post-thumbnail","hentry"],"yoast_head":"<!-- This site is optimized with the Yoast SEO plugin v27.1.1 - https:\/\/yoast.com\/product\/yoast-seo-wordpress\/ -->\n<title>Obra de engorda da praia de Ponta Negra chega ao Morro do Careca - Taveira Jr<\/title>\n<meta name=\"robots\" content=\"index, follow, max-snippet:-1, max-image-preview:large, max-video-preview:-1\" \/>\n<link rel=\"canonical\" href=\"https:\/\/deputadotaveirajr.com.br\/index.php\/obra-de-engorda-da-praia-de-ponta-negra-chega-ao-morro-do-careca\/\" \/>\n<meta property=\"og:locale\" content=\"pt_BR\" \/>\n<meta property=\"og:type\" content=\"article\" \/>\n<meta property=\"og:title\" content=\"Obra de engorda da praia de Ponta Negra chega ao Morro do Careca - Taveira Jr\" \/>\n<meta property=\"og:description\" content=\"Segundo o secret\u00e1rio de Meio Ambiente e Urbanismo de Natal, expectativa \u00e9 de que a obra seja conclu\u00edda at\u00e9 o pr\u00f3ximo domingo (26). Engorda de Ponta Negra chega ao Morro ...\" \/>\n<meta property=\"og:url\" content=\"https:\/\/deputadotaveirajr.com.br\/index.php\/obra-de-engorda-da-praia-de-ponta-negra-chega-ao-morro-do-careca\/\" \/>\n<meta property=\"og:site_name\" content=\"Taveira Jr\" \/>\n<meta property=\"og:image\" content=\"https:\/\/s2-g1.glbimg.com\/krY9-Od8zWZ1kbil6lYEAShHOno=\/i.s3.glbimg.com\/v1\/AUTH_59edd422c0c84a879bd37670ae4f538a\/internal_photos\/bs\/2025\/0\/S\/6uDkX7SaKzG435bSWVLg\/morro-do-careca.jpg\" \/>\n<meta name=\"twitter:card\" content=\"summary_large_image\" \/>\n<meta name=\"twitter:label1\" content=\"Est. tempo de leitura\" \/>\n\t<meta name=\"twitter:data1\" content=\"3 minutos\" \/>\n<script type=\"application\/ld+json\" class=\"yoast-schema-graph\">{\"@context\":\"https:\/\/schema.org\",\"@graph\":[{\"@type\":\"WebPage\",\"@id\":\"https:\/\/deputadotaveirajr.com.br\/index.php\/obra-de-engorda-da-praia-de-ponta-negra-chega-ao-morro-do-careca\/\",\"url\":\"https:\/\/deputadotaveirajr.com.br\/index.php\/obra-de-engorda-da-praia-de-ponta-negra-chega-ao-morro-do-careca\/\",\"name\":\"Obra de engorda da praia de Ponta Negra chega ao Morro do Careca - Taveira Jr\",\"isPartOf\":{\"@id\":\"https:\/\/deputadotaveirajr.com.br\/#website\"},\"primaryImageOfPage\":{\"@id\":\"https:\/\/deputadotaveirajr.com.br\/index.php\/obra-de-engorda-da-praia-de-ponta-negra-chega-ao-morro-do-careca\/#primaryimage\"},\"image\":{\"@id\":\"https:\/\/deputadotaveirajr.com.br\/index.php\/obra-de-engorda-da-praia-de-ponta-negra-chega-ao-morro-do-careca\/#primaryimage\"},\"thumbnailUrl\":\"https:\/\/deputadotaveirajr.com.br\/wp-content\/uploads\/2025\/01\/morro-do-careca-fW49wn.jpeg\",\"datePublished\":\"2025-01-23T12:37:49+00:00\",\"breadcrumb\":{\"@id\":\"https:\/\/deputadotaveirajr.com.br\/index.php\/obra-de-engorda-da-praia-de-ponta-negra-chega-ao-morro-do-careca\/#breadcrumb\"},\"inLanguage\":\"pt-BR\",\"potentialAction\":[{\"@type\":\"ReadAction\",\"target\":[\"https:\/\/deputadotaveirajr.com.br\/index.php\/obra-de-engorda-da-praia-de-ponta-negra-chega-ao-morro-do-careca\/\"]}]},{\"@type\":\"ImageObject\",\"inLanguage\":\"pt-BR\",\"@id\":\"https:\/\/deputadotaveirajr.com.br\/index.php\/obra-de-engorda-da-praia-de-ponta-negra-chega-ao-morro-do-careca\/#primaryimage\",\"url\":\"https:\/\/deputadotaveirajr.com.br\/wp-content\/uploads\/2025\/01\/morro-do-careca-fW49wn.jpeg\",\"contentUrl\":\"https:\/\/deputadotaveirajr.com.br\/wp-content\/uploads\/2025\/01\/morro-do-careca-fW49wn.jpeg\",\"width\":1200,\"height\":1600},{\"@type\":\"BreadcrumbList\",\"@id\":\"https:\/\/deputadotaveirajr.com.br\/index.php\/obra-de-engorda-da-praia-de-ponta-negra-chega-ao-morro-do-careca\/#breadcrumb\",\"itemListElement\":[{\"@type\":\"ListItem\",\"position\":1,\"name\":\"In\u00edcio\",\"item\":\"https:\/\/deputadotaveirajr.com.br\/\"},{\"@type\":\"ListItem\",\"position\":2,\"name\":\"Obra de engorda da praia de Ponta Negra chega ao Morro do Careca\"}]},{\"@type\":\"WebSite\",\"@id\":\"https:\/\/deputadotaveirajr.com.br\/#website\",\"url\":\"https:\/\/deputadotaveirajr.com.br\/\",\"name\":\"Taveira Jr\",\"description\":\"Deputado Estadual\",\"publisher\":{\"@id\":\"https:\/\/deputadotaveirajr.com.br\/#organization\"},\"potentialAction\":[{\"@type\":\"SearchAction\",\"target\":{\"@type\":\"EntryPoint\",\"urlTemplate\":\"https:\/\/deputadotaveirajr.com.br\/?s={search_term_string}\"},\"query-input\":{\"@type\":\"PropertyValueSpecification\",\"valueRequired\":true,\"valueName\":\"search_term_string\"}}],\"inLanguage\":\"pt-BR\"},{\"@type\":\"Organization\",\"@id\":\"https:\/\/deputadotaveirajr.com.br\/#organization\",\"name\":\"Taveira Jr\",\"url\":\"https:\/\/deputadotaveirajr.com.br\/\",\"logo\":{\"@type\":\"ImageObject\",\"inLanguage\":\"pt-BR\",\"@id\":\"https:\/\/deputadotaveirajr.com.br\/#\/schema\/logo\/image\/\",\"url\":\"https:\/\/deputadotaveirajr.com.br\/wp-content\/uploads\/2026\/01\/logolow2a.png\",\"contentUrl\":\"https:\/\/deputadotaveirajr.com.br\/wp-content\/uploads\/2026\/01\/logolow2a.png\",\"width\":290,\"height\":80,\"caption\":\"Taveira Jr\"},\"image\":{\"@id\":\"https:\/\/deputadotaveirajr.com.br\/#\/schema\/logo\/image\/\"}}]}<\/script>\n<!-- \/ Yoast SEO plugin. -->","yoast_head_json":{"title":"Obra de engorda da praia de Ponta Negra chega ao Morro do Careca - Taveira Jr","robots":{"index":"index","follow":"follow","max-snippet":"max-snippet:-1","max-image-preview":"max-image-preview:large","max-video-preview":"max-video-preview:-1"},"canonical":"https:\/\/deputadotaveirajr.com.br\/index.php\/obra-de-engorda-da-praia-de-ponta-negra-chega-ao-morro-do-careca\/","og_locale":"pt_BR","og_type":"article","og_title":"Obra de engorda da praia de Ponta Negra chega ao Morro do Careca - Taveira Jr","og_description":"Segundo o secret\u00e1rio de Meio Ambiente e Urbanismo de Natal, expectativa \u00e9 de que a obra seja conclu\u00edda at\u00e9 o pr\u00f3ximo domingo (26). Engorda de Ponta Negra chega ao Morro ...","og_url":"https:\/\/deputadotaveirajr.com.br\/index.php\/obra-de-engorda-da-praia-de-ponta-negra-chega-ao-morro-do-careca\/","og_site_name":"Taveira Jr","og_image":[{"url":"https:\/\/s2-g1.glbimg.com\/krY9-Od8zWZ1kbil6lYEAShHOno=\/i.s3.glbimg.com\/v1\/AUTH_59edd422c0c84a879bd37670ae4f538a\/internal_photos\/bs\/2025\/0\/S\/6uDkX7SaKzG435bSWVLg\/morro-do-careca.jpg","type":"","width":"","height":""}],"twitter_card":"summary_large_image","twitter_misc":{"Est. tempo de leitura":"3 minutos"},"schema":{"@context":"https:\/\/schema.org","@graph":[{"@type":"WebPage","@id":"https:\/\/deputadotaveirajr.com.br\/index.php\/obra-de-engorda-da-praia-de-ponta-negra-chega-ao-morro-do-careca\/","url":"https:\/\/deputadotaveirajr.com.br\/index.php\/obra-de-engorda-da-praia-de-ponta-negra-chega-ao-morro-do-careca\/","name":"Obra de engorda da praia de Ponta Negra chega ao Morro do Careca - Taveira Jr","isPartOf":{"@id":"https:\/\/deputadotaveirajr.com.br\/#website"},"primaryImageOfPage":{"@id":"https:\/\/deputadotaveirajr.com.br\/index.php\/obra-de-engorda-da-praia-de-ponta-negra-chega-ao-morro-do-careca\/#primaryimage"},"image":{"@id":"https:\/\/deputadotaveirajr.com.br\/index.php\/obra-de-engorda-da-praia-de-ponta-negra-chega-ao-morro-do-careca\/#primaryimage"},"thumbnailUrl":"https:\/\/deputadotaveirajr.com.br\/wp-content\/uploads\/2025\/01\/morro-do-careca-fW49wn.jpeg","datePublished":"2025-01-23T12:37:49+00:00","breadcrumb":{"@id":"https:\/\/deputadotaveirajr.com.br\/index.php\/obra-de-engorda-da-praia-de-ponta-negra-chega-ao-morro-do-careca\/#breadcrumb"},"inLanguage":"pt-BR","potentialAction":[{"@type":"ReadAction","target":["https:\/\/deputadotaveirajr.com.br\/index.php\/obra-de-engorda-da-praia-de-ponta-negra-chega-ao-morro-do-careca\/"]}]},{"@type":"ImageObject","inLanguage":"pt-BR","@id":"https:\/\/deputadotaveirajr.com.br\/index.php\/obra-de-engorda-da-praia-de-ponta-negra-chega-ao-morro-do-careca\/#primaryimage","url":"https:\/\/deputadotaveirajr.com.br\/wp-content\/uploads\/2025\/01\/morro-do-careca-fW49wn.jpeg","contentUrl":"https:\/\/deputadotaveirajr.com.br\/wp-content\/uploads\/2025\/01\/morro-do-careca-fW49wn.jpeg","width":1200,"height":1600},{"@type":"BreadcrumbList","@id":"https:\/\/deputadotaveirajr.com.br\/index.php\/obra-de-engorda-da-praia-de-ponta-negra-chega-ao-morro-do-careca\/#breadcrumb","itemListElement":[{"@type":"ListItem","position":1,"name":"In\u00edcio","item":"https:\/\/deputadotaveirajr.com.br\/"},{"@type":"ListItem","position":2,"name":"Obra de engorda da praia de Ponta Negra chega ao Morro do Careca"}]},{"@type":"WebSite","@id":"https:\/\/deputadotaveirajr.com.br\/#website","url":"https:\/\/deputadotaveirajr.com.br\/","name":"Taveira Jr","description":"Deputado Estadual","publisher":{"@id":"https:\/\/deputadotaveirajr.com.br\/#organization"},"potentialAction":[{"@type":"SearchAction","target":{"@type":"EntryPoint","urlTemplate":"https:\/\/deputadotaveirajr.com.br\/?s={search_term_string}"},"query-input":{"@type":"PropertyValueSpecification","valueRequired":true,"valueName":"search_term_string"}}],"inLanguage":"pt-BR"},{"@type":"Organization","@id":"https:\/\/deputadotaveirajr.com.br\/#organization","name":"Taveira Jr","url":"https:\/\/deputadotaveirajr.com.br\/","logo":{"@type":"ImageObject","inLanguage":"pt-BR","@id":"https:\/\/deputadotaveirajr.com.br\/#\/schema\/logo\/image\/","url":"https:\/\/deputadotaveirajr.com.br\/wp-content\/uploads\/2026\/01\/logolow2a.png","contentUrl":"https:\/\/deputadotaveirajr.com.br\/wp-content\/uploads\/2026\/01\/logolow2a.png","width":290,"height":80,"caption":"Taveira Jr"},"image":{"@id":"https:\/\/deputadotaveirajr.com.br\/#\/schema\/logo\/image\/"}}]}},"_links":{"self":[{"href":"https:\/\/deputadotaveirajr.com.br\/index.php\/wp-json\/wp\/v2\/pages\/12080","targetHints":{"allow":["GET"]}}],"collection":[{"href":"https:\/\/deputadotaveirajr.com.br\/index.php\/wp-json\/wp\/v2\/pages"}],"about":[{"href":"https:\/\/deputadotaveirajr.com.br\/index.php\/wp-json\/wp\/v2\/types\/page"}],"replies":[{"embeddable":true,"href":"https:\/\/deputadotaveirajr.com.br\/index.php\/wp-json\/wp\/v2\/comments?post=12080"}],"version-history":[{"count":0,"href":"https:\/\/deputadotaveirajr.com.br\/index.php\/wp-json\/wp\/v2\/pages\/12080\/revisions"}],"wp:featuredmedia":[{"embeddable":true,"href":"https:\/\/deputadotaveirajr.com.br\/index.php\/wp-json\/wp\/v2\/media\/12081"}],"wp:attachment":[{"href":"https:\/\/deputadotaveirajr.com.br\/index.php\/wp-json\/wp\/v2\/media?parent=12080"}],"curies":[{"name":"wp","href":"https:\/\/api.w.org\/{rel}","templated":true}]}}