{"id":12110,"date":"2025-01-25T13:11:57","date_gmt":"2025-01-25T16:11:57","guid":{"rendered":"https:\/\/deputadotaveirajr.com.br\/index.php\/suspeito-de-atirar-em-adolescente-de-12-anos-durante-tentativa-de-assalto-e-preso-no-interior-do-rn\/"},"modified":"2025-01-25T13:11:57","modified_gmt":"2025-01-25T16:11:57","slug":"suspeito-de-atirar-em-adolescente-de-12-anos-durante-tentativa-de-assalto-e-preso-no-interior-do-rn","status":"publish","type":"page","link":"https:\/\/deputadotaveirajr.com.br\/index.php\/suspeito-de-atirar-em-adolescente-de-12-anos-durante-tentativa-de-assalto-e-preso-no-interior-do-rn\/","title":{"rendered":"Suspeito de atirar em adolescente de 12 anos durante tentativa de assalto \u00e9 preso no interior do RN"},"content":{"rendered":"<p><img decoding=\"async\" src=\"https:\/\/s2-g1.glbimg.com\/IfJHWBYrwWFwxN8rQygk5d6OCNY=\/i.s3.glbimg.com\/v1\/AUTH_59edd422c0c84a879bd37670ae4f538a\/internal_photos\/bs\/2025\/2\/6\/zQkcwfQJmkwNrWaZsHVg\/preso.jpg\" \/><br \/>     Crime aconteceu em dezembro em Mossor\u00f3. Homem foi detido nesta sexta-feira (24) em Cara\u00fabas.  Suspeito foi preso na sexta-feira (24) em Cara\u00fabas, RN<br \/>\nReprodu\u00e7\u00e3o<br \/>\nUm homem de 29 anos apontado pela pol\u00edcia como suspeito de atirar em um adolescente de 12 anos que estava a caminho da escola no dia 11 de dezembro de 2024 em Mossor\u00f3, no Oeste potiguar, foi preso nesta sexta-feira (24).<br \/>\nSegundo a pol\u00edcia, o crime aconteceu durante uma tentativa de assalto no bairro Sumar\u00e9, no in\u00edcio da manh\u00e3, por volta das 6h55.<br \/>\n\ud83d\udcf3Participe do canal do g1 RN no WhatsApp<br \/>\nO garoto estava em uma moto conduzida pela m\u00e3e dele, quando os dois foram abordados pelo criminoso.<br \/>\nAdolescente foi baleado no bairro Sumar\u00e9, em Mossor\u00f3<br \/>\nFl\u00e1vio Soares\/Inter TV Costa Branca<br \/>\nSegundo a pol\u00edcia, o homem exigiu que a m\u00e3e entregasse o celular e o dinheiro que possu\u00eda. Durante a a\u00e7\u00e3o criminosa, ele disparou a arma de fogo e atingiu a perna esquerda do adolescente. Em seguida, tentou fugir utilizando a motocicleta da mulher, mas n\u00e3o conseguiu lig\u00e1-la e acabou fugindo a p\u00e9.<br \/>\nAp\u00f3s o crime, equipes da Pol\u00edcia Civil iniciaram as investiga\u00e7\u00f5es, coletando informa\u00e7\u00f5es que levaram \u00e0 identifica\u00e7\u00e3o do suspeito. Durante as dilig\u00eancias, foi constatado que ele mudava de endere\u00e7o frequentemente para evitar a captura. No entanto ele foi localizado e preso no munic\u00edpio de Cara\u00fabas.<br \/>\nA opera\u00e7\u00e3o foi conduzida por policiais da Delegacia Especializada em Furtos e Roubos (Defur) de Mossor\u00f3, junto com o N\u00facleo de Investiga\u00e7\u00e3o Qualificada (NIQ) e a Delegacia Especializada em Defesa da Propriedade de Ve\u00edculos e Cargas (Deprov).<br \/>\nO homem foi conduzido \u00e0 delegacia e, posteriormente, encaminhado ao sistema prisional, onde permanecer\u00e1 \u00e0 disposi\u00e7\u00e3o da Justi\u00e7a.<br \/>\nSegundo a pol\u00edcia, ele deve responder por tentativa de latroc\u00ednio &#8211; como \u00e9 classificado o roubo com resultado de morte.<br \/>\nVeja os v\u00eddeos mais assistidos no g1 RN<\/p>","protected":false},"excerpt":{"rendered":"<p>Crime aconteceu em dezembro em Mossor\u00f3. Homem foi detido nesta sexta-feira (24) em Cara\u00fabas. Suspeito foi preso na sexta-feira (24) em Cara\u00fabas, RN Reprodu\u00e7\u00e3o Um homem de 29 anos apontado &#8230;<\/p>\n","protected":false},"author":0,"featured_media":12111,"parent":0,"menu_order":0,"comment_status":"closed","ping_status":"closed","template":"","meta":{"footnotes":""},"class_list":["post-12110","page","type-page","status-publish","has-post-thumbnail","hentry"],"yoast_head":"<!-- This site is optimized with the Yoast SEO plugin v27.1.1 - https:\/\/yoast.com\/product\/yoast-seo-wordpress\/ -->\n<title>Suspeito de atirar em adolescente de 12 anos durante tentativa de assalto \u00e9 preso no interior do RN - Taveira Jr<\/title>\n<meta name=\"robots\" content=\"index, follow, max-snippet:-1, max-image-preview:large, max-video-preview:-1\" \/>\n<link rel=\"canonical\" href=\"https:\/\/deputadotaveirajr.com.br\/index.php\/suspeito-de-atirar-em-adolescente-de-12-anos-durante-tentativa-de-assalto-e-preso-no-interior-do-rn\/\" \/>\n<meta property=\"og:locale\" content=\"pt_BR\" \/>\n<meta property=\"og:type\" content=\"article\" \/>\n<meta property=\"og:title\" content=\"Suspeito de atirar em adolescente de 12 anos durante tentativa de assalto \u00e9 preso no interior do RN - Taveira Jr\" \/>\n<meta property=\"og:description\" content=\"Crime aconteceu em dezembro em Mossor\u00f3. Homem foi detido nesta sexta-feira (24) em Cara\u00fabas. Suspeito foi preso na sexta-feira (24) em Cara\u00fabas, RN Reprodu\u00e7\u00e3o Um homem de 29 anos apontado ...\" \/>\n<meta property=\"og:url\" content=\"https:\/\/deputadotaveirajr.com.br\/index.php\/suspeito-de-atirar-em-adolescente-de-12-anos-durante-tentativa-de-assalto-e-preso-no-interior-do-rn\/\" \/>\n<meta property=\"og:site_name\" content=\"Taveira Jr\" \/>\n<meta property=\"og:image\" content=\"https:\/\/s2-g1.glbimg.com\/IfJHWBYrwWFwxN8rQygk5d6OCNY=\/i.s3.glbimg.com\/v1\/AUTH_59edd422c0c84a879bd37670ae4f538a\/internal_photos\/bs\/2025\/2\/6\/zQkcwfQJmkwNrWaZsHVg\/preso.jpg\" \/>\n<meta name=\"twitter:card\" content=\"summary_large_image\" \/>\n<meta name=\"twitter:label1\" content=\"Est. tempo de leitura\" \/>\n\t<meta name=\"twitter:data1\" content=\"2 minutos\" \/>\n<script type=\"application\/ld+json\" class=\"yoast-schema-graph\">{\"@context\":\"https:\/\/schema.org\",\"@graph\":[{\"@type\":\"WebPage\",\"@id\":\"https:\/\/deputadotaveirajr.com.br\/index.php\/suspeito-de-atirar-em-adolescente-de-12-anos-durante-tentativa-de-assalto-e-preso-no-interior-do-rn\/\",\"url\":\"https:\/\/deputadotaveirajr.com.br\/index.php\/suspeito-de-atirar-em-adolescente-de-12-anos-durante-tentativa-de-assalto-e-preso-no-interior-do-rn\/\",\"name\":\"Suspeito de atirar em adolescente de 12 anos durante tentativa de assalto \u00e9 preso no interior do RN - Taveira Jr\",\"isPartOf\":{\"@id\":\"https:\/\/deputadotaveirajr.com.br\/#website\"},\"primaryImageOfPage\":{\"@id\":\"https:\/\/deputadotaveirajr.com.br\/index.php\/suspeito-de-atirar-em-adolescente-de-12-anos-durante-tentativa-de-assalto-e-preso-no-interior-do-rn\/#primaryimage\"},\"image\":{\"@id\":\"https:\/\/deputadotaveirajr.com.br\/index.php\/suspeito-de-atirar-em-adolescente-de-12-anos-durante-tentativa-de-assalto-e-preso-no-interior-do-rn\/#primaryimage\"},\"thumbnailUrl\":\"https:\/\/deputadotaveirajr.com.br\/wp-content\/uploads\/2025\/01\/preso-0kpHST.jpeg\",\"datePublished\":\"2025-01-25T16:11:57+00:00\",\"breadcrumb\":{\"@id\":\"https:\/\/deputadotaveirajr.com.br\/index.php\/suspeito-de-atirar-em-adolescente-de-12-anos-durante-tentativa-de-assalto-e-preso-no-interior-do-rn\/#breadcrumb\"},\"inLanguage\":\"pt-BR\",\"potentialAction\":[{\"@type\":\"ReadAction\",\"target\":[\"https:\/\/deputadotaveirajr.com.br\/index.php\/suspeito-de-atirar-em-adolescente-de-12-anos-durante-tentativa-de-assalto-e-preso-no-interior-do-rn\/\"]}]},{\"@type\":\"ImageObject\",\"inLanguage\":\"pt-BR\",\"@id\":\"https:\/\/deputadotaveirajr.com.br\/index.php\/suspeito-de-atirar-em-adolescente-de-12-anos-durante-tentativa-de-assalto-e-preso-no-interior-do-rn\/#primaryimage\",\"url\":\"https:\/\/deputadotaveirajr.com.br\/wp-content\/uploads\/2025\/01\/preso-0kpHST.jpeg\",\"contentUrl\":\"https:\/\/deputadotaveirajr.com.br\/wp-content\/uploads\/2025\/01\/preso-0kpHST.jpeg\",\"width\":1049,\"height\":620},{\"@type\":\"BreadcrumbList\",\"@id\":\"https:\/\/deputadotaveirajr.com.br\/index.php\/suspeito-de-atirar-em-adolescente-de-12-anos-durante-tentativa-de-assalto-e-preso-no-interior-do-rn\/#breadcrumb\",\"itemListElement\":[{\"@type\":\"ListItem\",\"position\":1,\"name\":\"In\u00edcio\",\"item\":\"https:\/\/deputadotaveirajr.com.br\/\"},{\"@type\":\"ListItem\",\"position\":2,\"name\":\"Suspeito de atirar em adolescente de 12 anos durante tentativa de assalto \u00e9 preso no interior do RN\"}]},{\"@type\":\"WebSite\",\"@id\":\"https:\/\/deputadotaveirajr.com.br\/#website\",\"url\":\"https:\/\/deputadotaveirajr.com.br\/\",\"name\":\"Taveira Jr\",\"description\":\"Deputado Estadual\",\"publisher\":{\"@id\":\"https:\/\/deputadotaveirajr.com.br\/#organization\"},\"potentialAction\":[{\"@type\":\"SearchAction\",\"target\":{\"@type\":\"EntryPoint\",\"urlTemplate\":\"https:\/\/deputadotaveirajr.com.br\/?s={search_term_string}\"},\"query-input\":{\"@type\":\"PropertyValueSpecification\",\"valueRequired\":true,\"valueName\":\"search_term_string\"}}],\"inLanguage\":\"pt-BR\"},{\"@type\":\"Organization\",\"@id\":\"https:\/\/deputadotaveirajr.com.br\/#organization\",\"name\":\"Taveira Jr\",\"url\":\"https:\/\/deputadotaveirajr.com.br\/\",\"logo\":{\"@type\":\"ImageObject\",\"inLanguage\":\"pt-BR\",\"@id\":\"https:\/\/deputadotaveirajr.com.br\/#\/schema\/logo\/image\/\",\"url\":\"https:\/\/deputadotaveirajr.com.br\/wp-content\/uploads\/2026\/01\/logolow2a.png\",\"contentUrl\":\"https:\/\/deputadotaveirajr.com.br\/wp-content\/uploads\/2026\/01\/logolow2a.png\",\"width\":290,\"height\":80,\"caption\":\"Taveira Jr\"},\"image\":{\"@id\":\"https:\/\/deputadotaveirajr.com.br\/#\/schema\/logo\/image\/\"}}]}<\/script>\n<!-- \/ Yoast SEO plugin. -->","yoast_head_json":{"title":"Suspeito de atirar em adolescente de 12 anos durante tentativa de assalto \u00e9 preso no interior do RN - Taveira Jr","robots":{"index":"index","follow":"follow","max-snippet":"max-snippet:-1","max-image-preview":"max-image-preview:large","max-video-preview":"max-video-preview:-1"},"canonical":"https:\/\/deputadotaveirajr.com.br\/index.php\/suspeito-de-atirar-em-adolescente-de-12-anos-durante-tentativa-de-assalto-e-preso-no-interior-do-rn\/","og_locale":"pt_BR","og_type":"article","og_title":"Suspeito de atirar em adolescente de 12 anos durante tentativa de assalto \u00e9 preso no interior do RN - Taveira Jr","og_description":"Crime aconteceu em dezembro em Mossor\u00f3. Homem foi detido nesta sexta-feira (24) em Cara\u00fabas. Suspeito foi preso na sexta-feira (24) em Cara\u00fabas, RN Reprodu\u00e7\u00e3o Um homem de 29 anos apontado ...","og_url":"https:\/\/deputadotaveirajr.com.br\/index.php\/suspeito-de-atirar-em-adolescente-de-12-anos-durante-tentativa-de-assalto-e-preso-no-interior-do-rn\/","og_site_name":"Taveira Jr","og_image":[{"url":"https:\/\/s2-g1.glbimg.com\/IfJHWBYrwWFwxN8rQygk5d6OCNY=\/i.s3.glbimg.com\/v1\/AUTH_59edd422c0c84a879bd37670ae4f538a\/internal_photos\/bs\/2025\/2\/6\/zQkcwfQJmkwNrWaZsHVg\/preso.jpg","type":"","width":"","height":""}],"twitter_card":"summary_large_image","twitter_misc":{"Est. tempo de leitura":"2 minutos"},"schema":{"@context":"https:\/\/schema.org","@graph":[{"@type":"WebPage","@id":"https:\/\/deputadotaveirajr.com.br\/index.php\/suspeito-de-atirar-em-adolescente-de-12-anos-durante-tentativa-de-assalto-e-preso-no-interior-do-rn\/","url":"https:\/\/deputadotaveirajr.com.br\/index.php\/suspeito-de-atirar-em-adolescente-de-12-anos-durante-tentativa-de-assalto-e-preso-no-interior-do-rn\/","name":"Suspeito de atirar em adolescente de 12 anos durante tentativa de assalto \u00e9 preso no interior do RN - Taveira Jr","isPartOf":{"@id":"https:\/\/deputadotaveirajr.com.br\/#website"},"primaryImageOfPage":{"@id":"https:\/\/deputadotaveirajr.com.br\/index.php\/suspeito-de-atirar-em-adolescente-de-12-anos-durante-tentativa-de-assalto-e-preso-no-interior-do-rn\/#primaryimage"},"image":{"@id":"https:\/\/deputadotaveirajr.com.br\/index.php\/suspeito-de-atirar-em-adolescente-de-12-anos-durante-tentativa-de-assalto-e-preso-no-interior-do-rn\/#primaryimage"},"thumbnailUrl":"https:\/\/deputadotaveirajr.com.br\/wp-content\/uploads\/2025\/01\/preso-0kpHST.jpeg","datePublished":"2025-01-25T16:11:57+00:00","breadcrumb":{"@id":"https:\/\/deputadotaveirajr.com.br\/index.php\/suspeito-de-atirar-em-adolescente-de-12-anos-durante-tentativa-de-assalto-e-preso-no-interior-do-rn\/#breadcrumb"},"inLanguage":"pt-BR","potentialAction":[{"@type":"ReadAction","target":["https:\/\/deputadotaveirajr.com.br\/index.php\/suspeito-de-atirar-em-adolescente-de-12-anos-durante-tentativa-de-assalto-e-preso-no-interior-do-rn\/"]}]},{"@type":"ImageObject","inLanguage":"pt-BR","@id":"https:\/\/deputadotaveirajr.com.br\/index.php\/suspeito-de-atirar-em-adolescente-de-12-anos-durante-tentativa-de-assalto-e-preso-no-interior-do-rn\/#primaryimage","url":"https:\/\/deputadotaveirajr.com.br\/wp-content\/uploads\/2025\/01\/preso-0kpHST.jpeg","contentUrl":"https:\/\/deputadotaveirajr.com.br\/wp-content\/uploads\/2025\/01\/preso-0kpHST.jpeg","width":1049,"height":620},{"@type":"BreadcrumbList","@id":"https:\/\/deputadotaveirajr.com.br\/index.php\/suspeito-de-atirar-em-adolescente-de-12-anos-durante-tentativa-de-assalto-e-preso-no-interior-do-rn\/#breadcrumb","itemListElement":[{"@type":"ListItem","position":1,"name":"In\u00edcio","item":"https:\/\/deputadotaveirajr.com.br\/"},{"@type":"ListItem","position":2,"name":"Suspeito de atirar em adolescente de 12 anos durante tentativa de assalto \u00e9 preso no interior do RN"}]},{"@type":"WebSite","@id":"https:\/\/deputadotaveirajr.com.br\/#website","url":"https:\/\/deputadotaveirajr.com.br\/","name":"Taveira Jr","description":"Deputado Estadual","publisher":{"@id":"https:\/\/deputadotaveirajr.com.br\/#organization"},"potentialAction":[{"@type":"SearchAction","target":{"@type":"EntryPoint","urlTemplate":"https:\/\/deputadotaveirajr.com.br\/?s={search_term_string}"},"query-input":{"@type":"PropertyValueSpecification","valueRequired":true,"valueName":"search_term_string"}}],"inLanguage":"pt-BR"},{"@type":"Organization","@id":"https:\/\/deputadotaveirajr.com.br\/#organization","name":"Taveira Jr","url":"https:\/\/deputadotaveirajr.com.br\/","logo":{"@type":"ImageObject","inLanguage":"pt-BR","@id":"https:\/\/deputadotaveirajr.com.br\/#\/schema\/logo\/image\/","url":"https:\/\/deputadotaveirajr.com.br\/wp-content\/uploads\/2026\/01\/logolow2a.png","contentUrl":"https:\/\/deputadotaveirajr.com.br\/wp-content\/uploads\/2026\/01\/logolow2a.png","width":290,"height":80,"caption":"Taveira Jr"},"image":{"@id":"https:\/\/deputadotaveirajr.com.br\/#\/schema\/logo\/image\/"}}]}},"_links":{"self":[{"href":"https:\/\/deputadotaveirajr.com.br\/index.php\/wp-json\/wp\/v2\/pages\/12110","targetHints":{"allow":["GET"]}}],"collection":[{"href":"https:\/\/deputadotaveirajr.com.br\/index.php\/wp-json\/wp\/v2\/pages"}],"about":[{"href":"https:\/\/deputadotaveirajr.com.br\/index.php\/wp-json\/wp\/v2\/types\/page"}],"replies":[{"embeddable":true,"href":"https:\/\/deputadotaveirajr.com.br\/index.php\/wp-json\/wp\/v2\/comments?post=12110"}],"version-history":[{"count":0,"href":"https:\/\/deputadotaveirajr.com.br\/index.php\/wp-json\/wp\/v2\/pages\/12110\/revisions"}],"wp:featuredmedia":[{"embeddable":true,"href":"https:\/\/deputadotaveirajr.com.br\/index.php\/wp-json\/wp\/v2\/media\/12111"}],"wp:attachment":[{"href":"https:\/\/deputadotaveirajr.com.br\/index.php\/wp-json\/wp\/v2\/media?parent=12110"}],"curies":[{"name":"wp","href":"https:\/\/api.w.org\/{rel}","templated":true}]}}