{"id":12125,"date":"2025-01-29T18:35:41","date_gmt":"2025-01-29T21:35:41","guid":{"rendered":"https:\/\/deputadotaveirajr.com.br\/index.php\/secretaria-de-saude-de-natal-e-exonerada-menos-de-um-mes-apos-asssumir-cargo\/"},"modified":"2025-01-29T18:35:41","modified_gmt":"2025-01-29T21:35:41","slug":"secretaria-de-saude-de-natal-e-exonerada-menos-de-um-mes-apos-asssumir-cargo","status":"publish","type":"page","link":"https:\/\/deputadotaveirajr.com.br\/index.php\/secretaria-de-saude-de-natal-e-exonerada-menos-de-um-mes-apos-asssumir-cargo\/","title":{"rendered":"Secret\u00e1ria de Sa\u00fade de Natal \u00e9 exonerada menos de um m\u00eas ap\u00f3s asssumir cargo"},"content":{"rendered":"<p><img decoding=\"async\" src=\"https:\/\/s2-g1.glbimg.com\/Cz_fOvsr4dz-tjB6vbZ7YyEU0gA=\/i.s3.glbimg.com\/v1\/AUTH_59edd422c0c84a879bd37670ae4f538a\/internal_photos\/bs\/2025\/p\/K\/zHAUphRROb0tEsWdiUAg\/leidimar-murr.jpg\" \/><br \/>     Sa\u00edda de Leidimar Murr, que foi empossada em 2 de janeiro, foi confirmada em edi\u00e7\u00e3o extra do Di\u00e1rio Oficial do Munic\u00edpio (DOM) desta quarta (29).  Leidimar Murr pediu exonera\u00e7\u00e3o do cargo de secret\u00e1ria de Sa\u00fade de Natal<br \/>\nReprodu\u00e7\u00e3o\/Inter TV Cabugi<br \/>\nA secret\u00e1ria de Sa\u00fade de Natal, Leidimar Murr, foi exonerada do cargo nesta quarta-feira (29), menos de um m\u00eas depois de ter sido empossada para o cargo na gest\u00e3o do prefeito Paulinho Freire (Uni\u00e3o Brasil).<br \/>\nA exonera\u00e7\u00e3o foi publicada em uma edi\u00e7\u00e3o extra do Di\u00e1rio Oficial do Munic\u00edpio (DOM) desta quarta. Na mesma edi\u00e7\u00e3o, o Munic\u00edpio tamb\u00e9m anunciou que interinamente assume a fun\u00e7\u00e3o a secret\u00e1ria adjunta de Aten\u00e7\u00e3o Integral \u00e0 Sa\u00fade Rayanne Ara\u00fajo Costa.<br \/>\n\ud83d\udcf3 Participe do canal do g1 RN no WhatsApp<br \/>\nA prefeitura n\u00e3o havia anunciado, at\u00e9 a publica\u00e7\u00e3o mais recente desta reportagem, quem assumiria a secretaria de forma definitiva.<br \/>\nDe acordo com a portaria publicada, a exonera\u00e7\u00e3o ocorreu a pedido da pr\u00f3pria secret\u00e1ria Leidimar Murr. O motivo da sa\u00edda n\u00e3o foi revelado.<br \/>\nLEIA TAMB\u00c9M<br \/>\nNOVA GEST\u00c3O: Veja a lista dos secret\u00e1rios anunciados por Paulinho Freire<br \/>\nEssa \u00e9 a segunda baixa do novo secretariado do prefeito Paulinho Freire. Antes, ele havia trocado a Danielle Mafra por Andreia Cristina Costa Dias de Viveiros, irm\u00e3 do ex-prefeito \u00c1lvaro Dias, na Secretaria Municipal de Pol\u00edticas para as Mulheres. O novo secretariado foi empossado no dia 2 de janeiro deste ano.<br \/>\nEm nota, a Secretaria Municipal de Sa\u00fade de Natal disse que o Munic\u00edpio de Natal &#8220;atendeu nesta quarta-feira (29), o pedido de exonera\u00e7\u00e3o da Dra. Leidimar Murr&#8221;, da pasta e agradeceu \u00e0 profissional &#8220;por sua dedica\u00e7\u00e3o enquanto esteve \u00e0 frente da SMS&#8221;, al\u00e9m de fazer votos de, &#8220;ainda mais, sucesso em sua brilhante carreira&#8221;.<br \/>\nQuem \u00e9 Leidimar Murr<br \/>\nLeidimar Murr, que \u00e9 m\u00e9dica formada pela UFRN e doutora bio\u00e9tica pela Universidade de T\u00fcbingen, na Alemanha, vivia a primeira experi\u00eancia como secret\u00e1ria de sa\u00fade em Natal.<br \/>\nEla \u00e9 m\u00e9dica generalista e tamb\u00e9m advogada, atuan como profissional liberal nas duas \u00e1reas e tamb\u00e9m tendo atua\u00e7\u00e3o como consultora em Projetos de Pol\u00edtica de Desenvolvimento.<br \/>\nFoi conselheira suplente no Conselho Regional de Medicina (Cremern), foi m\u00e9dica associada da Associa\u00e7\u00e3o M\u00e9dica do RN, e membro da diretoria do Sindicato dos M\u00e9dicos do RN e da Comiss\u00e3o de \u00c9tica e Pesquisa da UFRN.<br \/>\nFoi ainda professora precursora do ensino da bio\u00e9tica na Faculdade de Medicina da UFRN nos cursos de gradua\u00e7\u00e3o e p\u00f3s-gradua\u00e7\u00e3o.<br \/>\nPrimeiro dia da gest\u00e3o de Paulinho Freire<br \/>\nV\u00eddeos mais assistidos do g1 RN<\/p>","protected":false},"excerpt":{"rendered":"<p>Sa\u00edda de Leidimar Murr, que foi empossada em 2 de janeiro, foi confirmada em edi\u00e7\u00e3o extra do Di\u00e1rio Oficial do Munic\u00edpio (DOM) desta quarta (29). Leidimar Murr pediu exonera\u00e7\u00e3o do &#8230;<\/p>\n","protected":false},"author":0,"featured_media":12126,"parent":0,"menu_order":0,"comment_status":"closed","ping_status":"closed","template":"","meta":{"footnotes":""},"class_list":["post-12125","page","type-page","status-publish","has-post-thumbnail","hentry"],"yoast_head":"<!-- This site is optimized with the Yoast SEO plugin v27.1.1 - https:\/\/yoast.com\/product\/yoast-seo-wordpress\/ -->\n<title>Secret\u00e1ria de Sa\u00fade de Natal \u00e9 exonerada menos de um m\u00eas ap\u00f3s asssumir cargo - Taveira Jr<\/title>\n<meta name=\"robots\" content=\"index, follow, max-snippet:-1, max-image-preview:large, max-video-preview:-1\" \/>\n<link rel=\"canonical\" href=\"https:\/\/deputadotaveirajr.com.br\/index.php\/secretaria-de-saude-de-natal-e-exonerada-menos-de-um-mes-apos-asssumir-cargo\/\" \/>\n<meta property=\"og:locale\" content=\"pt_BR\" \/>\n<meta property=\"og:type\" content=\"article\" \/>\n<meta property=\"og:title\" content=\"Secret\u00e1ria de Sa\u00fade de Natal \u00e9 exonerada menos de um m\u00eas ap\u00f3s asssumir cargo - Taveira Jr\" \/>\n<meta property=\"og:description\" content=\"Sa\u00edda de Leidimar Murr, que foi empossada em 2 de janeiro, foi confirmada em edi\u00e7\u00e3o extra do Di\u00e1rio Oficial do Munic\u00edpio (DOM) desta quarta (29). Leidimar Murr pediu exonera\u00e7\u00e3o do ...\" \/>\n<meta property=\"og:url\" content=\"https:\/\/deputadotaveirajr.com.br\/index.php\/secretaria-de-saude-de-natal-e-exonerada-menos-de-um-mes-apos-asssumir-cargo\/\" \/>\n<meta property=\"og:site_name\" content=\"Taveira Jr\" \/>\n<meta property=\"og:image\" content=\"https:\/\/s2-g1.glbimg.com\/Cz_fOvsr4dz-tjB6vbZ7YyEU0gA=\/i.s3.glbimg.com\/v1\/AUTH_59edd422c0c84a879bd37670ae4f538a\/internal_photos\/bs\/2025\/p\/K\/zHAUphRROb0tEsWdiUAg\/leidimar-murr.jpg\" \/>\n<meta name=\"twitter:card\" content=\"summary_large_image\" \/>\n<meta name=\"twitter:label1\" content=\"Est. tempo de leitura\" \/>\n\t<meta name=\"twitter:data1\" content=\"2 minutos\" \/>\n<script type=\"application\/ld+json\" class=\"yoast-schema-graph\">{\"@context\":\"https:\/\/schema.org\",\"@graph\":[{\"@type\":\"WebPage\",\"@id\":\"https:\/\/deputadotaveirajr.com.br\/index.php\/secretaria-de-saude-de-natal-e-exonerada-menos-de-um-mes-apos-asssumir-cargo\/\",\"url\":\"https:\/\/deputadotaveirajr.com.br\/index.php\/secretaria-de-saude-de-natal-e-exonerada-menos-de-um-mes-apos-asssumir-cargo\/\",\"name\":\"Secret\u00e1ria de Sa\u00fade de Natal \u00e9 exonerada menos de um m\u00eas ap\u00f3s asssumir cargo - Taveira Jr\",\"isPartOf\":{\"@id\":\"https:\/\/deputadotaveirajr.com.br\/#website\"},\"primaryImageOfPage\":{\"@id\":\"https:\/\/deputadotaveirajr.com.br\/index.php\/secretaria-de-saude-de-natal-e-exonerada-menos-de-um-mes-apos-asssumir-cargo\/#primaryimage\"},\"image\":{\"@id\":\"https:\/\/deputadotaveirajr.com.br\/index.php\/secretaria-de-saude-de-natal-e-exonerada-menos-de-um-mes-apos-asssumir-cargo\/#primaryimage\"},\"thumbnailUrl\":\"https:\/\/deputadotaveirajr.com.br\/wp-content\/uploads\/2025\/01\/leidimar-murr-F1ZXnF.jpeg\",\"datePublished\":\"2025-01-29T21:35:41+00:00\",\"breadcrumb\":{\"@id\":\"https:\/\/deputadotaveirajr.com.br\/index.php\/secretaria-de-saude-de-natal-e-exonerada-menos-de-um-mes-apos-asssumir-cargo\/#breadcrumb\"},\"inLanguage\":\"pt-BR\",\"potentialAction\":[{\"@type\":\"ReadAction\",\"target\":[\"https:\/\/deputadotaveirajr.com.br\/index.php\/secretaria-de-saude-de-natal-e-exonerada-menos-de-um-mes-apos-asssumir-cargo\/\"]}]},{\"@type\":\"ImageObject\",\"inLanguage\":\"pt-BR\",\"@id\":\"https:\/\/deputadotaveirajr.com.br\/index.php\/secretaria-de-saude-de-natal-e-exonerada-menos-de-um-mes-apos-asssumir-cargo\/#primaryimage\",\"url\":\"https:\/\/deputadotaveirajr.com.br\/wp-content\/uploads\/2025\/01\/leidimar-murr-F1ZXnF.jpeg\",\"contentUrl\":\"https:\/\/deputadotaveirajr.com.br\/wp-content\/uploads\/2025\/01\/leidimar-murr-F1ZXnF.jpeg\",\"width\":1584,\"height\":877},{\"@type\":\"BreadcrumbList\",\"@id\":\"https:\/\/deputadotaveirajr.com.br\/index.php\/secretaria-de-saude-de-natal-e-exonerada-menos-de-um-mes-apos-asssumir-cargo\/#breadcrumb\",\"itemListElement\":[{\"@type\":\"ListItem\",\"position\":1,\"name\":\"In\u00edcio\",\"item\":\"https:\/\/deputadotaveirajr.com.br\/\"},{\"@type\":\"ListItem\",\"position\":2,\"name\":\"Secret\u00e1ria de Sa\u00fade de Natal \u00e9 exonerada menos de um m\u00eas ap\u00f3s asssumir cargo\"}]},{\"@type\":\"WebSite\",\"@id\":\"https:\/\/deputadotaveirajr.com.br\/#website\",\"url\":\"https:\/\/deputadotaveirajr.com.br\/\",\"name\":\"Taveira Jr\",\"description\":\"Deputado Estadual\",\"publisher\":{\"@id\":\"https:\/\/deputadotaveirajr.com.br\/#organization\"},\"potentialAction\":[{\"@type\":\"SearchAction\",\"target\":{\"@type\":\"EntryPoint\",\"urlTemplate\":\"https:\/\/deputadotaveirajr.com.br\/?s={search_term_string}\"},\"query-input\":{\"@type\":\"PropertyValueSpecification\",\"valueRequired\":true,\"valueName\":\"search_term_string\"}}],\"inLanguage\":\"pt-BR\"},{\"@type\":\"Organization\",\"@id\":\"https:\/\/deputadotaveirajr.com.br\/#organization\",\"name\":\"Taveira Jr\",\"url\":\"https:\/\/deputadotaveirajr.com.br\/\",\"logo\":{\"@type\":\"ImageObject\",\"inLanguage\":\"pt-BR\",\"@id\":\"https:\/\/deputadotaveirajr.com.br\/#\/schema\/logo\/image\/\",\"url\":\"https:\/\/deputadotaveirajr.com.br\/wp-content\/uploads\/2026\/01\/logolow2a.png\",\"contentUrl\":\"https:\/\/deputadotaveirajr.com.br\/wp-content\/uploads\/2026\/01\/logolow2a.png\",\"width\":290,\"height\":80,\"caption\":\"Taveira Jr\"},\"image\":{\"@id\":\"https:\/\/deputadotaveirajr.com.br\/#\/schema\/logo\/image\/\"}}]}<\/script>\n<!-- \/ Yoast SEO plugin. -->","yoast_head_json":{"title":"Secret\u00e1ria de Sa\u00fade de Natal \u00e9 exonerada menos de um m\u00eas ap\u00f3s asssumir cargo - Taveira Jr","robots":{"index":"index","follow":"follow","max-snippet":"max-snippet:-1","max-image-preview":"max-image-preview:large","max-video-preview":"max-video-preview:-1"},"canonical":"https:\/\/deputadotaveirajr.com.br\/index.php\/secretaria-de-saude-de-natal-e-exonerada-menos-de-um-mes-apos-asssumir-cargo\/","og_locale":"pt_BR","og_type":"article","og_title":"Secret\u00e1ria de Sa\u00fade de Natal \u00e9 exonerada menos de um m\u00eas ap\u00f3s asssumir cargo - Taveira Jr","og_description":"Sa\u00edda de Leidimar Murr, que foi empossada em 2 de janeiro, foi confirmada em edi\u00e7\u00e3o extra do Di\u00e1rio Oficial do Munic\u00edpio (DOM) desta quarta (29). Leidimar Murr pediu exonera\u00e7\u00e3o do ...","og_url":"https:\/\/deputadotaveirajr.com.br\/index.php\/secretaria-de-saude-de-natal-e-exonerada-menos-de-um-mes-apos-asssumir-cargo\/","og_site_name":"Taveira Jr","og_image":[{"url":"https:\/\/s2-g1.glbimg.com\/Cz_fOvsr4dz-tjB6vbZ7YyEU0gA=\/i.s3.glbimg.com\/v1\/AUTH_59edd422c0c84a879bd37670ae4f538a\/internal_photos\/bs\/2025\/p\/K\/zHAUphRROb0tEsWdiUAg\/leidimar-murr.jpg","type":"","width":"","height":""}],"twitter_card":"summary_large_image","twitter_misc":{"Est. tempo de leitura":"2 minutos"},"schema":{"@context":"https:\/\/schema.org","@graph":[{"@type":"WebPage","@id":"https:\/\/deputadotaveirajr.com.br\/index.php\/secretaria-de-saude-de-natal-e-exonerada-menos-de-um-mes-apos-asssumir-cargo\/","url":"https:\/\/deputadotaveirajr.com.br\/index.php\/secretaria-de-saude-de-natal-e-exonerada-menos-de-um-mes-apos-asssumir-cargo\/","name":"Secret\u00e1ria de Sa\u00fade de Natal \u00e9 exonerada menos de um m\u00eas ap\u00f3s asssumir cargo - Taveira Jr","isPartOf":{"@id":"https:\/\/deputadotaveirajr.com.br\/#website"},"primaryImageOfPage":{"@id":"https:\/\/deputadotaveirajr.com.br\/index.php\/secretaria-de-saude-de-natal-e-exonerada-menos-de-um-mes-apos-asssumir-cargo\/#primaryimage"},"image":{"@id":"https:\/\/deputadotaveirajr.com.br\/index.php\/secretaria-de-saude-de-natal-e-exonerada-menos-de-um-mes-apos-asssumir-cargo\/#primaryimage"},"thumbnailUrl":"https:\/\/deputadotaveirajr.com.br\/wp-content\/uploads\/2025\/01\/leidimar-murr-F1ZXnF.jpeg","datePublished":"2025-01-29T21:35:41+00:00","breadcrumb":{"@id":"https:\/\/deputadotaveirajr.com.br\/index.php\/secretaria-de-saude-de-natal-e-exonerada-menos-de-um-mes-apos-asssumir-cargo\/#breadcrumb"},"inLanguage":"pt-BR","potentialAction":[{"@type":"ReadAction","target":["https:\/\/deputadotaveirajr.com.br\/index.php\/secretaria-de-saude-de-natal-e-exonerada-menos-de-um-mes-apos-asssumir-cargo\/"]}]},{"@type":"ImageObject","inLanguage":"pt-BR","@id":"https:\/\/deputadotaveirajr.com.br\/index.php\/secretaria-de-saude-de-natal-e-exonerada-menos-de-um-mes-apos-asssumir-cargo\/#primaryimage","url":"https:\/\/deputadotaveirajr.com.br\/wp-content\/uploads\/2025\/01\/leidimar-murr-F1ZXnF.jpeg","contentUrl":"https:\/\/deputadotaveirajr.com.br\/wp-content\/uploads\/2025\/01\/leidimar-murr-F1ZXnF.jpeg","width":1584,"height":877},{"@type":"BreadcrumbList","@id":"https:\/\/deputadotaveirajr.com.br\/index.php\/secretaria-de-saude-de-natal-e-exonerada-menos-de-um-mes-apos-asssumir-cargo\/#breadcrumb","itemListElement":[{"@type":"ListItem","position":1,"name":"In\u00edcio","item":"https:\/\/deputadotaveirajr.com.br\/"},{"@type":"ListItem","position":2,"name":"Secret\u00e1ria de Sa\u00fade de Natal \u00e9 exonerada menos de um m\u00eas ap\u00f3s asssumir cargo"}]},{"@type":"WebSite","@id":"https:\/\/deputadotaveirajr.com.br\/#website","url":"https:\/\/deputadotaveirajr.com.br\/","name":"Taveira Jr","description":"Deputado Estadual","publisher":{"@id":"https:\/\/deputadotaveirajr.com.br\/#organization"},"potentialAction":[{"@type":"SearchAction","target":{"@type":"EntryPoint","urlTemplate":"https:\/\/deputadotaveirajr.com.br\/?s={search_term_string}"},"query-input":{"@type":"PropertyValueSpecification","valueRequired":true,"valueName":"search_term_string"}}],"inLanguage":"pt-BR"},{"@type":"Organization","@id":"https:\/\/deputadotaveirajr.com.br\/#organization","name":"Taveira Jr","url":"https:\/\/deputadotaveirajr.com.br\/","logo":{"@type":"ImageObject","inLanguage":"pt-BR","@id":"https:\/\/deputadotaveirajr.com.br\/#\/schema\/logo\/image\/","url":"https:\/\/deputadotaveirajr.com.br\/wp-content\/uploads\/2026\/01\/logolow2a.png","contentUrl":"https:\/\/deputadotaveirajr.com.br\/wp-content\/uploads\/2026\/01\/logolow2a.png","width":290,"height":80,"caption":"Taveira Jr"},"image":{"@id":"https:\/\/deputadotaveirajr.com.br\/#\/schema\/logo\/image\/"}}]}},"_links":{"self":[{"href":"https:\/\/deputadotaveirajr.com.br\/index.php\/wp-json\/wp\/v2\/pages\/12125","targetHints":{"allow":["GET"]}}],"collection":[{"href":"https:\/\/deputadotaveirajr.com.br\/index.php\/wp-json\/wp\/v2\/pages"}],"about":[{"href":"https:\/\/deputadotaveirajr.com.br\/index.php\/wp-json\/wp\/v2\/types\/page"}],"replies":[{"embeddable":true,"href":"https:\/\/deputadotaveirajr.com.br\/index.php\/wp-json\/wp\/v2\/comments?post=12125"}],"version-history":[{"count":0,"href":"https:\/\/deputadotaveirajr.com.br\/index.php\/wp-json\/wp\/v2\/pages\/12125\/revisions"}],"wp:featuredmedia":[{"embeddable":true,"href":"https:\/\/deputadotaveirajr.com.br\/index.php\/wp-json\/wp\/v2\/media\/12126"}],"wp:attachment":[{"href":"https:\/\/deputadotaveirajr.com.br\/index.php\/wp-json\/wp\/v2\/media?parent=12125"}],"curies":[{"name":"wp","href":"https:\/\/api.w.org\/{rel}","templated":true}]}}