{"id":12131,"date":"2025-01-29T12:57:48","date_gmt":"2025-01-29T15:57:48","guid":{"rendered":"https:\/\/deputadotaveirajr.com.br\/index.php\/em-visita-ao-rn-ministro-das-cidades-anuncia-investimentos-em-habitacao-mobilidade-e-saneamento\/"},"modified":"2025-01-29T12:57:48","modified_gmt":"2025-01-29T15:57:48","slug":"em-visita-ao-rn-ministro-das-cidades-anuncia-investimentos-em-habitacao-mobilidade-e-saneamento","status":"publish","type":"page","link":"https:\/\/deputadotaveirajr.com.br\/index.php\/em-visita-ao-rn-ministro-das-cidades-anuncia-investimentos-em-habitacao-mobilidade-e-saneamento\/","title":{"rendered":"Em visita ao RN, ministro das Cidades anuncia investimentos em habita\u00e7\u00e3o, mobilidade e saneamento"},"content":{"rendered":"<p><img decoding=\"async\" src=\"https:\/\/s2-g1.glbimg.com\/rWoVqHbx72p0Z_asIHCmuoMROnU=\/i.s3.glbimg.com\/v1\/AUTH_59edd422c0c84a879bd37670ae4f538a\/internal_photos\/bs\/2025\/p\/o\/VoKCYZQLqm2AkGieWX7Q\/whatsapp-image-2025-01-29-at-12.41.57.jpeg\" \/><br \/>     Investimentos incluem entrega de unidades habitacionais, obras de mobilidade urbana e infraestrutura h\u00eddrica em diversas regi\u00f5es do estado. Em visita ao RN, ministro das Cidades anuncia investimentos<br \/>\nS\u00e9rgio Henrique Santos\/Inter TV Cabugi<br \/>\nO ministro das Cidades, Jader Filho, anunciou nesta quarta-feira (29) uma s\u00e9rie de investimentos para o Rio Grande do Norte nas \u00e1reas de habita\u00e7\u00e3o, mobilidade urbana e saneamento.<br \/>\nOs an\u00fancios foram feitos durante um encontro com prefeitos e representantes de institui\u00e7\u00f5es parceiras, como a Caixa Econ\u00f4mica Federal e o Banco do Brasil, no Audit\u00f3rio da Escola de Governo, em Natal.<br \/>\n\ud83d\udcf3Participe do canal do g1 RN no WhatsApp<br \/>\nAinda nesta quarta-feira (29), a agenda segue para Mossor\u00f3, onde ser\u00e1 realizada a entrega de 300 unidades habitacionais no Residencial Mossor\u00f3 3, no bairro Bom Jardim, beneficiando cerca de 1.200 pessoas em situa\u00e7\u00e3o de vulnerabilidade social.<br \/>\nNo encontro em Natal, tamb\u00e9m foi assinado um contrato com prefeitos para a constru\u00e7\u00e3o de 3 mil casas e apartamentos do programa Minha Casa Minha Vida (MCMV), com a previs\u00e3o de entrega de 10 mil im\u00f3veis at\u00e9 2026. O d\u00e9ficit habitacional no estado \u00e9 de 147 mil unidades.<br \/>\nPrefeitos assinam contrato para construir casas<br \/>\nS\u00e9rgio Henrique Santos\/Inter TV Cabugi<br \/>\nEm mobilidade urbana, foram anunciados R$ 33 milh\u00f5es para a terceira etapa do programa Pr\u00f3-Transporte, que liga a Zona Norte de Natal \u00e0 BR-101, beneficiando mais de 600 mil pessoas.<br \/>\nTamb\u00e9m foi divulgado um investimento de R$ 63 milh\u00f5es para a constru\u00e7\u00e3o de cinco novos terminais de \u00f4nibus na capital e R$ 24 milh\u00f5es para a cria\u00e7\u00e3o de um corredor exclusivo para \u00f4nibus na avenida Nevaldo Rocha.<br \/>\nNo setor de saneamento e recursos h\u00eddricos, foi confirmado um investimento de R$ 28 milh\u00f5es para o Sistema Adutor Costa Branca, que levar\u00e1 \u00e1gua do Porto do Mangue a Areia Branca, e R$ 51 milh\u00f5es para a implanta\u00e7\u00e3o da rede de coleta e esgoto em Apodi.<br \/>\nEntre os munic\u00edpios mais beneficiados com os novos investimentos habitacionais est\u00e3o: S\u00e3o Gon\u00e7alo do Amarante (480 unidades), Natal (400), Parnamirim (240), Caic\u00f3 (200), Cear\u00e1-Mirim (200), Ass\u00fa (150), Maca\u00edba (150), Currais Novos (100) e Nova Floresta (100).<br \/>\nEncontro aconteceu no Audit\u00f3rio da Escola de Governo, em Natal<br \/>\nS\u00e9rgio Henrique Santos\/Inter TV Cabugi<br \/>\nVeja os v\u00eddeos mais assistidos do g1 RN<\/p>","protected":false},"excerpt":{"rendered":"<p>Investimentos incluem entrega de unidades habitacionais, obras de mobilidade urbana e infraestrutura h\u00eddrica em diversas regi\u00f5es do estado. Em visita ao RN, ministro das Cidades anuncia investimentos S\u00e9rgio Henrique Santos\/Inter &#8230;<\/p>\n","protected":false},"author":0,"featured_media":12132,"parent":0,"menu_order":0,"comment_status":"closed","ping_status":"closed","template":"","meta":{"footnotes":""},"class_list":["post-12131","page","type-page","status-publish","has-post-thumbnail","hentry"],"yoast_head":"<!-- This site is optimized with the Yoast SEO plugin v27.1.1 - https:\/\/yoast.com\/product\/yoast-seo-wordpress\/ -->\n<title>Em visita ao RN, ministro das Cidades anuncia investimentos em habita\u00e7\u00e3o, mobilidade e saneamento - Taveira Jr<\/title>\n<meta name=\"robots\" content=\"index, follow, max-snippet:-1, max-image-preview:large, max-video-preview:-1\" \/>\n<link rel=\"canonical\" href=\"https:\/\/deputadotaveirajr.com.br\/index.php\/em-visita-ao-rn-ministro-das-cidades-anuncia-investimentos-em-habitacao-mobilidade-e-saneamento\/\" \/>\n<meta property=\"og:locale\" content=\"pt_BR\" \/>\n<meta property=\"og:type\" content=\"article\" \/>\n<meta property=\"og:title\" content=\"Em visita ao RN, ministro das Cidades anuncia investimentos em habita\u00e7\u00e3o, mobilidade e saneamento - Taveira Jr\" \/>\n<meta property=\"og:description\" content=\"Investimentos incluem entrega de unidades habitacionais, obras de mobilidade urbana e infraestrutura h\u00eddrica em diversas regi\u00f5es do estado. Em visita ao RN, ministro das Cidades anuncia investimentos S\u00e9rgio Henrique Santos\/Inter ...\" \/>\n<meta property=\"og:url\" content=\"https:\/\/deputadotaveirajr.com.br\/index.php\/em-visita-ao-rn-ministro-das-cidades-anuncia-investimentos-em-habitacao-mobilidade-e-saneamento\/\" \/>\n<meta property=\"og:site_name\" content=\"Taveira Jr\" \/>\n<meta property=\"og:image\" content=\"https:\/\/s2-g1.glbimg.com\/rWoVqHbx72p0Z_asIHCmuoMROnU=\/i.s3.glbimg.com\/v1\/AUTH_59edd422c0c84a879bd37670ae4f538a\/internal_photos\/bs\/2025\/p\/o\/VoKCYZQLqm2AkGieWX7Q\/whatsapp-image-2025-01-29-at-12.41.57.jpeg\" \/>\n<meta name=\"twitter:card\" content=\"summary_large_image\" \/>\n<meta name=\"twitter:label1\" content=\"Est. tempo de leitura\" \/>\n\t<meta name=\"twitter:data1\" content=\"2 minutos\" \/>\n<script type=\"application\/ld+json\" class=\"yoast-schema-graph\">{\"@context\":\"https:\/\/schema.org\",\"@graph\":[{\"@type\":\"WebPage\",\"@id\":\"https:\/\/deputadotaveirajr.com.br\/index.php\/em-visita-ao-rn-ministro-das-cidades-anuncia-investimentos-em-habitacao-mobilidade-e-saneamento\/\",\"url\":\"https:\/\/deputadotaveirajr.com.br\/index.php\/em-visita-ao-rn-ministro-das-cidades-anuncia-investimentos-em-habitacao-mobilidade-e-saneamento\/\",\"name\":\"Em visita ao RN, ministro das Cidades anuncia investimentos em habita\u00e7\u00e3o, mobilidade e saneamento - Taveira Jr\",\"isPartOf\":{\"@id\":\"https:\/\/deputadotaveirajr.com.br\/#website\"},\"primaryImageOfPage\":{\"@id\":\"https:\/\/deputadotaveirajr.com.br\/index.php\/em-visita-ao-rn-ministro-das-cidades-anuncia-investimentos-em-habitacao-mobilidade-e-saneamento\/#primaryimage\"},\"image\":{\"@id\":\"https:\/\/deputadotaveirajr.com.br\/index.php\/em-visita-ao-rn-ministro-das-cidades-anuncia-investimentos-em-habitacao-mobilidade-e-saneamento\/#primaryimage\"},\"thumbnailUrl\":\"https:\/\/deputadotaveirajr.com.br\/wp-content\/uploads\/2025\/01\/whatsapp-image-2025-01-29-at-12.41.57-yPsfZg-scaled.jpeg\",\"datePublished\":\"2025-01-29T15:57:48+00:00\",\"breadcrumb\":{\"@id\":\"https:\/\/deputadotaveirajr.com.br\/index.php\/em-visita-ao-rn-ministro-das-cidades-anuncia-investimentos-em-habitacao-mobilidade-e-saneamento\/#breadcrumb\"},\"inLanguage\":\"pt-BR\",\"potentialAction\":[{\"@type\":\"ReadAction\",\"target\":[\"https:\/\/deputadotaveirajr.com.br\/index.php\/em-visita-ao-rn-ministro-das-cidades-anuncia-investimentos-em-habitacao-mobilidade-e-saneamento\/\"]}]},{\"@type\":\"ImageObject\",\"inLanguage\":\"pt-BR\",\"@id\":\"https:\/\/deputadotaveirajr.com.br\/index.php\/em-visita-ao-rn-ministro-das-cidades-anuncia-investimentos-em-habitacao-mobilidade-e-saneamento\/#primaryimage\",\"url\":\"https:\/\/deputadotaveirajr.com.br\/wp-content\/uploads\/2025\/01\/whatsapp-image-2025-01-29-at-12.41.57-yPsfZg-scaled.jpeg\",\"contentUrl\":\"https:\/\/deputadotaveirajr.com.br\/wp-content\/uploads\/2025\/01\/whatsapp-image-2025-01-29-at-12.41.57-yPsfZg-scaled.jpeg\",\"width\":2560,\"height\":1920},{\"@type\":\"BreadcrumbList\",\"@id\":\"https:\/\/deputadotaveirajr.com.br\/index.php\/em-visita-ao-rn-ministro-das-cidades-anuncia-investimentos-em-habitacao-mobilidade-e-saneamento\/#breadcrumb\",\"itemListElement\":[{\"@type\":\"ListItem\",\"position\":1,\"name\":\"In\u00edcio\",\"item\":\"https:\/\/deputadotaveirajr.com.br\/\"},{\"@type\":\"ListItem\",\"position\":2,\"name\":\"Em visita ao RN, ministro das Cidades anuncia investimentos em habita\u00e7\u00e3o, mobilidade e saneamento\"}]},{\"@type\":\"WebSite\",\"@id\":\"https:\/\/deputadotaveirajr.com.br\/#website\",\"url\":\"https:\/\/deputadotaveirajr.com.br\/\",\"name\":\"Taveira Jr\",\"description\":\"Deputado Estadual\",\"publisher\":{\"@id\":\"https:\/\/deputadotaveirajr.com.br\/#organization\"},\"potentialAction\":[{\"@type\":\"SearchAction\",\"target\":{\"@type\":\"EntryPoint\",\"urlTemplate\":\"https:\/\/deputadotaveirajr.com.br\/?s={search_term_string}\"},\"query-input\":{\"@type\":\"PropertyValueSpecification\",\"valueRequired\":true,\"valueName\":\"search_term_string\"}}],\"inLanguage\":\"pt-BR\"},{\"@type\":\"Organization\",\"@id\":\"https:\/\/deputadotaveirajr.com.br\/#organization\",\"name\":\"Taveira Jr\",\"url\":\"https:\/\/deputadotaveirajr.com.br\/\",\"logo\":{\"@type\":\"ImageObject\",\"inLanguage\":\"pt-BR\",\"@id\":\"https:\/\/deputadotaveirajr.com.br\/#\/schema\/logo\/image\/\",\"url\":\"https:\/\/deputadotaveirajr.com.br\/wp-content\/uploads\/2026\/01\/logolow2a.png\",\"contentUrl\":\"https:\/\/deputadotaveirajr.com.br\/wp-content\/uploads\/2026\/01\/logolow2a.png\",\"width\":290,\"height\":80,\"caption\":\"Taveira Jr\"},\"image\":{\"@id\":\"https:\/\/deputadotaveirajr.com.br\/#\/schema\/logo\/image\/\"}}]}<\/script>\n<!-- \/ Yoast SEO plugin. -->","yoast_head_json":{"title":"Em visita ao RN, ministro das Cidades anuncia investimentos em habita\u00e7\u00e3o, mobilidade e saneamento - Taveira Jr","robots":{"index":"index","follow":"follow","max-snippet":"max-snippet:-1","max-image-preview":"max-image-preview:large","max-video-preview":"max-video-preview:-1"},"canonical":"https:\/\/deputadotaveirajr.com.br\/index.php\/em-visita-ao-rn-ministro-das-cidades-anuncia-investimentos-em-habitacao-mobilidade-e-saneamento\/","og_locale":"pt_BR","og_type":"article","og_title":"Em visita ao RN, ministro das Cidades anuncia investimentos em habita\u00e7\u00e3o, mobilidade e saneamento - Taveira Jr","og_description":"Investimentos incluem entrega de unidades habitacionais, obras de mobilidade urbana e infraestrutura h\u00eddrica em diversas regi\u00f5es do estado. Em visita ao RN, ministro das Cidades anuncia investimentos S\u00e9rgio Henrique Santos\/Inter ...","og_url":"https:\/\/deputadotaveirajr.com.br\/index.php\/em-visita-ao-rn-ministro-das-cidades-anuncia-investimentos-em-habitacao-mobilidade-e-saneamento\/","og_site_name":"Taveira Jr","og_image":[{"url":"https:\/\/s2-g1.glbimg.com\/rWoVqHbx72p0Z_asIHCmuoMROnU=\/i.s3.glbimg.com\/v1\/AUTH_59edd422c0c84a879bd37670ae4f538a\/internal_photos\/bs\/2025\/p\/o\/VoKCYZQLqm2AkGieWX7Q\/whatsapp-image-2025-01-29-at-12.41.57.jpeg","type":"","width":"","height":""}],"twitter_card":"summary_large_image","twitter_misc":{"Est. tempo de leitura":"2 minutos"},"schema":{"@context":"https:\/\/schema.org","@graph":[{"@type":"WebPage","@id":"https:\/\/deputadotaveirajr.com.br\/index.php\/em-visita-ao-rn-ministro-das-cidades-anuncia-investimentos-em-habitacao-mobilidade-e-saneamento\/","url":"https:\/\/deputadotaveirajr.com.br\/index.php\/em-visita-ao-rn-ministro-das-cidades-anuncia-investimentos-em-habitacao-mobilidade-e-saneamento\/","name":"Em visita ao RN, ministro das Cidades anuncia investimentos em habita\u00e7\u00e3o, mobilidade e saneamento - Taveira Jr","isPartOf":{"@id":"https:\/\/deputadotaveirajr.com.br\/#website"},"primaryImageOfPage":{"@id":"https:\/\/deputadotaveirajr.com.br\/index.php\/em-visita-ao-rn-ministro-das-cidades-anuncia-investimentos-em-habitacao-mobilidade-e-saneamento\/#primaryimage"},"image":{"@id":"https:\/\/deputadotaveirajr.com.br\/index.php\/em-visita-ao-rn-ministro-das-cidades-anuncia-investimentos-em-habitacao-mobilidade-e-saneamento\/#primaryimage"},"thumbnailUrl":"https:\/\/deputadotaveirajr.com.br\/wp-content\/uploads\/2025\/01\/whatsapp-image-2025-01-29-at-12.41.57-yPsfZg-scaled.jpeg","datePublished":"2025-01-29T15:57:48+00:00","breadcrumb":{"@id":"https:\/\/deputadotaveirajr.com.br\/index.php\/em-visita-ao-rn-ministro-das-cidades-anuncia-investimentos-em-habitacao-mobilidade-e-saneamento\/#breadcrumb"},"inLanguage":"pt-BR","potentialAction":[{"@type":"ReadAction","target":["https:\/\/deputadotaveirajr.com.br\/index.php\/em-visita-ao-rn-ministro-das-cidades-anuncia-investimentos-em-habitacao-mobilidade-e-saneamento\/"]}]},{"@type":"ImageObject","inLanguage":"pt-BR","@id":"https:\/\/deputadotaveirajr.com.br\/index.php\/em-visita-ao-rn-ministro-das-cidades-anuncia-investimentos-em-habitacao-mobilidade-e-saneamento\/#primaryimage","url":"https:\/\/deputadotaveirajr.com.br\/wp-content\/uploads\/2025\/01\/whatsapp-image-2025-01-29-at-12.41.57-yPsfZg-scaled.jpeg","contentUrl":"https:\/\/deputadotaveirajr.com.br\/wp-content\/uploads\/2025\/01\/whatsapp-image-2025-01-29-at-12.41.57-yPsfZg-scaled.jpeg","width":2560,"height":1920},{"@type":"BreadcrumbList","@id":"https:\/\/deputadotaveirajr.com.br\/index.php\/em-visita-ao-rn-ministro-das-cidades-anuncia-investimentos-em-habitacao-mobilidade-e-saneamento\/#breadcrumb","itemListElement":[{"@type":"ListItem","position":1,"name":"In\u00edcio","item":"https:\/\/deputadotaveirajr.com.br\/"},{"@type":"ListItem","position":2,"name":"Em visita ao RN, ministro das Cidades anuncia investimentos em habita\u00e7\u00e3o, mobilidade e saneamento"}]},{"@type":"WebSite","@id":"https:\/\/deputadotaveirajr.com.br\/#website","url":"https:\/\/deputadotaveirajr.com.br\/","name":"Taveira Jr","description":"Deputado Estadual","publisher":{"@id":"https:\/\/deputadotaveirajr.com.br\/#organization"},"potentialAction":[{"@type":"SearchAction","target":{"@type":"EntryPoint","urlTemplate":"https:\/\/deputadotaveirajr.com.br\/?s={search_term_string}"},"query-input":{"@type":"PropertyValueSpecification","valueRequired":true,"valueName":"search_term_string"}}],"inLanguage":"pt-BR"},{"@type":"Organization","@id":"https:\/\/deputadotaveirajr.com.br\/#organization","name":"Taveira Jr","url":"https:\/\/deputadotaveirajr.com.br\/","logo":{"@type":"ImageObject","inLanguage":"pt-BR","@id":"https:\/\/deputadotaveirajr.com.br\/#\/schema\/logo\/image\/","url":"https:\/\/deputadotaveirajr.com.br\/wp-content\/uploads\/2026\/01\/logolow2a.png","contentUrl":"https:\/\/deputadotaveirajr.com.br\/wp-content\/uploads\/2026\/01\/logolow2a.png","width":290,"height":80,"caption":"Taveira Jr"},"image":{"@id":"https:\/\/deputadotaveirajr.com.br\/#\/schema\/logo\/image\/"}}]}},"_links":{"self":[{"href":"https:\/\/deputadotaveirajr.com.br\/index.php\/wp-json\/wp\/v2\/pages\/12131","targetHints":{"allow":["GET"]}}],"collection":[{"href":"https:\/\/deputadotaveirajr.com.br\/index.php\/wp-json\/wp\/v2\/pages"}],"about":[{"href":"https:\/\/deputadotaveirajr.com.br\/index.php\/wp-json\/wp\/v2\/types\/page"}],"replies":[{"embeddable":true,"href":"https:\/\/deputadotaveirajr.com.br\/index.php\/wp-json\/wp\/v2\/comments?post=12131"}],"version-history":[{"count":0,"href":"https:\/\/deputadotaveirajr.com.br\/index.php\/wp-json\/wp\/v2\/pages\/12131\/revisions"}],"wp:featuredmedia":[{"embeddable":true,"href":"https:\/\/deputadotaveirajr.com.br\/index.php\/wp-json\/wp\/v2\/media\/12132"}],"wp:attachment":[{"href":"https:\/\/deputadotaveirajr.com.br\/index.php\/wp-json\/wp\/v2\/media?parent=12131"}],"curies":[{"name":"wp","href":"https:\/\/api.w.org\/{rel}","templated":true}]}}