{"id":12168,"date":"2025-02-04T20:22:35","date_gmt":"2025-02-04T23:22:35","guid":{"rendered":"https:\/\/deputadotaveirajr.com.br\/index.php\/inmet-preve-chuvas-de-ate-100-mm-em-natal-e-mais-60-cidades-e-renova-alerta-amarelo-para-todo-rn\/"},"modified":"2025-02-04T20:22:35","modified_gmt":"2025-02-04T23:22:35","slug":"inmet-preve-chuvas-de-ate-100-mm-em-natal-e-mais-60-cidades-e-renova-alerta-amarelo-para-todo-rn","status":"publish","type":"page","link":"https:\/\/deputadotaveirajr.com.br\/index.php\/inmet-preve-chuvas-de-ate-100-mm-em-natal-e-mais-60-cidades-e-renova-alerta-amarelo-para-todo-rn\/","title":{"rendered":"Inmet prev\u00ea chuvas de at\u00e9 100 mm em Natal e mais 60 cidades e renova alerta amarelo para todo RN"},"content":{"rendered":"<p><img decoding=\"async\" src=\"https:\/\/s2-g1.glbimg.com\/Ow4mz5wWAmgBt_MYYhmcLnhRg54=\/i.s3.glbimg.com\/v1\/AUTH_59edd422c0c84a879bd37670ae4f538a\/internal_photos\/bs\/2025\/o\/G\/8fRHqaRe6Q5Gs267mw2Q\/inmet.jpg\" \/><br \/>     Chuvas s\u00e3o previstas at\u00e9 12h desta quinta-feira (5) em todo o estado e at\u00e9 23h59 em 61 cidades, com intensidade maior.  Chuvas atingem todo o RN, mas alerta laranja pega Natal e boa parte do litoral<br \/>\nDivulga\u00e7\u00e3o\/Inmet<br \/>\nO Instituto Nacional de Meteorologia (Inmet) emitiu um alerta laranja de chuvas para Natal e mais 60 cidade do Rio Grande do Norte, al\u00e9m de renovar o alerta amarelo para todo o estado. Os avisos s\u00e3o:<br \/>\nAlerta 1: Laranja (perigo), para 61 cidades. In\u00edcio \u00e0s 10h da ter\u00e7a-feira (4) e fim \u00e0s 23h59 de quarta (5);<br \/>\nAlerta 2: Amarelo (perigo potencial), para todo o RN. In\u00edcio \u00e0s 9h36 da ter\u00e7a-feira (4) e fim \u00e0s 12h da quarta (5).<br \/>\n\ud83d\udcf3Participe do canal do g1 RN no WhatsApp<br \/>\nO grau de severidade das chuvas do Inmet tem tr\u00eas n\u00edveis, sendo o mais baixo o amarelo (perigo potencial), o intermedi\u00e1rio o laranja (perigo) e o mais alto o vermelho (grande perigo).<br \/>\n\ud83d\udfe0 Alerta laranja<br \/>\nNo caso do alerta laranjas, as chuvas previstas s\u00e3o entre 30 e 60 mm\/h ou 50 e 100 mm\/dia, al\u00e9m de ventos intensos de 60 a 100 km\/h.  (Veja lista de cidades mais abaixo).<br \/>\nSegundo o Inmet, nesse caso h\u00e1  risco de corte de energia el\u00e9trica, queda de galhos de \u00e1rvores, alagamentos e de descargas el\u00e9tricas.<br \/>\nEm caso de rajadas de vento, o \u00f3rg\u00e3o recomenda:<br \/>\nn\u00e3o se abrigar debaixo de \u00e1rvores, pois h\u00e1 risco de queda e descargas el\u00e9tricas;<br \/>\nn\u00e3o estacionar ve\u00edculos pr\u00f3ximos a torres de transmiss\u00e3o e placas de propaganda;<br \/>\nse poss\u00edvel, desligar aparelhos el\u00e9tricos e quadro geral de energia.<br \/>\n\ud83d\udfe1 Alerta amarelo<br \/>\nJ\u00e1 no alerta amarelo, as chuvas previstas pelo \u00f3rg\u00e3o s\u00e3o de 20 a 30 mm\/h ou at\u00e9 50 mm\/dia. Al\u00e9m disso, h\u00e1 previs\u00e3o de ventos intensos, entre 40 e 60 km\/h.<br \/>\nSegundo o \u00f3rg\u00e3o, nesses casos h\u00e1 baixo risco de corte de energia el\u00e9trica, queda de galhos de \u00e1rvores, alagamentos e de descargas el\u00e9tricas.<br \/>\nO Inmet recomenda, em caso de rajadas de vento:<br \/>\nn\u00e3o se abrigar debaixo de \u00e1rvores, pois h\u00e1 leve risco de queda e descargas el\u00e9tricas;<br \/>\nn\u00e3o estacionar ve\u00edculos pr\u00f3ximos a torres de transmiss\u00e3o e placas de propaganda;<br \/>\nevitar usar aparelhos eletr\u00f4nicos ligados \u00e0 tomada.<br \/>\n\u26a0\ufe0f Nos dois alertas, em caso de necessidade ou para obter mais informa\u00e7\u00f5es, a recomenda\u00e7\u00e3o \u00e9 acionar a Defesa Civil (telefone 199) ou o Corpo de Bombeiros (telefone 193).<br \/>\nCidades no alerta laranja<br \/>\nAfonso Bezerra<br \/>\nAlto do Rodrigues<br \/>\nAreia Branca<br \/>\nArez<br \/>\nBa\u00eda Formosa<br \/>\nBara\u00fana<br \/>\nBento Fernandes<br \/>\nBrejinho<br \/>\nCai\u00e7ara do Norte<br \/>\nCanguaretama<br \/>\nCarnaubais<br \/>\nCear\u00e1-Mirim<br \/>\nEsp\u00edrito Santo<br \/>\nExtremoz<br \/>\nGalinhos<br \/>\nGoianinha<br \/>\nGrossos<br \/>\nGuamar\u00e9<br \/>\nIelmo Marinho<br \/>\nJanda\u00edra<br \/>\nJardim de Angicos<br \/>\nJo\u00e3o C\u00e2mara<br \/>\nJundi\u00e1<br \/>\nLagoa de Pedras<br \/>\nLajes<br \/>\nMaca\u00edba<br \/>\nMacau<br \/>\nMaxaranguape<br \/>\nMontanhas<br \/>\nMonte Alegre<br \/>\nMossor\u00f3<br \/>\nNatal<br \/>\nN\u00edsia Floresta<br \/>\nNova Cruz<br \/>\nParazinho<br \/>\nParnamirim<br \/>\nPassagem<br \/>\nPedra Grande<br \/>\nPedra Preta<br \/>\nPedro Avelino<br \/>\nPedro Velho<br \/>\nPend\u00eancias<br \/>\nPo\u00e7o Branco<br \/>\nPorto do Mangue<br \/>\nPureza<br \/>\nRio do Fogo<br \/>\nSanta Maria<br \/>\nSanto Ant\u00f4nio<br \/>\nS\u00e3o Bento do Norte<br \/>\nS\u00e3o Gon\u00e7alo do Amarante<br \/>\nS\u00e3o Jos\u00e9 de Mipibu<br \/>\nS\u00e3o Miguel do Gostoso<br \/>\nSenador Georgino Avelino<br \/>\nSerra do Mel<br \/>\nTaipu<br \/>\nTibau<br \/>\nTibau do Sul<br \/>\nTouros<br \/>\nV\u00e1rzea<br \/>\nVera Cruz<br \/>\nVila Flor<br \/>\nV\u00eddeos mais assistidos do g1 RN<\/p>","protected":false},"excerpt":{"rendered":"<p>Chuvas s\u00e3o previstas at\u00e9 12h desta quinta-feira (5) em todo o estado e at\u00e9 23h59 em 61 cidades, com intensidade maior. Chuvas atingem todo o RN, mas alerta laranja pega &#8230;<\/p>\n","protected":false},"author":0,"featured_media":12169,"parent":0,"menu_order":0,"comment_status":"closed","ping_status":"closed","template":"","meta":{"footnotes":""},"class_list":["post-12168","page","type-page","status-publish","has-post-thumbnail","hentry"],"yoast_head":"<!-- This site is optimized with the Yoast SEO plugin v27.1.1 - https:\/\/yoast.com\/product\/yoast-seo-wordpress\/ -->\n<title>Inmet prev\u00ea chuvas de at\u00e9 100 mm em Natal e mais 60 cidades e renova alerta amarelo para todo RN - Taveira Jr<\/title>\n<meta name=\"robots\" content=\"index, follow, max-snippet:-1, max-image-preview:large, max-video-preview:-1\" \/>\n<link rel=\"canonical\" href=\"https:\/\/deputadotaveirajr.com.br\/index.php\/inmet-preve-chuvas-de-ate-100-mm-em-natal-e-mais-60-cidades-e-renova-alerta-amarelo-para-todo-rn\/\" \/>\n<meta property=\"og:locale\" content=\"pt_BR\" \/>\n<meta property=\"og:type\" content=\"article\" \/>\n<meta property=\"og:title\" content=\"Inmet prev\u00ea chuvas de at\u00e9 100 mm em Natal e mais 60 cidades e renova alerta amarelo para todo RN - Taveira Jr\" \/>\n<meta property=\"og:description\" content=\"Chuvas s\u00e3o previstas at\u00e9 12h desta quinta-feira (5) em todo o estado e at\u00e9 23h59 em 61 cidades, com intensidade maior. Chuvas atingem todo o RN, mas alerta laranja pega ...\" \/>\n<meta property=\"og:url\" content=\"https:\/\/deputadotaveirajr.com.br\/index.php\/inmet-preve-chuvas-de-ate-100-mm-em-natal-e-mais-60-cidades-e-renova-alerta-amarelo-para-todo-rn\/\" \/>\n<meta property=\"og:site_name\" content=\"Taveira Jr\" \/>\n<meta property=\"og:image\" content=\"https:\/\/s2-g1.glbimg.com\/Ow4mz5wWAmgBt_MYYhmcLnhRg54=\/i.s3.glbimg.com\/v1\/AUTH_59edd422c0c84a879bd37670ae4f538a\/internal_photos\/bs\/2025\/o\/G\/8fRHqaRe6Q5Gs267mw2Q\/inmet.jpg\" \/>\n<meta name=\"twitter:card\" content=\"summary_large_image\" \/>\n<meta name=\"twitter:label1\" content=\"Est. tempo de leitura\" \/>\n\t<meta name=\"twitter:data1\" content=\"3 minutos\" \/>\n<script type=\"application\/ld+json\" class=\"yoast-schema-graph\">{\"@context\":\"https:\/\/schema.org\",\"@graph\":[{\"@type\":\"WebPage\",\"@id\":\"https:\/\/deputadotaveirajr.com.br\/index.php\/inmet-preve-chuvas-de-ate-100-mm-em-natal-e-mais-60-cidades-e-renova-alerta-amarelo-para-todo-rn\/\",\"url\":\"https:\/\/deputadotaveirajr.com.br\/index.php\/inmet-preve-chuvas-de-ate-100-mm-em-natal-e-mais-60-cidades-e-renova-alerta-amarelo-para-todo-rn\/\",\"name\":\"Inmet prev\u00ea chuvas de at\u00e9 100 mm em Natal e mais 60 cidades e renova alerta amarelo para todo RN - Taveira Jr\",\"isPartOf\":{\"@id\":\"https:\/\/deputadotaveirajr.com.br\/#website\"},\"primaryImageOfPage\":{\"@id\":\"https:\/\/deputadotaveirajr.com.br\/index.php\/inmet-preve-chuvas-de-ate-100-mm-em-natal-e-mais-60-cidades-e-renova-alerta-amarelo-para-todo-rn\/#primaryimage\"},\"image\":{\"@id\":\"https:\/\/deputadotaveirajr.com.br\/index.php\/inmet-preve-chuvas-de-ate-100-mm-em-natal-e-mais-60-cidades-e-renova-alerta-amarelo-para-todo-rn\/#primaryimage\"},\"thumbnailUrl\":\"https:\/\/deputadotaveirajr.com.br\/wp-content\/uploads\/2025\/02\/inmet-zGZw9k.jpeg\",\"datePublished\":\"2025-02-04T23:22:35+00:00\",\"breadcrumb\":{\"@id\":\"https:\/\/deputadotaveirajr.com.br\/index.php\/inmet-preve-chuvas-de-ate-100-mm-em-natal-e-mais-60-cidades-e-renova-alerta-amarelo-para-todo-rn\/#breadcrumb\"},\"inLanguage\":\"pt-BR\",\"potentialAction\":[{\"@type\":\"ReadAction\",\"target\":[\"https:\/\/deputadotaveirajr.com.br\/index.php\/inmet-preve-chuvas-de-ate-100-mm-em-natal-e-mais-60-cidades-e-renova-alerta-amarelo-para-todo-rn\/\"]}]},{\"@type\":\"ImageObject\",\"inLanguage\":\"pt-BR\",\"@id\":\"https:\/\/deputadotaveirajr.com.br\/index.php\/inmet-preve-chuvas-de-ate-100-mm-em-natal-e-mais-60-cidades-e-renova-alerta-amarelo-para-todo-rn\/#primaryimage\",\"url\":\"https:\/\/deputadotaveirajr.com.br\/wp-content\/uploads\/2025\/02\/inmet-zGZw9k.jpeg\",\"contentUrl\":\"https:\/\/deputadotaveirajr.com.br\/wp-content\/uploads\/2025\/02\/inmet-zGZw9k.jpeg\",\"width\":600,\"height\":645},{\"@type\":\"BreadcrumbList\",\"@id\":\"https:\/\/deputadotaveirajr.com.br\/index.php\/inmet-preve-chuvas-de-ate-100-mm-em-natal-e-mais-60-cidades-e-renova-alerta-amarelo-para-todo-rn\/#breadcrumb\",\"itemListElement\":[{\"@type\":\"ListItem\",\"position\":1,\"name\":\"In\u00edcio\",\"item\":\"https:\/\/deputadotaveirajr.com.br\/\"},{\"@type\":\"ListItem\",\"position\":2,\"name\":\"Inmet prev\u00ea chuvas de at\u00e9 100 mm em Natal e mais 60 cidades e renova alerta amarelo para todo RN\"}]},{\"@type\":\"WebSite\",\"@id\":\"https:\/\/deputadotaveirajr.com.br\/#website\",\"url\":\"https:\/\/deputadotaveirajr.com.br\/\",\"name\":\"Taveira Jr\",\"description\":\"Deputado Estadual\",\"publisher\":{\"@id\":\"https:\/\/deputadotaveirajr.com.br\/#organization\"},\"potentialAction\":[{\"@type\":\"SearchAction\",\"target\":{\"@type\":\"EntryPoint\",\"urlTemplate\":\"https:\/\/deputadotaveirajr.com.br\/?s={search_term_string}\"},\"query-input\":{\"@type\":\"PropertyValueSpecification\",\"valueRequired\":true,\"valueName\":\"search_term_string\"}}],\"inLanguage\":\"pt-BR\"},{\"@type\":\"Organization\",\"@id\":\"https:\/\/deputadotaveirajr.com.br\/#organization\",\"name\":\"Taveira Jr\",\"url\":\"https:\/\/deputadotaveirajr.com.br\/\",\"logo\":{\"@type\":\"ImageObject\",\"inLanguage\":\"pt-BR\",\"@id\":\"https:\/\/deputadotaveirajr.com.br\/#\/schema\/logo\/image\/\",\"url\":\"https:\/\/deputadotaveirajr.com.br\/wp-content\/uploads\/2026\/01\/logolow2a.png\",\"contentUrl\":\"https:\/\/deputadotaveirajr.com.br\/wp-content\/uploads\/2026\/01\/logolow2a.png\",\"width\":290,\"height\":80,\"caption\":\"Taveira Jr\"},\"image\":{\"@id\":\"https:\/\/deputadotaveirajr.com.br\/#\/schema\/logo\/image\/\"}}]}<\/script>\n<!-- \/ Yoast SEO plugin. -->","yoast_head_json":{"title":"Inmet prev\u00ea chuvas de at\u00e9 100 mm em Natal e mais 60 cidades e renova alerta amarelo para todo RN - Taveira Jr","robots":{"index":"index","follow":"follow","max-snippet":"max-snippet:-1","max-image-preview":"max-image-preview:large","max-video-preview":"max-video-preview:-1"},"canonical":"https:\/\/deputadotaveirajr.com.br\/index.php\/inmet-preve-chuvas-de-ate-100-mm-em-natal-e-mais-60-cidades-e-renova-alerta-amarelo-para-todo-rn\/","og_locale":"pt_BR","og_type":"article","og_title":"Inmet prev\u00ea chuvas de at\u00e9 100 mm em Natal e mais 60 cidades e renova alerta amarelo para todo RN - Taveira Jr","og_description":"Chuvas s\u00e3o previstas at\u00e9 12h desta quinta-feira (5) em todo o estado e at\u00e9 23h59 em 61 cidades, com intensidade maior. Chuvas atingem todo o RN, mas alerta laranja pega ...","og_url":"https:\/\/deputadotaveirajr.com.br\/index.php\/inmet-preve-chuvas-de-ate-100-mm-em-natal-e-mais-60-cidades-e-renova-alerta-amarelo-para-todo-rn\/","og_site_name":"Taveira Jr","og_image":[{"url":"https:\/\/s2-g1.glbimg.com\/Ow4mz5wWAmgBt_MYYhmcLnhRg54=\/i.s3.glbimg.com\/v1\/AUTH_59edd422c0c84a879bd37670ae4f538a\/internal_photos\/bs\/2025\/o\/G\/8fRHqaRe6Q5Gs267mw2Q\/inmet.jpg","type":"","width":"","height":""}],"twitter_card":"summary_large_image","twitter_misc":{"Est. tempo de leitura":"3 minutos"},"schema":{"@context":"https:\/\/schema.org","@graph":[{"@type":"WebPage","@id":"https:\/\/deputadotaveirajr.com.br\/index.php\/inmet-preve-chuvas-de-ate-100-mm-em-natal-e-mais-60-cidades-e-renova-alerta-amarelo-para-todo-rn\/","url":"https:\/\/deputadotaveirajr.com.br\/index.php\/inmet-preve-chuvas-de-ate-100-mm-em-natal-e-mais-60-cidades-e-renova-alerta-amarelo-para-todo-rn\/","name":"Inmet prev\u00ea chuvas de at\u00e9 100 mm em Natal e mais 60 cidades e renova alerta amarelo para todo RN - Taveira Jr","isPartOf":{"@id":"https:\/\/deputadotaveirajr.com.br\/#website"},"primaryImageOfPage":{"@id":"https:\/\/deputadotaveirajr.com.br\/index.php\/inmet-preve-chuvas-de-ate-100-mm-em-natal-e-mais-60-cidades-e-renova-alerta-amarelo-para-todo-rn\/#primaryimage"},"image":{"@id":"https:\/\/deputadotaveirajr.com.br\/index.php\/inmet-preve-chuvas-de-ate-100-mm-em-natal-e-mais-60-cidades-e-renova-alerta-amarelo-para-todo-rn\/#primaryimage"},"thumbnailUrl":"https:\/\/deputadotaveirajr.com.br\/wp-content\/uploads\/2025\/02\/inmet-zGZw9k.jpeg","datePublished":"2025-02-04T23:22:35+00:00","breadcrumb":{"@id":"https:\/\/deputadotaveirajr.com.br\/index.php\/inmet-preve-chuvas-de-ate-100-mm-em-natal-e-mais-60-cidades-e-renova-alerta-amarelo-para-todo-rn\/#breadcrumb"},"inLanguage":"pt-BR","potentialAction":[{"@type":"ReadAction","target":["https:\/\/deputadotaveirajr.com.br\/index.php\/inmet-preve-chuvas-de-ate-100-mm-em-natal-e-mais-60-cidades-e-renova-alerta-amarelo-para-todo-rn\/"]}]},{"@type":"ImageObject","inLanguage":"pt-BR","@id":"https:\/\/deputadotaveirajr.com.br\/index.php\/inmet-preve-chuvas-de-ate-100-mm-em-natal-e-mais-60-cidades-e-renova-alerta-amarelo-para-todo-rn\/#primaryimage","url":"https:\/\/deputadotaveirajr.com.br\/wp-content\/uploads\/2025\/02\/inmet-zGZw9k.jpeg","contentUrl":"https:\/\/deputadotaveirajr.com.br\/wp-content\/uploads\/2025\/02\/inmet-zGZw9k.jpeg","width":600,"height":645},{"@type":"BreadcrumbList","@id":"https:\/\/deputadotaveirajr.com.br\/index.php\/inmet-preve-chuvas-de-ate-100-mm-em-natal-e-mais-60-cidades-e-renova-alerta-amarelo-para-todo-rn\/#breadcrumb","itemListElement":[{"@type":"ListItem","position":1,"name":"In\u00edcio","item":"https:\/\/deputadotaveirajr.com.br\/"},{"@type":"ListItem","position":2,"name":"Inmet prev\u00ea chuvas de at\u00e9 100 mm em Natal e mais 60 cidades e renova alerta amarelo para todo RN"}]},{"@type":"WebSite","@id":"https:\/\/deputadotaveirajr.com.br\/#website","url":"https:\/\/deputadotaveirajr.com.br\/","name":"Taveira Jr","description":"Deputado Estadual","publisher":{"@id":"https:\/\/deputadotaveirajr.com.br\/#organization"},"potentialAction":[{"@type":"SearchAction","target":{"@type":"EntryPoint","urlTemplate":"https:\/\/deputadotaveirajr.com.br\/?s={search_term_string}"},"query-input":{"@type":"PropertyValueSpecification","valueRequired":true,"valueName":"search_term_string"}}],"inLanguage":"pt-BR"},{"@type":"Organization","@id":"https:\/\/deputadotaveirajr.com.br\/#organization","name":"Taveira Jr","url":"https:\/\/deputadotaveirajr.com.br\/","logo":{"@type":"ImageObject","inLanguage":"pt-BR","@id":"https:\/\/deputadotaveirajr.com.br\/#\/schema\/logo\/image\/","url":"https:\/\/deputadotaveirajr.com.br\/wp-content\/uploads\/2026\/01\/logolow2a.png","contentUrl":"https:\/\/deputadotaveirajr.com.br\/wp-content\/uploads\/2026\/01\/logolow2a.png","width":290,"height":80,"caption":"Taveira Jr"},"image":{"@id":"https:\/\/deputadotaveirajr.com.br\/#\/schema\/logo\/image\/"}}]}},"_links":{"self":[{"href":"https:\/\/deputadotaveirajr.com.br\/index.php\/wp-json\/wp\/v2\/pages\/12168","targetHints":{"allow":["GET"]}}],"collection":[{"href":"https:\/\/deputadotaveirajr.com.br\/index.php\/wp-json\/wp\/v2\/pages"}],"about":[{"href":"https:\/\/deputadotaveirajr.com.br\/index.php\/wp-json\/wp\/v2\/types\/page"}],"replies":[{"embeddable":true,"href":"https:\/\/deputadotaveirajr.com.br\/index.php\/wp-json\/wp\/v2\/comments?post=12168"}],"version-history":[{"count":0,"href":"https:\/\/deputadotaveirajr.com.br\/index.php\/wp-json\/wp\/v2\/pages\/12168\/revisions"}],"wp:featuredmedia":[{"embeddable":true,"href":"https:\/\/deputadotaveirajr.com.br\/index.php\/wp-json\/wp\/v2\/media\/12169"}],"wp:attachment":[{"href":"https:\/\/deputadotaveirajr.com.br\/index.php\/wp-json\/wp\/v2\/media?parent=12168"}],"curies":[{"name":"wp","href":"https:\/\/api.w.org\/{rel}","templated":true}]}}