{"id":12172,"date":"2025-02-05T13:54:34","date_gmt":"2025-02-05T16:54:34","guid":{"rendered":"https:\/\/deputadotaveirajr.com.br\/index.php\/crianca-de-3-anos-atropelada-por-carro-que-invadiu-lanchonete-deixa-hospital-quase-2-meses-apos-o-acidente\/"},"modified":"2025-02-05T13:54:34","modified_gmt":"2025-02-05T16:54:34","slug":"crianca-de-3-anos-atropelada-por-carro-que-invadiu-lanchonete-deixa-hospital-quase-2-meses-apos-o-acidente","status":"publish","type":"page","link":"https:\/\/deputadotaveirajr.com.br\/index.php\/crianca-de-3-anos-atropelada-por-carro-que-invadiu-lanchonete-deixa-hospital-quase-2-meses-apos-o-acidente\/","title":{"rendered":"Crian\u00e7a de 3 anos atropelada por carro que invadiu lanchonete deixa hospital quase 2 meses ap\u00f3s o acidente"},"content":{"rendered":"<p><img decoding=\"async\" src=\"https:\/\/s2-g1.glbimg.com\/3zvkPwdeCVwL4L9zc6wSJtMTC_Y=\/i.s3.glbimg.com\/v1\/AUTH_59edd422c0c84a879bd37670ae4f538a\/internal_photos\/bs\/2025\/U\/O\/7YFr81TJOjx54buYIjdg\/whatsapp-image-2025-02-05-at-11.14.54-1-.jpeg\" \/><br \/>     Acidente aconteceu em 11 de dezembro, em Parnamirim. Guilherme Henrique Cunha passou por 4 cirurgias para evitar a amputa\u00e7\u00e3o da perna direita. Guilherme Henrique Cunha passou por 4 cirurgias para evitar a amputa\u00e7\u00e3o da perna direita<br \/>\nS\u00e9rgio Henrique Santos\/Inter TV<br \/>\nO menino de 3 anos que foi atropelado junto com familiares por um carro que invadiu uma lanchonete em Parnamirim, na Grande Natal, teve alta hospitalar nesta quarta (5), quase dois meses depois do atropelamento.<br \/>\nO acidente aconteceu na noite de 11 de dezembro. Cinco pessoas da mesma fam\u00edlia estavam na lanchonete quando o ve\u00edculo invadiu o estabelecimento e atingiu a mesa deles. O motorista apresentava sinais de embriaguez e foi preso. O acidente foi registrado pelas c\u00e2meras de seguran\u00e7a da lanchonete.<br \/>\nO pequeno Guilherme Henrique Cunha, o av\u00f4 e a av\u00f3 dele foram socorridos e internados no Hospital Walfredo Gurgel, em Natal. Os av\u00f3s da crian\u00e7a tiveram alta poucos dias depois.<br \/>\nGuilherme passou por 4 cirurgias para evitar a amputa\u00e7\u00e3o da perna direita e por v\u00e1rias sess\u00f5es de fisioterapia. Ele ainda n\u00e3o conseguiu voltar a andar.<br \/>\n&#8220;O m\u00e9dico disse que com o tempo ele vai voltar a andar. Ele tamb\u00e9m vai ter que fazer uma nova cirurgia em um per\u00edodo de seis meses a um ano para retirada de uma placa que foi colocada no f\u00eamur&#8221;, explicou Gilcl\u00e9cio Gomes, pai de Guilherme.<br \/>\nA alta hospitalar foi cercada de emo\u00e7\u00e3o na manh\u00e3 desta quarta-feira (5). &#8220;Ele estava muito ansioso por essa alta. Estamos muito felizes. Saio daqui com uma gratid\u00e3o enorme por toda a assist\u00eancia que meu filho recebeu, pelo cuidado, pela aten\u00e7\u00e3o&#8221;, disse o pai da crian\u00e7a.<br \/>\nO motorista do carro que atropelou a fam\u00edlia continua preso.<br \/>\nV\u00eddeo mostra momento em que carro invade lanchonete e atropela clientes na Grande Natal<\/p>","protected":false},"excerpt":{"rendered":"<p>Acidente aconteceu em 11 de dezembro, em Parnamirim. Guilherme Henrique Cunha passou por 4 cirurgias para evitar a amputa\u00e7\u00e3o da perna direita. Guilherme Henrique Cunha passou por 4 cirurgias para &#8230;<\/p>\n","protected":false},"author":0,"featured_media":12173,"parent":0,"menu_order":0,"comment_status":"closed","ping_status":"closed","template":"","meta":{"footnotes":""},"class_list":["post-12172","page","type-page","status-publish","has-post-thumbnail","hentry"],"yoast_head":"<!-- This site is optimized with the Yoast SEO plugin v27.1.1 - https:\/\/yoast.com\/product\/yoast-seo-wordpress\/ -->\n<title>Crian\u00e7a de 3 anos atropelada por carro que invadiu lanchonete deixa hospital quase 2 meses ap\u00f3s o acidente - Taveira Jr<\/title>\n<meta name=\"robots\" content=\"index, follow, max-snippet:-1, max-image-preview:large, max-video-preview:-1\" \/>\n<link rel=\"canonical\" href=\"https:\/\/deputadotaveirajr.com.br\/index.php\/crianca-de-3-anos-atropelada-por-carro-que-invadiu-lanchonete-deixa-hospital-quase-2-meses-apos-o-acidente\/\" \/>\n<meta property=\"og:locale\" content=\"pt_BR\" \/>\n<meta property=\"og:type\" content=\"article\" \/>\n<meta property=\"og:title\" content=\"Crian\u00e7a de 3 anos atropelada por carro que invadiu lanchonete deixa hospital quase 2 meses ap\u00f3s o acidente - Taveira Jr\" \/>\n<meta property=\"og:description\" content=\"Acidente aconteceu em 11 de dezembro, em Parnamirim. Guilherme Henrique Cunha passou por 4 cirurgias para evitar a amputa\u00e7\u00e3o da perna direita. Guilherme Henrique Cunha passou por 4 cirurgias para ...\" \/>\n<meta property=\"og:url\" content=\"https:\/\/deputadotaveirajr.com.br\/index.php\/crianca-de-3-anos-atropelada-por-carro-que-invadiu-lanchonete-deixa-hospital-quase-2-meses-apos-o-acidente\/\" \/>\n<meta property=\"og:site_name\" content=\"Taveira Jr\" \/>\n<meta property=\"og:image\" content=\"https:\/\/s2-g1.glbimg.com\/3zvkPwdeCVwL4L9zc6wSJtMTC_Y=\/i.s3.glbimg.com\/v1\/AUTH_59edd422c0c84a879bd37670ae4f538a\/internal_photos\/bs\/2025\/U\/O\/7YFr81TJOjx54buYIjdg\/whatsapp-image-2025-02-05-at-11.14.54-1-.jpeg\" \/>\n<meta name=\"twitter:card\" content=\"summary_large_image\" \/>\n<meta name=\"twitter:label1\" content=\"Est. tempo de leitura\" \/>\n\t<meta name=\"twitter:data1\" content=\"2 minutos\" \/>\n<script type=\"application\/ld+json\" class=\"yoast-schema-graph\">{\"@context\":\"https:\/\/schema.org\",\"@graph\":[{\"@type\":\"WebPage\",\"@id\":\"https:\/\/deputadotaveirajr.com.br\/index.php\/crianca-de-3-anos-atropelada-por-carro-que-invadiu-lanchonete-deixa-hospital-quase-2-meses-apos-o-acidente\/\",\"url\":\"https:\/\/deputadotaveirajr.com.br\/index.php\/crianca-de-3-anos-atropelada-por-carro-que-invadiu-lanchonete-deixa-hospital-quase-2-meses-apos-o-acidente\/\",\"name\":\"Crian\u00e7a de 3 anos atropelada por carro que invadiu lanchonete deixa hospital quase 2 meses ap\u00f3s o acidente - Taveira Jr\",\"isPartOf\":{\"@id\":\"https:\/\/deputadotaveirajr.com.br\/#website\"},\"primaryImageOfPage\":{\"@id\":\"https:\/\/deputadotaveirajr.com.br\/index.php\/crianca-de-3-anos-atropelada-por-carro-que-invadiu-lanchonete-deixa-hospital-quase-2-meses-apos-o-acidente\/#primaryimage\"},\"image\":{\"@id\":\"https:\/\/deputadotaveirajr.com.br\/index.php\/crianca-de-3-anos-atropelada-por-carro-que-invadiu-lanchonete-deixa-hospital-quase-2-meses-apos-o-acidente\/#primaryimage\"},\"thumbnailUrl\":\"https:\/\/deputadotaveirajr.com.br\/wp-content\/uploads\/2025\/02\/whatsapp-image-2025-02-05-at-11.14.54-1-7BBuVV-scaled.jpeg\",\"datePublished\":\"2025-02-05T16:54:34+00:00\",\"breadcrumb\":{\"@id\":\"https:\/\/deputadotaveirajr.com.br\/index.php\/crianca-de-3-anos-atropelada-por-carro-que-invadiu-lanchonete-deixa-hospital-quase-2-meses-apos-o-acidente\/#breadcrumb\"},\"inLanguage\":\"pt-BR\",\"potentialAction\":[{\"@type\":\"ReadAction\",\"target\":[\"https:\/\/deputadotaveirajr.com.br\/index.php\/crianca-de-3-anos-atropelada-por-carro-que-invadiu-lanchonete-deixa-hospital-quase-2-meses-apos-o-acidente\/\"]}]},{\"@type\":\"ImageObject\",\"inLanguage\":\"pt-BR\",\"@id\":\"https:\/\/deputadotaveirajr.com.br\/index.php\/crianca-de-3-anos-atropelada-por-carro-que-invadiu-lanchonete-deixa-hospital-quase-2-meses-apos-o-acidente\/#primaryimage\",\"url\":\"https:\/\/deputadotaveirajr.com.br\/wp-content\/uploads\/2025\/02\/whatsapp-image-2025-02-05-at-11.14.54-1-7BBuVV-scaled.jpeg\",\"contentUrl\":\"https:\/\/deputadotaveirajr.com.br\/wp-content\/uploads\/2025\/02\/whatsapp-image-2025-02-05-at-11.14.54-1-7BBuVV-scaled.jpeg\",\"width\":2560,\"height\":1920},{\"@type\":\"BreadcrumbList\",\"@id\":\"https:\/\/deputadotaveirajr.com.br\/index.php\/crianca-de-3-anos-atropelada-por-carro-que-invadiu-lanchonete-deixa-hospital-quase-2-meses-apos-o-acidente\/#breadcrumb\",\"itemListElement\":[{\"@type\":\"ListItem\",\"position\":1,\"name\":\"In\u00edcio\",\"item\":\"https:\/\/deputadotaveirajr.com.br\/\"},{\"@type\":\"ListItem\",\"position\":2,\"name\":\"Crian\u00e7a de 3 anos atropelada por carro que invadiu lanchonete deixa hospital quase 2 meses ap\u00f3s o acidente\"}]},{\"@type\":\"WebSite\",\"@id\":\"https:\/\/deputadotaveirajr.com.br\/#website\",\"url\":\"https:\/\/deputadotaveirajr.com.br\/\",\"name\":\"Taveira Jr\",\"description\":\"Deputado Estadual\",\"publisher\":{\"@id\":\"https:\/\/deputadotaveirajr.com.br\/#organization\"},\"potentialAction\":[{\"@type\":\"SearchAction\",\"target\":{\"@type\":\"EntryPoint\",\"urlTemplate\":\"https:\/\/deputadotaveirajr.com.br\/?s={search_term_string}\"},\"query-input\":{\"@type\":\"PropertyValueSpecification\",\"valueRequired\":true,\"valueName\":\"search_term_string\"}}],\"inLanguage\":\"pt-BR\"},{\"@type\":\"Organization\",\"@id\":\"https:\/\/deputadotaveirajr.com.br\/#organization\",\"name\":\"Taveira Jr\",\"url\":\"https:\/\/deputadotaveirajr.com.br\/\",\"logo\":{\"@type\":\"ImageObject\",\"inLanguage\":\"pt-BR\",\"@id\":\"https:\/\/deputadotaveirajr.com.br\/#\/schema\/logo\/image\/\",\"url\":\"https:\/\/deputadotaveirajr.com.br\/wp-content\/uploads\/2026\/01\/logolow2a.png\",\"contentUrl\":\"https:\/\/deputadotaveirajr.com.br\/wp-content\/uploads\/2026\/01\/logolow2a.png\",\"width\":290,\"height\":80,\"caption\":\"Taveira Jr\"},\"image\":{\"@id\":\"https:\/\/deputadotaveirajr.com.br\/#\/schema\/logo\/image\/\"}}]}<\/script>\n<!-- \/ Yoast SEO plugin. -->","yoast_head_json":{"title":"Crian\u00e7a de 3 anos atropelada por carro que invadiu lanchonete deixa hospital quase 2 meses ap\u00f3s o acidente - Taveira Jr","robots":{"index":"index","follow":"follow","max-snippet":"max-snippet:-1","max-image-preview":"max-image-preview:large","max-video-preview":"max-video-preview:-1"},"canonical":"https:\/\/deputadotaveirajr.com.br\/index.php\/crianca-de-3-anos-atropelada-por-carro-que-invadiu-lanchonete-deixa-hospital-quase-2-meses-apos-o-acidente\/","og_locale":"pt_BR","og_type":"article","og_title":"Crian\u00e7a de 3 anos atropelada por carro que invadiu lanchonete deixa hospital quase 2 meses ap\u00f3s o acidente - Taveira Jr","og_description":"Acidente aconteceu em 11 de dezembro, em Parnamirim. Guilherme Henrique Cunha passou por 4 cirurgias para evitar a amputa\u00e7\u00e3o da perna direita. Guilherme Henrique Cunha passou por 4 cirurgias para ...","og_url":"https:\/\/deputadotaveirajr.com.br\/index.php\/crianca-de-3-anos-atropelada-por-carro-que-invadiu-lanchonete-deixa-hospital-quase-2-meses-apos-o-acidente\/","og_site_name":"Taveira Jr","og_image":[{"url":"https:\/\/s2-g1.glbimg.com\/3zvkPwdeCVwL4L9zc6wSJtMTC_Y=\/i.s3.glbimg.com\/v1\/AUTH_59edd422c0c84a879bd37670ae4f538a\/internal_photos\/bs\/2025\/U\/O\/7YFr81TJOjx54buYIjdg\/whatsapp-image-2025-02-05-at-11.14.54-1-.jpeg","type":"","width":"","height":""}],"twitter_card":"summary_large_image","twitter_misc":{"Est. tempo de leitura":"2 minutos"},"schema":{"@context":"https:\/\/schema.org","@graph":[{"@type":"WebPage","@id":"https:\/\/deputadotaveirajr.com.br\/index.php\/crianca-de-3-anos-atropelada-por-carro-que-invadiu-lanchonete-deixa-hospital-quase-2-meses-apos-o-acidente\/","url":"https:\/\/deputadotaveirajr.com.br\/index.php\/crianca-de-3-anos-atropelada-por-carro-que-invadiu-lanchonete-deixa-hospital-quase-2-meses-apos-o-acidente\/","name":"Crian\u00e7a de 3 anos atropelada por carro que invadiu lanchonete deixa hospital quase 2 meses ap\u00f3s o acidente - Taveira Jr","isPartOf":{"@id":"https:\/\/deputadotaveirajr.com.br\/#website"},"primaryImageOfPage":{"@id":"https:\/\/deputadotaveirajr.com.br\/index.php\/crianca-de-3-anos-atropelada-por-carro-que-invadiu-lanchonete-deixa-hospital-quase-2-meses-apos-o-acidente\/#primaryimage"},"image":{"@id":"https:\/\/deputadotaveirajr.com.br\/index.php\/crianca-de-3-anos-atropelada-por-carro-que-invadiu-lanchonete-deixa-hospital-quase-2-meses-apos-o-acidente\/#primaryimage"},"thumbnailUrl":"https:\/\/deputadotaveirajr.com.br\/wp-content\/uploads\/2025\/02\/whatsapp-image-2025-02-05-at-11.14.54-1-7BBuVV-scaled.jpeg","datePublished":"2025-02-05T16:54:34+00:00","breadcrumb":{"@id":"https:\/\/deputadotaveirajr.com.br\/index.php\/crianca-de-3-anos-atropelada-por-carro-que-invadiu-lanchonete-deixa-hospital-quase-2-meses-apos-o-acidente\/#breadcrumb"},"inLanguage":"pt-BR","potentialAction":[{"@type":"ReadAction","target":["https:\/\/deputadotaveirajr.com.br\/index.php\/crianca-de-3-anos-atropelada-por-carro-que-invadiu-lanchonete-deixa-hospital-quase-2-meses-apos-o-acidente\/"]}]},{"@type":"ImageObject","inLanguage":"pt-BR","@id":"https:\/\/deputadotaveirajr.com.br\/index.php\/crianca-de-3-anos-atropelada-por-carro-que-invadiu-lanchonete-deixa-hospital-quase-2-meses-apos-o-acidente\/#primaryimage","url":"https:\/\/deputadotaveirajr.com.br\/wp-content\/uploads\/2025\/02\/whatsapp-image-2025-02-05-at-11.14.54-1-7BBuVV-scaled.jpeg","contentUrl":"https:\/\/deputadotaveirajr.com.br\/wp-content\/uploads\/2025\/02\/whatsapp-image-2025-02-05-at-11.14.54-1-7BBuVV-scaled.jpeg","width":2560,"height":1920},{"@type":"BreadcrumbList","@id":"https:\/\/deputadotaveirajr.com.br\/index.php\/crianca-de-3-anos-atropelada-por-carro-que-invadiu-lanchonete-deixa-hospital-quase-2-meses-apos-o-acidente\/#breadcrumb","itemListElement":[{"@type":"ListItem","position":1,"name":"In\u00edcio","item":"https:\/\/deputadotaveirajr.com.br\/"},{"@type":"ListItem","position":2,"name":"Crian\u00e7a de 3 anos atropelada por carro que invadiu lanchonete deixa hospital quase 2 meses ap\u00f3s o acidente"}]},{"@type":"WebSite","@id":"https:\/\/deputadotaveirajr.com.br\/#website","url":"https:\/\/deputadotaveirajr.com.br\/","name":"Taveira Jr","description":"Deputado Estadual","publisher":{"@id":"https:\/\/deputadotaveirajr.com.br\/#organization"},"potentialAction":[{"@type":"SearchAction","target":{"@type":"EntryPoint","urlTemplate":"https:\/\/deputadotaveirajr.com.br\/?s={search_term_string}"},"query-input":{"@type":"PropertyValueSpecification","valueRequired":true,"valueName":"search_term_string"}}],"inLanguage":"pt-BR"},{"@type":"Organization","@id":"https:\/\/deputadotaveirajr.com.br\/#organization","name":"Taveira Jr","url":"https:\/\/deputadotaveirajr.com.br\/","logo":{"@type":"ImageObject","inLanguage":"pt-BR","@id":"https:\/\/deputadotaveirajr.com.br\/#\/schema\/logo\/image\/","url":"https:\/\/deputadotaveirajr.com.br\/wp-content\/uploads\/2026\/01\/logolow2a.png","contentUrl":"https:\/\/deputadotaveirajr.com.br\/wp-content\/uploads\/2026\/01\/logolow2a.png","width":290,"height":80,"caption":"Taveira Jr"},"image":{"@id":"https:\/\/deputadotaveirajr.com.br\/#\/schema\/logo\/image\/"}}]}},"_links":{"self":[{"href":"https:\/\/deputadotaveirajr.com.br\/index.php\/wp-json\/wp\/v2\/pages\/12172","targetHints":{"allow":["GET"]}}],"collection":[{"href":"https:\/\/deputadotaveirajr.com.br\/index.php\/wp-json\/wp\/v2\/pages"}],"about":[{"href":"https:\/\/deputadotaveirajr.com.br\/index.php\/wp-json\/wp\/v2\/types\/page"}],"replies":[{"embeddable":true,"href":"https:\/\/deputadotaveirajr.com.br\/index.php\/wp-json\/wp\/v2\/comments?post=12172"}],"version-history":[{"count":0,"href":"https:\/\/deputadotaveirajr.com.br\/index.php\/wp-json\/wp\/v2\/pages\/12172\/revisions"}],"wp:featuredmedia":[{"embeddable":true,"href":"https:\/\/deputadotaveirajr.com.br\/index.php\/wp-json\/wp\/v2\/media\/12173"}],"wp:attachment":[{"href":"https:\/\/deputadotaveirajr.com.br\/index.php\/wp-json\/wp\/v2\/media?parent=12172"}],"curies":[{"name":"wp","href":"https:\/\/api.w.org\/{rel}","templated":true}]}}