{"id":12174,"date":"2025-02-05T16:50:02","date_gmt":"2025-02-05T19:50:02","guid":{"rendered":"https:\/\/deputadotaveirajr.com.br\/index.php\/inmet-emite-alerta-vermelho-de-chuvas-intensas-para-natal-e-mais-36-cidades\/"},"modified":"2025-02-05T16:50:02","modified_gmt":"2025-02-05T19:50:02","slug":"inmet-emite-alerta-vermelho-de-chuvas-intensas-para-natal-e-mais-36-cidades","status":"publish","type":"page","link":"https:\/\/deputadotaveirajr.com.br\/index.php\/inmet-emite-alerta-vermelho-de-chuvas-intensas-para-natal-e-mais-36-cidades\/","title":{"rendered":"Inmet emite alerta vermelho de chuvas intensas para Natal e mais 36 cidades"},"content":{"rendered":"<p><img decoding=\"async\" src=\"https:\/\/s2-g1.glbimg.com\/jnNfqQh8vsjTLFczNoyVvvlxY78=\/i.s3.glbimg.com\/v1\/AUTH_59edd422c0c84a879bd37670ae4f538a\/internal_photos\/bs\/2025\/i\/h\/kV9tqYTjOd9eiIOLzZVg\/alerta-rn.jpg\" \/><br \/>     Alerta vermelho \u00e9 considerado de grande perigo por risco de danos em edifica\u00e7\u00f5es, corte de energia el\u00e9trica, queda de \u00e1rvores e alagamentos. RN tem alerta laranja. Alerta vermelho foi lan\u00e7ado para Natal e litoral; RN tem alerta laranja<br \/>\nDivulga\u00e7\u00e3o\/Inmet<br \/>\nO Instituto Nacional de Meteorologia (Inmet) emitiu um alerta vermelho, considerado de grande perigo, de chuvas para Natal e mais 36 cidades do Rio Grande do Norte (veja lista de cidades mais abaixo).<br \/>\nO aviso passou a valer das 15h41 desta quarta-feira (5) e permanece em vigor at\u00e9 8h desta quinta-feira (6).<br \/>\nAl\u00e9m disso, o \u00f3rg\u00e3o renovou o alerta para todo o estado, mas aumentou para o alerta laranja, n\u00edvel acima do amarelo, que \u00e9 considerado de perigo.<br \/>\n\ud83d\udcf3Participe do canal do g1 RN no WhatsApp<br \/>\nO alerta vermelho \u00e9 o n\u00edvel mais alto de gravidade na escala do Inmet, sendo considerado de grande perigo, com chuva superior a 60 mm por hora ou maior que 100 mm por dia, al\u00e9m de ventos previstos acima de 100 km\/h.<br \/>\nDe acordo com o Inmet, no alerta vermelho h\u00e1 grande risco de danos em edifica\u00e7\u00f5es, corte de energia el\u00e9trica, de queda de \u00e1rvores, descargas el\u00e9tricas, alagamentos, enxurradas e grandes transtornos no transporte rodovi\u00e1rio.<br \/>\nPara enfrentar o alerta, as instru\u00e7\u00f5es do \u00f3rg\u00e3o s\u00e3o:<br \/>\nDesligar aparelhos el\u00e9tricos e quadro geral de energia;<br \/>\nEm caso de enxurrada ou similar, colocar documentos e objetos de valor em sacos pl\u00e1sticos;<br \/>\nEm caso de situa\u00e7\u00e3o de grande perigo confirmada: procurar abrigo e evitar permanecer ao ar livre.<br \/>\nEm caso de necessidade, acionar a Defesa Civil (telefone 199) e o Corpo de Bombeiros (telefone 193).<br \/>\nO alerta atinge ainda parte do litoral da Para\u00edba, de Pernambuco e de Alagoas.<br \/>\n\ud83d\udd34 Cidades atingidas no alerta vermelho<br \/>\nArez<br \/>\nBa\u00eda Formosa<br \/>\nBrejinho<br \/>\nCanguaretama<br \/>\nCear\u00e1-Mirim<br \/>\nEsp\u00edrito Santo<br \/>\nExtremoz<br \/>\nGoianinha<br \/>\nIelmo Marinho<br \/>\nJundi\u00e1<br \/>\nLagoa Salgada<br \/>\nLagoa de Pedras<br \/>\nMaca\u00edba<br \/>\nMaxaranguape<br \/>\nMontanhas<br \/>\nMonte Alegre<br \/>\nNatal<br \/>\nNova Cruz<br \/>\nN\u00edsia Floresta<br \/>\nParnamirim<br \/>\nPassagem<br \/>\nPedro Velho<br \/>\nPo\u00e7o Branco<br \/>\nPureza<br \/>\nRio do Fogo<br \/>\nSanto Ant\u00f4nio<br \/>\nSenador Georgino Avelino<br \/>\nS\u00e3o Gon\u00e7alo do Amarante<br \/>\nS\u00e3o Jos\u00e9 de Mipibu<br \/>\nS\u00e3o Miguel do Gostoso<br \/>\nS\u00e3o Pedro<br \/>\nTaipu<br \/>\nTibau do Sul<br \/>\nTouros<br \/>\nVera Cruz<br \/>\nVila Flor<br \/>\nV\u00e1rzea<br \/>\nAlerta Vermelho: o que significa para o Inmet<br \/>\nAlerta laranja para RN<br \/>\nO Inmet lan\u00e7ou tamb\u00e9m um alerta laranja, de perigo, para todas as cidades do Rio Grande do Norte. O alerta vale at\u00e9 10h desta quinta-feira (6). O aviso para todo o estado aumentou o n\u00edvel ap\u00f3s avisos recentes de alerta da cor amarela, de perigo potencial.<br \/>\nNo alerta laranja, segundo o Inmet, as chuvas variam entre 30 e 60 mm\/h ou 50 e 100 mm\/dia, al\u00e9m de ventos intensos entre 60 e 100 km\/h.  Nesse caso, h\u00e1 risco de corte de energia el\u00e9trica, queda de galhos de \u00e1rvores, alagamentos e de descargas el\u00e9tricas.<br \/>\nAs recomenda\u00e7\u00f5es s\u00e3o, em caso de rajadas de vento:<br \/>\nn\u00e3o se abrigar debaixo de \u00e1rvores, pois h\u00e1 risco de queda e descargas el\u00e9tricas;<br \/>\nn\u00e3o estacionar ve\u00edculos pr\u00f3ximos a torres de transmiss\u00e3o e placas de propaganda;<br \/>\nse poss\u00edvel, desligar aparelhos el\u00e9tricos e quadro geral de energia.<br \/>\nV\u00eddeos mais assistidos do g1 RN<\/p>","protected":false},"excerpt":{"rendered":"<p>Alerta vermelho \u00e9 considerado de grande perigo por risco de danos em edifica\u00e7\u00f5es, corte de energia el\u00e9trica, queda de \u00e1rvores e alagamentos. RN tem alerta laranja. Alerta vermelho foi lan\u00e7ado &#8230;<\/p>\n","protected":false},"author":0,"featured_media":12175,"parent":0,"menu_order":0,"comment_status":"closed","ping_status":"closed","template":"","meta":{"footnotes":""},"class_list":["post-12174","page","type-page","status-publish","has-post-thumbnail","hentry"],"yoast_head":"<!-- This site is optimized with the Yoast SEO plugin v27.1.1 - https:\/\/yoast.com\/product\/yoast-seo-wordpress\/ -->\n<title>Inmet emite alerta vermelho de chuvas intensas para Natal e mais 36 cidades - Taveira Jr<\/title>\n<meta name=\"robots\" content=\"index, follow, max-snippet:-1, max-image-preview:large, max-video-preview:-1\" \/>\n<link rel=\"canonical\" href=\"https:\/\/deputadotaveirajr.com.br\/index.php\/inmet-emite-alerta-vermelho-de-chuvas-intensas-para-natal-e-mais-36-cidades\/\" \/>\n<meta property=\"og:locale\" content=\"pt_BR\" \/>\n<meta property=\"og:type\" content=\"article\" \/>\n<meta property=\"og:title\" content=\"Inmet emite alerta vermelho de chuvas intensas para Natal e mais 36 cidades - Taveira Jr\" \/>\n<meta property=\"og:description\" content=\"Alerta vermelho \u00e9 considerado de grande perigo por risco de danos em edifica\u00e7\u00f5es, corte de energia el\u00e9trica, queda de \u00e1rvores e alagamentos. RN tem alerta laranja. Alerta vermelho foi lan\u00e7ado ...\" \/>\n<meta property=\"og:url\" content=\"https:\/\/deputadotaveirajr.com.br\/index.php\/inmet-emite-alerta-vermelho-de-chuvas-intensas-para-natal-e-mais-36-cidades\/\" \/>\n<meta property=\"og:site_name\" content=\"Taveira Jr\" \/>\n<meta property=\"og:image\" content=\"https:\/\/s2-g1.glbimg.com\/jnNfqQh8vsjTLFczNoyVvvlxY78=\/i.s3.glbimg.com\/v1\/AUTH_59edd422c0c84a879bd37670ae4f538a\/internal_photos\/bs\/2025\/i\/h\/kV9tqYTjOd9eiIOLzZVg\/alerta-rn.jpg\" \/>\n<meta name=\"twitter:card\" content=\"summary_large_image\" \/>\n<meta name=\"twitter:label1\" content=\"Est. tempo de leitura\" \/>\n\t<meta name=\"twitter:data1\" content=\"3 minutos\" \/>\n<script type=\"application\/ld+json\" class=\"yoast-schema-graph\">{\"@context\":\"https:\/\/schema.org\",\"@graph\":[{\"@type\":\"WebPage\",\"@id\":\"https:\/\/deputadotaveirajr.com.br\/index.php\/inmet-emite-alerta-vermelho-de-chuvas-intensas-para-natal-e-mais-36-cidades\/\",\"url\":\"https:\/\/deputadotaveirajr.com.br\/index.php\/inmet-emite-alerta-vermelho-de-chuvas-intensas-para-natal-e-mais-36-cidades\/\",\"name\":\"Inmet emite alerta vermelho de chuvas intensas para Natal e mais 36 cidades - Taveira Jr\",\"isPartOf\":{\"@id\":\"https:\/\/deputadotaveirajr.com.br\/#website\"},\"primaryImageOfPage\":{\"@id\":\"https:\/\/deputadotaveirajr.com.br\/index.php\/inmet-emite-alerta-vermelho-de-chuvas-intensas-para-natal-e-mais-36-cidades\/#primaryimage\"},\"image\":{\"@id\":\"https:\/\/deputadotaveirajr.com.br\/index.php\/inmet-emite-alerta-vermelho-de-chuvas-intensas-para-natal-e-mais-36-cidades\/#primaryimage\"},\"thumbnailUrl\":\"https:\/\/deputadotaveirajr.com.br\/wp-content\/uploads\/2025\/02\/alerta-rn-zyJgt1.jpeg\",\"datePublished\":\"2025-02-05T19:50:02+00:00\",\"breadcrumb\":{\"@id\":\"https:\/\/deputadotaveirajr.com.br\/index.php\/inmet-emite-alerta-vermelho-de-chuvas-intensas-para-natal-e-mais-36-cidades\/#breadcrumb\"},\"inLanguage\":\"pt-BR\",\"potentialAction\":[{\"@type\":\"ReadAction\",\"target\":[\"https:\/\/deputadotaveirajr.com.br\/index.php\/inmet-emite-alerta-vermelho-de-chuvas-intensas-para-natal-e-mais-36-cidades\/\"]}]},{\"@type\":\"ImageObject\",\"inLanguage\":\"pt-BR\",\"@id\":\"https:\/\/deputadotaveirajr.com.br\/index.php\/inmet-emite-alerta-vermelho-de-chuvas-intensas-para-natal-e-mais-36-cidades\/#primaryimage\",\"url\":\"https:\/\/deputadotaveirajr.com.br\/wp-content\/uploads\/2025\/02\/alerta-rn-zyJgt1.jpeg\",\"contentUrl\":\"https:\/\/deputadotaveirajr.com.br\/wp-content\/uploads\/2025\/02\/alerta-rn-zyJgt1.jpeg\",\"width\":600,\"height\":430},{\"@type\":\"BreadcrumbList\",\"@id\":\"https:\/\/deputadotaveirajr.com.br\/index.php\/inmet-emite-alerta-vermelho-de-chuvas-intensas-para-natal-e-mais-36-cidades\/#breadcrumb\",\"itemListElement\":[{\"@type\":\"ListItem\",\"position\":1,\"name\":\"In\u00edcio\",\"item\":\"https:\/\/deputadotaveirajr.com.br\/\"},{\"@type\":\"ListItem\",\"position\":2,\"name\":\"Inmet emite alerta vermelho de chuvas intensas para Natal e mais 36 cidades\"}]},{\"@type\":\"WebSite\",\"@id\":\"https:\/\/deputadotaveirajr.com.br\/#website\",\"url\":\"https:\/\/deputadotaveirajr.com.br\/\",\"name\":\"Taveira Jr\",\"description\":\"Deputado Estadual\",\"publisher\":{\"@id\":\"https:\/\/deputadotaveirajr.com.br\/#organization\"},\"potentialAction\":[{\"@type\":\"SearchAction\",\"target\":{\"@type\":\"EntryPoint\",\"urlTemplate\":\"https:\/\/deputadotaveirajr.com.br\/?s={search_term_string}\"},\"query-input\":{\"@type\":\"PropertyValueSpecification\",\"valueRequired\":true,\"valueName\":\"search_term_string\"}}],\"inLanguage\":\"pt-BR\"},{\"@type\":\"Organization\",\"@id\":\"https:\/\/deputadotaveirajr.com.br\/#organization\",\"name\":\"Taveira Jr\",\"url\":\"https:\/\/deputadotaveirajr.com.br\/\",\"logo\":{\"@type\":\"ImageObject\",\"inLanguage\":\"pt-BR\",\"@id\":\"https:\/\/deputadotaveirajr.com.br\/#\/schema\/logo\/image\/\",\"url\":\"https:\/\/deputadotaveirajr.com.br\/wp-content\/uploads\/2026\/01\/logolow2a.png\",\"contentUrl\":\"https:\/\/deputadotaveirajr.com.br\/wp-content\/uploads\/2026\/01\/logolow2a.png\",\"width\":290,\"height\":80,\"caption\":\"Taveira Jr\"},\"image\":{\"@id\":\"https:\/\/deputadotaveirajr.com.br\/#\/schema\/logo\/image\/\"}}]}<\/script>\n<!-- \/ Yoast SEO plugin. -->","yoast_head_json":{"title":"Inmet emite alerta vermelho de chuvas intensas para Natal e mais 36 cidades - Taveira Jr","robots":{"index":"index","follow":"follow","max-snippet":"max-snippet:-1","max-image-preview":"max-image-preview:large","max-video-preview":"max-video-preview:-1"},"canonical":"https:\/\/deputadotaveirajr.com.br\/index.php\/inmet-emite-alerta-vermelho-de-chuvas-intensas-para-natal-e-mais-36-cidades\/","og_locale":"pt_BR","og_type":"article","og_title":"Inmet emite alerta vermelho de chuvas intensas para Natal e mais 36 cidades - Taveira Jr","og_description":"Alerta vermelho \u00e9 considerado de grande perigo por risco de danos em edifica\u00e7\u00f5es, corte de energia el\u00e9trica, queda de \u00e1rvores e alagamentos. RN tem alerta laranja. Alerta vermelho foi lan\u00e7ado ...","og_url":"https:\/\/deputadotaveirajr.com.br\/index.php\/inmet-emite-alerta-vermelho-de-chuvas-intensas-para-natal-e-mais-36-cidades\/","og_site_name":"Taveira Jr","og_image":[{"url":"https:\/\/s2-g1.glbimg.com\/jnNfqQh8vsjTLFczNoyVvvlxY78=\/i.s3.glbimg.com\/v1\/AUTH_59edd422c0c84a879bd37670ae4f538a\/internal_photos\/bs\/2025\/i\/h\/kV9tqYTjOd9eiIOLzZVg\/alerta-rn.jpg","type":"","width":"","height":""}],"twitter_card":"summary_large_image","twitter_misc":{"Est. tempo de leitura":"3 minutos"},"schema":{"@context":"https:\/\/schema.org","@graph":[{"@type":"WebPage","@id":"https:\/\/deputadotaveirajr.com.br\/index.php\/inmet-emite-alerta-vermelho-de-chuvas-intensas-para-natal-e-mais-36-cidades\/","url":"https:\/\/deputadotaveirajr.com.br\/index.php\/inmet-emite-alerta-vermelho-de-chuvas-intensas-para-natal-e-mais-36-cidades\/","name":"Inmet emite alerta vermelho de chuvas intensas para Natal e mais 36 cidades - Taveira Jr","isPartOf":{"@id":"https:\/\/deputadotaveirajr.com.br\/#website"},"primaryImageOfPage":{"@id":"https:\/\/deputadotaveirajr.com.br\/index.php\/inmet-emite-alerta-vermelho-de-chuvas-intensas-para-natal-e-mais-36-cidades\/#primaryimage"},"image":{"@id":"https:\/\/deputadotaveirajr.com.br\/index.php\/inmet-emite-alerta-vermelho-de-chuvas-intensas-para-natal-e-mais-36-cidades\/#primaryimage"},"thumbnailUrl":"https:\/\/deputadotaveirajr.com.br\/wp-content\/uploads\/2025\/02\/alerta-rn-zyJgt1.jpeg","datePublished":"2025-02-05T19:50:02+00:00","breadcrumb":{"@id":"https:\/\/deputadotaveirajr.com.br\/index.php\/inmet-emite-alerta-vermelho-de-chuvas-intensas-para-natal-e-mais-36-cidades\/#breadcrumb"},"inLanguage":"pt-BR","potentialAction":[{"@type":"ReadAction","target":["https:\/\/deputadotaveirajr.com.br\/index.php\/inmet-emite-alerta-vermelho-de-chuvas-intensas-para-natal-e-mais-36-cidades\/"]}]},{"@type":"ImageObject","inLanguage":"pt-BR","@id":"https:\/\/deputadotaveirajr.com.br\/index.php\/inmet-emite-alerta-vermelho-de-chuvas-intensas-para-natal-e-mais-36-cidades\/#primaryimage","url":"https:\/\/deputadotaveirajr.com.br\/wp-content\/uploads\/2025\/02\/alerta-rn-zyJgt1.jpeg","contentUrl":"https:\/\/deputadotaveirajr.com.br\/wp-content\/uploads\/2025\/02\/alerta-rn-zyJgt1.jpeg","width":600,"height":430},{"@type":"BreadcrumbList","@id":"https:\/\/deputadotaveirajr.com.br\/index.php\/inmet-emite-alerta-vermelho-de-chuvas-intensas-para-natal-e-mais-36-cidades\/#breadcrumb","itemListElement":[{"@type":"ListItem","position":1,"name":"In\u00edcio","item":"https:\/\/deputadotaveirajr.com.br\/"},{"@type":"ListItem","position":2,"name":"Inmet emite alerta vermelho de chuvas intensas para Natal e mais 36 cidades"}]},{"@type":"WebSite","@id":"https:\/\/deputadotaveirajr.com.br\/#website","url":"https:\/\/deputadotaveirajr.com.br\/","name":"Taveira Jr","description":"Deputado Estadual","publisher":{"@id":"https:\/\/deputadotaveirajr.com.br\/#organization"},"potentialAction":[{"@type":"SearchAction","target":{"@type":"EntryPoint","urlTemplate":"https:\/\/deputadotaveirajr.com.br\/?s={search_term_string}"},"query-input":{"@type":"PropertyValueSpecification","valueRequired":true,"valueName":"search_term_string"}}],"inLanguage":"pt-BR"},{"@type":"Organization","@id":"https:\/\/deputadotaveirajr.com.br\/#organization","name":"Taveira Jr","url":"https:\/\/deputadotaveirajr.com.br\/","logo":{"@type":"ImageObject","inLanguage":"pt-BR","@id":"https:\/\/deputadotaveirajr.com.br\/#\/schema\/logo\/image\/","url":"https:\/\/deputadotaveirajr.com.br\/wp-content\/uploads\/2026\/01\/logolow2a.png","contentUrl":"https:\/\/deputadotaveirajr.com.br\/wp-content\/uploads\/2026\/01\/logolow2a.png","width":290,"height":80,"caption":"Taveira Jr"},"image":{"@id":"https:\/\/deputadotaveirajr.com.br\/#\/schema\/logo\/image\/"}}]}},"_links":{"self":[{"href":"https:\/\/deputadotaveirajr.com.br\/index.php\/wp-json\/wp\/v2\/pages\/12174","targetHints":{"allow":["GET"]}}],"collection":[{"href":"https:\/\/deputadotaveirajr.com.br\/index.php\/wp-json\/wp\/v2\/pages"}],"about":[{"href":"https:\/\/deputadotaveirajr.com.br\/index.php\/wp-json\/wp\/v2\/types\/page"}],"replies":[{"embeddable":true,"href":"https:\/\/deputadotaveirajr.com.br\/index.php\/wp-json\/wp\/v2\/comments?post=12174"}],"version-history":[{"count":0,"href":"https:\/\/deputadotaveirajr.com.br\/index.php\/wp-json\/wp\/v2\/pages\/12174\/revisions"}],"wp:featuredmedia":[{"embeddable":true,"href":"https:\/\/deputadotaveirajr.com.br\/index.php\/wp-json\/wp\/v2\/media\/12175"}],"wp:attachment":[{"href":"https:\/\/deputadotaveirajr.com.br\/index.php\/wp-json\/wp\/v2\/media?parent=12174"}],"curies":[{"name":"wp","href":"https:\/\/api.w.org\/{rel}","templated":true}]}}