{"id":12205,"date":"2025-02-09T10:03:31","date_gmt":"2025-02-09T13:03:31","guid":{"rendered":"https:\/\/deputadotaveirajr.com.br\/index.php\/ibama-apreende-mais-de-45-toneladas-de-lagostas-e-pescados-ameacados-de-extincao-em-periodo-de-defeso-no-rn\/"},"modified":"2025-02-09T10:03:31","modified_gmt":"2025-02-09T13:03:31","slug":"ibama-apreende-mais-de-45-toneladas-de-lagostas-e-pescados-ameacados-de-extincao-em-periodo-de-defeso-no-rn","status":"publish","type":"page","link":"https:\/\/deputadotaveirajr.com.br\/index.php\/ibama-apreende-mais-de-45-toneladas-de-lagostas-e-pescados-ameacados-de-extincao-em-periodo-de-defeso-no-rn\/","title":{"rendered":"Ibama apreende mais de 4,5 toneladas de lagostas e pescados amea\u00e7ados de extin\u00e7\u00e3o em per\u00edodo de defeso no RN"},"content":{"rendered":"<p><img decoding=\"async\" src=\"https:\/\/s2-g1.glbimg.com\/R3bY-Bb5AOUVrlMpOQpTQtuiYAs=\/i.s3.glbimg.com\/v1\/AUTH_59edd422c0c84a879bd37670ae4f538a\/internal_photos\/bs\/2025\/3\/m\/lABOuzTo2LqKnUvOh0Iw\/sem-titulo.png\" \/><br \/>     Estabelecimentos que vendiam animais respondem administrativamente e por crime ambiental. Per\u00edodo de defeso vai at\u00e9 abril para preservar reprodu\u00e7\u00e3o das esp\u00e9cieis. Ibama apreende mais de 4,7 toneladas de lagosta durante defeso<br \/>\nO Instituto Brasileiro do Meio Ambiente e dos Recursos Naturais Renov\u00e1veis (Ibama) apreendeu, entre novembro do ano passado e o in\u00edcio deste m\u00eas de fevereiro, no per\u00edodo de defeso, cerca de 4,7 toneladas de lagostas e de pescados amea\u00e7ados de extin\u00e7\u00e3o no Rio Grande do Norte.<br \/>\nO per\u00edodo de defeso come\u00e7ou em novembro de 2024 e segue at\u00e9 abril de 2025. Nessa \u00e9poca, portanto, \u00e9 proibido capturar e comercializar algumas esp\u00e9cies. No \u00faltimo dia 1\u00ba de fevereiro teve in\u00edcio ainda a proibi\u00e7\u00e3o da comercializa\u00e7\u00e3o de estoques.<br \/>\n\ud83d\udcf3Participe do canal do g1 RN no WhatsApp<br \/>\nForam apreendidos neste per\u00edodo lagostas mi\u00fadas e ovadas, al\u00e9m de esp\u00e9cies amea\u00e7adas de extin\u00e7\u00e3o como agulh\u00f5es e goiamuns. Foram apreendidos ainda carangueijos e atuns sem origem comprovada.<br \/>\nOs estabelecimentos comerciais que vendiam esses animais neste per\u00edodo foram multados e v\u00e3o responder administrativamente e por crime ambiental. A multa pode chegar a R$ 5 mil.<br \/>\nO per\u00edodo de defeso ocorre na \u00e9poca de reprodu\u00e7\u00e3o dos animais e tem o objetivo de permitir a reprodu\u00e7\u00e3o e o crescimento deles.<br \/>\nLagostas foram apreendidas no per\u00edodo de defeso no RN<br \/>\nDivulga\u00e7\u00e3o<br \/>\nV\u00eddeos mais assistidos do g1 RN<\/p>","protected":false},"excerpt":{"rendered":"<p>Estabelecimentos que vendiam animais respondem administrativamente e por crime ambiental. Per\u00edodo de defeso vai at\u00e9 abril para preservar reprodu\u00e7\u00e3o das esp\u00e9cieis. Ibama apreende mais de 4,7 toneladas de lagosta durante &#8230;<\/p>\n","protected":false},"author":0,"featured_media":12206,"parent":0,"menu_order":0,"comment_status":"closed","ping_status":"closed","template":"","meta":{"footnotes":""},"class_list":["post-12205","page","type-page","status-publish","has-post-thumbnail","hentry"],"yoast_head":"<!-- This site is optimized with the Yoast SEO plugin v27.1.1 - https:\/\/yoast.com\/product\/yoast-seo-wordpress\/ -->\n<title>Ibama apreende mais de 4,5 toneladas de lagostas e pescados amea\u00e7ados de extin\u00e7\u00e3o em per\u00edodo de defeso no RN - Taveira Jr<\/title>\n<meta name=\"robots\" content=\"index, follow, max-snippet:-1, max-image-preview:large, max-video-preview:-1\" \/>\n<link rel=\"canonical\" href=\"https:\/\/deputadotaveirajr.com.br\/index.php\/ibama-apreende-mais-de-45-toneladas-de-lagostas-e-pescados-ameacados-de-extincao-em-periodo-de-defeso-no-rn\/\" \/>\n<meta property=\"og:locale\" content=\"pt_BR\" \/>\n<meta property=\"og:type\" content=\"article\" \/>\n<meta property=\"og:title\" content=\"Ibama apreende mais de 4,5 toneladas de lagostas e pescados amea\u00e7ados de extin\u00e7\u00e3o em per\u00edodo de defeso no RN - Taveira Jr\" \/>\n<meta property=\"og:description\" content=\"Estabelecimentos que vendiam animais respondem administrativamente e por crime ambiental. Per\u00edodo de defeso vai at\u00e9 abril para preservar reprodu\u00e7\u00e3o das esp\u00e9cieis. Ibama apreende mais de 4,7 toneladas de lagosta durante ...\" \/>\n<meta property=\"og:url\" content=\"https:\/\/deputadotaveirajr.com.br\/index.php\/ibama-apreende-mais-de-45-toneladas-de-lagostas-e-pescados-ameacados-de-extincao-em-periodo-de-defeso-no-rn\/\" \/>\n<meta property=\"og:site_name\" content=\"Taveira Jr\" \/>\n<meta property=\"og:image\" content=\"https:\/\/s2-g1.glbimg.com\/R3bY-Bb5AOUVrlMpOQpTQtuiYAs=\/i.s3.glbimg.com\/v1\/AUTH_59edd422c0c84a879bd37670ae4f538a\/internal_photos\/bs\/2025\/3\/m\/lABOuzTo2LqKnUvOh0Iw\/sem-titulo.png\" \/>\n<meta name=\"twitter:card\" content=\"summary_large_image\" \/>\n<meta name=\"twitter:label1\" content=\"Est. tempo de leitura\" \/>\n\t<meta name=\"twitter:data1\" content=\"1 minuto\" \/>\n<script type=\"application\/ld+json\" class=\"yoast-schema-graph\">{\"@context\":\"https:\/\/schema.org\",\"@graph\":[{\"@type\":\"WebPage\",\"@id\":\"https:\/\/deputadotaveirajr.com.br\/index.php\/ibama-apreende-mais-de-45-toneladas-de-lagostas-e-pescados-ameacados-de-extincao-em-periodo-de-defeso-no-rn\/\",\"url\":\"https:\/\/deputadotaveirajr.com.br\/index.php\/ibama-apreende-mais-de-45-toneladas-de-lagostas-e-pescados-ameacados-de-extincao-em-periodo-de-defeso-no-rn\/\",\"name\":\"Ibama apreende mais de 4,5 toneladas de lagostas e pescados amea\u00e7ados de extin\u00e7\u00e3o em per\u00edodo de defeso no RN - Taveira Jr\",\"isPartOf\":{\"@id\":\"https:\/\/deputadotaveirajr.com.br\/#website\"},\"primaryImageOfPage\":{\"@id\":\"https:\/\/deputadotaveirajr.com.br\/index.php\/ibama-apreende-mais-de-45-toneladas-de-lagostas-e-pescados-ameacados-de-extincao-em-periodo-de-defeso-no-rn\/#primaryimage\"},\"image\":{\"@id\":\"https:\/\/deputadotaveirajr.com.br\/index.php\/ibama-apreende-mais-de-45-toneladas-de-lagostas-e-pescados-ameacados-de-extincao-em-periodo-de-defeso-no-rn\/#primaryimage\"},\"thumbnailUrl\":\"https:\/\/deputadotaveirajr.com.br\/wp-content\/uploads\/2025\/02\/sem-titulo-nK0T2v.jpeg\",\"datePublished\":\"2025-02-09T13:03:31+00:00\",\"breadcrumb\":{\"@id\":\"https:\/\/deputadotaveirajr.com.br\/index.php\/ibama-apreende-mais-de-45-toneladas-de-lagostas-e-pescados-ameacados-de-extincao-em-periodo-de-defeso-no-rn\/#breadcrumb\"},\"inLanguage\":\"pt-BR\",\"potentialAction\":[{\"@type\":\"ReadAction\",\"target\":[\"https:\/\/deputadotaveirajr.com.br\/index.php\/ibama-apreende-mais-de-45-toneladas-de-lagostas-e-pescados-ameacados-de-extincao-em-periodo-de-defeso-no-rn\/\"]}]},{\"@type\":\"ImageObject\",\"inLanguage\":\"pt-BR\",\"@id\":\"https:\/\/deputadotaveirajr.com.br\/index.php\/ibama-apreende-mais-de-45-toneladas-de-lagostas-e-pescados-ameacados-de-extincao-em-periodo-de-defeso-no-rn\/#primaryimage\",\"url\":\"https:\/\/deputadotaveirajr.com.br\/wp-content\/uploads\/2025\/02\/sem-titulo-nK0T2v.jpeg\",\"contentUrl\":\"https:\/\/deputadotaveirajr.com.br\/wp-content\/uploads\/2025\/02\/sem-titulo-nK0T2v.jpeg\",\"width\":1324,\"height\":825},{\"@type\":\"BreadcrumbList\",\"@id\":\"https:\/\/deputadotaveirajr.com.br\/index.php\/ibama-apreende-mais-de-45-toneladas-de-lagostas-e-pescados-ameacados-de-extincao-em-periodo-de-defeso-no-rn\/#breadcrumb\",\"itemListElement\":[{\"@type\":\"ListItem\",\"position\":1,\"name\":\"In\u00edcio\",\"item\":\"https:\/\/deputadotaveirajr.com.br\/\"},{\"@type\":\"ListItem\",\"position\":2,\"name\":\"Ibama apreende mais de 4,5 toneladas de lagostas e pescados amea\u00e7ados de extin\u00e7\u00e3o em per\u00edodo de defeso no RN\"}]},{\"@type\":\"WebSite\",\"@id\":\"https:\/\/deputadotaveirajr.com.br\/#website\",\"url\":\"https:\/\/deputadotaveirajr.com.br\/\",\"name\":\"Taveira Jr\",\"description\":\"Deputado Estadual\",\"publisher\":{\"@id\":\"https:\/\/deputadotaveirajr.com.br\/#organization\"},\"potentialAction\":[{\"@type\":\"SearchAction\",\"target\":{\"@type\":\"EntryPoint\",\"urlTemplate\":\"https:\/\/deputadotaveirajr.com.br\/?s={search_term_string}\"},\"query-input\":{\"@type\":\"PropertyValueSpecification\",\"valueRequired\":true,\"valueName\":\"search_term_string\"}}],\"inLanguage\":\"pt-BR\"},{\"@type\":\"Organization\",\"@id\":\"https:\/\/deputadotaveirajr.com.br\/#organization\",\"name\":\"Taveira Jr\",\"url\":\"https:\/\/deputadotaveirajr.com.br\/\",\"logo\":{\"@type\":\"ImageObject\",\"inLanguage\":\"pt-BR\",\"@id\":\"https:\/\/deputadotaveirajr.com.br\/#\/schema\/logo\/image\/\",\"url\":\"https:\/\/deputadotaveirajr.com.br\/wp-content\/uploads\/2026\/01\/logolow2a.png\",\"contentUrl\":\"https:\/\/deputadotaveirajr.com.br\/wp-content\/uploads\/2026\/01\/logolow2a.png\",\"width\":290,\"height\":80,\"caption\":\"Taveira Jr\"},\"image\":{\"@id\":\"https:\/\/deputadotaveirajr.com.br\/#\/schema\/logo\/image\/\"}}]}<\/script>\n<!-- \/ Yoast SEO plugin. -->","yoast_head_json":{"title":"Ibama apreende mais de 4,5 toneladas de lagostas e pescados amea\u00e7ados de extin\u00e7\u00e3o em per\u00edodo de defeso no RN - Taveira Jr","robots":{"index":"index","follow":"follow","max-snippet":"max-snippet:-1","max-image-preview":"max-image-preview:large","max-video-preview":"max-video-preview:-1"},"canonical":"https:\/\/deputadotaveirajr.com.br\/index.php\/ibama-apreende-mais-de-45-toneladas-de-lagostas-e-pescados-ameacados-de-extincao-em-periodo-de-defeso-no-rn\/","og_locale":"pt_BR","og_type":"article","og_title":"Ibama apreende mais de 4,5 toneladas de lagostas e pescados amea\u00e7ados de extin\u00e7\u00e3o em per\u00edodo de defeso no RN - Taveira Jr","og_description":"Estabelecimentos que vendiam animais respondem administrativamente e por crime ambiental. Per\u00edodo de defeso vai at\u00e9 abril para preservar reprodu\u00e7\u00e3o das esp\u00e9cieis. Ibama apreende mais de 4,7 toneladas de lagosta durante ...","og_url":"https:\/\/deputadotaveirajr.com.br\/index.php\/ibama-apreende-mais-de-45-toneladas-de-lagostas-e-pescados-ameacados-de-extincao-em-periodo-de-defeso-no-rn\/","og_site_name":"Taveira Jr","og_image":[{"url":"https:\/\/s2-g1.glbimg.com\/R3bY-Bb5AOUVrlMpOQpTQtuiYAs=\/i.s3.glbimg.com\/v1\/AUTH_59edd422c0c84a879bd37670ae4f538a\/internal_photos\/bs\/2025\/3\/m\/lABOuzTo2LqKnUvOh0Iw\/sem-titulo.png","type":"","width":"","height":""}],"twitter_card":"summary_large_image","twitter_misc":{"Est. tempo de leitura":"1 minuto"},"schema":{"@context":"https:\/\/schema.org","@graph":[{"@type":"WebPage","@id":"https:\/\/deputadotaveirajr.com.br\/index.php\/ibama-apreende-mais-de-45-toneladas-de-lagostas-e-pescados-ameacados-de-extincao-em-periodo-de-defeso-no-rn\/","url":"https:\/\/deputadotaveirajr.com.br\/index.php\/ibama-apreende-mais-de-45-toneladas-de-lagostas-e-pescados-ameacados-de-extincao-em-periodo-de-defeso-no-rn\/","name":"Ibama apreende mais de 4,5 toneladas de lagostas e pescados amea\u00e7ados de extin\u00e7\u00e3o em per\u00edodo de defeso no RN - Taveira Jr","isPartOf":{"@id":"https:\/\/deputadotaveirajr.com.br\/#website"},"primaryImageOfPage":{"@id":"https:\/\/deputadotaveirajr.com.br\/index.php\/ibama-apreende-mais-de-45-toneladas-de-lagostas-e-pescados-ameacados-de-extincao-em-periodo-de-defeso-no-rn\/#primaryimage"},"image":{"@id":"https:\/\/deputadotaveirajr.com.br\/index.php\/ibama-apreende-mais-de-45-toneladas-de-lagostas-e-pescados-ameacados-de-extincao-em-periodo-de-defeso-no-rn\/#primaryimage"},"thumbnailUrl":"https:\/\/deputadotaveirajr.com.br\/wp-content\/uploads\/2025\/02\/sem-titulo-nK0T2v.jpeg","datePublished":"2025-02-09T13:03:31+00:00","breadcrumb":{"@id":"https:\/\/deputadotaveirajr.com.br\/index.php\/ibama-apreende-mais-de-45-toneladas-de-lagostas-e-pescados-ameacados-de-extincao-em-periodo-de-defeso-no-rn\/#breadcrumb"},"inLanguage":"pt-BR","potentialAction":[{"@type":"ReadAction","target":["https:\/\/deputadotaveirajr.com.br\/index.php\/ibama-apreende-mais-de-45-toneladas-de-lagostas-e-pescados-ameacados-de-extincao-em-periodo-de-defeso-no-rn\/"]}]},{"@type":"ImageObject","inLanguage":"pt-BR","@id":"https:\/\/deputadotaveirajr.com.br\/index.php\/ibama-apreende-mais-de-45-toneladas-de-lagostas-e-pescados-ameacados-de-extincao-em-periodo-de-defeso-no-rn\/#primaryimage","url":"https:\/\/deputadotaveirajr.com.br\/wp-content\/uploads\/2025\/02\/sem-titulo-nK0T2v.jpeg","contentUrl":"https:\/\/deputadotaveirajr.com.br\/wp-content\/uploads\/2025\/02\/sem-titulo-nK0T2v.jpeg","width":1324,"height":825},{"@type":"BreadcrumbList","@id":"https:\/\/deputadotaveirajr.com.br\/index.php\/ibama-apreende-mais-de-45-toneladas-de-lagostas-e-pescados-ameacados-de-extincao-em-periodo-de-defeso-no-rn\/#breadcrumb","itemListElement":[{"@type":"ListItem","position":1,"name":"In\u00edcio","item":"https:\/\/deputadotaveirajr.com.br\/"},{"@type":"ListItem","position":2,"name":"Ibama apreende mais de 4,5 toneladas de lagostas e pescados amea\u00e7ados de extin\u00e7\u00e3o em per\u00edodo de defeso no RN"}]},{"@type":"WebSite","@id":"https:\/\/deputadotaveirajr.com.br\/#website","url":"https:\/\/deputadotaveirajr.com.br\/","name":"Taveira Jr","description":"Deputado Estadual","publisher":{"@id":"https:\/\/deputadotaveirajr.com.br\/#organization"},"potentialAction":[{"@type":"SearchAction","target":{"@type":"EntryPoint","urlTemplate":"https:\/\/deputadotaveirajr.com.br\/?s={search_term_string}"},"query-input":{"@type":"PropertyValueSpecification","valueRequired":true,"valueName":"search_term_string"}}],"inLanguage":"pt-BR"},{"@type":"Organization","@id":"https:\/\/deputadotaveirajr.com.br\/#organization","name":"Taveira Jr","url":"https:\/\/deputadotaveirajr.com.br\/","logo":{"@type":"ImageObject","inLanguage":"pt-BR","@id":"https:\/\/deputadotaveirajr.com.br\/#\/schema\/logo\/image\/","url":"https:\/\/deputadotaveirajr.com.br\/wp-content\/uploads\/2026\/01\/logolow2a.png","contentUrl":"https:\/\/deputadotaveirajr.com.br\/wp-content\/uploads\/2026\/01\/logolow2a.png","width":290,"height":80,"caption":"Taveira Jr"},"image":{"@id":"https:\/\/deputadotaveirajr.com.br\/#\/schema\/logo\/image\/"}}]}},"_links":{"self":[{"href":"https:\/\/deputadotaveirajr.com.br\/index.php\/wp-json\/wp\/v2\/pages\/12205","targetHints":{"allow":["GET"]}}],"collection":[{"href":"https:\/\/deputadotaveirajr.com.br\/index.php\/wp-json\/wp\/v2\/pages"}],"about":[{"href":"https:\/\/deputadotaveirajr.com.br\/index.php\/wp-json\/wp\/v2\/types\/page"}],"replies":[{"embeddable":true,"href":"https:\/\/deputadotaveirajr.com.br\/index.php\/wp-json\/wp\/v2\/comments?post=12205"}],"version-history":[{"count":0,"href":"https:\/\/deputadotaveirajr.com.br\/index.php\/wp-json\/wp\/v2\/pages\/12205\/revisions"}],"wp:featuredmedia":[{"embeddable":true,"href":"https:\/\/deputadotaveirajr.com.br\/index.php\/wp-json\/wp\/v2\/media\/12206"}],"wp:attachment":[{"href":"https:\/\/deputadotaveirajr.com.br\/index.php\/wp-json\/wp\/v2\/media?parent=12205"}],"curies":[{"name":"wp","href":"https:\/\/api.w.org\/{rel}","templated":true}]}}