{"id":12209,"date":"2025-02-09T13:13:41","date_gmt":"2025-02-09T16:13:41","guid":{"rendered":"https:\/\/deputadotaveirajr.com.br\/index.php\/video-mostra-prf-agredindo-adolescentes-em-condominio-em-mossoro\/"},"modified":"2025-02-09T13:13:41","modified_gmt":"2025-02-09T16:13:41","slug":"video-mostra-prf-agredindo-adolescentes-em-condominio-em-mossoro","status":"publish","type":"page","link":"https:\/\/deputadotaveirajr.com.br\/index.php\/video-mostra-prf-agredindo-adolescentes-em-condominio-em-mossoro\/","title":{"rendered":"V\u00eddeo mostra PRF agredindo adolescentes em condom\u00ednio em Mossor\u00f3"},"content":{"rendered":"<p><img decoding=\"async\" src=\"https:\/\/s2-g1.glbimg.com\/ETSqFJl-a09Hl9PhzVtA4__E9A8=\/i.s3.glbimg.com\/v1\/AUTH_59edd422c0c84a879bd37670ae4f538a\/internal_photos\/bs\/2025\/S\/D\/ADTa27SgCUScBkE2TOJA\/prfagredindo2.jpg\" \/><br \/>     Pol\u00edcia Rodovi\u00e1ria Federal afastou policial no dia 28 de janeiro para apurar o caso, ocorrido 10 dias antes. Investiga\u00e7\u00e3o \u00e9 feita pela 38\u00aa Delegacia Distrital de Mossor\u00f3. PRF agrediu adolescentes em condom\u00ednio em Mossor\u00f3<br \/>\nUma c\u00e2mera de seguran\u00e7a registrou a agress\u00e3o de um policial rodovi\u00e1rio federal a adolescentes, de 12 e 14 anos, dentro de um condom\u00ednio na cidade de Mossor\u00f3, na Regi\u00e3o Oeste do Rio Grande do Norte (veja v\u00eddeo).<br \/>\nO caso aconteceu em 18 de janeiro. Dez dias depois, a Pol\u00edcia Rodovi\u00e1ria Federal informou que afastou o policial envolvido no caso das fun\u00e7\u00f5es.<br \/>\n\ud83d\udcf3Participe do canal do g1 RN no WhatsApp<br \/>\nO v\u00eddeo flagrou o momento em que o policial passava por um corredor do condom\u00ednio enquanto os dois adolescentes estavam sentados no ch\u00e3o. Ele puxou o cabelo de um deles e o jogou contra o ch\u00e3o. Em seguida, passou a discutir com o outro.<br \/>\nAlguns segundos depois, o policial passou a agredir o outro adolescente com socos. O menino que antes havia tido o cabelo puxado correu. O policial deixou o local em seguida.<br \/>\nA corregedoria da PRF informou, logo ap\u00f3s o ocorrido, que abriu um procedimento interno para apurar o caso e refor\u00e7ou, em nota, &#8220;que repudia qualquer ato de agress\u00e3o&#8221;. O policial n\u00e3o teve o nome divulgado.<br \/>\nUm Termo Circunstanciado de Ocorr\u00eancia (TCO) foi registrado e o caso passou a ser investigado pela 38\u00aa Delegacia Distrital de Mossor\u00f3, ap\u00f3s den\u00fancia das fam\u00edlias dos adolescentes.<br \/>\nPRF agrediu adolescentes em Mossor\u00f3<br \/>\nDivulga\u00e7\u00e3o<br \/>\nAgress\u00e3o no condom\u00ednio<br \/>\nA agress\u00e3o ocorreu dentro de um condom\u00ednio no bairro Alto de S\u00e3o Manoel. Isabellyta Carlos, m\u00e3e de uma da v\u00edtimas, contou que o filho dela interfonou 15 minutos ap\u00f3s descer do apartamento para avisar que tinha sido agredido. Ele tinha ido brincar com um amigo na quadra.<br \/>\n&#8220;O interfone do meu apartamento tocou e, primeiro, eu n\u00e3o consegui entender o que meu filho estava falando, mas ele disse: &#8216;M\u00e3e, sabe aquele homem que me bateu da outra vez, ele me bateu de novo, des\u00e7a&#8221;&#8221;, disse Isabellyta Carlos, que relatou que o policial j\u00e1 havia agredido o filho dela em outra oportunidade.<br \/>\n&#8220;Meu filho j\u00e1 foi v\u00edtima dele uma vez, de uma corre\u00e7\u00e3o que ele fez sobre palavras, pra ensinar meu filho &#8216;como tratar o filho dos outros'&#8221;, disse.<br \/>\nOs adolescentes fugiram ap\u00f3s as agress\u00f5es &#8211; um deles pela garagem do condom\u00ednio e outro tentou se esconder na guarita do porteiro.<br \/>\nRosto com sangue de um dos adolescentes que denunciaram agress\u00e3o do PRF em Mossor\u00f3<br \/>\nReprodua\u00e7\u00e3o\/Inter TV Cabugi<br \/>\nAmea\u00e7as do policial<br \/>\nIsabellyta Carlos disse que o policial ainda estava pr\u00f3ximo ao local quando ela desceu do apartamento para a ar\u00e9a em comum do pr\u00e9dio. Ela relatou que tamb\u00e9m sofreu amea\u00e7as.<br \/>\n&#8220;Quando eu desci, eu j\u00e1 vi a outra crian\u00e7a toda ensanguentada. Eu fui em busca da sa\u00edda do condom\u00ednio, e meu filho estava escondido na guardinha do porteiro. E o porteiro disse: &#8216;Suba [de volta para o apartamento], que ele est\u00e1 muito assustado'&#8221;, contou.<br \/>\nSegundo Isabellyta, o policial relatou ter sido amea\u00e7ado com um canivete pelas crian\u00e7as. &#8220;E nessa hora eu questionei onde estava esse canivete, e ele disse que n\u00e3o sabia&#8221;.<br \/>\nO advogado de uma das v\u00edtimas disse que vai lutar para que o policial seja enquadrado, durante a investiga\u00e7\u00e3o, no crime de tentativa de homic\u00eddio.<br \/>\n&#8220;O indiv\u00edduo de alta estatura, bastante musculoso, praticante de artes marciais, um policial, que desferiu golpes, socos contra dois adolescentes. Ent\u00e3o entendemos que esse caso \u00e9, sim, uma tentativa de homic\u00eddio e iremos atuar primeiramente agora no inqu\u00e9rito e no andamento do processo para que ele seja autuado por tentativa homic\u00eddio&#8221;, disse o advogado Thiago Gurgel.<br \/>\nPolicial rodovi\u00e1rio federal \u00e9 suspeito de agredir dois adolescentes em Mossor\u00f3<br \/>\nGuarita do condom\u00ednio onde o PRF teria agredido os adolescentes em Mossor\u00f3<br \/>\nReprodu\u00e7\u00e3o\/Inter TV Cabugi<br \/>\nV\u00eddeos mais assistidos do g1 RN<\/p>","protected":false},"excerpt":{"rendered":"<p>Pol\u00edcia Rodovi\u00e1ria Federal afastou policial no dia 28 de janeiro para apurar o caso, ocorrido 10 dias antes. Investiga\u00e7\u00e3o \u00e9 feita pela 38\u00aa Delegacia Distrital de Mossor\u00f3. PRF agrediu adolescentes &#8230;<\/p>\n","protected":false},"author":0,"featured_media":12210,"parent":0,"menu_order":0,"comment_status":"closed","ping_status":"closed","template":"","meta":{"footnotes":""},"class_list":["post-12209","page","type-page","status-publish","has-post-thumbnail","hentry"],"yoast_head":"<!-- This site is optimized with the Yoast SEO plugin v27.1.1 - https:\/\/yoast.com\/product\/yoast-seo-wordpress\/ -->\n<title>V\u00eddeo mostra PRF agredindo adolescentes em condom\u00ednio em Mossor\u00f3 - Taveira Jr<\/title>\n<meta name=\"robots\" content=\"index, follow, max-snippet:-1, max-image-preview:large, max-video-preview:-1\" \/>\n<link rel=\"canonical\" href=\"https:\/\/deputadotaveirajr.com.br\/index.php\/video-mostra-prf-agredindo-adolescentes-em-condominio-em-mossoro\/\" \/>\n<meta property=\"og:locale\" content=\"pt_BR\" \/>\n<meta property=\"og:type\" content=\"article\" \/>\n<meta property=\"og:title\" content=\"V\u00eddeo mostra PRF agredindo adolescentes em condom\u00ednio em Mossor\u00f3 - Taveira Jr\" \/>\n<meta property=\"og:description\" content=\"Pol\u00edcia Rodovi\u00e1ria Federal afastou policial no dia 28 de janeiro para apurar o caso, ocorrido 10 dias antes. Investiga\u00e7\u00e3o \u00e9 feita pela 38\u00aa Delegacia Distrital de Mossor\u00f3. PRF agrediu adolescentes ...\" \/>\n<meta property=\"og:url\" content=\"https:\/\/deputadotaveirajr.com.br\/index.php\/video-mostra-prf-agredindo-adolescentes-em-condominio-em-mossoro\/\" \/>\n<meta property=\"og:site_name\" content=\"Taveira Jr\" \/>\n<meta property=\"og:image\" content=\"https:\/\/s2-g1.glbimg.com\/ETSqFJl-a09Hl9PhzVtA4__E9A8=\/i.s3.glbimg.com\/v1\/AUTH_59edd422c0c84a879bd37670ae4f538a\/internal_photos\/bs\/2025\/S\/D\/ADTa27SgCUScBkE2TOJA\/prfagredindo2.jpg\" \/>\n<meta name=\"twitter:card\" content=\"summary_large_image\" \/>\n<meta name=\"twitter:label1\" content=\"Est. tempo de leitura\" \/>\n\t<meta name=\"twitter:data1\" content=\"3 minutos\" \/>\n<script type=\"application\/ld+json\" class=\"yoast-schema-graph\">{\"@context\":\"https:\/\/schema.org\",\"@graph\":[{\"@type\":\"WebPage\",\"@id\":\"https:\/\/deputadotaveirajr.com.br\/index.php\/video-mostra-prf-agredindo-adolescentes-em-condominio-em-mossoro\/\",\"url\":\"https:\/\/deputadotaveirajr.com.br\/index.php\/video-mostra-prf-agredindo-adolescentes-em-condominio-em-mossoro\/\",\"name\":\"V\u00eddeo mostra PRF agredindo adolescentes em condom\u00ednio em Mossor\u00f3 - Taveira Jr\",\"isPartOf\":{\"@id\":\"https:\/\/deputadotaveirajr.com.br\/#website\"},\"primaryImageOfPage\":{\"@id\":\"https:\/\/deputadotaveirajr.com.br\/index.php\/video-mostra-prf-agredindo-adolescentes-em-condominio-em-mossoro\/#primaryimage\"},\"image\":{\"@id\":\"https:\/\/deputadotaveirajr.com.br\/index.php\/video-mostra-prf-agredindo-adolescentes-em-condominio-em-mossoro\/#primaryimage\"},\"thumbnailUrl\":\"https:\/\/deputadotaveirajr.com.br\/wp-content\/uploads\/2025\/02\/prfagredindo2-OLWlQo.jpeg\",\"datePublished\":\"2025-02-09T16:13:41+00:00\",\"breadcrumb\":{\"@id\":\"https:\/\/deputadotaveirajr.com.br\/index.php\/video-mostra-prf-agredindo-adolescentes-em-condominio-em-mossoro\/#breadcrumb\"},\"inLanguage\":\"pt-BR\",\"potentialAction\":[{\"@type\":\"ReadAction\",\"target\":[\"https:\/\/deputadotaveirajr.com.br\/index.php\/video-mostra-prf-agredindo-adolescentes-em-condominio-em-mossoro\/\"]}]},{\"@type\":\"ImageObject\",\"inLanguage\":\"pt-BR\",\"@id\":\"https:\/\/deputadotaveirajr.com.br\/index.php\/video-mostra-prf-agredindo-adolescentes-em-condominio-em-mossoro\/#primaryimage\",\"url\":\"https:\/\/deputadotaveirajr.com.br\/wp-content\/uploads\/2025\/02\/prfagredindo2-OLWlQo.jpeg\",\"contentUrl\":\"https:\/\/deputadotaveirajr.com.br\/wp-content\/uploads\/2025\/02\/prfagredindo2-OLWlQo.jpeg\",\"width\":899,\"height\":766},{\"@type\":\"BreadcrumbList\",\"@id\":\"https:\/\/deputadotaveirajr.com.br\/index.php\/video-mostra-prf-agredindo-adolescentes-em-condominio-em-mossoro\/#breadcrumb\",\"itemListElement\":[{\"@type\":\"ListItem\",\"position\":1,\"name\":\"In\u00edcio\",\"item\":\"https:\/\/deputadotaveirajr.com.br\/\"},{\"@type\":\"ListItem\",\"position\":2,\"name\":\"V\u00eddeo mostra PRF agredindo adolescentes em condom\u00ednio em Mossor\u00f3\"}]},{\"@type\":\"WebSite\",\"@id\":\"https:\/\/deputadotaveirajr.com.br\/#website\",\"url\":\"https:\/\/deputadotaveirajr.com.br\/\",\"name\":\"Taveira Jr\",\"description\":\"Deputado Estadual\",\"publisher\":{\"@id\":\"https:\/\/deputadotaveirajr.com.br\/#organization\"},\"potentialAction\":[{\"@type\":\"SearchAction\",\"target\":{\"@type\":\"EntryPoint\",\"urlTemplate\":\"https:\/\/deputadotaveirajr.com.br\/?s={search_term_string}\"},\"query-input\":{\"@type\":\"PropertyValueSpecification\",\"valueRequired\":true,\"valueName\":\"search_term_string\"}}],\"inLanguage\":\"pt-BR\"},{\"@type\":\"Organization\",\"@id\":\"https:\/\/deputadotaveirajr.com.br\/#organization\",\"name\":\"Taveira Jr\",\"url\":\"https:\/\/deputadotaveirajr.com.br\/\",\"logo\":{\"@type\":\"ImageObject\",\"inLanguage\":\"pt-BR\",\"@id\":\"https:\/\/deputadotaveirajr.com.br\/#\/schema\/logo\/image\/\",\"url\":\"https:\/\/deputadotaveirajr.com.br\/wp-content\/uploads\/2026\/01\/logolow2a.png\",\"contentUrl\":\"https:\/\/deputadotaveirajr.com.br\/wp-content\/uploads\/2026\/01\/logolow2a.png\",\"width\":290,\"height\":80,\"caption\":\"Taveira Jr\"},\"image\":{\"@id\":\"https:\/\/deputadotaveirajr.com.br\/#\/schema\/logo\/image\/\"}}]}<\/script>\n<!-- \/ Yoast SEO plugin. -->","yoast_head_json":{"title":"V\u00eddeo mostra PRF agredindo adolescentes em condom\u00ednio em Mossor\u00f3 - Taveira Jr","robots":{"index":"index","follow":"follow","max-snippet":"max-snippet:-1","max-image-preview":"max-image-preview:large","max-video-preview":"max-video-preview:-1"},"canonical":"https:\/\/deputadotaveirajr.com.br\/index.php\/video-mostra-prf-agredindo-adolescentes-em-condominio-em-mossoro\/","og_locale":"pt_BR","og_type":"article","og_title":"V\u00eddeo mostra PRF agredindo adolescentes em condom\u00ednio em Mossor\u00f3 - Taveira Jr","og_description":"Pol\u00edcia Rodovi\u00e1ria Federal afastou policial no dia 28 de janeiro para apurar o caso, ocorrido 10 dias antes. Investiga\u00e7\u00e3o \u00e9 feita pela 38\u00aa Delegacia Distrital de Mossor\u00f3. PRF agrediu adolescentes ...","og_url":"https:\/\/deputadotaveirajr.com.br\/index.php\/video-mostra-prf-agredindo-adolescentes-em-condominio-em-mossoro\/","og_site_name":"Taveira Jr","og_image":[{"url":"https:\/\/s2-g1.glbimg.com\/ETSqFJl-a09Hl9PhzVtA4__E9A8=\/i.s3.glbimg.com\/v1\/AUTH_59edd422c0c84a879bd37670ae4f538a\/internal_photos\/bs\/2025\/S\/D\/ADTa27SgCUScBkE2TOJA\/prfagredindo2.jpg","type":"","width":"","height":""}],"twitter_card":"summary_large_image","twitter_misc":{"Est. tempo de leitura":"3 minutos"},"schema":{"@context":"https:\/\/schema.org","@graph":[{"@type":"WebPage","@id":"https:\/\/deputadotaveirajr.com.br\/index.php\/video-mostra-prf-agredindo-adolescentes-em-condominio-em-mossoro\/","url":"https:\/\/deputadotaveirajr.com.br\/index.php\/video-mostra-prf-agredindo-adolescentes-em-condominio-em-mossoro\/","name":"V\u00eddeo mostra PRF agredindo adolescentes em condom\u00ednio em Mossor\u00f3 - Taveira Jr","isPartOf":{"@id":"https:\/\/deputadotaveirajr.com.br\/#website"},"primaryImageOfPage":{"@id":"https:\/\/deputadotaveirajr.com.br\/index.php\/video-mostra-prf-agredindo-adolescentes-em-condominio-em-mossoro\/#primaryimage"},"image":{"@id":"https:\/\/deputadotaveirajr.com.br\/index.php\/video-mostra-prf-agredindo-adolescentes-em-condominio-em-mossoro\/#primaryimage"},"thumbnailUrl":"https:\/\/deputadotaveirajr.com.br\/wp-content\/uploads\/2025\/02\/prfagredindo2-OLWlQo.jpeg","datePublished":"2025-02-09T16:13:41+00:00","breadcrumb":{"@id":"https:\/\/deputadotaveirajr.com.br\/index.php\/video-mostra-prf-agredindo-adolescentes-em-condominio-em-mossoro\/#breadcrumb"},"inLanguage":"pt-BR","potentialAction":[{"@type":"ReadAction","target":["https:\/\/deputadotaveirajr.com.br\/index.php\/video-mostra-prf-agredindo-adolescentes-em-condominio-em-mossoro\/"]}]},{"@type":"ImageObject","inLanguage":"pt-BR","@id":"https:\/\/deputadotaveirajr.com.br\/index.php\/video-mostra-prf-agredindo-adolescentes-em-condominio-em-mossoro\/#primaryimage","url":"https:\/\/deputadotaveirajr.com.br\/wp-content\/uploads\/2025\/02\/prfagredindo2-OLWlQo.jpeg","contentUrl":"https:\/\/deputadotaveirajr.com.br\/wp-content\/uploads\/2025\/02\/prfagredindo2-OLWlQo.jpeg","width":899,"height":766},{"@type":"BreadcrumbList","@id":"https:\/\/deputadotaveirajr.com.br\/index.php\/video-mostra-prf-agredindo-adolescentes-em-condominio-em-mossoro\/#breadcrumb","itemListElement":[{"@type":"ListItem","position":1,"name":"In\u00edcio","item":"https:\/\/deputadotaveirajr.com.br\/"},{"@type":"ListItem","position":2,"name":"V\u00eddeo mostra PRF agredindo adolescentes em condom\u00ednio em Mossor\u00f3"}]},{"@type":"WebSite","@id":"https:\/\/deputadotaveirajr.com.br\/#website","url":"https:\/\/deputadotaveirajr.com.br\/","name":"Taveira Jr","description":"Deputado Estadual","publisher":{"@id":"https:\/\/deputadotaveirajr.com.br\/#organization"},"potentialAction":[{"@type":"SearchAction","target":{"@type":"EntryPoint","urlTemplate":"https:\/\/deputadotaveirajr.com.br\/?s={search_term_string}"},"query-input":{"@type":"PropertyValueSpecification","valueRequired":true,"valueName":"search_term_string"}}],"inLanguage":"pt-BR"},{"@type":"Organization","@id":"https:\/\/deputadotaveirajr.com.br\/#organization","name":"Taveira Jr","url":"https:\/\/deputadotaveirajr.com.br\/","logo":{"@type":"ImageObject","inLanguage":"pt-BR","@id":"https:\/\/deputadotaveirajr.com.br\/#\/schema\/logo\/image\/","url":"https:\/\/deputadotaveirajr.com.br\/wp-content\/uploads\/2026\/01\/logolow2a.png","contentUrl":"https:\/\/deputadotaveirajr.com.br\/wp-content\/uploads\/2026\/01\/logolow2a.png","width":290,"height":80,"caption":"Taveira Jr"},"image":{"@id":"https:\/\/deputadotaveirajr.com.br\/#\/schema\/logo\/image\/"}}]}},"_links":{"self":[{"href":"https:\/\/deputadotaveirajr.com.br\/index.php\/wp-json\/wp\/v2\/pages\/12209","targetHints":{"allow":["GET"]}}],"collection":[{"href":"https:\/\/deputadotaveirajr.com.br\/index.php\/wp-json\/wp\/v2\/pages"}],"about":[{"href":"https:\/\/deputadotaveirajr.com.br\/index.php\/wp-json\/wp\/v2\/types\/page"}],"replies":[{"embeddable":true,"href":"https:\/\/deputadotaveirajr.com.br\/index.php\/wp-json\/wp\/v2\/comments?post=12209"}],"version-history":[{"count":0,"href":"https:\/\/deputadotaveirajr.com.br\/index.php\/wp-json\/wp\/v2\/pages\/12209\/revisions"}],"wp:featuredmedia":[{"embeddable":true,"href":"https:\/\/deputadotaveirajr.com.br\/index.php\/wp-json\/wp\/v2\/media\/12210"}],"wp:attachment":[{"href":"https:\/\/deputadotaveirajr.com.br\/index.php\/wp-json\/wp\/v2\/media?parent=12209"}],"curies":[{"name":"wp","href":"https:\/\/api.w.org\/{rel}","templated":true}]}}