{"id":12287,"date":"2025-02-19T08:21:13","date_gmt":"2025-02-19T11:21:13","guid":{"rendered":"https:\/\/deputadotaveirajr.com.br\/index.php\/prf-flagra-17-pessoas-e-quatro-cavalos-em-compartimento-de-cargas-de-caminhao-no-rn\/"},"modified":"2025-02-19T08:21:13","modified_gmt":"2025-02-19T11:21:13","slug":"prf-flagra-17-pessoas-e-quatro-cavalos-em-compartimento-de-cargas-de-caminhao-no-rn","status":"publish","type":"page","link":"https:\/\/deputadotaveirajr.com.br\/index.php\/prf-flagra-17-pessoas-e-quatro-cavalos-em-compartimento-de-cargas-de-caminhao-no-rn\/","title":{"rendered":"PRF flagra 17 pessoas e quatro cavalos em compartimento de cargas de caminh\u00e3o no RN"},"content":{"rendered":"<p><img decoding=\"async\" src=\"https:\/\/s2-g1.glbimg.com\/h8LUFh7QmNlg2rEYo0yGqGewpWA=\/i.s3.glbimg.com\/v1\/AUTH_59edd422c0c84a879bd37670ae4f538a\/internal_photos\/bs\/2025\/K\/t\/yPKRIFToeq3gg2ZDtZSg\/caminhao.jpg\" \/><br \/>     Caminh\u00e3o-tanque tinha sido modificado para boiadeiro e era conduzido por pessoa sem habilita\u00e7\u00e3o. Segundo a PRF, grupo vinha de vaquejada no interior do estado.  PRF flagra 17 pessoas em compartimento de cargas de caminh\u00e3o no RN<br \/>\nA Pol\u00edcia Rodovi\u00e1ria Federal flagrou 17 pessoas sendo transportadas junto com quatro cavalos no compartimento de cargas de um caminh\u00e3o, durante uma fiscaliza\u00e7\u00e3o realizada nesta ter\u00e7a-feira (18) em Angicos, na regi\u00e3o Central potiguar.<br \/>\nSegundo a corpora\u00e7\u00e3o, as condi\u00e7\u00f5es eram &#8220;completamente irregulares&#8221;. Ao verificar os documentos, a equipe constatou que o ve\u00edculo deveria ser um caminh\u00e3o-tanque, mas estava modificado para boiadeiro.  Al\u00e9m disso, o condutor n\u00e3o tinha habilita\u00e7\u00e3o.<br \/>\nSegundo a PRF, o grupo tinha sa\u00eddo de uma vaquejada e seguia de Cachoeira do Sapo para a regi\u00e3o de Mossor\u00f3.<br \/>\nDiante das infra\u00e7\u00f5es, o ve\u00edculo foi retido at\u00e9 os respons\u00e1veis providenciarem um condutor habilitado. Outro transporte tamb\u00e9m precisou ser providenciado para os passageiros.<br \/>\n&#8220;O flagrante refor\u00e7a a import\u00e2ncia da fiscaliza\u00e7\u00e3o para prevenir acidentes e garantir a seguran\u00e7a nas rodovias&#8221;, informou a PRF.<br \/>\nCaminh\u00e3o levava 17 pessoas junto com animais ap\u00f3s vaquejada no interior do RN<br \/>\nPRF\/Reprodu\u00e7\u00e3o<br \/>\nVeja os v\u00eddeos mais assistidos no g1 RN<\/p>","protected":false},"excerpt":{"rendered":"<p>Caminh\u00e3o-tanque tinha sido modificado para boiadeiro e era conduzido por pessoa sem habilita\u00e7\u00e3o. Segundo a PRF, grupo vinha de vaquejada no interior do estado. PRF flagra 17 pessoas em compartimento &#8230;<\/p>\n","protected":false},"author":0,"featured_media":12288,"parent":0,"menu_order":0,"comment_status":"closed","ping_status":"closed","template":"","meta":{"footnotes":""},"class_list":["post-12287","page","type-page","status-publish","has-post-thumbnail","hentry"],"yoast_head":"<!-- This site is optimized with the Yoast SEO plugin v27.1.1 - https:\/\/yoast.com\/product\/yoast-seo-wordpress\/ -->\n<title>PRF flagra 17 pessoas e quatro cavalos em compartimento de cargas de caminh\u00e3o no RN - Taveira Jr<\/title>\n<meta name=\"robots\" content=\"index, follow, max-snippet:-1, max-image-preview:large, max-video-preview:-1\" \/>\n<link rel=\"canonical\" href=\"https:\/\/deputadotaveirajr.com.br\/index.php\/prf-flagra-17-pessoas-e-quatro-cavalos-em-compartimento-de-cargas-de-caminhao-no-rn\/\" \/>\n<meta property=\"og:locale\" content=\"pt_BR\" \/>\n<meta property=\"og:type\" content=\"article\" \/>\n<meta property=\"og:title\" content=\"PRF flagra 17 pessoas e quatro cavalos em compartimento de cargas de caminh\u00e3o no RN - Taveira Jr\" \/>\n<meta property=\"og:description\" content=\"Caminh\u00e3o-tanque tinha sido modificado para boiadeiro e era conduzido por pessoa sem habilita\u00e7\u00e3o. Segundo a PRF, grupo vinha de vaquejada no interior do estado. PRF flagra 17 pessoas em compartimento ...\" \/>\n<meta property=\"og:url\" content=\"https:\/\/deputadotaveirajr.com.br\/index.php\/prf-flagra-17-pessoas-e-quatro-cavalos-em-compartimento-de-cargas-de-caminhao-no-rn\/\" \/>\n<meta property=\"og:site_name\" content=\"Taveira Jr\" \/>\n<meta property=\"og:image\" content=\"https:\/\/s2-g1.glbimg.com\/h8LUFh7QmNlg2rEYo0yGqGewpWA=\/i.s3.glbimg.com\/v1\/AUTH_59edd422c0c84a879bd37670ae4f538a\/internal_photos\/bs\/2025\/K\/t\/yPKRIFToeq3gg2ZDtZSg\/caminhao.jpg\" \/>\n<meta name=\"twitter:card\" content=\"summary_large_image\" \/>\n<meta name=\"twitter:label1\" content=\"Est. tempo de leitura\" \/>\n\t<meta name=\"twitter:data1\" content=\"1 minuto\" \/>\n<script type=\"application\/ld+json\" class=\"yoast-schema-graph\">{\"@context\":\"https:\/\/schema.org\",\"@graph\":[{\"@type\":\"WebPage\",\"@id\":\"https:\/\/deputadotaveirajr.com.br\/index.php\/prf-flagra-17-pessoas-e-quatro-cavalos-em-compartimento-de-cargas-de-caminhao-no-rn\/\",\"url\":\"https:\/\/deputadotaveirajr.com.br\/index.php\/prf-flagra-17-pessoas-e-quatro-cavalos-em-compartimento-de-cargas-de-caminhao-no-rn\/\",\"name\":\"PRF flagra 17 pessoas e quatro cavalos em compartimento de cargas de caminh\u00e3o no RN - Taveira Jr\",\"isPartOf\":{\"@id\":\"https:\/\/deputadotaveirajr.com.br\/#website\"},\"primaryImageOfPage\":{\"@id\":\"https:\/\/deputadotaveirajr.com.br\/index.php\/prf-flagra-17-pessoas-e-quatro-cavalos-em-compartimento-de-cargas-de-caminhao-no-rn\/#primaryimage\"},\"image\":{\"@id\":\"https:\/\/deputadotaveirajr.com.br\/index.php\/prf-flagra-17-pessoas-e-quatro-cavalos-em-compartimento-de-cargas-de-caminhao-no-rn\/#primaryimage\"},\"thumbnailUrl\":\"https:\/\/deputadotaveirajr.com.br\/wp-content\/uploads\/2025\/02\/caminhao-3n9LYS.jpeg\",\"datePublished\":\"2025-02-19T11:21:13+00:00\",\"breadcrumb\":{\"@id\":\"https:\/\/deputadotaveirajr.com.br\/index.php\/prf-flagra-17-pessoas-e-quatro-cavalos-em-compartimento-de-cargas-de-caminhao-no-rn\/#breadcrumb\"},\"inLanguage\":\"pt-BR\",\"potentialAction\":[{\"@type\":\"ReadAction\",\"target\":[\"https:\/\/deputadotaveirajr.com.br\/index.php\/prf-flagra-17-pessoas-e-quatro-cavalos-em-compartimento-de-cargas-de-caminhao-no-rn\/\"]}]},{\"@type\":\"ImageObject\",\"inLanguage\":\"pt-BR\",\"@id\":\"https:\/\/deputadotaveirajr.com.br\/index.php\/prf-flagra-17-pessoas-e-quatro-cavalos-em-compartimento-de-cargas-de-caminhao-no-rn\/#primaryimage\",\"url\":\"https:\/\/deputadotaveirajr.com.br\/wp-content\/uploads\/2025\/02\/caminhao-3n9LYS.jpeg\",\"contentUrl\":\"https:\/\/deputadotaveirajr.com.br\/wp-content\/uploads\/2025\/02\/caminhao-3n9LYS.jpeg\",\"width\":1212,\"height\":613},{\"@type\":\"BreadcrumbList\",\"@id\":\"https:\/\/deputadotaveirajr.com.br\/index.php\/prf-flagra-17-pessoas-e-quatro-cavalos-em-compartimento-de-cargas-de-caminhao-no-rn\/#breadcrumb\",\"itemListElement\":[{\"@type\":\"ListItem\",\"position\":1,\"name\":\"In\u00edcio\",\"item\":\"https:\/\/deputadotaveirajr.com.br\/\"},{\"@type\":\"ListItem\",\"position\":2,\"name\":\"PRF flagra 17 pessoas e quatro cavalos em compartimento de cargas de caminh\u00e3o no RN\"}]},{\"@type\":\"WebSite\",\"@id\":\"https:\/\/deputadotaveirajr.com.br\/#website\",\"url\":\"https:\/\/deputadotaveirajr.com.br\/\",\"name\":\"Taveira Jr\",\"description\":\"Deputado Estadual\",\"publisher\":{\"@id\":\"https:\/\/deputadotaveirajr.com.br\/#organization\"},\"potentialAction\":[{\"@type\":\"SearchAction\",\"target\":{\"@type\":\"EntryPoint\",\"urlTemplate\":\"https:\/\/deputadotaveirajr.com.br\/?s={search_term_string}\"},\"query-input\":{\"@type\":\"PropertyValueSpecification\",\"valueRequired\":true,\"valueName\":\"search_term_string\"}}],\"inLanguage\":\"pt-BR\"},{\"@type\":\"Organization\",\"@id\":\"https:\/\/deputadotaveirajr.com.br\/#organization\",\"name\":\"Taveira Jr\",\"url\":\"https:\/\/deputadotaveirajr.com.br\/\",\"logo\":{\"@type\":\"ImageObject\",\"inLanguage\":\"pt-BR\",\"@id\":\"https:\/\/deputadotaveirajr.com.br\/#\/schema\/logo\/image\/\",\"url\":\"https:\/\/deputadotaveirajr.com.br\/wp-content\/uploads\/2026\/01\/logolow2a.png\",\"contentUrl\":\"https:\/\/deputadotaveirajr.com.br\/wp-content\/uploads\/2026\/01\/logolow2a.png\",\"width\":290,\"height\":80,\"caption\":\"Taveira Jr\"},\"image\":{\"@id\":\"https:\/\/deputadotaveirajr.com.br\/#\/schema\/logo\/image\/\"}}]}<\/script>\n<!-- \/ Yoast SEO plugin. -->","yoast_head_json":{"title":"PRF flagra 17 pessoas e quatro cavalos em compartimento de cargas de caminh\u00e3o no RN - Taveira Jr","robots":{"index":"index","follow":"follow","max-snippet":"max-snippet:-1","max-image-preview":"max-image-preview:large","max-video-preview":"max-video-preview:-1"},"canonical":"https:\/\/deputadotaveirajr.com.br\/index.php\/prf-flagra-17-pessoas-e-quatro-cavalos-em-compartimento-de-cargas-de-caminhao-no-rn\/","og_locale":"pt_BR","og_type":"article","og_title":"PRF flagra 17 pessoas e quatro cavalos em compartimento de cargas de caminh\u00e3o no RN - Taveira Jr","og_description":"Caminh\u00e3o-tanque tinha sido modificado para boiadeiro e era conduzido por pessoa sem habilita\u00e7\u00e3o. Segundo a PRF, grupo vinha de vaquejada no interior do estado. PRF flagra 17 pessoas em compartimento ...","og_url":"https:\/\/deputadotaveirajr.com.br\/index.php\/prf-flagra-17-pessoas-e-quatro-cavalos-em-compartimento-de-cargas-de-caminhao-no-rn\/","og_site_name":"Taveira Jr","og_image":[{"url":"https:\/\/s2-g1.glbimg.com\/h8LUFh7QmNlg2rEYo0yGqGewpWA=\/i.s3.glbimg.com\/v1\/AUTH_59edd422c0c84a879bd37670ae4f538a\/internal_photos\/bs\/2025\/K\/t\/yPKRIFToeq3gg2ZDtZSg\/caminhao.jpg","type":"","width":"","height":""}],"twitter_card":"summary_large_image","twitter_misc":{"Est. tempo de leitura":"1 minuto"},"schema":{"@context":"https:\/\/schema.org","@graph":[{"@type":"WebPage","@id":"https:\/\/deputadotaveirajr.com.br\/index.php\/prf-flagra-17-pessoas-e-quatro-cavalos-em-compartimento-de-cargas-de-caminhao-no-rn\/","url":"https:\/\/deputadotaveirajr.com.br\/index.php\/prf-flagra-17-pessoas-e-quatro-cavalos-em-compartimento-de-cargas-de-caminhao-no-rn\/","name":"PRF flagra 17 pessoas e quatro cavalos em compartimento de cargas de caminh\u00e3o no RN - Taveira Jr","isPartOf":{"@id":"https:\/\/deputadotaveirajr.com.br\/#website"},"primaryImageOfPage":{"@id":"https:\/\/deputadotaveirajr.com.br\/index.php\/prf-flagra-17-pessoas-e-quatro-cavalos-em-compartimento-de-cargas-de-caminhao-no-rn\/#primaryimage"},"image":{"@id":"https:\/\/deputadotaveirajr.com.br\/index.php\/prf-flagra-17-pessoas-e-quatro-cavalos-em-compartimento-de-cargas-de-caminhao-no-rn\/#primaryimage"},"thumbnailUrl":"https:\/\/deputadotaveirajr.com.br\/wp-content\/uploads\/2025\/02\/caminhao-3n9LYS.jpeg","datePublished":"2025-02-19T11:21:13+00:00","breadcrumb":{"@id":"https:\/\/deputadotaveirajr.com.br\/index.php\/prf-flagra-17-pessoas-e-quatro-cavalos-em-compartimento-de-cargas-de-caminhao-no-rn\/#breadcrumb"},"inLanguage":"pt-BR","potentialAction":[{"@type":"ReadAction","target":["https:\/\/deputadotaveirajr.com.br\/index.php\/prf-flagra-17-pessoas-e-quatro-cavalos-em-compartimento-de-cargas-de-caminhao-no-rn\/"]}]},{"@type":"ImageObject","inLanguage":"pt-BR","@id":"https:\/\/deputadotaveirajr.com.br\/index.php\/prf-flagra-17-pessoas-e-quatro-cavalos-em-compartimento-de-cargas-de-caminhao-no-rn\/#primaryimage","url":"https:\/\/deputadotaveirajr.com.br\/wp-content\/uploads\/2025\/02\/caminhao-3n9LYS.jpeg","contentUrl":"https:\/\/deputadotaveirajr.com.br\/wp-content\/uploads\/2025\/02\/caminhao-3n9LYS.jpeg","width":1212,"height":613},{"@type":"BreadcrumbList","@id":"https:\/\/deputadotaveirajr.com.br\/index.php\/prf-flagra-17-pessoas-e-quatro-cavalos-em-compartimento-de-cargas-de-caminhao-no-rn\/#breadcrumb","itemListElement":[{"@type":"ListItem","position":1,"name":"In\u00edcio","item":"https:\/\/deputadotaveirajr.com.br\/"},{"@type":"ListItem","position":2,"name":"PRF flagra 17 pessoas e quatro cavalos em compartimento de cargas de caminh\u00e3o no RN"}]},{"@type":"WebSite","@id":"https:\/\/deputadotaveirajr.com.br\/#website","url":"https:\/\/deputadotaveirajr.com.br\/","name":"Taveira Jr","description":"Deputado Estadual","publisher":{"@id":"https:\/\/deputadotaveirajr.com.br\/#organization"},"potentialAction":[{"@type":"SearchAction","target":{"@type":"EntryPoint","urlTemplate":"https:\/\/deputadotaveirajr.com.br\/?s={search_term_string}"},"query-input":{"@type":"PropertyValueSpecification","valueRequired":true,"valueName":"search_term_string"}}],"inLanguage":"pt-BR"},{"@type":"Organization","@id":"https:\/\/deputadotaveirajr.com.br\/#organization","name":"Taveira Jr","url":"https:\/\/deputadotaveirajr.com.br\/","logo":{"@type":"ImageObject","inLanguage":"pt-BR","@id":"https:\/\/deputadotaveirajr.com.br\/#\/schema\/logo\/image\/","url":"https:\/\/deputadotaveirajr.com.br\/wp-content\/uploads\/2026\/01\/logolow2a.png","contentUrl":"https:\/\/deputadotaveirajr.com.br\/wp-content\/uploads\/2026\/01\/logolow2a.png","width":290,"height":80,"caption":"Taveira Jr"},"image":{"@id":"https:\/\/deputadotaveirajr.com.br\/#\/schema\/logo\/image\/"}}]}},"_links":{"self":[{"href":"https:\/\/deputadotaveirajr.com.br\/index.php\/wp-json\/wp\/v2\/pages\/12287","targetHints":{"allow":["GET"]}}],"collection":[{"href":"https:\/\/deputadotaveirajr.com.br\/index.php\/wp-json\/wp\/v2\/pages"}],"about":[{"href":"https:\/\/deputadotaveirajr.com.br\/index.php\/wp-json\/wp\/v2\/types\/page"}],"replies":[{"embeddable":true,"href":"https:\/\/deputadotaveirajr.com.br\/index.php\/wp-json\/wp\/v2\/comments?post=12287"}],"version-history":[{"count":0,"href":"https:\/\/deputadotaveirajr.com.br\/index.php\/wp-json\/wp\/v2\/pages\/12287\/revisions"}],"wp:featuredmedia":[{"embeddable":true,"href":"https:\/\/deputadotaveirajr.com.br\/index.php\/wp-json\/wp\/v2\/media\/12288"}],"wp:attachment":[{"href":"https:\/\/deputadotaveirajr.com.br\/index.php\/wp-json\/wp\/v2\/media?parent=12287"}],"curies":[{"name":"wp","href":"https:\/\/api.w.org\/{rel}","templated":true}]}}