{"id":12289,"date":"2025-02-18T20:51:44","date_gmt":"2025-02-18T23:51:44","guid":{"rendered":"https:\/\/deputadotaveirajr.com.br\/index.php\/governadora-do-rn-anuncia-mudanca-na-titularidade-da-secretaria-de-saude\/"},"modified":"2025-02-18T20:51:44","modified_gmt":"2025-02-18T23:51:44","slug":"governadora-do-rn-anuncia-mudanca-na-titularidade-da-secretaria-de-saude","status":"publish","type":"page","link":"https:\/\/deputadotaveirajr.com.br\/index.php\/governadora-do-rn-anuncia-mudanca-na-titularidade-da-secretaria-de-saude\/","title":{"rendered":"Governadora do RN anuncia mudan\u00e7a na titularidade da Secretaria de Sa\u00fade"},"content":{"rendered":"<p><img decoding=\"async\" src=\"https:\/\/s2-g1.glbimg.com\/C0nw6U8nyStMzapChKkTkPauuso=\/i.s3.glbimg.com\/v1\/AUTH_59edd422c0c84a879bd37670ae4f538a\/internal_photos\/bs\/2025\/W\/p\/Q1OBzVT6AcVFW6uSm3rA\/alexandre-motta.jpg\" \/><br \/>     Alexandre Motta ser\u00e1 o terceiro secret\u00e1rio de F\u00e1tima Bezerra, considerando ainda a primeira gest\u00e3o, iniciada em 2019. Lyane Ramalho havia assumido em 2023. Alexandre Motta com a governadora F\u00e1tima Bezerra e a ex-secret\u00e1ria Lyane Ramalho<br \/>\nDivulga\u00e7\u00e3o\/governo do RN<br \/>\nA governadora do Rio Grande do Norte, F\u00e1tima Bezerra (PT), anunciou nesta ter\u00e7a-feira (18) uma troca na Secretaria de Estado da Sa\u00fade P\u00fablica (Sesap): a sa\u00edda da secret\u00e1ria Lyane Ramalho e a chegada do m\u00e9dico Alexandre Motta para o cargo.<br \/>\nO an\u00fancio foi feito em uma rede social da governadora. A troca n\u00e3o havia sido oficializada no Di\u00e1rio Oficial do Estado (DOE) at\u00e9 o in\u00edcio da noite desta ter\u00e7a-feira (18).<br \/>\n\ud83d\udcf3Participe do canal do g1 RN no WhatsApp<br \/>\nLyanne Ramalho assumiu a secretaria em maio de 2023, com a sa\u00edda de Cipriano Maia. Ela estava em fun\u00e7\u00f5es na pasta desde 2020, quando assumiu como subsecret\u00e1ria de Planejamento e Gest\u00e3o, e depois se tornando secret\u00e1ria-adjunta, em 2021.<br \/>\nNos \u00faltimos meses, a secret\u00e1ria enfrentou crises por conta da superlota\u00e7\u00e3o do Hospital Monsenhor Walfredo Gurgel. Em compromisso recente, ela participou da entrega do Hospital de Maca\u00edbano projeto de &#8220;barreira ortop\u00e9dica&#8221; do governo do RN para desafogar o Walfredo Gurgel.<br \/>\nO m\u00e9dico Alexandre Motta, o substituto, ser\u00e1 o terceiro titular da Sesap desde a primeira gest\u00e3o de F\u00e1tima Bezerra, iniciada em 2019.<br \/>\nAlexandre Motta \u00e9 m\u00e9dico infectologista e foi candidato pelo PT ao Senado Federal em 2018 e \u00e0 C\u00e2mara Federal em 2022.<br \/>\nV\u00eddeos mais assistidos do g1 RN<\/p>","protected":false},"excerpt":{"rendered":"<p>Alexandre Motta ser\u00e1 o terceiro secret\u00e1rio de F\u00e1tima Bezerra, considerando ainda a primeira gest\u00e3o, iniciada em 2019. Lyane Ramalho havia assumido em 2023. Alexandre Motta com a governadora F\u00e1tima Bezerra &#8230;<\/p>\n","protected":false},"author":0,"featured_media":12290,"parent":0,"menu_order":0,"comment_status":"closed","ping_status":"closed","template":"","meta":{"footnotes":""},"class_list":["post-12289","page","type-page","status-publish","has-post-thumbnail","hentry"],"yoast_head":"<!-- This site is optimized with the Yoast SEO plugin v27.1.1 - https:\/\/yoast.com\/product\/yoast-seo-wordpress\/ -->\n<title>Governadora do RN anuncia mudan\u00e7a na titularidade da Secretaria de Sa\u00fade - Taveira Jr<\/title>\n<meta name=\"robots\" content=\"index, follow, max-snippet:-1, max-image-preview:large, max-video-preview:-1\" \/>\n<link rel=\"canonical\" href=\"https:\/\/deputadotaveirajr.com.br\/index.php\/governadora-do-rn-anuncia-mudanca-na-titularidade-da-secretaria-de-saude\/\" \/>\n<meta property=\"og:locale\" content=\"pt_BR\" \/>\n<meta property=\"og:type\" content=\"article\" \/>\n<meta property=\"og:title\" content=\"Governadora do RN anuncia mudan\u00e7a na titularidade da Secretaria de Sa\u00fade - Taveira Jr\" \/>\n<meta property=\"og:description\" content=\"Alexandre Motta ser\u00e1 o terceiro secret\u00e1rio de F\u00e1tima Bezerra, considerando ainda a primeira gest\u00e3o, iniciada em 2019. Lyane Ramalho havia assumido em 2023. Alexandre Motta com a governadora F\u00e1tima Bezerra ...\" \/>\n<meta property=\"og:url\" content=\"https:\/\/deputadotaveirajr.com.br\/index.php\/governadora-do-rn-anuncia-mudanca-na-titularidade-da-secretaria-de-saude\/\" \/>\n<meta property=\"og:site_name\" content=\"Taveira Jr\" \/>\n<meta property=\"og:image\" content=\"https:\/\/s2-g1.glbimg.com\/C0nw6U8nyStMzapChKkTkPauuso=\/i.s3.glbimg.com\/v1\/AUTH_59edd422c0c84a879bd37670ae4f538a\/internal_photos\/bs\/2025\/W\/p\/Q1OBzVT6AcVFW6uSm3rA\/alexandre-motta.jpg\" \/>\n<meta name=\"twitter:card\" content=\"summary_large_image\" \/>\n<meta name=\"twitter:label1\" content=\"Est. tempo de leitura\" \/>\n\t<meta name=\"twitter:data1\" content=\"1 minuto\" \/>\n<script type=\"application\/ld+json\" class=\"yoast-schema-graph\">{\"@context\":\"https:\/\/schema.org\",\"@graph\":[{\"@type\":\"WebPage\",\"@id\":\"https:\/\/deputadotaveirajr.com.br\/index.php\/governadora-do-rn-anuncia-mudanca-na-titularidade-da-secretaria-de-saude\/\",\"url\":\"https:\/\/deputadotaveirajr.com.br\/index.php\/governadora-do-rn-anuncia-mudanca-na-titularidade-da-secretaria-de-saude\/\",\"name\":\"Governadora do RN anuncia mudan\u00e7a na titularidade da Secretaria de Sa\u00fade - Taveira Jr\",\"isPartOf\":{\"@id\":\"https:\/\/deputadotaveirajr.com.br\/#website\"},\"primaryImageOfPage\":{\"@id\":\"https:\/\/deputadotaveirajr.com.br\/index.php\/governadora-do-rn-anuncia-mudanca-na-titularidade-da-secretaria-de-saude\/#primaryimage\"},\"image\":{\"@id\":\"https:\/\/deputadotaveirajr.com.br\/index.php\/governadora-do-rn-anuncia-mudanca-na-titularidade-da-secretaria-de-saude\/#primaryimage\"},\"thumbnailUrl\":\"https:\/\/deputadotaveirajr.com.br\/wp-content\/uploads\/2025\/02\/alexandre-motta-giQGce.jpeg\",\"datePublished\":\"2025-02-18T23:51:44+00:00\",\"breadcrumb\":{\"@id\":\"https:\/\/deputadotaveirajr.com.br\/index.php\/governadora-do-rn-anuncia-mudanca-na-titularidade-da-secretaria-de-saude\/#breadcrumb\"},\"inLanguage\":\"pt-BR\",\"potentialAction\":[{\"@type\":\"ReadAction\",\"target\":[\"https:\/\/deputadotaveirajr.com.br\/index.php\/governadora-do-rn-anuncia-mudanca-na-titularidade-da-secretaria-de-saude\/\"]}]},{\"@type\":\"ImageObject\",\"inLanguage\":\"pt-BR\",\"@id\":\"https:\/\/deputadotaveirajr.com.br\/index.php\/governadora-do-rn-anuncia-mudanca-na-titularidade-da-secretaria-de-saude\/#primaryimage\",\"url\":\"https:\/\/deputadotaveirajr.com.br\/wp-content\/uploads\/2025\/02\/alexandre-motta-giQGce.jpeg\",\"contentUrl\":\"https:\/\/deputadotaveirajr.com.br\/wp-content\/uploads\/2025\/02\/alexandre-motta-giQGce.jpeg\",\"width\":2048,\"height\":1366},{\"@type\":\"BreadcrumbList\",\"@id\":\"https:\/\/deputadotaveirajr.com.br\/index.php\/governadora-do-rn-anuncia-mudanca-na-titularidade-da-secretaria-de-saude\/#breadcrumb\",\"itemListElement\":[{\"@type\":\"ListItem\",\"position\":1,\"name\":\"In\u00edcio\",\"item\":\"https:\/\/deputadotaveirajr.com.br\/\"},{\"@type\":\"ListItem\",\"position\":2,\"name\":\"Governadora do RN anuncia mudan\u00e7a na titularidade da Secretaria de Sa\u00fade\"}]},{\"@type\":\"WebSite\",\"@id\":\"https:\/\/deputadotaveirajr.com.br\/#website\",\"url\":\"https:\/\/deputadotaveirajr.com.br\/\",\"name\":\"Taveira Jr\",\"description\":\"Deputado Estadual\",\"publisher\":{\"@id\":\"https:\/\/deputadotaveirajr.com.br\/#organization\"},\"potentialAction\":[{\"@type\":\"SearchAction\",\"target\":{\"@type\":\"EntryPoint\",\"urlTemplate\":\"https:\/\/deputadotaveirajr.com.br\/?s={search_term_string}\"},\"query-input\":{\"@type\":\"PropertyValueSpecification\",\"valueRequired\":true,\"valueName\":\"search_term_string\"}}],\"inLanguage\":\"pt-BR\"},{\"@type\":\"Organization\",\"@id\":\"https:\/\/deputadotaveirajr.com.br\/#organization\",\"name\":\"Taveira Jr\",\"url\":\"https:\/\/deputadotaveirajr.com.br\/\",\"logo\":{\"@type\":\"ImageObject\",\"inLanguage\":\"pt-BR\",\"@id\":\"https:\/\/deputadotaveirajr.com.br\/#\/schema\/logo\/image\/\",\"url\":\"https:\/\/deputadotaveirajr.com.br\/wp-content\/uploads\/2026\/01\/logolow2a.png\",\"contentUrl\":\"https:\/\/deputadotaveirajr.com.br\/wp-content\/uploads\/2026\/01\/logolow2a.png\",\"width\":290,\"height\":80,\"caption\":\"Taveira Jr\"},\"image\":{\"@id\":\"https:\/\/deputadotaveirajr.com.br\/#\/schema\/logo\/image\/\"}}]}<\/script>\n<!-- \/ Yoast SEO plugin. -->","yoast_head_json":{"title":"Governadora do RN anuncia mudan\u00e7a na titularidade da Secretaria de Sa\u00fade - Taveira Jr","robots":{"index":"index","follow":"follow","max-snippet":"max-snippet:-1","max-image-preview":"max-image-preview:large","max-video-preview":"max-video-preview:-1"},"canonical":"https:\/\/deputadotaveirajr.com.br\/index.php\/governadora-do-rn-anuncia-mudanca-na-titularidade-da-secretaria-de-saude\/","og_locale":"pt_BR","og_type":"article","og_title":"Governadora do RN anuncia mudan\u00e7a na titularidade da Secretaria de Sa\u00fade - Taveira Jr","og_description":"Alexandre Motta ser\u00e1 o terceiro secret\u00e1rio de F\u00e1tima Bezerra, considerando ainda a primeira gest\u00e3o, iniciada em 2019. Lyane Ramalho havia assumido em 2023. Alexandre Motta com a governadora F\u00e1tima Bezerra ...","og_url":"https:\/\/deputadotaveirajr.com.br\/index.php\/governadora-do-rn-anuncia-mudanca-na-titularidade-da-secretaria-de-saude\/","og_site_name":"Taveira Jr","og_image":[{"url":"https:\/\/s2-g1.glbimg.com\/C0nw6U8nyStMzapChKkTkPauuso=\/i.s3.glbimg.com\/v1\/AUTH_59edd422c0c84a879bd37670ae4f538a\/internal_photos\/bs\/2025\/W\/p\/Q1OBzVT6AcVFW6uSm3rA\/alexandre-motta.jpg","type":"","width":"","height":""}],"twitter_card":"summary_large_image","twitter_misc":{"Est. tempo de leitura":"1 minuto"},"schema":{"@context":"https:\/\/schema.org","@graph":[{"@type":"WebPage","@id":"https:\/\/deputadotaveirajr.com.br\/index.php\/governadora-do-rn-anuncia-mudanca-na-titularidade-da-secretaria-de-saude\/","url":"https:\/\/deputadotaveirajr.com.br\/index.php\/governadora-do-rn-anuncia-mudanca-na-titularidade-da-secretaria-de-saude\/","name":"Governadora do RN anuncia mudan\u00e7a na titularidade da Secretaria de Sa\u00fade - Taveira Jr","isPartOf":{"@id":"https:\/\/deputadotaveirajr.com.br\/#website"},"primaryImageOfPage":{"@id":"https:\/\/deputadotaveirajr.com.br\/index.php\/governadora-do-rn-anuncia-mudanca-na-titularidade-da-secretaria-de-saude\/#primaryimage"},"image":{"@id":"https:\/\/deputadotaveirajr.com.br\/index.php\/governadora-do-rn-anuncia-mudanca-na-titularidade-da-secretaria-de-saude\/#primaryimage"},"thumbnailUrl":"https:\/\/deputadotaveirajr.com.br\/wp-content\/uploads\/2025\/02\/alexandre-motta-giQGce.jpeg","datePublished":"2025-02-18T23:51:44+00:00","breadcrumb":{"@id":"https:\/\/deputadotaveirajr.com.br\/index.php\/governadora-do-rn-anuncia-mudanca-na-titularidade-da-secretaria-de-saude\/#breadcrumb"},"inLanguage":"pt-BR","potentialAction":[{"@type":"ReadAction","target":["https:\/\/deputadotaveirajr.com.br\/index.php\/governadora-do-rn-anuncia-mudanca-na-titularidade-da-secretaria-de-saude\/"]}]},{"@type":"ImageObject","inLanguage":"pt-BR","@id":"https:\/\/deputadotaveirajr.com.br\/index.php\/governadora-do-rn-anuncia-mudanca-na-titularidade-da-secretaria-de-saude\/#primaryimage","url":"https:\/\/deputadotaveirajr.com.br\/wp-content\/uploads\/2025\/02\/alexandre-motta-giQGce.jpeg","contentUrl":"https:\/\/deputadotaveirajr.com.br\/wp-content\/uploads\/2025\/02\/alexandre-motta-giQGce.jpeg","width":2048,"height":1366},{"@type":"BreadcrumbList","@id":"https:\/\/deputadotaveirajr.com.br\/index.php\/governadora-do-rn-anuncia-mudanca-na-titularidade-da-secretaria-de-saude\/#breadcrumb","itemListElement":[{"@type":"ListItem","position":1,"name":"In\u00edcio","item":"https:\/\/deputadotaveirajr.com.br\/"},{"@type":"ListItem","position":2,"name":"Governadora do RN anuncia mudan\u00e7a na titularidade da Secretaria de Sa\u00fade"}]},{"@type":"WebSite","@id":"https:\/\/deputadotaveirajr.com.br\/#website","url":"https:\/\/deputadotaveirajr.com.br\/","name":"Taveira Jr","description":"Deputado Estadual","publisher":{"@id":"https:\/\/deputadotaveirajr.com.br\/#organization"},"potentialAction":[{"@type":"SearchAction","target":{"@type":"EntryPoint","urlTemplate":"https:\/\/deputadotaveirajr.com.br\/?s={search_term_string}"},"query-input":{"@type":"PropertyValueSpecification","valueRequired":true,"valueName":"search_term_string"}}],"inLanguage":"pt-BR"},{"@type":"Organization","@id":"https:\/\/deputadotaveirajr.com.br\/#organization","name":"Taveira Jr","url":"https:\/\/deputadotaveirajr.com.br\/","logo":{"@type":"ImageObject","inLanguage":"pt-BR","@id":"https:\/\/deputadotaveirajr.com.br\/#\/schema\/logo\/image\/","url":"https:\/\/deputadotaveirajr.com.br\/wp-content\/uploads\/2026\/01\/logolow2a.png","contentUrl":"https:\/\/deputadotaveirajr.com.br\/wp-content\/uploads\/2026\/01\/logolow2a.png","width":290,"height":80,"caption":"Taveira Jr"},"image":{"@id":"https:\/\/deputadotaveirajr.com.br\/#\/schema\/logo\/image\/"}}]}},"_links":{"self":[{"href":"https:\/\/deputadotaveirajr.com.br\/index.php\/wp-json\/wp\/v2\/pages\/12289","targetHints":{"allow":["GET"]}}],"collection":[{"href":"https:\/\/deputadotaveirajr.com.br\/index.php\/wp-json\/wp\/v2\/pages"}],"about":[{"href":"https:\/\/deputadotaveirajr.com.br\/index.php\/wp-json\/wp\/v2\/types\/page"}],"replies":[{"embeddable":true,"href":"https:\/\/deputadotaveirajr.com.br\/index.php\/wp-json\/wp\/v2\/comments?post=12289"}],"version-history":[{"count":0,"href":"https:\/\/deputadotaveirajr.com.br\/index.php\/wp-json\/wp\/v2\/pages\/12289\/revisions"}],"wp:featuredmedia":[{"embeddable":true,"href":"https:\/\/deputadotaveirajr.com.br\/index.php\/wp-json\/wp\/v2\/media\/12290"}],"wp:attachment":[{"href":"https:\/\/deputadotaveirajr.com.br\/index.php\/wp-json\/wp\/v2\/media?parent=12289"}],"curies":[{"name":"wp","href":"https:\/\/api.w.org\/{rel}","templated":true}]}}