{"id":12295,"date":"2025-02-19T14:52:48","date_gmt":"2025-02-19T17:52:48","guid":{"rendered":"https:\/\/deputadotaveirajr.com.br\/index.php\/preco-do-ovo-aumenta-70-no-mes-de-fevereiro-em-natal-aponta-procon\/"},"modified":"2025-02-19T14:52:48","modified_gmt":"2025-02-19T17:52:48","slug":"preco-do-ovo-aumenta-70-no-mes-de-fevereiro-em-natal-aponta-procon","status":"publish","type":"page","link":"https:\/\/deputadotaveirajr.com.br\/index.php\/preco-do-ovo-aumenta-70-no-mes-de-fevereiro-em-natal-aponta-procon\/","title":{"rendered":"Pre\u00e7o do ovo aumenta 70% no m\u00eas de fevereiro em Natal, aponta Procon"},"content":{"rendered":"<p><img decoding=\"async\" src=\"https:\/\/s2-g1.glbimg.com\/wrAqKhyMVOaBdIRNHN08D3jsiwo=\/i.s3.glbimg.com\/v1\/AUTH_59edd422c0c84a879bd37670ae4f538a\/internal_photos\/bs\/2025\/E\/K\/J3f8FbQB2s7bBgJmIk4g\/ato20250121006.jpg\" \/><br \/>     Bandeja com 30 ovos custa em m\u00e9dia R$ 30 na capital potiguar. Aumento na exporta\u00e7\u00e3o e diminui\u00e7\u00e3o da produ\u00e7\u00e3o justificam aumento, diz presidente do Sindicato dos Supermercados. Pre\u00e7o do ovo aumenta 70% em Natal<br \/>\nO pre\u00e7o m\u00e9dio do ovo em Natal aumentou 70% no m\u00eas de fevereiro em compara\u00e7\u00e3o com o m\u00eas de janeiro, segundo uma pesquisa do Procon Natal. A bandeja com 30 ovos, segundo o \u00f3rg\u00e3o, passou a ser vendida, em m\u00e9dia, a quase R$ 30 (veja reportagem acima).<br \/>\n&#8220;Diante das pesquisas que j\u00e1 foram iniciadas, conseguimos de fato observar um aumento, de antem\u00e3o, abusivo. Com uma m\u00e9dia acima de 70%. Quando encontr\u00e1vamos, at\u00e9 semana passada, a bandeja de ovos com valor de R$ 17,50, hoje o consumidor encontra no mercado a bandeja a quase R$ 30&#8221;, disse o diretor t\u00e9cnico do Procon Rennan Nunes.<br \/>\n\ud83d\udcf3Participe do canal do g1 RN no WhatsApp<br \/>\nO Procon informou que iniciou uma pesquisa em mais de 20 estabelecimentos da capital potiguar para avaliar ofertas do pre\u00e7o do produto &#8211; a diferen\u00e7a de pre\u00e7o em alguns desses locais chegava a 50%. O Procon tamb\u00e9m informou que busca entender se h\u00e1 justificativas para o aumento.<br \/>\n&#8220;No momento n\u00e3o estamos em um per\u00edodo sazonal, no qual a gente identifica que natualmente ocorre o aumento de alguns produtos, de algumas mercadorias, em virtude do per\u00edodo. Que n\u00e3o \u00e9 o caso dos ovos de galinha&#8221;, disse Rennan Nunes.<br \/>\nO aumento do pre\u00e7o tem sido sentido pelos consumdiores. A aposentada Oneide Ara\u00fajo, por exemplo, desistiu nesta semana de comprar uma bandeja de ovos ao perceber que o pre\u00e7o estava acima de R$ 28.<br \/>\n&#8220;Car\u00edssimo, car\u00edssimo. Vou passar pelo outro lado [do corredor]. N\u00e3o vou levar. Muito grande [o aumento]&#8221;, lamentou.<br \/>\nA dona de casa Ioneide Bezerra disse que percebeu o aumento no pre\u00e7o da bandeja de ovos no supermercado na \u00faltima semana, al\u00e9m de outros produtos.<br \/>\n&#8220;Eu comprava na faixa de R$ 18, R$ 20. Mas n\u00e3o \u00e9 s\u00f3 o ovo que est\u00e1 caro n\u00e9. O caf\u00e9 subiu, est\u00e1 tudo caro&#8221;, lamentou.<br \/>\nLEIA TAMB\u00c9M<br \/>\nPRODUTORES: Pre\u00e7o dos ovos dever\u00e1 continuar alto por mais dois meses<br \/>\nBandeja de ovos no mercado<br \/>\nRomildo de Jesus\/Estad\u00e3o Conte\u00fado\/ARQUIVO<br \/>\nH\u00e1 justificativa?<br \/>\nO presidente da Associa\u00e7\u00e3o de Supermercados do Rio Grande do Norte, Gilvan Mikelyson, disse que o aumento na exporta\u00e7\u00e3o e o clima desfavor\u00e1vel &#8211; com calor excessivo -, que culminou com uma menor produ\u00e7\u00e3o, contribu\u00edram para um aumento no pre\u00e7o.<br \/>\n&#8220;Isso vem em virtude de aumento na exporta\u00e7\u00e3o. N\u00f3s tivemos uma gripe avi\u00e1ria nos EUA que favoreceu a exporta\u00e7\u00e3o de mais de 220 toneladas que sa\u00edram no m\u00eas passado do nosso pa\u00eds para os EUA&#8221;, disse.<br \/>\n&#8220;E o aumento das temperaturas. A galinha tem um ambiente favor\u00e1vel \u00e0 produ\u00e7\u00e3o em torno de 28\u00baC. As \u00e1reas produtivas est\u00e3o acima de 30\u00baC, 32\u00baC, 33\u00baC.  As galinhas s\u00e3o bastante sens\u00edveis e isso tamb\u00e9m diminui a produ\u00e7\u00e3o&#8221;, concluiu<br \/>\nPara o economista Janduir N\u00f3brega, \u00e9 pouca a probabilidade do pre\u00e7o baixar no pr\u00f3ximo trimestre. Apesar disso, ele n\u00e3o acredita tamb\u00e9m em um grande aumento do valor, que deve se estabilizar.<br \/>\n&#8220;Para o ano, a probabilidade desse pre\u00e7o se equilibrar e vir mais pra baixo existe e \u00e9 poss\u00edvel acontecer. Mas nesse pr\u00f3ximo trimestre \u00e9 pouco prov\u00e1vel que aconte\u00e7a uma queda grande&#8221;, disse.<br \/>\n&#8220;O que pode acontecer \u00e9 a gente ter uma diminui\u00e7\u00e3o nos valores de subida, porque chega uma hora que o pr\u00f3prio mercado n\u00e3o suporta mais aquele pre\u00e7o e ele tende a se estabilizar&#8221;.<br \/>\nV\u00eddeos mais assistidos do g1 RN<\/p>","protected":false},"excerpt":{"rendered":"<p>Bandeja com 30 ovos custa em m\u00e9dia R$ 30 na capital potiguar. Aumento na exporta\u00e7\u00e3o e diminui\u00e7\u00e3o da produ\u00e7\u00e3o justificam aumento, diz presidente do Sindicato dos Supermercados. Pre\u00e7o do ovo &#8230;<\/p>\n","protected":false},"author":0,"featured_media":12296,"parent":0,"menu_order":0,"comment_status":"closed","ping_status":"closed","template":"","meta":{"footnotes":""},"class_list":["post-12295","page","type-page","status-publish","has-post-thumbnail","hentry"],"yoast_head":"<!-- This site is optimized with the Yoast SEO plugin v27.1.1 - https:\/\/yoast.com\/product\/yoast-seo-wordpress\/ -->\n<title>Pre\u00e7o do ovo aumenta 70% no m\u00eas de fevereiro em Natal, aponta Procon - Taveira Jr<\/title>\n<meta name=\"robots\" content=\"index, follow, max-snippet:-1, max-image-preview:large, max-video-preview:-1\" \/>\n<link rel=\"canonical\" href=\"https:\/\/deputadotaveirajr.com.br\/index.php\/preco-do-ovo-aumenta-70-no-mes-de-fevereiro-em-natal-aponta-procon\/\" \/>\n<meta property=\"og:locale\" content=\"pt_BR\" \/>\n<meta property=\"og:type\" content=\"article\" \/>\n<meta property=\"og:title\" content=\"Pre\u00e7o do ovo aumenta 70% no m\u00eas de fevereiro em Natal, aponta Procon - Taveira Jr\" \/>\n<meta property=\"og:description\" content=\"Bandeja com 30 ovos custa em m\u00e9dia R$ 30 na capital potiguar. Aumento na exporta\u00e7\u00e3o e diminui\u00e7\u00e3o da produ\u00e7\u00e3o justificam aumento, diz presidente do Sindicato dos Supermercados. Pre\u00e7o do ovo ...\" \/>\n<meta property=\"og:url\" content=\"https:\/\/deputadotaveirajr.com.br\/index.php\/preco-do-ovo-aumenta-70-no-mes-de-fevereiro-em-natal-aponta-procon\/\" \/>\n<meta property=\"og:site_name\" content=\"Taveira Jr\" \/>\n<meta property=\"og:image\" content=\"https:\/\/s2-g1.glbimg.com\/wrAqKhyMVOaBdIRNHN08D3jsiwo=\/i.s3.glbimg.com\/v1\/AUTH_59edd422c0c84a879bd37670ae4f538a\/internal_photos\/bs\/2025\/E\/K\/J3f8FbQB2s7bBgJmIk4g\/ato20250121006.jpg\" \/>\n<meta name=\"twitter:card\" content=\"summary_large_image\" \/>\n<meta name=\"twitter:label1\" content=\"Est. tempo de leitura\" \/>\n\t<meta name=\"twitter:data1\" content=\"3 minutos\" \/>\n<script type=\"application\/ld+json\" class=\"yoast-schema-graph\">{\"@context\":\"https:\/\/schema.org\",\"@graph\":[{\"@type\":\"WebPage\",\"@id\":\"https:\/\/deputadotaveirajr.com.br\/index.php\/preco-do-ovo-aumenta-70-no-mes-de-fevereiro-em-natal-aponta-procon\/\",\"url\":\"https:\/\/deputadotaveirajr.com.br\/index.php\/preco-do-ovo-aumenta-70-no-mes-de-fevereiro-em-natal-aponta-procon\/\",\"name\":\"Pre\u00e7o do ovo aumenta 70% no m\u00eas de fevereiro em Natal, aponta Procon - Taveira Jr\",\"isPartOf\":{\"@id\":\"https:\/\/deputadotaveirajr.com.br\/#website\"},\"primaryImageOfPage\":{\"@id\":\"https:\/\/deputadotaveirajr.com.br\/index.php\/preco-do-ovo-aumenta-70-no-mes-de-fevereiro-em-natal-aponta-procon\/#primaryimage\"},\"image\":{\"@id\":\"https:\/\/deputadotaveirajr.com.br\/index.php\/preco-do-ovo-aumenta-70-no-mes-de-fevereiro-em-natal-aponta-procon\/#primaryimage\"},\"thumbnailUrl\":\"https:\/\/deputadotaveirajr.com.br\/wp-content\/uploads\/2025\/02\/ato20250121006-C0Mr1Y.jpeg\",\"datePublished\":\"2025-02-19T17:52:48+00:00\",\"breadcrumb\":{\"@id\":\"https:\/\/deputadotaveirajr.com.br\/index.php\/preco-do-ovo-aumenta-70-no-mes-de-fevereiro-em-natal-aponta-procon\/#breadcrumb\"},\"inLanguage\":\"pt-BR\",\"potentialAction\":[{\"@type\":\"ReadAction\",\"target\":[\"https:\/\/deputadotaveirajr.com.br\/index.php\/preco-do-ovo-aumenta-70-no-mes-de-fevereiro-em-natal-aponta-procon\/\"]}]},{\"@type\":\"ImageObject\",\"inLanguage\":\"pt-BR\",\"@id\":\"https:\/\/deputadotaveirajr.com.br\/index.php\/preco-do-ovo-aumenta-70-no-mes-de-fevereiro-em-natal-aponta-procon\/#primaryimage\",\"url\":\"https:\/\/deputadotaveirajr.com.br\/wp-content\/uploads\/2025\/02\/ato20250121006-C0Mr1Y.jpeg\",\"contentUrl\":\"https:\/\/deputadotaveirajr.com.br\/wp-content\/uploads\/2025\/02\/ato20250121006-C0Mr1Y.jpeg\",\"width\":2304,\"height\":1536},{\"@type\":\"BreadcrumbList\",\"@id\":\"https:\/\/deputadotaveirajr.com.br\/index.php\/preco-do-ovo-aumenta-70-no-mes-de-fevereiro-em-natal-aponta-procon\/#breadcrumb\",\"itemListElement\":[{\"@type\":\"ListItem\",\"position\":1,\"name\":\"In\u00edcio\",\"item\":\"https:\/\/deputadotaveirajr.com.br\/\"},{\"@type\":\"ListItem\",\"position\":2,\"name\":\"Pre\u00e7o do ovo aumenta 70% no m\u00eas de fevereiro em Natal, aponta Procon\"}]},{\"@type\":\"WebSite\",\"@id\":\"https:\/\/deputadotaveirajr.com.br\/#website\",\"url\":\"https:\/\/deputadotaveirajr.com.br\/\",\"name\":\"Taveira Jr\",\"description\":\"Deputado Estadual\",\"publisher\":{\"@id\":\"https:\/\/deputadotaveirajr.com.br\/#organization\"},\"potentialAction\":[{\"@type\":\"SearchAction\",\"target\":{\"@type\":\"EntryPoint\",\"urlTemplate\":\"https:\/\/deputadotaveirajr.com.br\/?s={search_term_string}\"},\"query-input\":{\"@type\":\"PropertyValueSpecification\",\"valueRequired\":true,\"valueName\":\"search_term_string\"}}],\"inLanguage\":\"pt-BR\"},{\"@type\":\"Organization\",\"@id\":\"https:\/\/deputadotaveirajr.com.br\/#organization\",\"name\":\"Taveira Jr\",\"url\":\"https:\/\/deputadotaveirajr.com.br\/\",\"logo\":{\"@type\":\"ImageObject\",\"inLanguage\":\"pt-BR\",\"@id\":\"https:\/\/deputadotaveirajr.com.br\/#\/schema\/logo\/image\/\",\"url\":\"https:\/\/deputadotaveirajr.com.br\/wp-content\/uploads\/2026\/01\/logolow2a.png\",\"contentUrl\":\"https:\/\/deputadotaveirajr.com.br\/wp-content\/uploads\/2026\/01\/logolow2a.png\",\"width\":290,\"height\":80,\"caption\":\"Taveira Jr\"},\"image\":{\"@id\":\"https:\/\/deputadotaveirajr.com.br\/#\/schema\/logo\/image\/\"}}]}<\/script>\n<!-- \/ Yoast SEO plugin. -->","yoast_head_json":{"title":"Pre\u00e7o do ovo aumenta 70% no m\u00eas de fevereiro em Natal, aponta Procon - Taveira Jr","robots":{"index":"index","follow":"follow","max-snippet":"max-snippet:-1","max-image-preview":"max-image-preview:large","max-video-preview":"max-video-preview:-1"},"canonical":"https:\/\/deputadotaveirajr.com.br\/index.php\/preco-do-ovo-aumenta-70-no-mes-de-fevereiro-em-natal-aponta-procon\/","og_locale":"pt_BR","og_type":"article","og_title":"Pre\u00e7o do ovo aumenta 70% no m\u00eas de fevereiro em Natal, aponta Procon - Taveira Jr","og_description":"Bandeja com 30 ovos custa em m\u00e9dia R$ 30 na capital potiguar. Aumento na exporta\u00e7\u00e3o e diminui\u00e7\u00e3o da produ\u00e7\u00e3o justificam aumento, diz presidente do Sindicato dos Supermercados. Pre\u00e7o do ovo ...","og_url":"https:\/\/deputadotaveirajr.com.br\/index.php\/preco-do-ovo-aumenta-70-no-mes-de-fevereiro-em-natal-aponta-procon\/","og_site_name":"Taveira Jr","og_image":[{"url":"https:\/\/s2-g1.glbimg.com\/wrAqKhyMVOaBdIRNHN08D3jsiwo=\/i.s3.glbimg.com\/v1\/AUTH_59edd422c0c84a879bd37670ae4f538a\/internal_photos\/bs\/2025\/E\/K\/J3f8FbQB2s7bBgJmIk4g\/ato20250121006.jpg","type":"","width":"","height":""}],"twitter_card":"summary_large_image","twitter_misc":{"Est. tempo de leitura":"3 minutos"},"schema":{"@context":"https:\/\/schema.org","@graph":[{"@type":"WebPage","@id":"https:\/\/deputadotaveirajr.com.br\/index.php\/preco-do-ovo-aumenta-70-no-mes-de-fevereiro-em-natal-aponta-procon\/","url":"https:\/\/deputadotaveirajr.com.br\/index.php\/preco-do-ovo-aumenta-70-no-mes-de-fevereiro-em-natal-aponta-procon\/","name":"Pre\u00e7o do ovo aumenta 70% no m\u00eas de fevereiro em Natal, aponta Procon - Taveira Jr","isPartOf":{"@id":"https:\/\/deputadotaveirajr.com.br\/#website"},"primaryImageOfPage":{"@id":"https:\/\/deputadotaveirajr.com.br\/index.php\/preco-do-ovo-aumenta-70-no-mes-de-fevereiro-em-natal-aponta-procon\/#primaryimage"},"image":{"@id":"https:\/\/deputadotaveirajr.com.br\/index.php\/preco-do-ovo-aumenta-70-no-mes-de-fevereiro-em-natal-aponta-procon\/#primaryimage"},"thumbnailUrl":"https:\/\/deputadotaveirajr.com.br\/wp-content\/uploads\/2025\/02\/ato20250121006-C0Mr1Y.jpeg","datePublished":"2025-02-19T17:52:48+00:00","breadcrumb":{"@id":"https:\/\/deputadotaveirajr.com.br\/index.php\/preco-do-ovo-aumenta-70-no-mes-de-fevereiro-em-natal-aponta-procon\/#breadcrumb"},"inLanguage":"pt-BR","potentialAction":[{"@type":"ReadAction","target":["https:\/\/deputadotaveirajr.com.br\/index.php\/preco-do-ovo-aumenta-70-no-mes-de-fevereiro-em-natal-aponta-procon\/"]}]},{"@type":"ImageObject","inLanguage":"pt-BR","@id":"https:\/\/deputadotaveirajr.com.br\/index.php\/preco-do-ovo-aumenta-70-no-mes-de-fevereiro-em-natal-aponta-procon\/#primaryimage","url":"https:\/\/deputadotaveirajr.com.br\/wp-content\/uploads\/2025\/02\/ato20250121006-C0Mr1Y.jpeg","contentUrl":"https:\/\/deputadotaveirajr.com.br\/wp-content\/uploads\/2025\/02\/ato20250121006-C0Mr1Y.jpeg","width":2304,"height":1536},{"@type":"BreadcrumbList","@id":"https:\/\/deputadotaveirajr.com.br\/index.php\/preco-do-ovo-aumenta-70-no-mes-de-fevereiro-em-natal-aponta-procon\/#breadcrumb","itemListElement":[{"@type":"ListItem","position":1,"name":"In\u00edcio","item":"https:\/\/deputadotaveirajr.com.br\/"},{"@type":"ListItem","position":2,"name":"Pre\u00e7o do ovo aumenta 70% no m\u00eas de fevereiro em Natal, aponta Procon"}]},{"@type":"WebSite","@id":"https:\/\/deputadotaveirajr.com.br\/#website","url":"https:\/\/deputadotaveirajr.com.br\/","name":"Taveira Jr","description":"Deputado Estadual","publisher":{"@id":"https:\/\/deputadotaveirajr.com.br\/#organization"},"potentialAction":[{"@type":"SearchAction","target":{"@type":"EntryPoint","urlTemplate":"https:\/\/deputadotaveirajr.com.br\/?s={search_term_string}"},"query-input":{"@type":"PropertyValueSpecification","valueRequired":true,"valueName":"search_term_string"}}],"inLanguage":"pt-BR"},{"@type":"Organization","@id":"https:\/\/deputadotaveirajr.com.br\/#organization","name":"Taveira Jr","url":"https:\/\/deputadotaveirajr.com.br\/","logo":{"@type":"ImageObject","inLanguage":"pt-BR","@id":"https:\/\/deputadotaveirajr.com.br\/#\/schema\/logo\/image\/","url":"https:\/\/deputadotaveirajr.com.br\/wp-content\/uploads\/2026\/01\/logolow2a.png","contentUrl":"https:\/\/deputadotaveirajr.com.br\/wp-content\/uploads\/2026\/01\/logolow2a.png","width":290,"height":80,"caption":"Taveira Jr"},"image":{"@id":"https:\/\/deputadotaveirajr.com.br\/#\/schema\/logo\/image\/"}}]}},"_links":{"self":[{"href":"https:\/\/deputadotaveirajr.com.br\/index.php\/wp-json\/wp\/v2\/pages\/12295","targetHints":{"allow":["GET"]}}],"collection":[{"href":"https:\/\/deputadotaveirajr.com.br\/index.php\/wp-json\/wp\/v2\/pages"}],"about":[{"href":"https:\/\/deputadotaveirajr.com.br\/index.php\/wp-json\/wp\/v2\/types\/page"}],"replies":[{"embeddable":true,"href":"https:\/\/deputadotaveirajr.com.br\/index.php\/wp-json\/wp\/v2\/comments?post=12295"}],"version-history":[{"count":0,"href":"https:\/\/deputadotaveirajr.com.br\/index.php\/wp-json\/wp\/v2\/pages\/12295\/revisions"}],"wp:featuredmedia":[{"embeddable":true,"href":"https:\/\/deputadotaveirajr.com.br\/index.php\/wp-json\/wp\/v2\/media\/12296"}],"wp:attachment":[{"href":"https:\/\/deputadotaveirajr.com.br\/index.php\/wp-json\/wp\/v2\/media?parent=12295"}],"curies":[{"name":"wp","href":"https:\/\/api.w.org\/{rel}","templated":true}]}}