{"id":12299,"date":"2025-02-19T16:16:37","date_gmt":"2025-02-19T19:16:37","guid":{"rendered":"https:\/\/deputadotaveirajr.com.br\/index.php\/programa-jovem-potiguar-abre-inscricoes-para-840-vagas-em-cursos-de-formacao-no-rn-veja-oportunidades\/"},"modified":"2025-02-19T16:16:37","modified_gmt":"2025-02-19T19:16:37","slug":"programa-jovem-potiguar-abre-inscricoes-para-840-vagas-em-cursos-de-formacao-no-rn-veja-oportunidades","status":"publish","type":"page","link":"https:\/\/deputadotaveirajr.com.br\/index.php\/programa-jovem-potiguar-abre-inscricoes-para-840-vagas-em-cursos-de-formacao-no-rn-veja-oportunidades\/","title":{"rendered":"Programa Jovem Potiguar abre inscri\u00e7\u00f5es para 840 vagas em cursos de forma\u00e7\u00e3o no RN; veja oportunidades"},"content":{"rendered":"<p><img decoding=\"async\" src=\"https:\/\/s2-g1.glbimg.com\/ETlwr9k-oYTZ7K5kXJmTvFXTufs=\/i.s3.glbimg.com\/v1\/AUTH_59edd422c0c84a879bd37670ae4f538a\/internal_photos\/bs\/2020\/1\/B\/9RUBo2QNaagW1T53Vdkg\/whatsapp-image-2020-12-05-at-16.00.13.jpeg\" \/><br \/>     Vagas s\u00e3o para pessoas entre 16 e 35 anos em 13 cidades do estado. Projeto \u00e9 parceria do IFRN com Minist\u00e9rio do Trabalho e Emprego e governo do RN. IFRN &#8211; Instituto Federal do Rio Grande do Norte<br \/>\nS\u00e9rgio Henrique Santos\/Inter TV Cabugi<br \/>\nO Programa Jovem Potiguar abriu nesta quarta-feira (19) inscri\u00e7\u00f5es para 840 vagas em cursos de Forma\u00e7\u00e3o Inicial e Continuada para pessoas entre 16 e 35 anos de idade. As vagas s\u00e3o para 13 munic\u00edpios do Rio Grande do Norte.<br \/>\nO projeto \u00e9 uma parceria do Instituto Federal do Rio Grande do Norte (IFRN), da Secretaria de Estado das Mulheres, da Juventude, da Igualdade Racial e dos Direitos Humanos (SEMJIDH) e do Minist\u00e9rio do Trabalho e Emprego. Esta \u00e9 a segunda edi\u00e7\u00e3o.<br \/>\n\ud83d\udcf3Participe do canal do g1 RN no WhatsApp<br \/>\nAs inscri\u00e7\u00f5es podem ser realizadas at\u00e9 o dia 19 de mar\u00e7o, exclusivamente pelo portal do Jovem Potiguar.  \u00c9 preciso ter conclu\u00eddo o ensino fundamental.<br \/>\nPara participar, os candidatos devem:<br \/>\npreencher um formul\u00e1rio eletr\u00f4nico com informa\u00e7\u00f5es pessoais, como nome completo, CPF, telefone e e-mail;<br \/>\ndeclarar a conclus\u00e3o do ensino fundamental;<br \/>\nem alguns casos, atender a crit\u00e9rios espec\u00edficos, como a apresenta\u00e7\u00e3o de declara\u00e7\u00e3o de associa\u00e7\u00e3o a sindicato ou cooperativa para o curso de Operador de M\u00e1quinas e Implementos Agr\u00edcolas.<br \/>\nAs vagas s\u00e3o para sete campi do IFRN e contemplam cursos em diversas \u00e1reas, como turismo, tecnologia, energia renov\u00e1vel, manuten\u00e7\u00e3o predial e programa\u00e7\u00e3o.<br \/>\nO resultado do processo seletivo est\u00e1 previsto para ser divulgado no dia 24 de mar\u00e7o.<br \/>\nA previs\u00e3o de in\u00edcio das aulas \u00e9 para abril de 2025, com conclus\u00e3o entre junho e agosto do mesmo ano, segundo o IFRN.<br \/>\nVeja oportunidades<br \/>\nApodi &#8211; Operador de M\u00e1quinas e Implementos Agr\u00edcolas<br \/>\nCanguaretama &#8211; Condutor de turismo em unidades de conserva\u00e7\u00e3o ambiente local<br \/>\nCaic\u00f3 &#8211; Condutor de turismo em unidades de conserva\u00e7\u00e3o ambiente local<br \/>\nCaic\u00f3 &#8211; Eletricista de sistemas de energiais renov\u00e1veis<br \/>\nCaic\u00f3 &#8211; Desenvolvedor de aplicativos para m\u00eddias digitais<br \/>\nCear\u00e1-Mirim &#8211; Montador e reparador de computadores<br \/>\nCurrais Novos &#8211; Montador e reparador de computadores<br \/>\nCurrais Novos &#8211; Auxiliar de cozinha<br \/>\nCurrais Novos &#8211; Condutor de turismo em unidades de conserva\u00e7\u00e3o ambiente local<br \/>\nJo\u00e3o C\u00e2mara &#8211; Eletricista de sistemas de energias renov\u00e1veis<br \/>\nJo\u00e3o C\u00e2mara &#8211; Vendedor<br \/>\nJucurutu &#8211; Programador web<br \/>\nLajes &#8211; Montador e reparador de computadores<br \/>\nLajes &#8211; Vendedor<br \/>\nMossor\u00f3 &#8211; Auxiliar de manuten\u00e7\u00e3o predial<br \/>\nMossor\u00f3 &#8211; Eletricista de sistemas de energias renov\u00e1veis<br \/>\nNatal &#8211; Auxiliar de manuten\u00e7\u00e3o predial<br \/>\nNatal &#8211; Eletricista de sistemas de energias renov\u00e1veis<br \/>\nNatal &#8211; Editor de v\u00eddeo<br \/>\nNatal &#8211; Agente cultural<br \/>\nParnamirim &#8211; Eletricista de sistemas de energias renov\u00e1veis<br \/>\nParnamirim &#8211; Programador web<br \/>\nSanta Cruz &#8211; Vendedor<br \/>\nSanta Cruz &#8211; Montador e reparador de computadores<br \/>\nS\u00e3o Paulo do Potengi &#8211; Auxiliar de manuten\u00e7\u00e3o predial<br \/>\nS\u00e3o Paulo do Potengi &#8211; Operador de m\u00e1quinas e implementos agr\u00edcolas<br \/>\nPrograma Jovem Potiguar<br \/>\nO Programa Jovem Potiguar \u00e9 uma parceria entre o IFRN, o Minist\u00e9rio do Trabalho e Emprego e a SEMJIDH, com o objetivo de oferecer qualifica\u00e7\u00e3o profissional para jovens potiguares. A iniciativa busca ampliar o impacto da qualifica\u00e7\u00e3o, promovendo inclus\u00e3o social e oportunidades para a juventude do estado.<br \/>\nNo primeiro ciclo, foram oferecidas 690 vagas em 10 campi do IFRN. Agora, o programa expande sua atua\u00e7\u00e3o para atender at\u00e9 1.500 jovens, garantindo n\u00e3o apenas capacita\u00e7\u00e3o t\u00e9cnica, mas tamb\u00e9m est\u00edmulo \u00e0 forma\u00e7\u00e3o pol\u00edtica e ao desenvolvimento de projetos de vida criativa.<br \/>\nRede de supermercados oferece 100 vagas de emprego e causa filas em Natal:<br \/>\nRede de supermercados oferece 100 vagas de emprego e causa filas em Natal<br \/>\nV\u00eddeos mais assistidos do g1 RN<\/p>","protected":false},"excerpt":{"rendered":"<p>Vagas s\u00e3o para pessoas entre 16 e 35 anos em 13 cidades do estado. Projeto \u00e9 parceria do IFRN com Minist\u00e9rio do Trabalho e Emprego e governo do RN. IFRN &#8230;<\/p>\n","protected":false},"author":0,"featured_media":12300,"parent":0,"menu_order":0,"comment_status":"closed","ping_status":"closed","template":"","meta":{"footnotes":""},"class_list":["post-12299","page","type-page","status-publish","has-post-thumbnail","hentry"],"yoast_head":"<!-- This site is optimized with the Yoast SEO plugin v27.1.1 - https:\/\/yoast.com\/product\/yoast-seo-wordpress\/ -->\n<title>Programa Jovem Potiguar abre inscri\u00e7\u00f5es para 840 vagas em cursos de forma\u00e7\u00e3o no RN; veja oportunidades - Taveira Jr<\/title>\n<meta name=\"robots\" content=\"index, follow, max-snippet:-1, max-image-preview:large, max-video-preview:-1\" \/>\n<link rel=\"canonical\" href=\"https:\/\/deputadotaveirajr.com.br\/index.php\/programa-jovem-potiguar-abre-inscricoes-para-840-vagas-em-cursos-de-formacao-no-rn-veja-oportunidades\/\" \/>\n<meta property=\"og:locale\" content=\"pt_BR\" \/>\n<meta property=\"og:type\" content=\"article\" \/>\n<meta property=\"og:title\" content=\"Programa Jovem Potiguar abre inscri\u00e7\u00f5es para 840 vagas em cursos de forma\u00e7\u00e3o no RN; veja oportunidades - Taveira Jr\" \/>\n<meta property=\"og:description\" content=\"Vagas s\u00e3o para pessoas entre 16 e 35 anos em 13 cidades do estado. Projeto \u00e9 parceria do IFRN com Minist\u00e9rio do Trabalho e Emprego e governo do RN. IFRN ...\" \/>\n<meta property=\"og:url\" content=\"https:\/\/deputadotaveirajr.com.br\/index.php\/programa-jovem-potiguar-abre-inscricoes-para-840-vagas-em-cursos-de-formacao-no-rn-veja-oportunidades\/\" \/>\n<meta property=\"og:site_name\" content=\"Taveira Jr\" \/>\n<meta property=\"og:image\" content=\"https:\/\/s2-g1.glbimg.com\/ETlwr9k-oYTZ7K5kXJmTvFXTufs=\/i.s3.glbimg.com\/v1\/AUTH_59edd422c0c84a879bd37670ae4f538a\/internal_photos\/bs\/2020\/1\/B\/9RUBo2QNaagW1T53Vdkg\/whatsapp-image-2020-12-05-at-16.00.13.jpeg\" \/>\n<meta name=\"twitter:card\" content=\"summary_large_image\" \/>\n<meta name=\"twitter:label1\" content=\"Est. tempo de leitura\" \/>\n\t<meta name=\"twitter:data1\" content=\"3 minutos\" \/>\n<script type=\"application\/ld+json\" class=\"yoast-schema-graph\">{\"@context\":\"https:\/\/schema.org\",\"@graph\":[{\"@type\":\"WebPage\",\"@id\":\"https:\/\/deputadotaveirajr.com.br\/index.php\/programa-jovem-potiguar-abre-inscricoes-para-840-vagas-em-cursos-de-formacao-no-rn-veja-oportunidades\/\",\"url\":\"https:\/\/deputadotaveirajr.com.br\/index.php\/programa-jovem-potiguar-abre-inscricoes-para-840-vagas-em-cursos-de-formacao-no-rn-veja-oportunidades\/\",\"name\":\"Programa Jovem Potiguar abre inscri\u00e7\u00f5es para 840 vagas em cursos de forma\u00e7\u00e3o no RN; veja oportunidades - Taveira Jr\",\"isPartOf\":{\"@id\":\"https:\/\/deputadotaveirajr.com.br\/#website\"},\"primaryImageOfPage\":{\"@id\":\"https:\/\/deputadotaveirajr.com.br\/index.php\/programa-jovem-potiguar-abre-inscricoes-para-840-vagas-em-cursos-de-formacao-no-rn-veja-oportunidades\/#primaryimage\"},\"image\":{\"@id\":\"https:\/\/deputadotaveirajr.com.br\/index.php\/programa-jovem-potiguar-abre-inscricoes-para-840-vagas-em-cursos-de-formacao-no-rn-veja-oportunidades\/#primaryimage\"},\"thumbnailUrl\":\"https:\/\/deputadotaveirajr.com.br\/wp-content\/uploads\/2025\/02\/whatsapp-image-2020-12-05-at-16.00.13-aDe3IJ.jpeg\",\"datePublished\":\"2025-02-19T19:16:37+00:00\",\"breadcrumb\":{\"@id\":\"https:\/\/deputadotaveirajr.com.br\/index.php\/programa-jovem-potiguar-abre-inscricoes-para-840-vagas-em-cursos-de-formacao-no-rn-veja-oportunidades\/#breadcrumb\"},\"inLanguage\":\"pt-BR\",\"potentialAction\":[{\"@type\":\"ReadAction\",\"target\":[\"https:\/\/deputadotaveirajr.com.br\/index.php\/programa-jovem-potiguar-abre-inscricoes-para-840-vagas-em-cursos-de-formacao-no-rn-veja-oportunidades\/\"]}]},{\"@type\":\"ImageObject\",\"inLanguage\":\"pt-BR\",\"@id\":\"https:\/\/deputadotaveirajr.com.br\/index.php\/programa-jovem-potiguar-abre-inscricoes-para-840-vagas-em-cursos-de-formacao-no-rn-veja-oportunidades\/#primaryimage\",\"url\":\"https:\/\/deputadotaveirajr.com.br\/wp-content\/uploads\/2025\/02\/whatsapp-image-2020-12-05-at-16.00.13-aDe3IJ.jpeg\",\"contentUrl\":\"https:\/\/deputadotaveirajr.com.br\/wp-content\/uploads\/2025\/02\/whatsapp-image-2020-12-05-at-16.00.13-aDe3IJ.jpeg\",\"width\":1152,\"height\":648},{\"@type\":\"BreadcrumbList\",\"@id\":\"https:\/\/deputadotaveirajr.com.br\/index.php\/programa-jovem-potiguar-abre-inscricoes-para-840-vagas-em-cursos-de-formacao-no-rn-veja-oportunidades\/#breadcrumb\",\"itemListElement\":[{\"@type\":\"ListItem\",\"position\":1,\"name\":\"In\u00edcio\",\"item\":\"https:\/\/deputadotaveirajr.com.br\/\"},{\"@type\":\"ListItem\",\"position\":2,\"name\":\"Programa Jovem Potiguar abre inscri\u00e7\u00f5es para 840 vagas em cursos de forma\u00e7\u00e3o no RN; veja oportunidades\"}]},{\"@type\":\"WebSite\",\"@id\":\"https:\/\/deputadotaveirajr.com.br\/#website\",\"url\":\"https:\/\/deputadotaveirajr.com.br\/\",\"name\":\"Taveira Jr\",\"description\":\"Deputado Estadual\",\"publisher\":{\"@id\":\"https:\/\/deputadotaveirajr.com.br\/#organization\"},\"potentialAction\":[{\"@type\":\"SearchAction\",\"target\":{\"@type\":\"EntryPoint\",\"urlTemplate\":\"https:\/\/deputadotaveirajr.com.br\/?s={search_term_string}\"},\"query-input\":{\"@type\":\"PropertyValueSpecification\",\"valueRequired\":true,\"valueName\":\"search_term_string\"}}],\"inLanguage\":\"pt-BR\"},{\"@type\":\"Organization\",\"@id\":\"https:\/\/deputadotaveirajr.com.br\/#organization\",\"name\":\"Taveira Jr\",\"url\":\"https:\/\/deputadotaveirajr.com.br\/\",\"logo\":{\"@type\":\"ImageObject\",\"inLanguage\":\"pt-BR\",\"@id\":\"https:\/\/deputadotaveirajr.com.br\/#\/schema\/logo\/image\/\",\"url\":\"https:\/\/deputadotaveirajr.com.br\/wp-content\/uploads\/2026\/01\/logolow2a.png\",\"contentUrl\":\"https:\/\/deputadotaveirajr.com.br\/wp-content\/uploads\/2026\/01\/logolow2a.png\",\"width\":290,\"height\":80,\"caption\":\"Taveira Jr\"},\"image\":{\"@id\":\"https:\/\/deputadotaveirajr.com.br\/#\/schema\/logo\/image\/\"}}]}<\/script>\n<!-- \/ Yoast SEO plugin. -->","yoast_head_json":{"title":"Programa Jovem Potiguar abre inscri\u00e7\u00f5es para 840 vagas em cursos de forma\u00e7\u00e3o no RN; veja oportunidades - Taveira Jr","robots":{"index":"index","follow":"follow","max-snippet":"max-snippet:-1","max-image-preview":"max-image-preview:large","max-video-preview":"max-video-preview:-1"},"canonical":"https:\/\/deputadotaveirajr.com.br\/index.php\/programa-jovem-potiguar-abre-inscricoes-para-840-vagas-em-cursos-de-formacao-no-rn-veja-oportunidades\/","og_locale":"pt_BR","og_type":"article","og_title":"Programa Jovem Potiguar abre inscri\u00e7\u00f5es para 840 vagas em cursos de forma\u00e7\u00e3o no RN; veja oportunidades - Taveira Jr","og_description":"Vagas s\u00e3o para pessoas entre 16 e 35 anos em 13 cidades do estado. Projeto \u00e9 parceria do IFRN com Minist\u00e9rio do Trabalho e Emprego e governo do RN. IFRN ...","og_url":"https:\/\/deputadotaveirajr.com.br\/index.php\/programa-jovem-potiguar-abre-inscricoes-para-840-vagas-em-cursos-de-formacao-no-rn-veja-oportunidades\/","og_site_name":"Taveira Jr","og_image":[{"url":"https:\/\/s2-g1.glbimg.com\/ETlwr9k-oYTZ7K5kXJmTvFXTufs=\/i.s3.glbimg.com\/v1\/AUTH_59edd422c0c84a879bd37670ae4f538a\/internal_photos\/bs\/2020\/1\/B\/9RUBo2QNaagW1T53Vdkg\/whatsapp-image-2020-12-05-at-16.00.13.jpeg","type":"","width":"","height":""}],"twitter_card":"summary_large_image","twitter_misc":{"Est. tempo de leitura":"3 minutos"},"schema":{"@context":"https:\/\/schema.org","@graph":[{"@type":"WebPage","@id":"https:\/\/deputadotaveirajr.com.br\/index.php\/programa-jovem-potiguar-abre-inscricoes-para-840-vagas-em-cursos-de-formacao-no-rn-veja-oportunidades\/","url":"https:\/\/deputadotaveirajr.com.br\/index.php\/programa-jovem-potiguar-abre-inscricoes-para-840-vagas-em-cursos-de-formacao-no-rn-veja-oportunidades\/","name":"Programa Jovem Potiguar abre inscri\u00e7\u00f5es para 840 vagas em cursos de forma\u00e7\u00e3o no RN; veja oportunidades - Taveira Jr","isPartOf":{"@id":"https:\/\/deputadotaveirajr.com.br\/#website"},"primaryImageOfPage":{"@id":"https:\/\/deputadotaveirajr.com.br\/index.php\/programa-jovem-potiguar-abre-inscricoes-para-840-vagas-em-cursos-de-formacao-no-rn-veja-oportunidades\/#primaryimage"},"image":{"@id":"https:\/\/deputadotaveirajr.com.br\/index.php\/programa-jovem-potiguar-abre-inscricoes-para-840-vagas-em-cursos-de-formacao-no-rn-veja-oportunidades\/#primaryimage"},"thumbnailUrl":"https:\/\/deputadotaveirajr.com.br\/wp-content\/uploads\/2025\/02\/whatsapp-image-2020-12-05-at-16.00.13-aDe3IJ.jpeg","datePublished":"2025-02-19T19:16:37+00:00","breadcrumb":{"@id":"https:\/\/deputadotaveirajr.com.br\/index.php\/programa-jovem-potiguar-abre-inscricoes-para-840-vagas-em-cursos-de-formacao-no-rn-veja-oportunidades\/#breadcrumb"},"inLanguage":"pt-BR","potentialAction":[{"@type":"ReadAction","target":["https:\/\/deputadotaveirajr.com.br\/index.php\/programa-jovem-potiguar-abre-inscricoes-para-840-vagas-em-cursos-de-formacao-no-rn-veja-oportunidades\/"]}]},{"@type":"ImageObject","inLanguage":"pt-BR","@id":"https:\/\/deputadotaveirajr.com.br\/index.php\/programa-jovem-potiguar-abre-inscricoes-para-840-vagas-em-cursos-de-formacao-no-rn-veja-oportunidades\/#primaryimage","url":"https:\/\/deputadotaveirajr.com.br\/wp-content\/uploads\/2025\/02\/whatsapp-image-2020-12-05-at-16.00.13-aDe3IJ.jpeg","contentUrl":"https:\/\/deputadotaveirajr.com.br\/wp-content\/uploads\/2025\/02\/whatsapp-image-2020-12-05-at-16.00.13-aDe3IJ.jpeg","width":1152,"height":648},{"@type":"BreadcrumbList","@id":"https:\/\/deputadotaveirajr.com.br\/index.php\/programa-jovem-potiguar-abre-inscricoes-para-840-vagas-em-cursos-de-formacao-no-rn-veja-oportunidades\/#breadcrumb","itemListElement":[{"@type":"ListItem","position":1,"name":"In\u00edcio","item":"https:\/\/deputadotaveirajr.com.br\/"},{"@type":"ListItem","position":2,"name":"Programa Jovem Potiguar abre inscri\u00e7\u00f5es para 840 vagas em cursos de forma\u00e7\u00e3o no RN; veja oportunidades"}]},{"@type":"WebSite","@id":"https:\/\/deputadotaveirajr.com.br\/#website","url":"https:\/\/deputadotaveirajr.com.br\/","name":"Taveira Jr","description":"Deputado Estadual","publisher":{"@id":"https:\/\/deputadotaveirajr.com.br\/#organization"},"potentialAction":[{"@type":"SearchAction","target":{"@type":"EntryPoint","urlTemplate":"https:\/\/deputadotaveirajr.com.br\/?s={search_term_string}"},"query-input":{"@type":"PropertyValueSpecification","valueRequired":true,"valueName":"search_term_string"}}],"inLanguage":"pt-BR"},{"@type":"Organization","@id":"https:\/\/deputadotaveirajr.com.br\/#organization","name":"Taveira Jr","url":"https:\/\/deputadotaveirajr.com.br\/","logo":{"@type":"ImageObject","inLanguage":"pt-BR","@id":"https:\/\/deputadotaveirajr.com.br\/#\/schema\/logo\/image\/","url":"https:\/\/deputadotaveirajr.com.br\/wp-content\/uploads\/2026\/01\/logolow2a.png","contentUrl":"https:\/\/deputadotaveirajr.com.br\/wp-content\/uploads\/2026\/01\/logolow2a.png","width":290,"height":80,"caption":"Taveira Jr"},"image":{"@id":"https:\/\/deputadotaveirajr.com.br\/#\/schema\/logo\/image\/"}}]}},"_links":{"self":[{"href":"https:\/\/deputadotaveirajr.com.br\/index.php\/wp-json\/wp\/v2\/pages\/12299","targetHints":{"allow":["GET"]}}],"collection":[{"href":"https:\/\/deputadotaveirajr.com.br\/index.php\/wp-json\/wp\/v2\/pages"}],"about":[{"href":"https:\/\/deputadotaveirajr.com.br\/index.php\/wp-json\/wp\/v2\/types\/page"}],"replies":[{"embeddable":true,"href":"https:\/\/deputadotaveirajr.com.br\/index.php\/wp-json\/wp\/v2\/comments?post=12299"}],"version-history":[{"count":0,"href":"https:\/\/deputadotaveirajr.com.br\/index.php\/wp-json\/wp\/v2\/pages\/12299\/revisions"}],"wp:featuredmedia":[{"embeddable":true,"href":"https:\/\/deputadotaveirajr.com.br\/index.php\/wp-json\/wp\/v2\/media\/12300"}],"wp:attachment":[{"href":"https:\/\/deputadotaveirajr.com.br\/index.php\/wp-json\/wp\/v2\/media?parent=12299"}],"curies":[{"name":"wp","href":"https:\/\/api.w.org\/{rel}","templated":true}]}}