{"id":12432,"date":"2025-02-23T11:23:20","date_gmt":"2025-02-23T14:23:20","guid":{"rendered":"https:\/\/deputadotaveirajr.com.br\/index.php\/rn-inicia-novo-periodo-de-defeso-de-caranguejos-e-lagostas-captura-e-comercializacao-ficam-proibidas\/"},"modified":"2025-02-23T11:23:20","modified_gmt":"2025-02-23T14:23:20","slug":"rn-inicia-novo-periodo-de-defeso-de-caranguejos-e-lagostas-captura-e-comercializacao-ficam-proibidas","status":"publish","type":"page","link":"https:\/\/deputadotaveirajr.com.br\/index.php\/rn-inicia-novo-periodo-de-defeso-de-caranguejos-e-lagostas-captura-e-comercializacao-ficam-proibidas\/","title":{"rendered":"RN inicia novo per\u00edodo de defeso de caranguejos e lagostas; captura e comercializa\u00e7\u00e3o ficam proibidas"},"content":{"rendered":"<p><img decoding=\"async\" src=\"https:\/\/s2-g1.glbimg.com\/XAV0C9Oh108YmZW1F2SKV3e6JUQ=\/i.s3.glbimg.com\/v1\/AUTH_59edd422c0c84a879bd37670ae4f538a\/internal_photos\/bs\/2023\/S\/O\/kfFWrNSt6CELbyFIE11Q\/whatsapp-image-2023-01-24-at-09.04.54.jpeg\" \/><br \/>     Per\u00edodo &#8211; dividido em cinco etapas at\u00e9 abril deste ano no Brasil &#8211; \u00e9 para proteger acasalamento das esp\u00e9cies. Para venda \u00e9 necess\u00e1rio declarar estoque ao Ibama de forma antecipada. :<br \/>\nCome\u00e7a pr\u00f3xima quinta per\u00edodo de defeso da lagosta e do caranguejo u\u00e7a<br \/>\nUm novo per\u00edodo de defeso do caranguejo-u\u00e7a e da lagosta come\u00e7a na pr\u00f3xima quinta-feira (27) e segue at\u00e9 o dia 4 de mar\u00e7o em todo o Rio Grande do Norte, seguindo uma determina\u00e7\u00e3o do Instituto Brasileiro do Meio Ambiente e dos Recursos Naturais Renov\u00e1veis (Ibama). A medida vale ainda para outros estado do Brasil, como Cear\u00e1, Para\u00edba, Maranh\u00e3o e Bahia, por exemplo.<br \/>\nNo per\u00edodo de defeso, est\u00e3o proibidos o transporte, a captura, o beneficiamento, a industrializa\u00e7\u00e3o e a comercializa\u00e7\u00e3o dessas esp\u00e9cies.<br \/>\n\ud83d\udcf3Participe do canal do g1 RN no WhatsApp<br \/>\nAo todo, s\u00e3o cinco per\u00edodos de defeso &#8211; tendo o primeiro sido iniciado em novembro do ano passado e \u00faltimo previsto para abril de 2025.<br \/>\nDe acordo com o superintendente do Ibama no Rio Grande do Norte, Rivaldo Fernandes, a inten\u00e7\u00e3o do per\u00edodo de defeso \u00e9 proteger o per\u00edodo de acasalamento do caranguejo-u\u00e7\u00e1.<br \/>\n&#8220;Esse per\u00edodo agora do defeso a gente chama de &#8216;andada&#8217;. Ent\u00e3o, eles [os caranguejos] saem das tocas e v\u00e3o soltar os ovos e acasalarem. Nesse momento a gente tem que defend\u00ea-los para as pr\u00f3ximas gera\u00e7\u00f5es&#8221;, explicou.<br \/>\nPara ele, respeitar esse per\u00edodo \u00e9 importante para preservar as esp\u00e9cies e tamb\u00e9m tem import\u00e2ncia socioecon\u00f4mica, j\u00e1 que muitas fam\u00edlias vivem da captura e venda das esp\u00e9cies.<br \/>\n&#8220;Porque daqui a pouco voc\u00ea n\u00e3o vai poder comer seu caranguejo e nem as comunidades de pesqueiros v\u00e3o poder sobreviver. Essa \u00e9 nossa fun\u00e7\u00e3o, \u00e9 a lei&#8221;, falou.<br \/>\nEmpresas e comerciantes que lidam com o caranguejo-u\u00e7\u00e1 devem declarar seus estoques ao Ibama antes do in\u00edcio de cada per\u00edodo de defeso. Apenas os estoques declarados podem ser comercializados durante esse per\u00edodo, desde que comprovada a origem.<br \/>\nUm dos principais trechos preservados pelo per\u00edodo do defeso do caranguejo-u\u00e7\u00e1 no Rio Grande do Norte fica, segundo o pesquisador Alexandre Marques, na cidade de Porto do Mangue, que conta com um manguezal importante.<br \/>\n&#8220;S\u00e3o organismos que apresentam uma import\u00e2ncia tamb\u00e9m muito grande para as popula\u00e7\u00f5es ribeirinhas. Muitas das vezes na comercializa\u00e7\u00e3o entre eles, no pr\u00f3prio consumo dessas comunidades de pequenos portes&#8221;, explicou.<br \/>\n&#8220;Porto do Mangue tem um manguezal bem extenso, \u00e9 um produtor desse recurso e tem uma import\u00e2ncia tamb\u00e9m na comercializa\u00e7\u00e3o&#8221;, completou.<br \/>\nCaranguejo-u\u00e7\u00e1 durante as &#8220;andadas&#8221;<br \/>\nRenata de Brito\/Idema\/ARQUIVO<br \/>\nLagosta: mais de 4 toneladas apreendidas no RN<br \/>\nO per\u00edodo de defeso do caranguejo-u\u00e7\u00e1 tamb\u00e9m vale para as lagostas.<br \/>\nSegundo o Ibama, entre novembro do ano passado e o in\u00edcio deste m\u00eas de fevereiro, cerca de 4,7 toneladas de lagostas e de pescados amea\u00e7ados de extin\u00e7\u00e3o em situa\u00e7\u00e3o irregular foram apreendidos no Rio Grande do Norte.<br \/>\nForam apreendidos neste per\u00edodo lagostas mi\u00fadas e ovadas, al\u00e9m de esp\u00e9cies amea\u00e7adas de extin\u00e7\u00e3o como agulh\u00f5es e goiamuns. Foram apreendidos ainda caranguejos e atuns sem origem comprovada.<br \/>\nOs estabelecimentos comerciais que vendiam esses animais neste per\u00edodo foram multados e respondem administrativamente e por crime ambiental. A multa pode chegar a R$ 5 mil.<br \/>\n\ud83d\udcde Den\u00fancia sobre infra\u00e7\u00f5es podem ser feitas diretamente ao Ibama, por meio do contato do Disque Den\u00fancia: 0800-061-8080.<br \/>\nLagostas apreendidas no per\u00edodo de defeso no RN<br \/>\nDivulga\u00e7\u00e3o<br \/>\nV\u00eddeos mais assistidos do g1 RN<\/p>","protected":false},"excerpt":{"rendered":"<p>Per\u00edodo &#8211; dividido em cinco etapas at\u00e9 abril deste ano no Brasil &#8211; \u00e9 para proteger acasalamento das esp\u00e9cies. Para venda \u00e9 necess\u00e1rio declarar estoque ao Ibama de forma antecipada. &#8230;<\/p>\n","protected":false},"author":0,"featured_media":12433,"parent":0,"menu_order":0,"comment_status":"closed","ping_status":"closed","template":"","meta":{"footnotes":""},"class_list":["post-12432","page","type-page","status-publish","has-post-thumbnail","hentry"],"yoast_head":"<!-- This site is optimized with the Yoast SEO plugin v27.1.1 - https:\/\/yoast.com\/product\/yoast-seo-wordpress\/ -->\n<title>RN inicia novo per\u00edodo de defeso de caranguejos e lagostas; captura e comercializa\u00e7\u00e3o ficam proibidas - Taveira Jr<\/title>\n<meta name=\"robots\" content=\"index, follow, max-snippet:-1, max-image-preview:large, max-video-preview:-1\" \/>\n<link rel=\"canonical\" href=\"https:\/\/deputadotaveirajr.com.br\/index.php\/rn-inicia-novo-periodo-de-defeso-de-caranguejos-e-lagostas-captura-e-comercializacao-ficam-proibidas\/\" \/>\n<meta property=\"og:locale\" content=\"pt_BR\" \/>\n<meta property=\"og:type\" content=\"article\" \/>\n<meta property=\"og:title\" content=\"RN inicia novo per\u00edodo de defeso de caranguejos e lagostas; captura e comercializa\u00e7\u00e3o ficam proibidas - Taveira Jr\" \/>\n<meta property=\"og:description\" content=\"Per\u00edodo &#8211; dividido em cinco etapas at\u00e9 abril deste ano no Brasil &#8211; \u00e9 para proteger acasalamento das esp\u00e9cies. Para venda \u00e9 necess\u00e1rio declarar estoque ao Ibama de forma antecipada. ...\" \/>\n<meta property=\"og:url\" content=\"https:\/\/deputadotaveirajr.com.br\/index.php\/rn-inicia-novo-periodo-de-defeso-de-caranguejos-e-lagostas-captura-e-comercializacao-ficam-proibidas\/\" \/>\n<meta property=\"og:site_name\" content=\"Taveira Jr\" \/>\n<meta property=\"og:image\" content=\"https:\/\/s2-g1.glbimg.com\/XAV0C9Oh108YmZW1F2SKV3e6JUQ=\/i.s3.glbimg.com\/v1\/AUTH_59edd422c0c84a879bd37670ae4f538a\/internal_photos\/bs\/2023\/S\/O\/kfFWrNSt6CELbyFIE11Q\/whatsapp-image-2023-01-24-at-09.04.54.jpeg\" \/>\n<meta name=\"twitter:card\" content=\"summary_large_image\" \/>\n<meta name=\"twitter:label1\" content=\"Est. tempo de leitura\" \/>\n\t<meta name=\"twitter:data1\" content=\"3 minutos\" \/>\n<script type=\"application\/ld+json\" class=\"yoast-schema-graph\">{\"@context\":\"https:\/\/schema.org\",\"@graph\":[{\"@type\":\"WebPage\",\"@id\":\"https:\/\/deputadotaveirajr.com.br\/index.php\/rn-inicia-novo-periodo-de-defeso-de-caranguejos-e-lagostas-captura-e-comercializacao-ficam-proibidas\/\",\"url\":\"https:\/\/deputadotaveirajr.com.br\/index.php\/rn-inicia-novo-periodo-de-defeso-de-caranguejos-e-lagostas-captura-e-comercializacao-ficam-proibidas\/\",\"name\":\"RN inicia novo per\u00edodo de defeso de caranguejos e lagostas; captura e comercializa\u00e7\u00e3o ficam proibidas - Taveira Jr\",\"isPartOf\":{\"@id\":\"https:\/\/deputadotaveirajr.com.br\/#website\"},\"primaryImageOfPage\":{\"@id\":\"https:\/\/deputadotaveirajr.com.br\/index.php\/rn-inicia-novo-periodo-de-defeso-de-caranguejos-e-lagostas-captura-e-comercializacao-ficam-proibidas\/#primaryimage\"},\"image\":{\"@id\":\"https:\/\/deputadotaveirajr.com.br\/index.php\/rn-inicia-novo-periodo-de-defeso-de-caranguejos-e-lagostas-captura-e-comercializacao-ficam-proibidas\/#primaryimage\"},\"thumbnailUrl\":\"https:\/\/deputadotaveirajr.com.br\/wp-content\/uploads\/2025\/02\/whatsapp-image-2023-01-24-at-09.04.54-L7dcQu.jpeg\",\"datePublished\":\"2025-02-23T14:23:20+00:00\",\"breadcrumb\":{\"@id\":\"https:\/\/deputadotaveirajr.com.br\/index.php\/rn-inicia-novo-periodo-de-defeso-de-caranguejos-e-lagostas-captura-e-comercializacao-ficam-proibidas\/#breadcrumb\"},\"inLanguage\":\"pt-BR\",\"potentialAction\":[{\"@type\":\"ReadAction\",\"target\":[\"https:\/\/deputadotaveirajr.com.br\/index.php\/rn-inicia-novo-periodo-de-defeso-de-caranguejos-e-lagostas-captura-e-comercializacao-ficam-proibidas\/\"]}]},{\"@type\":\"ImageObject\",\"inLanguage\":\"pt-BR\",\"@id\":\"https:\/\/deputadotaveirajr.com.br\/index.php\/rn-inicia-novo-periodo-de-defeso-de-caranguejos-e-lagostas-captura-e-comercializacao-ficam-proibidas\/#primaryimage\",\"url\":\"https:\/\/deputadotaveirajr.com.br\/wp-content\/uploads\/2025\/02\/whatsapp-image-2023-01-24-at-09.04.54-L7dcQu.jpeg\",\"contentUrl\":\"https:\/\/deputadotaveirajr.com.br\/wp-content\/uploads\/2025\/02\/whatsapp-image-2023-01-24-at-09.04.54-L7dcQu.jpeg\",\"width\":1200,\"height\":800},{\"@type\":\"BreadcrumbList\",\"@id\":\"https:\/\/deputadotaveirajr.com.br\/index.php\/rn-inicia-novo-periodo-de-defeso-de-caranguejos-e-lagostas-captura-e-comercializacao-ficam-proibidas\/#breadcrumb\",\"itemListElement\":[{\"@type\":\"ListItem\",\"position\":1,\"name\":\"In\u00edcio\",\"item\":\"https:\/\/deputadotaveirajr.com.br\/\"},{\"@type\":\"ListItem\",\"position\":2,\"name\":\"RN inicia novo per\u00edodo de defeso de caranguejos e lagostas; captura e comercializa\u00e7\u00e3o ficam proibidas\"}]},{\"@type\":\"WebSite\",\"@id\":\"https:\/\/deputadotaveirajr.com.br\/#website\",\"url\":\"https:\/\/deputadotaveirajr.com.br\/\",\"name\":\"Taveira Jr\",\"description\":\"Deputado Estadual\",\"publisher\":{\"@id\":\"https:\/\/deputadotaveirajr.com.br\/#organization\"},\"potentialAction\":[{\"@type\":\"SearchAction\",\"target\":{\"@type\":\"EntryPoint\",\"urlTemplate\":\"https:\/\/deputadotaveirajr.com.br\/?s={search_term_string}\"},\"query-input\":{\"@type\":\"PropertyValueSpecification\",\"valueRequired\":true,\"valueName\":\"search_term_string\"}}],\"inLanguage\":\"pt-BR\"},{\"@type\":\"Organization\",\"@id\":\"https:\/\/deputadotaveirajr.com.br\/#organization\",\"name\":\"Taveira Jr\",\"url\":\"https:\/\/deputadotaveirajr.com.br\/\",\"logo\":{\"@type\":\"ImageObject\",\"inLanguage\":\"pt-BR\",\"@id\":\"https:\/\/deputadotaveirajr.com.br\/#\/schema\/logo\/image\/\",\"url\":\"https:\/\/deputadotaveirajr.com.br\/wp-content\/uploads\/2026\/01\/logolow2a.png\",\"contentUrl\":\"https:\/\/deputadotaveirajr.com.br\/wp-content\/uploads\/2026\/01\/logolow2a.png\",\"width\":290,\"height\":80,\"caption\":\"Taveira Jr\"},\"image\":{\"@id\":\"https:\/\/deputadotaveirajr.com.br\/#\/schema\/logo\/image\/\"}}]}<\/script>\n<!-- \/ Yoast SEO plugin. -->","yoast_head_json":{"title":"RN inicia novo per\u00edodo de defeso de caranguejos e lagostas; captura e comercializa\u00e7\u00e3o ficam proibidas - Taveira Jr","robots":{"index":"index","follow":"follow","max-snippet":"max-snippet:-1","max-image-preview":"max-image-preview:large","max-video-preview":"max-video-preview:-1"},"canonical":"https:\/\/deputadotaveirajr.com.br\/index.php\/rn-inicia-novo-periodo-de-defeso-de-caranguejos-e-lagostas-captura-e-comercializacao-ficam-proibidas\/","og_locale":"pt_BR","og_type":"article","og_title":"RN inicia novo per\u00edodo de defeso de caranguejos e lagostas; captura e comercializa\u00e7\u00e3o ficam proibidas - Taveira Jr","og_description":"Per\u00edodo &#8211; dividido em cinco etapas at\u00e9 abril deste ano no Brasil &#8211; \u00e9 para proteger acasalamento das esp\u00e9cies. Para venda \u00e9 necess\u00e1rio declarar estoque ao Ibama de forma antecipada. ...","og_url":"https:\/\/deputadotaveirajr.com.br\/index.php\/rn-inicia-novo-periodo-de-defeso-de-caranguejos-e-lagostas-captura-e-comercializacao-ficam-proibidas\/","og_site_name":"Taveira Jr","og_image":[{"url":"https:\/\/s2-g1.glbimg.com\/XAV0C9Oh108YmZW1F2SKV3e6JUQ=\/i.s3.glbimg.com\/v1\/AUTH_59edd422c0c84a879bd37670ae4f538a\/internal_photos\/bs\/2023\/S\/O\/kfFWrNSt6CELbyFIE11Q\/whatsapp-image-2023-01-24-at-09.04.54.jpeg","type":"","width":"","height":""}],"twitter_card":"summary_large_image","twitter_misc":{"Est. tempo de leitura":"3 minutos"},"schema":{"@context":"https:\/\/schema.org","@graph":[{"@type":"WebPage","@id":"https:\/\/deputadotaveirajr.com.br\/index.php\/rn-inicia-novo-periodo-de-defeso-de-caranguejos-e-lagostas-captura-e-comercializacao-ficam-proibidas\/","url":"https:\/\/deputadotaveirajr.com.br\/index.php\/rn-inicia-novo-periodo-de-defeso-de-caranguejos-e-lagostas-captura-e-comercializacao-ficam-proibidas\/","name":"RN inicia novo per\u00edodo de defeso de caranguejos e lagostas; captura e comercializa\u00e7\u00e3o ficam proibidas - Taveira Jr","isPartOf":{"@id":"https:\/\/deputadotaveirajr.com.br\/#website"},"primaryImageOfPage":{"@id":"https:\/\/deputadotaveirajr.com.br\/index.php\/rn-inicia-novo-periodo-de-defeso-de-caranguejos-e-lagostas-captura-e-comercializacao-ficam-proibidas\/#primaryimage"},"image":{"@id":"https:\/\/deputadotaveirajr.com.br\/index.php\/rn-inicia-novo-periodo-de-defeso-de-caranguejos-e-lagostas-captura-e-comercializacao-ficam-proibidas\/#primaryimage"},"thumbnailUrl":"https:\/\/deputadotaveirajr.com.br\/wp-content\/uploads\/2025\/02\/whatsapp-image-2023-01-24-at-09.04.54-L7dcQu.jpeg","datePublished":"2025-02-23T14:23:20+00:00","breadcrumb":{"@id":"https:\/\/deputadotaveirajr.com.br\/index.php\/rn-inicia-novo-periodo-de-defeso-de-caranguejos-e-lagostas-captura-e-comercializacao-ficam-proibidas\/#breadcrumb"},"inLanguage":"pt-BR","potentialAction":[{"@type":"ReadAction","target":["https:\/\/deputadotaveirajr.com.br\/index.php\/rn-inicia-novo-periodo-de-defeso-de-caranguejos-e-lagostas-captura-e-comercializacao-ficam-proibidas\/"]}]},{"@type":"ImageObject","inLanguage":"pt-BR","@id":"https:\/\/deputadotaveirajr.com.br\/index.php\/rn-inicia-novo-periodo-de-defeso-de-caranguejos-e-lagostas-captura-e-comercializacao-ficam-proibidas\/#primaryimage","url":"https:\/\/deputadotaveirajr.com.br\/wp-content\/uploads\/2025\/02\/whatsapp-image-2023-01-24-at-09.04.54-L7dcQu.jpeg","contentUrl":"https:\/\/deputadotaveirajr.com.br\/wp-content\/uploads\/2025\/02\/whatsapp-image-2023-01-24-at-09.04.54-L7dcQu.jpeg","width":1200,"height":800},{"@type":"BreadcrumbList","@id":"https:\/\/deputadotaveirajr.com.br\/index.php\/rn-inicia-novo-periodo-de-defeso-de-caranguejos-e-lagostas-captura-e-comercializacao-ficam-proibidas\/#breadcrumb","itemListElement":[{"@type":"ListItem","position":1,"name":"In\u00edcio","item":"https:\/\/deputadotaveirajr.com.br\/"},{"@type":"ListItem","position":2,"name":"RN inicia novo per\u00edodo de defeso de caranguejos e lagostas; captura e comercializa\u00e7\u00e3o ficam proibidas"}]},{"@type":"WebSite","@id":"https:\/\/deputadotaveirajr.com.br\/#website","url":"https:\/\/deputadotaveirajr.com.br\/","name":"Taveira Jr","description":"Deputado Estadual","publisher":{"@id":"https:\/\/deputadotaveirajr.com.br\/#organization"},"potentialAction":[{"@type":"SearchAction","target":{"@type":"EntryPoint","urlTemplate":"https:\/\/deputadotaveirajr.com.br\/?s={search_term_string}"},"query-input":{"@type":"PropertyValueSpecification","valueRequired":true,"valueName":"search_term_string"}}],"inLanguage":"pt-BR"},{"@type":"Organization","@id":"https:\/\/deputadotaveirajr.com.br\/#organization","name":"Taveira Jr","url":"https:\/\/deputadotaveirajr.com.br\/","logo":{"@type":"ImageObject","inLanguage":"pt-BR","@id":"https:\/\/deputadotaveirajr.com.br\/#\/schema\/logo\/image\/","url":"https:\/\/deputadotaveirajr.com.br\/wp-content\/uploads\/2026\/01\/logolow2a.png","contentUrl":"https:\/\/deputadotaveirajr.com.br\/wp-content\/uploads\/2026\/01\/logolow2a.png","width":290,"height":80,"caption":"Taveira Jr"},"image":{"@id":"https:\/\/deputadotaveirajr.com.br\/#\/schema\/logo\/image\/"}}]}},"_links":{"self":[{"href":"https:\/\/deputadotaveirajr.com.br\/index.php\/wp-json\/wp\/v2\/pages\/12432","targetHints":{"allow":["GET"]}}],"collection":[{"href":"https:\/\/deputadotaveirajr.com.br\/index.php\/wp-json\/wp\/v2\/pages"}],"about":[{"href":"https:\/\/deputadotaveirajr.com.br\/index.php\/wp-json\/wp\/v2\/types\/page"}],"replies":[{"embeddable":true,"href":"https:\/\/deputadotaveirajr.com.br\/index.php\/wp-json\/wp\/v2\/comments?post=12432"}],"version-history":[{"count":0,"href":"https:\/\/deputadotaveirajr.com.br\/index.php\/wp-json\/wp\/v2\/pages\/12432\/revisions"}],"wp:featuredmedia":[{"embeddable":true,"href":"https:\/\/deputadotaveirajr.com.br\/index.php\/wp-json\/wp\/v2\/media\/12433"}],"wp:attachment":[{"href":"https:\/\/deputadotaveirajr.com.br\/index.php\/wp-json\/wp\/v2\/media?parent=12432"}],"curies":[{"name":"wp","href":"https:\/\/api.w.org\/{rel}","templated":true}]}}