{"id":12504,"date":"2025-03-05T10:57:49","date_gmt":"2025-03-05T13:57:49","guid":{"rendered":"https:\/\/deputadotaveirajr.com.br\/index.php\/ministerio-do-meio-ambiente-publica-calendario-de-emergencia-por-risco-de-incendios-florestais-em-regioes-do-rn\/"},"modified":"2025-03-05T10:57:49","modified_gmt":"2025-03-05T13:57:49","slug":"ministerio-do-meio-ambiente-publica-calendario-de-emergencia-por-risco-de-incendios-florestais-em-regioes-do-rn","status":"publish","type":"page","link":"https:\/\/deputadotaveirajr.com.br\/index.php\/ministerio-do-meio-ambiente-publica-calendario-de-emergencia-por-risco-de-incendios-florestais-em-regioes-do-rn\/","title":{"rendered":"Minist\u00e9rio do Meio Ambiente publica &#8216;calend\u00e1rio&#8217; de emerg\u00eancia por risco de inc\u00eandios florestais em regi\u00f5es do RN"},"content":{"rendered":"<p><img decoding=\"async\" src=\"https:\/\/s2-g1.glbimg.com\/k52Sp11YK8PO7eOpofpnVEBpDtE=\/i.s3.glbimg.com\/v1\/AUTH_59edd422c0c84a879bd37670ae4f538a\/internal_photos\/bs\/2024\/8\/r\/G856h0SBySviB3l19oUQ\/whatsapp-image-2024-09-10-at-21.37.12-1-.jpeg\" \/><br \/>     Oficializa\u00e7\u00e3o de emerg\u00eancia ambiental vai valer, no estado, entre o segundo semestre de 2025 e in\u00edcio de 2026. Segundo governo federal, medida deve facilitar contrata\u00e7\u00e3o emergencial de brigadistas federais. Bombeiros do RN comba inc\u00eandio florestal em setembro de 2024 (Arquivo)<br \/>\nCorpo de Bombeiros\/Divulga\u00e7\u00e3o<br \/>\nMinist\u00e9rio do Meio Ambiente e Mudan\u00e7a do Clima (MMA) publicou uma portaria que declara emerg\u00eancia ambiental por risco de inc\u00eandios florestais nas quatro mesorregi\u00f5es do Rio Grande do Norte, em \u00e9pocas espec\u00edficas, entre o segundo semestre de 2025 e o in\u00edcio de 2026.<br \/>\n Agreste Potiguar, de agosto de 2025 a janeiro de 2026;<br \/>\nCentral Potiguar, de agosto de 2025 a fevereiro de 2026;<br \/>\nLeste Potiguar, de agosto de 2025 a mar\u00e7o de 2026;<br \/>\nOeste Potiguar, de julho de 2025 a fevereiro de 2026.<br \/>\nA portaria faz parte a\u00e7\u00f5es para preven\u00e7\u00e3o e combate a inc\u00eandios no Brasil em 2025. O documento aponta \u00e1reas vulner\u00e1veis a inc\u00eandios em todo o pa\u00eds e os per\u00edodos de maior risco para viabilizar a contrata\u00e7\u00e3o emergencial de brigadistas federais.<br \/>\n\ud83d\udcf3Participe do canal do g1 RN no WhatsApp<br \/>\nSegundo o governo federal, a medida tamb\u00e9m busca estabelecer par\u00e2metros para a defini\u00e7\u00e3o de prioridades de a\u00e7\u00f5es dos estados para preven\u00e7\u00e3o \u00e0s queimadas.<br \/>\nAl\u00e9m da portaria, o Comit\u00ea Nacional de Manejo Integrado do Fogo (Comif) aprovou orienta\u00e7\u00f5es para a elabora\u00e7\u00e3o de Planos de Manejo Integrado do Fogo (PMIF) em diferentes n\u00edveis, do poder p\u00fablico a propriedades rurais, a fim de estabelecer responsabilidades.<br \/>\nA resolu\u00e7\u00e3o torna obrigat\u00f3rio o PMIF para Unidades de Conserva\u00e7\u00e3o consideradas de risco e im\u00f3veis rurais onde ocorrem queimadas controladas para fins agropecu\u00e1rios.<br \/>\nOs estados t\u00eam at\u00e9 dois anos para elaborar seus planos de manejo, que devem abranger todo o territ\u00f3rio ou as regi\u00f5es de maior risco de inc\u00eandios florestais.<br \/>\nMinist\u00e9rio do Meio Ambiente divulga calend\u00e1rio de emerg\u00eancia ambiental no pa\u00eds<br \/>\nMunic\u00edpios e cons\u00f3rcio de munic\u00edpios, territ\u00f3rios ind\u00edgenas e de comunidades tradicionais, sobretudo em \u00e1reas consideradas cr\u00edticas ou priorit\u00e1rias, tamb\u00e9m dever\u00e3o ser estimulados a elaborar seus planos.<br \/>\nOs PMIFs foram institu\u00eddos pela Lei n\u00ba 14.944, que estabelece abordagem planejada e coordenada para que o fogo seja usado de forma controlada e consciente, a fim de prevenir e combater inc\u00eandios.<br \/>\nBrigadas<br \/>\nO planejamento do MMA, Ibama e ICMBio para o enfrentamento aos inc\u00eandios em 2025 envolve o emprego de 231 brigadas florestais federais: 116 brigadas do Ibama, com 2.600 brigadistas, e 115 do ICMBio, com 1.758 brigadistas. A eles se somam 250 servidores efetivos dos dois \u00f3rg\u00e3os, totalizando 4.608 profissionais &#8211; aumento de 25% em rela\u00e7\u00e3o a 2024.<br \/>\nAinda segundo o minist\u00e9rio, ser\u00e3o utilizados nas opera\u00e7\u00f5es preven\u00e7\u00e3o e combate ao fogo 15 helic\u00f3pteros, dois avi\u00f5es de transporte e dez para lan\u00e7amento de \u00e1gua, al\u00e9m de 50 embarca\u00e7\u00f5es.<br \/>\nAs medidas tamb\u00e9m incluem:<br \/>\nAmplia\u00e7\u00e3o do monitoramento di\u00e1rio dos inc\u00eandios das \u00e1reas queimadas para todo o Brasil, em parceria com o Laborat\u00f3rio de Aplica\u00e7\u00f5es de Sat\u00e9lites Ambientais da Universidade Federal do Rio de Janeiro (LASA\/UFRJ);<br \/>\nDesenvolvimento do Sistema de Informa\u00e7\u00f5es sobre Fogo (Sisfogo) para uso dos \u00f3rg\u00e3os p\u00fablicos e sociedade;<br \/>\nSeis novos manuais de preven\u00e7\u00e3o e combate a inc\u00eandios florestais por parte do Ibama;<br \/>\n143 eventos de capacita\u00e7\u00e3o para brigadistas e volunt\u00e1rios;<br \/>\nResgate de fauna afetada pelos inc\u00eandios.<br \/>\nVeja os v\u00eddeos mais assistidos no g1 RN<\/p>","protected":false},"excerpt":{"rendered":"<p>Oficializa\u00e7\u00e3o de emerg\u00eancia ambiental vai valer, no estado, entre o segundo semestre de 2025 e in\u00edcio de 2026. Segundo governo federal, medida deve facilitar contrata\u00e7\u00e3o emergencial de brigadistas federais. Bombeiros &#8230;<\/p>\n","protected":false},"author":0,"featured_media":12505,"parent":0,"menu_order":0,"comment_status":"closed","ping_status":"closed","template":"","meta":{"footnotes":""},"class_list":["post-12504","page","type-page","status-publish","has-post-thumbnail","hentry"],"yoast_head":"<!-- This site is optimized with the Yoast SEO plugin v27.1.1 - https:\/\/yoast.com\/product\/yoast-seo-wordpress\/ -->\n<title>Minist\u00e9rio do Meio Ambiente publica &#039;calend\u00e1rio&#039; de emerg\u00eancia por risco de inc\u00eandios florestais em regi\u00f5es do RN - Taveira Jr<\/title>\n<meta name=\"robots\" content=\"index, follow, max-snippet:-1, max-image-preview:large, max-video-preview:-1\" \/>\n<link rel=\"canonical\" href=\"https:\/\/deputadotaveirajr.com.br\/index.php\/ministerio-do-meio-ambiente-publica-calendario-de-emergencia-por-risco-de-incendios-florestais-em-regioes-do-rn\/\" \/>\n<meta property=\"og:locale\" content=\"pt_BR\" \/>\n<meta property=\"og:type\" content=\"article\" \/>\n<meta property=\"og:title\" content=\"Minist\u00e9rio do Meio Ambiente publica &#039;calend\u00e1rio&#039; de emerg\u00eancia por risco de inc\u00eandios florestais em regi\u00f5es do RN - Taveira Jr\" \/>\n<meta property=\"og:description\" content=\"Oficializa\u00e7\u00e3o de emerg\u00eancia ambiental vai valer, no estado, entre o segundo semestre de 2025 e in\u00edcio de 2026. Segundo governo federal, medida deve facilitar contrata\u00e7\u00e3o emergencial de brigadistas federais. Bombeiros ...\" \/>\n<meta property=\"og:url\" content=\"https:\/\/deputadotaveirajr.com.br\/index.php\/ministerio-do-meio-ambiente-publica-calendario-de-emergencia-por-risco-de-incendios-florestais-em-regioes-do-rn\/\" \/>\n<meta property=\"og:site_name\" content=\"Taveira Jr\" \/>\n<meta property=\"og:image\" content=\"https:\/\/s2-g1.glbimg.com\/k52Sp11YK8PO7eOpofpnVEBpDtE=\/i.s3.glbimg.com\/v1\/AUTH_59edd422c0c84a879bd37670ae4f538a\/internal_photos\/bs\/2024\/8\/r\/G856h0SBySviB3l19oUQ\/whatsapp-image-2024-09-10-at-21.37.12-1-.jpeg\" \/>\n<meta name=\"twitter:card\" content=\"summary_large_image\" \/>\n<meta name=\"twitter:label1\" content=\"Est. tempo de leitura\" \/>\n\t<meta name=\"twitter:data1\" content=\"3 minutos\" \/>\n<script type=\"application\/ld+json\" class=\"yoast-schema-graph\">{\"@context\":\"https:\/\/schema.org\",\"@graph\":[{\"@type\":\"WebPage\",\"@id\":\"https:\/\/deputadotaveirajr.com.br\/index.php\/ministerio-do-meio-ambiente-publica-calendario-de-emergencia-por-risco-de-incendios-florestais-em-regioes-do-rn\/\",\"url\":\"https:\/\/deputadotaveirajr.com.br\/index.php\/ministerio-do-meio-ambiente-publica-calendario-de-emergencia-por-risco-de-incendios-florestais-em-regioes-do-rn\/\",\"name\":\"Minist\u00e9rio do Meio Ambiente publica 'calend\u00e1rio' de emerg\u00eancia por risco de inc\u00eandios florestais em regi\u00f5es do RN - Taveira Jr\",\"isPartOf\":{\"@id\":\"https:\/\/deputadotaveirajr.com.br\/#website\"},\"primaryImageOfPage\":{\"@id\":\"https:\/\/deputadotaveirajr.com.br\/index.php\/ministerio-do-meio-ambiente-publica-calendario-de-emergencia-por-risco-de-incendios-florestais-em-regioes-do-rn\/#primaryimage\"},\"image\":{\"@id\":\"https:\/\/deputadotaveirajr.com.br\/index.php\/ministerio-do-meio-ambiente-publica-calendario-de-emergencia-por-risco-de-incendios-florestais-em-regioes-do-rn\/#primaryimage\"},\"thumbnailUrl\":\"https:\/\/deputadotaveirajr.com.br\/wp-content\/uploads\/2025\/03\/whatsapp-image-2024-09-10-at-21.37.12-1-OL6MU4-scaled.jpeg\",\"datePublished\":\"2025-03-05T13:57:49+00:00\",\"breadcrumb\":{\"@id\":\"https:\/\/deputadotaveirajr.com.br\/index.php\/ministerio-do-meio-ambiente-publica-calendario-de-emergencia-por-risco-de-incendios-florestais-em-regioes-do-rn\/#breadcrumb\"},\"inLanguage\":\"pt-BR\",\"potentialAction\":[{\"@type\":\"ReadAction\",\"target\":[\"https:\/\/deputadotaveirajr.com.br\/index.php\/ministerio-do-meio-ambiente-publica-calendario-de-emergencia-por-risco-de-incendios-florestais-em-regioes-do-rn\/\"]}]},{\"@type\":\"ImageObject\",\"inLanguage\":\"pt-BR\",\"@id\":\"https:\/\/deputadotaveirajr.com.br\/index.php\/ministerio-do-meio-ambiente-publica-calendario-de-emergencia-por-risco-de-incendios-florestais-em-regioes-do-rn\/#primaryimage\",\"url\":\"https:\/\/deputadotaveirajr.com.br\/wp-content\/uploads\/2025\/03\/whatsapp-image-2024-09-10-at-21.37.12-1-OL6MU4-scaled.jpeg\",\"contentUrl\":\"https:\/\/deputadotaveirajr.com.br\/wp-content\/uploads\/2025\/03\/whatsapp-image-2024-09-10-at-21.37.12-1-OL6MU4-scaled.jpeg\",\"width\":2560,\"height\":1707},{\"@type\":\"BreadcrumbList\",\"@id\":\"https:\/\/deputadotaveirajr.com.br\/index.php\/ministerio-do-meio-ambiente-publica-calendario-de-emergencia-por-risco-de-incendios-florestais-em-regioes-do-rn\/#breadcrumb\",\"itemListElement\":[{\"@type\":\"ListItem\",\"position\":1,\"name\":\"In\u00edcio\",\"item\":\"https:\/\/deputadotaveirajr.com.br\/\"},{\"@type\":\"ListItem\",\"position\":2,\"name\":\"Minist\u00e9rio do Meio Ambiente publica &#8216;calend\u00e1rio&#8217; de emerg\u00eancia por risco de inc\u00eandios florestais em regi\u00f5es do RN\"}]},{\"@type\":\"WebSite\",\"@id\":\"https:\/\/deputadotaveirajr.com.br\/#website\",\"url\":\"https:\/\/deputadotaveirajr.com.br\/\",\"name\":\"Taveira Jr\",\"description\":\"Deputado Estadual\",\"publisher\":{\"@id\":\"https:\/\/deputadotaveirajr.com.br\/#organization\"},\"potentialAction\":[{\"@type\":\"SearchAction\",\"target\":{\"@type\":\"EntryPoint\",\"urlTemplate\":\"https:\/\/deputadotaveirajr.com.br\/?s={search_term_string}\"},\"query-input\":{\"@type\":\"PropertyValueSpecification\",\"valueRequired\":true,\"valueName\":\"search_term_string\"}}],\"inLanguage\":\"pt-BR\"},{\"@type\":\"Organization\",\"@id\":\"https:\/\/deputadotaveirajr.com.br\/#organization\",\"name\":\"Taveira Jr\",\"url\":\"https:\/\/deputadotaveirajr.com.br\/\",\"logo\":{\"@type\":\"ImageObject\",\"inLanguage\":\"pt-BR\",\"@id\":\"https:\/\/deputadotaveirajr.com.br\/#\/schema\/logo\/image\/\",\"url\":\"https:\/\/deputadotaveirajr.com.br\/wp-content\/uploads\/2026\/01\/logolow2a.png\",\"contentUrl\":\"https:\/\/deputadotaveirajr.com.br\/wp-content\/uploads\/2026\/01\/logolow2a.png\",\"width\":290,\"height\":80,\"caption\":\"Taveira Jr\"},\"image\":{\"@id\":\"https:\/\/deputadotaveirajr.com.br\/#\/schema\/logo\/image\/\"}}]}<\/script>\n<!-- \/ Yoast SEO plugin. -->","yoast_head_json":{"title":"Minist\u00e9rio do Meio Ambiente publica 'calend\u00e1rio' de emerg\u00eancia por risco de inc\u00eandios florestais em regi\u00f5es do RN - Taveira Jr","robots":{"index":"index","follow":"follow","max-snippet":"max-snippet:-1","max-image-preview":"max-image-preview:large","max-video-preview":"max-video-preview:-1"},"canonical":"https:\/\/deputadotaveirajr.com.br\/index.php\/ministerio-do-meio-ambiente-publica-calendario-de-emergencia-por-risco-de-incendios-florestais-em-regioes-do-rn\/","og_locale":"pt_BR","og_type":"article","og_title":"Minist\u00e9rio do Meio Ambiente publica 'calend\u00e1rio' de emerg\u00eancia por risco de inc\u00eandios florestais em regi\u00f5es do RN - Taveira Jr","og_description":"Oficializa\u00e7\u00e3o de emerg\u00eancia ambiental vai valer, no estado, entre o segundo semestre de 2025 e in\u00edcio de 2026. Segundo governo federal, medida deve facilitar contrata\u00e7\u00e3o emergencial de brigadistas federais. Bombeiros ...","og_url":"https:\/\/deputadotaveirajr.com.br\/index.php\/ministerio-do-meio-ambiente-publica-calendario-de-emergencia-por-risco-de-incendios-florestais-em-regioes-do-rn\/","og_site_name":"Taveira Jr","og_image":[{"url":"https:\/\/s2-g1.glbimg.com\/k52Sp11YK8PO7eOpofpnVEBpDtE=\/i.s3.glbimg.com\/v1\/AUTH_59edd422c0c84a879bd37670ae4f538a\/internal_photos\/bs\/2024\/8\/r\/G856h0SBySviB3l19oUQ\/whatsapp-image-2024-09-10-at-21.37.12-1-.jpeg","type":"","width":"","height":""}],"twitter_card":"summary_large_image","twitter_misc":{"Est. tempo de leitura":"3 minutos"},"schema":{"@context":"https:\/\/schema.org","@graph":[{"@type":"WebPage","@id":"https:\/\/deputadotaveirajr.com.br\/index.php\/ministerio-do-meio-ambiente-publica-calendario-de-emergencia-por-risco-de-incendios-florestais-em-regioes-do-rn\/","url":"https:\/\/deputadotaveirajr.com.br\/index.php\/ministerio-do-meio-ambiente-publica-calendario-de-emergencia-por-risco-de-incendios-florestais-em-regioes-do-rn\/","name":"Minist\u00e9rio do Meio Ambiente publica 'calend\u00e1rio' de emerg\u00eancia por risco de inc\u00eandios florestais em regi\u00f5es do RN - Taveira Jr","isPartOf":{"@id":"https:\/\/deputadotaveirajr.com.br\/#website"},"primaryImageOfPage":{"@id":"https:\/\/deputadotaveirajr.com.br\/index.php\/ministerio-do-meio-ambiente-publica-calendario-de-emergencia-por-risco-de-incendios-florestais-em-regioes-do-rn\/#primaryimage"},"image":{"@id":"https:\/\/deputadotaveirajr.com.br\/index.php\/ministerio-do-meio-ambiente-publica-calendario-de-emergencia-por-risco-de-incendios-florestais-em-regioes-do-rn\/#primaryimage"},"thumbnailUrl":"https:\/\/deputadotaveirajr.com.br\/wp-content\/uploads\/2025\/03\/whatsapp-image-2024-09-10-at-21.37.12-1-OL6MU4-scaled.jpeg","datePublished":"2025-03-05T13:57:49+00:00","breadcrumb":{"@id":"https:\/\/deputadotaveirajr.com.br\/index.php\/ministerio-do-meio-ambiente-publica-calendario-de-emergencia-por-risco-de-incendios-florestais-em-regioes-do-rn\/#breadcrumb"},"inLanguage":"pt-BR","potentialAction":[{"@type":"ReadAction","target":["https:\/\/deputadotaveirajr.com.br\/index.php\/ministerio-do-meio-ambiente-publica-calendario-de-emergencia-por-risco-de-incendios-florestais-em-regioes-do-rn\/"]}]},{"@type":"ImageObject","inLanguage":"pt-BR","@id":"https:\/\/deputadotaveirajr.com.br\/index.php\/ministerio-do-meio-ambiente-publica-calendario-de-emergencia-por-risco-de-incendios-florestais-em-regioes-do-rn\/#primaryimage","url":"https:\/\/deputadotaveirajr.com.br\/wp-content\/uploads\/2025\/03\/whatsapp-image-2024-09-10-at-21.37.12-1-OL6MU4-scaled.jpeg","contentUrl":"https:\/\/deputadotaveirajr.com.br\/wp-content\/uploads\/2025\/03\/whatsapp-image-2024-09-10-at-21.37.12-1-OL6MU4-scaled.jpeg","width":2560,"height":1707},{"@type":"BreadcrumbList","@id":"https:\/\/deputadotaveirajr.com.br\/index.php\/ministerio-do-meio-ambiente-publica-calendario-de-emergencia-por-risco-de-incendios-florestais-em-regioes-do-rn\/#breadcrumb","itemListElement":[{"@type":"ListItem","position":1,"name":"In\u00edcio","item":"https:\/\/deputadotaveirajr.com.br\/"},{"@type":"ListItem","position":2,"name":"Minist\u00e9rio do Meio Ambiente publica &#8216;calend\u00e1rio&#8217; de emerg\u00eancia por risco de inc\u00eandios florestais em regi\u00f5es do RN"}]},{"@type":"WebSite","@id":"https:\/\/deputadotaveirajr.com.br\/#website","url":"https:\/\/deputadotaveirajr.com.br\/","name":"Taveira Jr","description":"Deputado Estadual","publisher":{"@id":"https:\/\/deputadotaveirajr.com.br\/#organization"},"potentialAction":[{"@type":"SearchAction","target":{"@type":"EntryPoint","urlTemplate":"https:\/\/deputadotaveirajr.com.br\/?s={search_term_string}"},"query-input":{"@type":"PropertyValueSpecification","valueRequired":true,"valueName":"search_term_string"}}],"inLanguage":"pt-BR"},{"@type":"Organization","@id":"https:\/\/deputadotaveirajr.com.br\/#organization","name":"Taveira Jr","url":"https:\/\/deputadotaveirajr.com.br\/","logo":{"@type":"ImageObject","inLanguage":"pt-BR","@id":"https:\/\/deputadotaveirajr.com.br\/#\/schema\/logo\/image\/","url":"https:\/\/deputadotaveirajr.com.br\/wp-content\/uploads\/2026\/01\/logolow2a.png","contentUrl":"https:\/\/deputadotaveirajr.com.br\/wp-content\/uploads\/2026\/01\/logolow2a.png","width":290,"height":80,"caption":"Taveira Jr"},"image":{"@id":"https:\/\/deputadotaveirajr.com.br\/#\/schema\/logo\/image\/"}}]}},"_links":{"self":[{"href":"https:\/\/deputadotaveirajr.com.br\/index.php\/wp-json\/wp\/v2\/pages\/12504","targetHints":{"allow":["GET"]}}],"collection":[{"href":"https:\/\/deputadotaveirajr.com.br\/index.php\/wp-json\/wp\/v2\/pages"}],"about":[{"href":"https:\/\/deputadotaveirajr.com.br\/index.php\/wp-json\/wp\/v2\/types\/page"}],"replies":[{"embeddable":true,"href":"https:\/\/deputadotaveirajr.com.br\/index.php\/wp-json\/wp\/v2\/comments?post=12504"}],"version-history":[{"count":0,"href":"https:\/\/deputadotaveirajr.com.br\/index.php\/wp-json\/wp\/v2\/pages\/12504\/revisions"}],"wp:featuredmedia":[{"embeddable":true,"href":"https:\/\/deputadotaveirajr.com.br\/index.php\/wp-json\/wp\/v2\/media\/12505"}],"wp:attachment":[{"href":"https:\/\/deputadotaveirajr.com.br\/index.php\/wp-json\/wp\/v2\/media?parent=12504"}],"curies":[{"name":"wp","href":"https:\/\/api.w.org\/{rel}","templated":true}]}}