{"id":12523,"date":"2025-03-09T14:22:02","date_gmt":"2025-03-09T17:22:02","guid":{"rendered":"https:\/\/deputadotaveirajr.com.br\/index.php\/cratera-se-abre-em-rua-na-zona-leste-de-natal-duas-linhas-de-onibus-mudam-rota\/"},"modified":"2025-03-09T14:22:02","modified_gmt":"2025-03-09T17:22:02","slug":"cratera-se-abre-em-rua-na-zona-leste-de-natal-duas-linhas-de-onibus-mudam-rota","status":"publish","type":"page","link":"https:\/\/deputadotaveirajr.com.br\/index.php\/cratera-se-abre-em-rua-na-zona-leste-de-natal-duas-linhas-de-onibus-mudam-rota\/","title":{"rendered":"Cratera se abre em rua na Zona Leste de Natal; duas linhas de \u00f4nibus mudam rota"},"content":{"rendered":"<p><img decoding=\"async\" src=\"https:\/\/s2-g1.glbimg.com\/gzRPza4OwGgC1s1jN5OSlJkAHa4=\/i.s3.glbimg.com\/v1\/AUTH_59edd422c0c84a879bd37670ae4f538a\/internal_photos\/bs\/2025\/b\/f\/4e0rrVRcWpfqibceM1ew\/cratera.jpg\" \/><br \/>     Moradores contaram que um carro caiu e ficou preso durante a madrugada deste domingo (9) no buraco no bairro Rocas. Cratera abriu no bairro Rocas, em Natal<br \/>\nBrunno Rocha\/Inter TV Cabugi<br \/>\nUma cratera se abriu no bairro Rocas, na Zona Leste de Natal, na noite deste s\u00e1bado (8). O buraco fica na esquina das ruas Belo Horizonte e Vereador Cauby Barroca.  O trecho foi parcialmente interditado, inclusive com a mudan\u00e7a de rotas de duas linhas de \u00f4nibus (veja mais abaixo).<br \/>\nMoradores contaram que durante a madrugada um carro caiu e ficou preso no buraco. Ningu\u00e9m ficou ferido.<br \/>\n\ud83d\udcf3Participe do canal do g1 RN no WhatsApp<br \/>\nDe acordo com a Companhia de \u00c1guas e Esgotos do Rio Grande do Norte (Caern), o buraco foi ocasionado pela eros\u00e3o da chuva e estava sinalizado pela prefeitura de Natal. Apesar disso, um motorista passou pelo local e caiu na cratera, atingindo uma rede de \u00e1gua.<br \/>\nA Companhia informou que t\u00e9cnicos da empresa estiveram no local e corrigiram o vazamento neste domingo (9). O carro tamb\u00e9m foi retirado na manh\u00e3 deste domingo.<br \/>\nO trecho permaneceu sinalizado para evitar a passagem de ve\u00edculos. Como o buraco havia sido aberto por conta de um problema de drenagem, de compet\u00eancia da prefeitura, a conclus\u00e3o dessa etapa do servi\u00e7o compete ao Munic\u00edpio, informou a Caern.<br \/>\nPor conta do problema, a Secretaria de Mobilidade Urbana de Natal (STTU) informou que as linhas de \u00f4nibus 38 e 59, que passam peo trecho, tiveram os itiner\u00e1rios alterados.<br \/>\nV\u00eddeos mais assistidos do g1 RN<\/p>","protected":false},"excerpt":{"rendered":"<p>Moradores contaram que um carro caiu e ficou preso durante a madrugada deste domingo (9) no buraco no bairro Rocas. Cratera abriu no bairro Rocas, em Natal Brunno Rocha\/Inter TV &#8230;<\/p>\n","protected":false},"author":0,"featured_media":12524,"parent":0,"menu_order":0,"comment_status":"closed","ping_status":"closed","template":"","meta":{"footnotes":""},"class_list":["post-12523","page","type-page","status-publish","has-post-thumbnail","hentry"],"yoast_head":"<!-- This site is optimized with the Yoast SEO plugin v27.1.1 - https:\/\/yoast.com\/product\/yoast-seo-wordpress\/ -->\n<title>Cratera se abre em rua na Zona Leste de Natal; duas linhas de \u00f4nibus mudam rota - Taveira Jr<\/title>\n<meta name=\"robots\" content=\"index, follow, max-snippet:-1, max-image-preview:large, max-video-preview:-1\" \/>\n<link rel=\"canonical\" href=\"https:\/\/deputadotaveirajr.com.br\/index.php\/cratera-se-abre-em-rua-na-zona-leste-de-natal-duas-linhas-de-onibus-mudam-rota\/\" \/>\n<meta property=\"og:locale\" content=\"pt_BR\" \/>\n<meta property=\"og:type\" content=\"article\" \/>\n<meta property=\"og:title\" content=\"Cratera se abre em rua na Zona Leste de Natal; duas linhas de \u00f4nibus mudam rota - Taveira Jr\" \/>\n<meta property=\"og:description\" content=\"Moradores contaram que um carro caiu e ficou preso durante a madrugada deste domingo (9) no buraco no bairro Rocas. Cratera abriu no bairro Rocas, em Natal Brunno Rocha\/Inter TV ...\" \/>\n<meta property=\"og:url\" content=\"https:\/\/deputadotaveirajr.com.br\/index.php\/cratera-se-abre-em-rua-na-zona-leste-de-natal-duas-linhas-de-onibus-mudam-rota\/\" \/>\n<meta property=\"og:site_name\" content=\"Taveira Jr\" \/>\n<meta property=\"og:image\" content=\"https:\/\/s2-g1.glbimg.com\/gzRPza4OwGgC1s1jN5OSlJkAHa4=\/i.s3.glbimg.com\/v1\/AUTH_59edd422c0c84a879bd37670ae4f538a\/internal_photos\/bs\/2025\/b\/f\/4e0rrVRcWpfqibceM1ew\/cratera.jpg\" \/>\n<meta name=\"twitter:card\" content=\"summary_large_image\" \/>\n<meta name=\"twitter:label1\" content=\"Est. tempo de leitura\" \/>\n\t<meta name=\"twitter:data1\" content=\"1 minuto\" \/>\n<script type=\"application\/ld+json\" class=\"yoast-schema-graph\">{\"@context\":\"https:\/\/schema.org\",\"@graph\":[{\"@type\":\"WebPage\",\"@id\":\"https:\/\/deputadotaveirajr.com.br\/index.php\/cratera-se-abre-em-rua-na-zona-leste-de-natal-duas-linhas-de-onibus-mudam-rota\/\",\"url\":\"https:\/\/deputadotaveirajr.com.br\/index.php\/cratera-se-abre-em-rua-na-zona-leste-de-natal-duas-linhas-de-onibus-mudam-rota\/\",\"name\":\"Cratera se abre em rua na Zona Leste de Natal; duas linhas de \u00f4nibus mudam rota - Taveira Jr\",\"isPartOf\":{\"@id\":\"https:\/\/deputadotaveirajr.com.br\/#website\"},\"primaryImageOfPage\":{\"@id\":\"https:\/\/deputadotaveirajr.com.br\/index.php\/cratera-se-abre-em-rua-na-zona-leste-de-natal-duas-linhas-de-onibus-mudam-rota\/#primaryimage\"},\"image\":{\"@id\":\"https:\/\/deputadotaveirajr.com.br\/index.php\/cratera-se-abre-em-rua-na-zona-leste-de-natal-duas-linhas-de-onibus-mudam-rota\/#primaryimage\"},\"thumbnailUrl\":\"https:\/\/deputadotaveirajr.com.br\/wp-content\/uploads\/2025\/03\/cratera-6zXGKL.jpeg\",\"datePublished\":\"2025-03-09T17:22:02+00:00\",\"breadcrumb\":{\"@id\":\"https:\/\/deputadotaveirajr.com.br\/index.php\/cratera-se-abre-em-rua-na-zona-leste-de-natal-duas-linhas-de-onibus-mudam-rota\/#breadcrumb\"},\"inLanguage\":\"pt-BR\",\"potentialAction\":[{\"@type\":\"ReadAction\",\"target\":[\"https:\/\/deputadotaveirajr.com.br\/index.php\/cratera-se-abre-em-rua-na-zona-leste-de-natal-duas-linhas-de-onibus-mudam-rota\/\"]}]},{\"@type\":\"ImageObject\",\"inLanguage\":\"pt-BR\",\"@id\":\"https:\/\/deputadotaveirajr.com.br\/index.php\/cratera-se-abre-em-rua-na-zona-leste-de-natal-duas-linhas-de-onibus-mudam-rota\/#primaryimage\",\"url\":\"https:\/\/deputadotaveirajr.com.br\/wp-content\/uploads\/2025\/03\/cratera-6zXGKL.jpeg\",\"contentUrl\":\"https:\/\/deputadotaveirajr.com.br\/wp-content\/uploads\/2025\/03\/cratera-6zXGKL.jpeg\",\"width\":1271,\"height\":712},{\"@type\":\"BreadcrumbList\",\"@id\":\"https:\/\/deputadotaveirajr.com.br\/index.php\/cratera-se-abre-em-rua-na-zona-leste-de-natal-duas-linhas-de-onibus-mudam-rota\/#breadcrumb\",\"itemListElement\":[{\"@type\":\"ListItem\",\"position\":1,\"name\":\"In\u00edcio\",\"item\":\"https:\/\/deputadotaveirajr.com.br\/\"},{\"@type\":\"ListItem\",\"position\":2,\"name\":\"Cratera se abre em rua na Zona Leste de Natal; duas linhas de \u00f4nibus mudam rota\"}]},{\"@type\":\"WebSite\",\"@id\":\"https:\/\/deputadotaveirajr.com.br\/#website\",\"url\":\"https:\/\/deputadotaveirajr.com.br\/\",\"name\":\"Taveira Jr\",\"description\":\"Deputado Estadual\",\"publisher\":{\"@id\":\"https:\/\/deputadotaveirajr.com.br\/#organization\"},\"potentialAction\":[{\"@type\":\"SearchAction\",\"target\":{\"@type\":\"EntryPoint\",\"urlTemplate\":\"https:\/\/deputadotaveirajr.com.br\/?s={search_term_string}\"},\"query-input\":{\"@type\":\"PropertyValueSpecification\",\"valueRequired\":true,\"valueName\":\"search_term_string\"}}],\"inLanguage\":\"pt-BR\"},{\"@type\":\"Organization\",\"@id\":\"https:\/\/deputadotaveirajr.com.br\/#organization\",\"name\":\"Taveira Jr\",\"url\":\"https:\/\/deputadotaveirajr.com.br\/\",\"logo\":{\"@type\":\"ImageObject\",\"inLanguage\":\"pt-BR\",\"@id\":\"https:\/\/deputadotaveirajr.com.br\/#\/schema\/logo\/image\/\",\"url\":\"https:\/\/deputadotaveirajr.com.br\/wp-content\/uploads\/2026\/01\/logolow2a.png\",\"contentUrl\":\"https:\/\/deputadotaveirajr.com.br\/wp-content\/uploads\/2026\/01\/logolow2a.png\",\"width\":290,\"height\":80,\"caption\":\"Taveira Jr\"},\"image\":{\"@id\":\"https:\/\/deputadotaveirajr.com.br\/#\/schema\/logo\/image\/\"}}]}<\/script>\n<!-- \/ Yoast SEO plugin. -->","yoast_head_json":{"title":"Cratera se abre em rua na Zona Leste de Natal; duas linhas de \u00f4nibus mudam rota - Taveira Jr","robots":{"index":"index","follow":"follow","max-snippet":"max-snippet:-1","max-image-preview":"max-image-preview:large","max-video-preview":"max-video-preview:-1"},"canonical":"https:\/\/deputadotaveirajr.com.br\/index.php\/cratera-se-abre-em-rua-na-zona-leste-de-natal-duas-linhas-de-onibus-mudam-rota\/","og_locale":"pt_BR","og_type":"article","og_title":"Cratera se abre em rua na Zona Leste de Natal; duas linhas de \u00f4nibus mudam rota - Taveira Jr","og_description":"Moradores contaram que um carro caiu e ficou preso durante a madrugada deste domingo (9) no buraco no bairro Rocas. Cratera abriu no bairro Rocas, em Natal Brunno Rocha\/Inter TV ...","og_url":"https:\/\/deputadotaveirajr.com.br\/index.php\/cratera-se-abre-em-rua-na-zona-leste-de-natal-duas-linhas-de-onibus-mudam-rota\/","og_site_name":"Taveira Jr","og_image":[{"url":"https:\/\/s2-g1.glbimg.com\/gzRPza4OwGgC1s1jN5OSlJkAHa4=\/i.s3.glbimg.com\/v1\/AUTH_59edd422c0c84a879bd37670ae4f538a\/internal_photos\/bs\/2025\/b\/f\/4e0rrVRcWpfqibceM1ew\/cratera.jpg","type":"","width":"","height":""}],"twitter_card":"summary_large_image","twitter_misc":{"Est. tempo de leitura":"1 minuto"},"schema":{"@context":"https:\/\/schema.org","@graph":[{"@type":"WebPage","@id":"https:\/\/deputadotaveirajr.com.br\/index.php\/cratera-se-abre-em-rua-na-zona-leste-de-natal-duas-linhas-de-onibus-mudam-rota\/","url":"https:\/\/deputadotaveirajr.com.br\/index.php\/cratera-se-abre-em-rua-na-zona-leste-de-natal-duas-linhas-de-onibus-mudam-rota\/","name":"Cratera se abre em rua na Zona Leste de Natal; duas linhas de \u00f4nibus mudam rota - Taveira Jr","isPartOf":{"@id":"https:\/\/deputadotaveirajr.com.br\/#website"},"primaryImageOfPage":{"@id":"https:\/\/deputadotaveirajr.com.br\/index.php\/cratera-se-abre-em-rua-na-zona-leste-de-natal-duas-linhas-de-onibus-mudam-rota\/#primaryimage"},"image":{"@id":"https:\/\/deputadotaveirajr.com.br\/index.php\/cratera-se-abre-em-rua-na-zona-leste-de-natal-duas-linhas-de-onibus-mudam-rota\/#primaryimage"},"thumbnailUrl":"https:\/\/deputadotaveirajr.com.br\/wp-content\/uploads\/2025\/03\/cratera-6zXGKL.jpeg","datePublished":"2025-03-09T17:22:02+00:00","breadcrumb":{"@id":"https:\/\/deputadotaveirajr.com.br\/index.php\/cratera-se-abre-em-rua-na-zona-leste-de-natal-duas-linhas-de-onibus-mudam-rota\/#breadcrumb"},"inLanguage":"pt-BR","potentialAction":[{"@type":"ReadAction","target":["https:\/\/deputadotaveirajr.com.br\/index.php\/cratera-se-abre-em-rua-na-zona-leste-de-natal-duas-linhas-de-onibus-mudam-rota\/"]}]},{"@type":"ImageObject","inLanguage":"pt-BR","@id":"https:\/\/deputadotaveirajr.com.br\/index.php\/cratera-se-abre-em-rua-na-zona-leste-de-natal-duas-linhas-de-onibus-mudam-rota\/#primaryimage","url":"https:\/\/deputadotaveirajr.com.br\/wp-content\/uploads\/2025\/03\/cratera-6zXGKL.jpeg","contentUrl":"https:\/\/deputadotaveirajr.com.br\/wp-content\/uploads\/2025\/03\/cratera-6zXGKL.jpeg","width":1271,"height":712},{"@type":"BreadcrumbList","@id":"https:\/\/deputadotaveirajr.com.br\/index.php\/cratera-se-abre-em-rua-na-zona-leste-de-natal-duas-linhas-de-onibus-mudam-rota\/#breadcrumb","itemListElement":[{"@type":"ListItem","position":1,"name":"In\u00edcio","item":"https:\/\/deputadotaveirajr.com.br\/"},{"@type":"ListItem","position":2,"name":"Cratera se abre em rua na Zona Leste de Natal; duas linhas de \u00f4nibus mudam rota"}]},{"@type":"WebSite","@id":"https:\/\/deputadotaveirajr.com.br\/#website","url":"https:\/\/deputadotaveirajr.com.br\/","name":"Taveira Jr","description":"Deputado Estadual","publisher":{"@id":"https:\/\/deputadotaveirajr.com.br\/#organization"},"potentialAction":[{"@type":"SearchAction","target":{"@type":"EntryPoint","urlTemplate":"https:\/\/deputadotaveirajr.com.br\/?s={search_term_string}"},"query-input":{"@type":"PropertyValueSpecification","valueRequired":true,"valueName":"search_term_string"}}],"inLanguage":"pt-BR"},{"@type":"Organization","@id":"https:\/\/deputadotaveirajr.com.br\/#organization","name":"Taveira Jr","url":"https:\/\/deputadotaveirajr.com.br\/","logo":{"@type":"ImageObject","inLanguage":"pt-BR","@id":"https:\/\/deputadotaveirajr.com.br\/#\/schema\/logo\/image\/","url":"https:\/\/deputadotaveirajr.com.br\/wp-content\/uploads\/2026\/01\/logolow2a.png","contentUrl":"https:\/\/deputadotaveirajr.com.br\/wp-content\/uploads\/2026\/01\/logolow2a.png","width":290,"height":80,"caption":"Taveira Jr"},"image":{"@id":"https:\/\/deputadotaveirajr.com.br\/#\/schema\/logo\/image\/"}}]}},"_links":{"self":[{"href":"https:\/\/deputadotaveirajr.com.br\/index.php\/wp-json\/wp\/v2\/pages\/12523","targetHints":{"allow":["GET"]}}],"collection":[{"href":"https:\/\/deputadotaveirajr.com.br\/index.php\/wp-json\/wp\/v2\/pages"}],"about":[{"href":"https:\/\/deputadotaveirajr.com.br\/index.php\/wp-json\/wp\/v2\/types\/page"}],"replies":[{"embeddable":true,"href":"https:\/\/deputadotaveirajr.com.br\/index.php\/wp-json\/wp\/v2\/comments?post=12523"}],"version-history":[{"count":0,"href":"https:\/\/deputadotaveirajr.com.br\/index.php\/wp-json\/wp\/v2\/pages\/12523\/revisions"}],"wp:featuredmedia":[{"embeddable":true,"href":"https:\/\/deputadotaveirajr.com.br\/index.php\/wp-json\/wp\/v2\/media\/12524"}],"wp:attachment":[{"href":"https:\/\/deputadotaveirajr.com.br\/index.php\/wp-json\/wp\/v2\/media?parent=12523"}],"curies":[{"name":"wp","href":"https:\/\/api.w.org\/{rel}","templated":true}]}}