{"id":12559,"date":"2025-03-12T19:25:56","date_gmt":"2025-03-12T22:25:56","guid":{"rendered":"https:\/\/deputadotaveirajr.com.br\/index.php\/empregada-domestica-e-investigada-suspeita-de-furtar-r-400-mil-em-objetos-de-casa-onde-trabalhava-em-natal\/"},"modified":"2025-03-12T19:25:56","modified_gmt":"2025-03-12T22:25:56","slug":"empregada-domestica-e-investigada-suspeita-de-furtar-r-400-mil-em-objetos-de-casa-onde-trabalhava-em-natal","status":"publish","type":"page","link":"https:\/\/deputadotaveirajr.com.br\/index.php\/empregada-domestica-e-investigada-suspeita-de-furtar-r-400-mil-em-objetos-de-casa-onde-trabalhava-em-natal\/","title":{"rendered":"Empregada dom\u00e9stica \u00e9 investigada suspeita de furtar R$ 400 mil em objetos de casa onde trabalhava em Natal"},"content":{"rendered":"<p><img decoding=\"async\" src=\"https:\/\/s2-g1.glbimg.com\/nuGMVisjHuYFNzhcfy1uFC68PSo=\/i.s3.glbimg.com\/v1\/AUTH_59edd422c0c84a879bd37670ae4f538a\/internal_photos\/bs\/2025\/i\/E\/XdM9HkQbeyxhE8KOaRNg\/whatsapp-image-2025-03-12-at-16.27.44.jpeg\" \/><br \/>     Pol\u00edcia cumpriu mandado de busca nesta quarta-feira (12) na casa da suspeita e recuperou parte dos bens, devolvendo \u00e0 v\u00edtima. Bolsas, j\u00f3ias e roupas roubadas foram encontradas com suspeita<br \/>\nUma empregada dom\u00e9stica est\u00e1 sendo investigada por furtar objetos de uma casa em que trabalhava e abrir uma loja para revender parte desses bens. O preju\u00edzo da v\u00edtima do crime, segundo a Pol\u00edcia Civil, foi de aproximadamente R$ 400 mil.<br \/>\nNesta quarta-feira (12), a pol\u00edcia cumpriu um mandado de busca no bairro Nossa Senhora da Apresenta\u00e7\u00e3o, na Zona Norte de Natal, e conseguiu recuperar parte dos produtos furtados. A suspeita, de 40 anos, n\u00e3o foi presa.<br \/>\n\ud83d\udcf3Participe do canal do g1 RN no WhatsApp<br \/>\nDe acordo com a pol\u00edcia, a empregada dom\u00e9stica roubou itens como joias, bolsas, roupas, \u00f3culos e aparelhos eletroeletr\u00f4nicos.<br \/>\nO crime n\u00e3o ocorreu, segundo a Civil, de uma vez, mas durante o per\u00edodo em que a mulher trabalhou na resid\u00eancia da v\u00edtima, localizada na Zona Sul da capital.<br \/>\nA investiga\u00e7\u00e3o da Delegacia Especializada em Furtos e Roubos de Natal apontou que al\u00e9m da loja f\u00edsica aberta para vender os objetos furtados, a mulher tamb\u00e9m comercializava os produtos de forma on-line.<br \/>\nA suspeita \u00e9 investigada pelo crime de furto qualificado pelo abuso de confian\u00e7a.<br \/>\nForam apreendidos na casa da suspeita roupas de marcas como Carmen Steffens e Toli, bolsas, \u00f3culos, al\u00e9m de joias em ouro e prata. Os objetos foram devolvidos \u00e0 v\u00edtima.<br \/>\nProdutos furtados foram recuperados e devolvidos \u00e0 dona<br \/>\nPol\u00edcia Civil<br \/>\nV\u00eddeos mais assistidos do g1 RN<\/p>","protected":false},"excerpt":{"rendered":"<p>Pol\u00edcia cumpriu mandado de busca nesta quarta-feira (12) na casa da suspeita e recuperou parte dos bens, devolvendo \u00e0 v\u00edtima. Bolsas, j\u00f3ias e roupas roubadas foram encontradas com suspeita Uma &#8230;<\/p>\n","protected":false},"author":0,"featured_media":12560,"parent":0,"menu_order":0,"comment_status":"closed","ping_status":"closed","template":"","meta":{"footnotes":""},"class_list":["post-12559","page","type-page","status-publish","has-post-thumbnail","hentry"],"yoast_head":"<!-- This site is optimized with the Yoast SEO plugin v27.1.1 - https:\/\/yoast.com\/product\/yoast-seo-wordpress\/ -->\n<title>Empregada dom\u00e9stica \u00e9 investigada suspeita de furtar R$ 400 mil em objetos de casa onde trabalhava em Natal - Taveira Jr<\/title>\n<meta name=\"robots\" content=\"index, follow, max-snippet:-1, max-image-preview:large, max-video-preview:-1\" \/>\n<link rel=\"canonical\" href=\"https:\/\/deputadotaveirajr.com.br\/index.php\/empregada-domestica-e-investigada-suspeita-de-furtar-r-400-mil-em-objetos-de-casa-onde-trabalhava-em-natal\/\" \/>\n<meta property=\"og:locale\" content=\"pt_BR\" \/>\n<meta property=\"og:type\" content=\"article\" \/>\n<meta property=\"og:title\" content=\"Empregada dom\u00e9stica \u00e9 investigada suspeita de furtar R$ 400 mil em objetos de casa onde trabalhava em Natal - Taveira Jr\" \/>\n<meta property=\"og:description\" content=\"Pol\u00edcia cumpriu mandado de busca nesta quarta-feira (12) na casa da suspeita e recuperou parte dos bens, devolvendo \u00e0 v\u00edtima. Bolsas, j\u00f3ias e roupas roubadas foram encontradas com suspeita Uma ...\" \/>\n<meta property=\"og:url\" content=\"https:\/\/deputadotaveirajr.com.br\/index.php\/empregada-domestica-e-investigada-suspeita-de-furtar-r-400-mil-em-objetos-de-casa-onde-trabalhava-em-natal\/\" \/>\n<meta property=\"og:site_name\" content=\"Taveira Jr\" \/>\n<meta property=\"og:image\" content=\"https:\/\/s2-g1.glbimg.com\/nuGMVisjHuYFNzhcfy1uFC68PSo=\/i.s3.glbimg.com\/v1\/AUTH_59edd422c0c84a879bd37670ae4f538a\/internal_photos\/bs\/2025\/i\/E\/XdM9HkQbeyxhE8KOaRNg\/whatsapp-image-2025-03-12-at-16.27.44.jpeg\" \/>\n<meta name=\"twitter:card\" content=\"summary_large_image\" \/>\n<meta name=\"twitter:label1\" content=\"Est. tempo de leitura\" \/>\n\t<meta name=\"twitter:data1\" content=\"1 minuto\" \/>\n<script type=\"application\/ld+json\" class=\"yoast-schema-graph\">{\"@context\":\"https:\/\/schema.org\",\"@graph\":[{\"@type\":\"WebPage\",\"@id\":\"https:\/\/deputadotaveirajr.com.br\/index.php\/empregada-domestica-e-investigada-suspeita-de-furtar-r-400-mil-em-objetos-de-casa-onde-trabalhava-em-natal\/\",\"url\":\"https:\/\/deputadotaveirajr.com.br\/index.php\/empregada-domestica-e-investigada-suspeita-de-furtar-r-400-mil-em-objetos-de-casa-onde-trabalhava-em-natal\/\",\"name\":\"Empregada dom\u00e9stica \u00e9 investigada suspeita de furtar R$ 400 mil em objetos de casa onde trabalhava em Natal - Taveira Jr\",\"isPartOf\":{\"@id\":\"https:\/\/deputadotaveirajr.com.br\/#website\"},\"primaryImageOfPage\":{\"@id\":\"https:\/\/deputadotaveirajr.com.br\/index.php\/empregada-domestica-e-investigada-suspeita-de-furtar-r-400-mil-em-objetos-de-casa-onde-trabalhava-em-natal\/#primaryimage\"},\"image\":{\"@id\":\"https:\/\/deputadotaveirajr.com.br\/index.php\/empregada-domestica-e-investigada-suspeita-de-furtar-r-400-mil-em-objetos-de-casa-onde-trabalhava-em-natal\/#primaryimage\"},\"thumbnailUrl\":\"https:\/\/deputadotaveirajr.com.br\/wp-content\/uploads\/2025\/03\/whatsapp-image-2025-03-12-at-16.27.44-6AD64Y.jpeg\",\"datePublished\":\"2025-03-12T22:25:56+00:00\",\"breadcrumb\":{\"@id\":\"https:\/\/deputadotaveirajr.com.br\/index.php\/empregada-domestica-e-investigada-suspeita-de-furtar-r-400-mil-em-objetos-de-casa-onde-trabalhava-em-natal\/#breadcrumb\"},\"inLanguage\":\"pt-BR\",\"potentialAction\":[{\"@type\":\"ReadAction\",\"target\":[\"https:\/\/deputadotaveirajr.com.br\/index.php\/empregada-domestica-e-investigada-suspeita-de-furtar-r-400-mil-em-objetos-de-casa-onde-trabalhava-em-natal\/\"]}]},{\"@type\":\"ImageObject\",\"inLanguage\":\"pt-BR\",\"@id\":\"https:\/\/deputadotaveirajr.com.br\/index.php\/empregada-domestica-e-investigada-suspeita-de-furtar-r-400-mil-em-objetos-de-casa-onde-trabalhava-em-natal\/#primaryimage\",\"url\":\"https:\/\/deputadotaveirajr.com.br\/wp-content\/uploads\/2025\/03\/whatsapp-image-2025-03-12-at-16.27.44-6AD64Y.jpeg\",\"contentUrl\":\"https:\/\/deputadotaveirajr.com.br\/wp-content\/uploads\/2025\/03\/whatsapp-image-2025-03-12-at-16.27.44-6AD64Y.jpeg\",\"width\":1280,\"height\":720},{\"@type\":\"BreadcrumbList\",\"@id\":\"https:\/\/deputadotaveirajr.com.br\/index.php\/empregada-domestica-e-investigada-suspeita-de-furtar-r-400-mil-em-objetos-de-casa-onde-trabalhava-em-natal\/#breadcrumb\",\"itemListElement\":[{\"@type\":\"ListItem\",\"position\":1,\"name\":\"In\u00edcio\",\"item\":\"https:\/\/deputadotaveirajr.com.br\/\"},{\"@type\":\"ListItem\",\"position\":2,\"name\":\"Empregada dom\u00e9stica \u00e9 investigada suspeita de furtar R$ 400 mil em objetos de casa onde trabalhava em Natal\"}]},{\"@type\":\"WebSite\",\"@id\":\"https:\/\/deputadotaveirajr.com.br\/#website\",\"url\":\"https:\/\/deputadotaveirajr.com.br\/\",\"name\":\"Taveira Jr\",\"description\":\"Deputado Estadual\",\"publisher\":{\"@id\":\"https:\/\/deputadotaveirajr.com.br\/#organization\"},\"potentialAction\":[{\"@type\":\"SearchAction\",\"target\":{\"@type\":\"EntryPoint\",\"urlTemplate\":\"https:\/\/deputadotaveirajr.com.br\/?s={search_term_string}\"},\"query-input\":{\"@type\":\"PropertyValueSpecification\",\"valueRequired\":true,\"valueName\":\"search_term_string\"}}],\"inLanguage\":\"pt-BR\"},{\"@type\":\"Organization\",\"@id\":\"https:\/\/deputadotaveirajr.com.br\/#organization\",\"name\":\"Taveira Jr\",\"url\":\"https:\/\/deputadotaveirajr.com.br\/\",\"logo\":{\"@type\":\"ImageObject\",\"inLanguage\":\"pt-BR\",\"@id\":\"https:\/\/deputadotaveirajr.com.br\/#\/schema\/logo\/image\/\",\"url\":\"https:\/\/deputadotaveirajr.com.br\/wp-content\/uploads\/2026\/01\/logolow2a.png\",\"contentUrl\":\"https:\/\/deputadotaveirajr.com.br\/wp-content\/uploads\/2026\/01\/logolow2a.png\",\"width\":290,\"height\":80,\"caption\":\"Taveira Jr\"},\"image\":{\"@id\":\"https:\/\/deputadotaveirajr.com.br\/#\/schema\/logo\/image\/\"}}]}<\/script>\n<!-- \/ Yoast SEO plugin. -->","yoast_head_json":{"title":"Empregada dom\u00e9stica \u00e9 investigada suspeita de furtar R$ 400 mil em objetos de casa onde trabalhava em Natal - Taveira Jr","robots":{"index":"index","follow":"follow","max-snippet":"max-snippet:-1","max-image-preview":"max-image-preview:large","max-video-preview":"max-video-preview:-1"},"canonical":"https:\/\/deputadotaveirajr.com.br\/index.php\/empregada-domestica-e-investigada-suspeita-de-furtar-r-400-mil-em-objetos-de-casa-onde-trabalhava-em-natal\/","og_locale":"pt_BR","og_type":"article","og_title":"Empregada dom\u00e9stica \u00e9 investigada suspeita de furtar R$ 400 mil em objetos de casa onde trabalhava em Natal - Taveira Jr","og_description":"Pol\u00edcia cumpriu mandado de busca nesta quarta-feira (12) na casa da suspeita e recuperou parte dos bens, devolvendo \u00e0 v\u00edtima. Bolsas, j\u00f3ias e roupas roubadas foram encontradas com suspeita Uma ...","og_url":"https:\/\/deputadotaveirajr.com.br\/index.php\/empregada-domestica-e-investigada-suspeita-de-furtar-r-400-mil-em-objetos-de-casa-onde-trabalhava-em-natal\/","og_site_name":"Taveira Jr","og_image":[{"url":"https:\/\/s2-g1.glbimg.com\/nuGMVisjHuYFNzhcfy1uFC68PSo=\/i.s3.glbimg.com\/v1\/AUTH_59edd422c0c84a879bd37670ae4f538a\/internal_photos\/bs\/2025\/i\/E\/XdM9HkQbeyxhE8KOaRNg\/whatsapp-image-2025-03-12-at-16.27.44.jpeg","type":"","width":"","height":""}],"twitter_card":"summary_large_image","twitter_misc":{"Est. tempo de leitura":"1 minuto"},"schema":{"@context":"https:\/\/schema.org","@graph":[{"@type":"WebPage","@id":"https:\/\/deputadotaveirajr.com.br\/index.php\/empregada-domestica-e-investigada-suspeita-de-furtar-r-400-mil-em-objetos-de-casa-onde-trabalhava-em-natal\/","url":"https:\/\/deputadotaveirajr.com.br\/index.php\/empregada-domestica-e-investigada-suspeita-de-furtar-r-400-mil-em-objetos-de-casa-onde-trabalhava-em-natal\/","name":"Empregada dom\u00e9stica \u00e9 investigada suspeita de furtar R$ 400 mil em objetos de casa onde trabalhava em Natal - Taveira Jr","isPartOf":{"@id":"https:\/\/deputadotaveirajr.com.br\/#website"},"primaryImageOfPage":{"@id":"https:\/\/deputadotaveirajr.com.br\/index.php\/empregada-domestica-e-investigada-suspeita-de-furtar-r-400-mil-em-objetos-de-casa-onde-trabalhava-em-natal\/#primaryimage"},"image":{"@id":"https:\/\/deputadotaveirajr.com.br\/index.php\/empregada-domestica-e-investigada-suspeita-de-furtar-r-400-mil-em-objetos-de-casa-onde-trabalhava-em-natal\/#primaryimage"},"thumbnailUrl":"https:\/\/deputadotaveirajr.com.br\/wp-content\/uploads\/2025\/03\/whatsapp-image-2025-03-12-at-16.27.44-6AD64Y.jpeg","datePublished":"2025-03-12T22:25:56+00:00","breadcrumb":{"@id":"https:\/\/deputadotaveirajr.com.br\/index.php\/empregada-domestica-e-investigada-suspeita-de-furtar-r-400-mil-em-objetos-de-casa-onde-trabalhava-em-natal\/#breadcrumb"},"inLanguage":"pt-BR","potentialAction":[{"@type":"ReadAction","target":["https:\/\/deputadotaveirajr.com.br\/index.php\/empregada-domestica-e-investigada-suspeita-de-furtar-r-400-mil-em-objetos-de-casa-onde-trabalhava-em-natal\/"]}]},{"@type":"ImageObject","inLanguage":"pt-BR","@id":"https:\/\/deputadotaveirajr.com.br\/index.php\/empregada-domestica-e-investigada-suspeita-de-furtar-r-400-mil-em-objetos-de-casa-onde-trabalhava-em-natal\/#primaryimage","url":"https:\/\/deputadotaveirajr.com.br\/wp-content\/uploads\/2025\/03\/whatsapp-image-2025-03-12-at-16.27.44-6AD64Y.jpeg","contentUrl":"https:\/\/deputadotaveirajr.com.br\/wp-content\/uploads\/2025\/03\/whatsapp-image-2025-03-12-at-16.27.44-6AD64Y.jpeg","width":1280,"height":720},{"@type":"BreadcrumbList","@id":"https:\/\/deputadotaveirajr.com.br\/index.php\/empregada-domestica-e-investigada-suspeita-de-furtar-r-400-mil-em-objetos-de-casa-onde-trabalhava-em-natal\/#breadcrumb","itemListElement":[{"@type":"ListItem","position":1,"name":"In\u00edcio","item":"https:\/\/deputadotaveirajr.com.br\/"},{"@type":"ListItem","position":2,"name":"Empregada dom\u00e9stica \u00e9 investigada suspeita de furtar R$ 400 mil em objetos de casa onde trabalhava em Natal"}]},{"@type":"WebSite","@id":"https:\/\/deputadotaveirajr.com.br\/#website","url":"https:\/\/deputadotaveirajr.com.br\/","name":"Taveira Jr","description":"Deputado Estadual","publisher":{"@id":"https:\/\/deputadotaveirajr.com.br\/#organization"},"potentialAction":[{"@type":"SearchAction","target":{"@type":"EntryPoint","urlTemplate":"https:\/\/deputadotaveirajr.com.br\/?s={search_term_string}"},"query-input":{"@type":"PropertyValueSpecification","valueRequired":true,"valueName":"search_term_string"}}],"inLanguage":"pt-BR"},{"@type":"Organization","@id":"https:\/\/deputadotaveirajr.com.br\/#organization","name":"Taveira Jr","url":"https:\/\/deputadotaveirajr.com.br\/","logo":{"@type":"ImageObject","inLanguage":"pt-BR","@id":"https:\/\/deputadotaveirajr.com.br\/#\/schema\/logo\/image\/","url":"https:\/\/deputadotaveirajr.com.br\/wp-content\/uploads\/2026\/01\/logolow2a.png","contentUrl":"https:\/\/deputadotaveirajr.com.br\/wp-content\/uploads\/2026\/01\/logolow2a.png","width":290,"height":80,"caption":"Taveira Jr"},"image":{"@id":"https:\/\/deputadotaveirajr.com.br\/#\/schema\/logo\/image\/"}}]}},"_links":{"self":[{"href":"https:\/\/deputadotaveirajr.com.br\/index.php\/wp-json\/wp\/v2\/pages\/12559","targetHints":{"allow":["GET"]}}],"collection":[{"href":"https:\/\/deputadotaveirajr.com.br\/index.php\/wp-json\/wp\/v2\/pages"}],"about":[{"href":"https:\/\/deputadotaveirajr.com.br\/index.php\/wp-json\/wp\/v2\/types\/page"}],"replies":[{"embeddable":true,"href":"https:\/\/deputadotaveirajr.com.br\/index.php\/wp-json\/wp\/v2\/comments?post=12559"}],"version-history":[{"count":0,"href":"https:\/\/deputadotaveirajr.com.br\/index.php\/wp-json\/wp\/v2\/pages\/12559\/revisions"}],"wp:featuredmedia":[{"embeddable":true,"href":"https:\/\/deputadotaveirajr.com.br\/index.php\/wp-json\/wp\/v2\/media\/12560"}],"wp:attachment":[{"href":"https:\/\/deputadotaveirajr.com.br\/index.php\/wp-json\/wp\/v2\/media?parent=12559"}],"curies":[{"name":"wp","href":"https:\/\/api.w.org\/{rel}","templated":true}]}}