{"id":12588,"date":"2025-03-13T16:52:31","date_gmt":"2025-03-13T19:52:31","guid":{"rendered":"https:\/\/deputadotaveirajr.com.br\/index.php\/inmet-alerta-para-chuvas-em-mais-de-100-cidades-do-rn-veja-lista\/"},"modified":"2025-03-13T16:52:31","modified_gmt":"2025-03-13T19:52:31","slug":"inmet-alerta-para-chuvas-em-mais-de-100-cidades-do-rn-veja-lista","status":"publish","type":"page","link":"https:\/\/deputadotaveirajr.com.br\/index.php\/inmet-alerta-para-chuvas-em-mais-de-100-cidades-do-rn-veja-lista\/","title":{"rendered":"Inmet alerta para chuvas em mais de 100 cidades do RN; veja lista"},"content":{"rendered":"<p><img decoding=\"async\" src=\"https:\/\/s2-g1.glbimg.com\/w1g6luBXzgmUZ-SfVh04pDdj_W0=\/i.s3.glbimg.com\/v1\/AUTH_59edd422c0c84a879bd37670ae4f538a\/internal_photos\/bs\/2025\/v\/X\/vUZ4yBSVWzLfb4sBT24Q\/captura-de-tela-2025-03-13-165008.png\" \/><br \/>     Dois avisos da cor amarelo foram emitidos pelo Inmet com validade at\u00e9 10h desta sexta-feira (14). Capital Natal est\u00e1 entre cidades atingidas pelas chuvas. Chuvas atingem cidades do RN<br \/>\nDivulga\u00e7\u00e3o\/Inmet<br \/>\nO Instituto Nacional de Meteorologia (Inmet) emitiu alertas de chuvas intensas para 102 cidades do Rio Grande do Norte. Os dois avisos valem at\u00e9 10h desta sexta-feira (14).<br \/>\nOs alertas s\u00e3o da cor amarela (perigo potencial), o menor n\u00edvel no grau de severidade do \u00f3rg\u00e3o, que ainda conta o n\u00edvel da cor laranja (perigo) e da cor vemelha (grande perigo).<br \/>\n\u26c8\ufe0f O primeiro aviso, para 15 munic\u00edpios, teve in\u00edcio na manh\u00e3 desta quinta. J\u00e1 o segundo, para 99, teve in\u00edcio durante a tarde. Apenas tr\u00eas munic\u00edpios que estavam no primeiro aviso n\u00e3o constam no segundo.<br \/>\nDe acordo com o Inmet, as chuvas do n\u00edvel amarelo podem atingir 20 e 30 mil\u00edmetros por hora ou at\u00e9 50 mil\u00edmetros por dia, al\u00e9m da possibilidade de ventos intensos entre 40 e 60 km\/h.<br \/>\nNesse caso, h\u00e1 baixo risco de corte de energia el\u00e9trica, queda de galhos de \u00e1rvores, alagamentos e de descargas el\u00e9tricas, segundo o Inmet.<br \/>\nO \u00f3rg\u00e3o recomenda, em caso de rajada de vento:<br \/>\nn\u00e3o se abrigar debaixo de \u00e1rvores, pois h\u00e1 leve risco de queda e descargas el\u00e9tricas<br \/>\nn\u00e3o estacionar ve\u00edculos pr\u00f3ximos a torres de transmiss\u00e3o e placas de propaganda;<br \/>\nevitar usar aparelhos eletr\u00f4nicos ligados \u00e0 tomada<br \/>\nPara mais informa\u00e7\u00f5es, a recomenda\u00e7\u00e3o \u00e9 acionar a Defesa Civil (telefone 199) ou o Corpo de Bombeiros (telefone 193).<br \/>\nCidades atingidas no 1\u00ba alerta<br \/>\nAreia Branca<br \/>\nCai\u00e7ara do Norte<br \/>\nGalinhos<br \/>\nGrossos<br \/>\nGuamar\u00e9<br \/>\nMacau<br \/>\nMossor\u00f3<br \/>\nParazinho<br \/>\nPedra Grande<br \/>\nPorto do Mangue<br \/>\nS\u00e3o Bento do Norte<br \/>\nS\u00e3o Miguel do Gostoso<br \/>\nSerra do Mel<br \/>\nTibau<br \/>\nTouros<br \/>\nCidades atingidas no 2\u00ba alerta<br \/>\nAss\u00fa<br \/>\nAfonso Bezerra<br \/>\nAlto do Rodrigues<br \/>\nAngicos<br \/>\nApodi<br \/>\nAreia Branca<br \/>\nArez<br \/>\nAugusto Severo<br \/>\nBa\u00eda Formosa<br \/>\nBara\u00fana<br \/>\nBarcelona<br \/>\nBento Fernandes<br \/>\nBod\u00f3<br \/>\nBom Jesus<br \/>\nBrejinho<br \/>\nCai\u00e7ara do Norte<br \/>\nCai\u00e7ara do Rio do Vento<br \/>\nCampo Redondo<br \/>\nCanguaretama<br \/>\nCara\u00fabas<br \/>\nCarnaubais<br \/>\nCear\u00e1-Mirim<br \/>\nCerro Cor\u00e1<br \/>\nCurrais Novos<br \/>\nEsp\u00edrito Santo<br \/>\nExtremoz<br \/>\nFelipe Guerra<br \/>\nFernando Pedroza<br \/>\nGalinhos<br \/>\nGoianinha<br \/>\nGovernador Dix-Sept Rosado<br \/>\nGuamar\u00e9<br \/>\nIelmo Marinho<br \/>\nIpangua\u00e7u<br \/>\nItaj\u00e1<br \/>\nIta\u00fa<br \/>\nJanda\u00edra<br \/>\nJanu\u00e1rio Cicco<br \/>\nJardim de Angicos<br \/>\nJo\u00e3o C\u00e2mara<br \/>\nJucurutu<br \/>\nJundi\u00e1<br \/>\nLagoa de Pedras<br \/>\nLagoa de Velhos<br \/>\nLagoa Nova<br \/>\nLagoa Salgada<br \/>\nLajes<br \/>\nLajes Pintadas<br \/>\nMaca\u00edba<br \/>\nMacau<br \/>\nMaxaranguape<br \/>\nMonte Alegre<br \/>\nMossor\u00f3<br \/>\nNatal<br \/>\nN\u00edsia Floresta<br \/>\nPara\u00fa<br \/>\nParazinho<br \/>\nParnamirim<br \/>\nPassagem<br \/>\nPedra Preta<br \/>\nPedro Avelino<br \/>\nPedro Velho<br \/>\nPend\u00eancias<br \/>\nPo\u00e7o Branco<br \/>\nPorto do Mangue<br \/>\nPureza<br \/>\nRiachuelo<br \/>\nRio do Fogo<br \/>\nRuy Barbosa<br \/>\nSanta Cruz<br \/>\nSanta Maria<br \/>\nSantana do Matos<br \/>\nSanto Ant\u00f4nio<br \/>\nS\u00e3o Bento do Norte<br \/>\nS\u00e3o Gon\u00e7alo do Amarante<br \/>\nS\u00e3o Jos\u00e9 de Mipibu<br \/>\nS\u00e3o Jos\u00e9 do Campestre<br \/>\nS\u00e3o Miguel do Gostoso<br \/>\nS\u00e3o Paulo do Potengi<br \/>\nS\u00e3o Pedro<br \/>\nS\u00e3o Rafael<br \/>\nS\u00e3o Tom\u00e9<br \/>\nSenador El\u00f3i de Souza<br \/>\nSenador Georgino Avelino<br \/>\nSerra Caiada<br \/>\nSerra do Mel<br \/>\nSerrinha<br \/>\nSeveriano Melo<br \/>\nS\u00edtio Novo<br \/>\nTaipu<br \/>\nTangar\u00e1<br \/>\nTibau<br \/>\nTibau do Sul<br \/>\nTouros<br \/>\nTriunfo Potiguar<br \/>\nUpanema<br \/>\nV\u00e1rzea<br \/>\nVera Cruz<br \/>\nVila Flor<br \/>\nEm janeiro, RN teve o dobro de chuvas esperadas para o per\u00edodo. Veja mais detalhes na reportagem abaixo \u2b07\ufe0f<br \/>\nChuvas de janeiro atingiram o dobro do esperado para o per\u00edodo no RN<br \/>\nV\u00eddeos mais assistidos do g1 RN<\/p>","protected":false},"excerpt":{"rendered":"<p>Dois avisos da cor amarelo foram emitidos pelo Inmet com validade at\u00e9 10h desta sexta-feira (14). Capital Natal est\u00e1 entre cidades atingidas pelas chuvas. Chuvas atingem cidades do RN Divulga\u00e7\u00e3o\/Inmet &#8230;<\/p>\n","protected":false},"author":0,"featured_media":12589,"parent":0,"menu_order":0,"comment_status":"closed","ping_status":"closed","template":"","meta":{"footnotes":""},"class_list":["post-12588","page","type-page","status-publish","has-post-thumbnail","hentry"],"yoast_head":"<!-- This site is optimized with the Yoast SEO plugin v27.1.1 - https:\/\/yoast.com\/product\/yoast-seo-wordpress\/ -->\n<title>Inmet alerta para chuvas em mais de 100 cidades do RN; veja lista - Taveira Jr<\/title>\n<meta name=\"robots\" content=\"index, follow, max-snippet:-1, max-image-preview:large, max-video-preview:-1\" \/>\n<link rel=\"canonical\" href=\"https:\/\/deputadotaveirajr.com.br\/index.php\/inmet-alerta-para-chuvas-em-mais-de-100-cidades-do-rn-veja-lista\/\" \/>\n<meta property=\"og:locale\" content=\"pt_BR\" \/>\n<meta property=\"og:type\" content=\"article\" \/>\n<meta property=\"og:title\" content=\"Inmet alerta para chuvas em mais de 100 cidades do RN; veja lista - Taveira Jr\" \/>\n<meta property=\"og:description\" content=\"Dois avisos da cor amarelo foram emitidos pelo Inmet com validade at\u00e9 10h desta sexta-feira (14). Capital Natal est\u00e1 entre cidades atingidas pelas chuvas. Chuvas atingem cidades do RN Divulga\u00e7\u00e3o\/Inmet ...\" \/>\n<meta property=\"og:url\" content=\"https:\/\/deputadotaveirajr.com.br\/index.php\/inmet-alerta-para-chuvas-em-mais-de-100-cidades-do-rn-veja-lista\/\" \/>\n<meta property=\"og:site_name\" content=\"Taveira Jr\" \/>\n<meta property=\"og:image\" content=\"https:\/\/s2-g1.glbimg.com\/w1g6luBXzgmUZ-SfVh04pDdj_W0=\/i.s3.glbimg.com\/v1\/AUTH_59edd422c0c84a879bd37670ae4f538a\/internal_photos\/bs\/2025\/v\/X\/vUZ4yBSVWzLfb4sBT24Q\/captura-de-tela-2025-03-13-165008.png\" \/>\n<meta name=\"twitter:card\" content=\"summary_large_image\" \/>\n<meta name=\"twitter:label1\" content=\"Est. tempo de leitura\" \/>\n\t<meta name=\"twitter:data1\" content=\"3 minutos\" \/>\n<script type=\"application\/ld+json\" class=\"yoast-schema-graph\">{\"@context\":\"https:\/\/schema.org\",\"@graph\":[{\"@type\":\"WebPage\",\"@id\":\"https:\/\/deputadotaveirajr.com.br\/index.php\/inmet-alerta-para-chuvas-em-mais-de-100-cidades-do-rn-veja-lista\/\",\"url\":\"https:\/\/deputadotaveirajr.com.br\/index.php\/inmet-alerta-para-chuvas-em-mais-de-100-cidades-do-rn-veja-lista\/\",\"name\":\"Inmet alerta para chuvas em mais de 100 cidades do RN; veja lista - Taveira Jr\",\"isPartOf\":{\"@id\":\"https:\/\/deputadotaveirajr.com.br\/#website\"},\"primaryImageOfPage\":{\"@id\":\"https:\/\/deputadotaveirajr.com.br\/index.php\/inmet-alerta-para-chuvas-em-mais-de-100-cidades-do-rn-veja-lista\/#primaryimage\"},\"image\":{\"@id\":\"https:\/\/deputadotaveirajr.com.br\/index.php\/inmet-alerta-para-chuvas-em-mais-de-100-cidades-do-rn-veja-lista\/#primaryimage\"},\"thumbnailUrl\":\"https:\/\/deputadotaveirajr.com.br\/wp-content\/uploads\/2025\/03\/captura-de-tela-2025-03-13-165008-h9r4nE.jpeg\",\"datePublished\":\"2025-03-13T19:52:31+00:00\",\"breadcrumb\":{\"@id\":\"https:\/\/deputadotaveirajr.com.br\/index.php\/inmet-alerta-para-chuvas-em-mais-de-100-cidades-do-rn-veja-lista\/#breadcrumb\"},\"inLanguage\":\"pt-BR\",\"potentialAction\":[{\"@type\":\"ReadAction\",\"target\":[\"https:\/\/deputadotaveirajr.com.br\/index.php\/inmet-alerta-para-chuvas-em-mais-de-100-cidades-do-rn-veja-lista\/\"]}]},{\"@type\":\"ImageObject\",\"inLanguage\":\"pt-BR\",\"@id\":\"https:\/\/deputadotaveirajr.com.br\/index.php\/inmet-alerta-para-chuvas-em-mais-de-100-cidades-do-rn-veja-lista\/#primaryimage\",\"url\":\"https:\/\/deputadotaveirajr.com.br\/wp-content\/uploads\/2025\/03\/captura-de-tela-2025-03-13-165008-h9r4nE.jpeg\",\"contentUrl\":\"https:\/\/deputadotaveirajr.com.br\/wp-content\/uploads\/2025\/03\/captura-de-tela-2025-03-13-165008-h9r4nE.jpeg\",\"width\":607,\"height\":496},{\"@type\":\"BreadcrumbList\",\"@id\":\"https:\/\/deputadotaveirajr.com.br\/index.php\/inmet-alerta-para-chuvas-em-mais-de-100-cidades-do-rn-veja-lista\/#breadcrumb\",\"itemListElement\":[{\"@type\":\"ListItem\",\"position\":1,\"name\":\"In\u00edcio\",\"item\":\"https:\/\/deputadotaveirajr.com.br\/\"},{\"@type\":\"ListItem\",\"position\":2,\"name\":\"Inmet alerta para chuvas em mais de 100 cidades do RN; veja lista\"}]},{\"@type\":\"WebSite\",\"@id\":\"https:\/\/deputadotaveirajr.com.br\/#website\",\"url\":\"https:\/\/deputadotaveirajr.com.br\/\",\"name\":\"Taveira Jr\",\"description\":\"Deputado Estadual\",\"publisher\":{\"@id\":\"https:\/\/deputadotaveirajr.com.br\/#organization\"},\"potentialAction\":[{\"@type\":\"SearchAction\",\"target\":{\"@type\":\"EntryPoint\",\"urlTemplate\":\"https:\/\/deputadotaveirajr.com.br\/?s={search_term_string}\"},\"query-input\":{\"@type\":\"PropertyValueSpecification\",\"valueRequired\":true,\"valueName\":\"search_term_string\"}}],\"inLanguage\":\"pt-BR\"},{\"@type\":\"Organization\",\"@id\":\"https:\/\/deputadotaveirajr.com.br\/#organization\",\"name\":\"Taveira Jr\",\"url\":\"https:\/\/deputadotaveirajr.com.br\/\",\"logo\":{\"@type\":\"ImageObject\",\"inLanguage\":\"pt-BR\",\"@id\":\"https:\/\/deputadotaveirajr.com.br\/#\/schema\/logo\/image\/\",\"url\":\"https:\/\/deputadotaveirajr.com.br\/wp-content\/uploads\/2026\/01\/logolow2a.png\",\"contentUrl\":\"https:\/\/deputadotaveirajr.com.br\/wp-content\/uploads\/2026\/01\/logolow2a.png\",\"width\":290,\"height\":80,\"caption\":\"Taveira Jr\"},\"image\":{\"@id\":\"https:\/\/deputadotaveirajr.com.br\/#\/schema\/logo\/image\/\"}}]}<\/script>\n<!-- \/ Yoast SEO plugin. -->","yoast_head_json":{"title":"Inmet alerta para chuvas em mais de 100 cidades do RN; veja lista - Taveira Jr","robots":{"index":"index","follow":"follow","max-snippet":"max-snippet:-1","max-image-preview":"max-image-preview:large","max-video-preview":"max-video-preview:-1"},"canonical":"https:\/\/deputadotaveirajr.com.br\/index.php\/inmet-alerta-para-chuvas-em-mais-de-100-cidades-do-rn-veja-lista\/","og_locale":"pt_BR","og_type":"article","og_title":"Inmet alerta para chuvas em mais de 100 cidades do RN; veja lista - Taveira Jr","og_description":"Dois avisos da cor amarelo foram emitidos pelo Inmet com validade at\u00e9 10h desta sexta-feira (14). Capital Natal est\u00e1 entre cidades atingidas pelas chuvas. Chuvas atingem cidades do RN Divulga\u00e7\u00e3o\/Inmet ...","og_url":"https:\/\/deputadotaveirajr.com.br\/index.php\/inmet-alerta-para-chuvas-em-mais-de-100-cidades-do-rn-veja-lista\/","og_site_name":"Taveira Jr","og_image":[{"url":"https:\/\/s2-g1.glbimg.com\/w1g6luBXzgmUZ-SfVh04pDdj_W0=\/i.s3.glbimg.com\/v1\/AUTH_59edd422c0c84a879bd37670ae4f538a\/internal_photos\/bs\/2025\/v\/X\/vUZ4yBSVWzLfb4sBT24Q\/captura-de-tela-2025-03-13-165008.png","type":"","width":"","height":""}],"twitter_card":"summary_large_image","twitter_misc":{"Est. tempo de leitura":"3 minutos"},"schema":{"@context":"https:\/\/schema.org","@graph":[{"@type":"WebPage","@id":"https:\/\/deputadotaveirajr.com.br\/index.php\/inmet-alerta-para-chuvas-em-mais-de-100-cidades-do-rn-veja-lista\/","url":"https:\/\/deputadotaveirajr.com.br\/index.php\/inmet-alerta-para-chuvas-em-mais-de-100-cidades-do-rn-veja-lista\/","name":"Inmet alerta para chuvas em mais de 100 cidades do RN; veja lista - Taveira Jr","isPartOf":{"@id":"https:\/\/deputadotaveirajr.com.br\/#website"},"primaryImageOfPage":{"@id":"https:\/\/deputadotaveirajr.com.br\/index.php\/inmet-alerta-para-chuvas-em-mais-de-100-cidades-do-rn-veja-lista\/#primaryimage"},"image":{"@id":"https:\/\/deputadotaveirajr.com.br\/index.php\/inmet-alerta-para-chuvas-em-mais-de-100-cidades-do-rn-veja-lista\/#primaryimage"},"thumbnailUrl":"https:\/\/deputadotaveirajr.com.br\/wp-content\/uploads\/2025\/03\/captura-de-tela-2025-03-13-165008-h9r4nE.jpeg","datePublished":"2025-03-13T19:52:31+00:00","breadcrumb":{"@id":"https:\/\/deputadotaveirajr.com.br\/index.php\/inmet-alerta-para-chuvas-em-mais-de-100-cidades-do-rn-veja-lista\/#breadcrumb"},"inLanguage":"pt-BR","potentialAction":[{"@type":"ReadAction","target":["https:\/\/deputadotaveirajr.com.br\/index.php\/inmet-alerta-para-chuvas-em-mais-de-100-cidades-do-rn-veja-lista\/"]}]},{"@type":"ImageObject","inLanguage":"pt-BR","@id":"https:\/\/deputadotaveirajr.com.br\/index.php\/inmet-alerta-para-chuvas-em-mais-de-100-cidades-do-rn-veja-lista\/#primaryimage","url":"https:\/\/deputadotaveirajr.com.br\/wp-content\/uploads\/2025\/03\/captura-de-tela-2025-03-13-165008-h9r4nE.jpeg","contentUrl":"https:\/\/deputadotaveirajr.com.br\/wp-content\/uploads\/2025\/03\/captura-de-tela-2025-03-13-165008-h9r4nE.jpeg","width":607,"height":496},{"@type":"BreadcrumbList","@id":"https:\/\/deputadotaveirajr.com.br\/index.php\/inmet-alerta-para-chuvas-em-mais-de-100-cidades-do-rn-veja-lista\/#breadcrumb","itemListElement":[{"@type":"ListItem","position":1,"name":"In\u00edcio","item":"https:\/\/deputadotaveirajr.com.br\/"},{"@type":"ListItem","position":2,"name":"Inmet alerta para chuvas em mais de 100 cidades do RN; veja lista"}]},{"@type":"WebSite","@id":"https:\/\/deputadotaveirajr.com.br\/#website","url":"https:\/\/deputadotaveirajr.com.br\/","name":"Taveira Jr","description":"Deputado Estadual","publisher":{"@id":"https:\/\/deputadotaveirajr.com.br\/#organization"},"potentialAction":[{"@type":"SearchAction","target":{"@type":"EntryPoint","urlTemplate":"https:\/\/deputadotaveirajr.com.br\/?s={search_term_string}"},"query-input":{"@type":"PropertyValueSpecification","valueRequired":true,"valueName":"search_term_string"}}],"inLanguage":"pt-BR"},{"@type":"Organization","@id":"https:\/\/deputadotaveirajr.com.br\/#organization","name":"Taveira Jr","url":"https:\/\/deputadotaveirajr.com.br\/","logo":{"@type":"ImageObject","inLanguage":"pt-BR","@id":"https:\/\/deputadotaveirajr.com.br\/#\/schema\/logo\/image\/","url":"https:\/\/deputadotaveirajr.com.br\/wp-content\/uploads\/2026\/01\/logolow2a.png","contentUrl":"https:\/\/deputadotaveirajr.com.br\/wp-content\/uploads\/2026\/01\/logolow2a.png","width":290,"height":80,"caption":"Taveira Jr"},"image":{"@id":"https:\/\/deputadotaveirajr.com.br\/#\/schema\/logo\/image\/"}}]}},"_links":{"self":[{"href":"https:\/\/deputadotaveirajr.com.br\/index.php\/wp-json\/wp\/v2\/pages\/12588","targetHints":{"allow":["GET"]}}],"collection":[{"href":"https:\/\/deputadotaveirajr.com.br\/index.php\/wp-json\/wp\/v2\/pages"}],"about":[{"href":"https:\/\/deputadotaveirajr.com.br\/index.php\/wp-json\/wp\/v2\/types\/page"}],"replies":[{"embeddable":true,"href":"https:\/\/deputadotaveirajr.com.br\/index.php\/wp-json\/wp\/v2\/comments?post=12588"}],"version-history":[{"count":0,"href":"https:\/\/deputadotaveirajr.com.br\/index.php\/wp-json\/wp\/v2\/pages\/12588\/revisions"}],"wp:featuredmedia":[{"embeddable":true,"href":"https:\/\/deputadotaveirajr.com.br\/index.php\/wp-json\/wp\/v2\/media\/12589"}],"wp:attachment":[{"href":"https:\/\/deputadotaveirajr.com.br\/index.php\/wp-json\/wp\/v2\/media?parent=12588"}],"curies":[{"name":"wp","href":"https:\/\/api.w.org\/{rel}","templated":true}]}}