{"id":12643,"date":"2025-03-19T19:29:24","date_gmt":"2025-03-19T22:29:24","guid":{"rendered":"https:\/\/deputadotaveirajr.com.br\/index.php\/marinha-prorroga-inscricoes-para-concurso-com-62-vagas-para-fuzileiros-navais-em-natal\/"},"modified":"2025-03-19T19:29:24","modified_gmt":"2025-03-19T22:29:24","slug":"marinha-prorroga-inscricoes-para-concurso-com-62-vagas-para-fuzileiros-navais-em-natal","status":"publish","type":"page","link":"https:\/\/deputadotaveirajr.com.br\/index.php\/marinha-prorroga-inscricoes-para-concurso-com-62-vagas-para-fuzileiros-navais-em-natal\/","title":{"rendered":"Marinha prorroga inscri\u00e7\u00f5es para concurso com 62 vagas para fuzileiros navais em Natal"},"content":{"rendered":"<p><img decoding=\"async\" src=\"https:\/\/s2-g1.glbimg.com\/jmOj831TRbLrYuTNFH0fgYfb1kc=\/i.s3.glbimg.com\/v1\/AUTH_59edd422c0c84a879bd37670ae4f538a\/internal_photos\/bs\/2025\/B\/0\/mitpjLQLqAAnxznKDrTw\/marinha-do-brasil.jpg\" \/><br \/>     Inscri\u00e7\u00f5es podem ser feitas at\u00e9 o dia 28 de mar\u00e7o no site do Comando Geral do Corpo de Fuzileiros Navais. Provas permanecem marcadas para o dia 20 de maio.  Soldados durante o curso de forma\u00e7\u00e3o de fuzileiros navais da Marinha do Brasil<br \/>\nDivulga\u00e7\u00e3o\/Marinha do Brasil<br \/>\nA Marinha do Brasil (MB) prorrogou at\u00e9 o dia 28 de mar\u00e7o as inscri\u00e7\u00f5es para o concurso com 62 vagas para fuzileiros navais em Natal. O edital do concurso foi divulgado em janeiro com oportunidades em todo o Brasil. Os sal\u00e1rios iniciais s\u00e3o de R$ 2.294,50.<br \/>\nAs inscri\u00e7\u00f5es inicialmente iriam at\u00e9 7 de mar\u00e7o, mas agora seguem at\u00e9 o dia 28 deste m\u00eas &#8211; a taxa de inscri\u00e7\u00e3o \u00e9 de R$ 40. As provas permanecem previstas para o dia 20 de maio. (Veja mais abaixo quem pode se inscrever).<br \/>\n\ud83d\udcf3Participe do canal do g1 RN no WhatsApp<br \/>\nAs inscri\u00e7\u00f5es s\u00e3o feitas no site do Comando-Geral do Corpo de Fuzileiros Navais &#8211; na aba no menu lateral \u201cConcursos para o CFN\u201d. Ou por meio do aplicativo \u201cAdsumus Sempre\u201d.<br \/>\nAo todo, no Brasil, s\u00e3o oferecidas 1.680 vagas. Para o Distrito Naval de Natal, s\u00e3o duas turmas previstas, sendo:<br \/>\nTurma 1 (30 vagas)<br \/>\n21 vagas para ampla concorr\u00eancia<br \/>\n5 para candidatos negros<br \/>\n3 reservadas para candidatas do sexo feminino<br \/>\n1 para candidatas negras<br \/>\nTurma 2 (32 vagas)<br \/>\n22 para ampla concorr\u00eancia<br \/>\n6 para candidatos negros<br \/>\n3 reservadas para candidatas do sexo feminino<br \/>\n1 para candidatas negras<br \/>\n No ato da inscri\u00e7\u00e3o, os candidatos devem informar onde desejam realizar as etapas do concurso, al\u00e9m de indicar, em ordem crescente de prefer\u00eancia, os locais em que gostariam de atuar. Tamb\u00e9m \u00e9 preciso escolher a turma.<br \/>\nEtapas do concurso<br \/>\nA primeira etapa \u00e9 uma prova objetiva \u00fanica, aplicada na cidade indicada pelo candidato no ato da inscri\u00e7\u00e3o. S\u00e3o 50 quest\u00f5es de m\u00faltipla escolha, sendo 25 de L\u00edngua Portuguesa e 25 de Matem\u00e1tica. A prova tem dura\u00e7\u00e3o de 3 horas.<br \/>\nOs aprovados na fase inicial ser\u00e3o convocados para as etapas complementares, que incluem:<br \/>\nverifica\u00e7\u00e3o de dados biogr\u00e1ficos e de documentos<br \/>\nrealiza\u00e7\u00e3o da inspe\u00e7\u00e3o de sa\u00fade<br \/>\navalia\u00e7\u00e3o psicol\u00f3gica<br \/>\nTeste de Aptid\u00e3o F\u00edsica (TAF)<br \/>\nO candidato, aprovado em todas as fases e classificado no n\u00famero de vagas, ingressa nas fileiras da Marinha como Aprendiz-Fuzileiro Naval e recebe uma bolsa-aux\u00edlio no valor de R$ 1.303,90.<br \/>\nDurante o curso de forma\u00e7\u00e3o, que tem dura\u00e7\u00e3o de aproximadamente 17 semanas, s\u00e3o proporcionados uniforme, alimenta\u00e7\u00e3o, assist\u00eancia m\u00e9dico-odontol\u00f3gica, psicol\u00f3gica, social e religiosa aos futuros soldados.<br \/>\nQuem pode se inscrever<br \/>\nPara se inscrever, os candidatos devem atender a requisitos espec\u00edficos, como:<br \/>\nter entre 18 e 22 anos no dia 30 de junho de 2026<br \/>\nter conclu\u00eddo com aproveitamento ou estar em fase de conclus\u00e3o do 3\u00ba ano do Ensino M\u00e9dio<br \/>\nn\u00e3o ser casado ou n\u00e3o ter constitu\u00eddo uni\u00e3o est\u00e1vel<br \/>\nn\u00e3o ter filhos ou dependentes<br \/>\nSegundo a Marinha, o curso tem a dura\u00e7\u00e3o de aproximadamente 17 semanas, sob regime de internato e dedica\u00e7\u00e3o exclusiva. Os requisitos s\u00e3o v\u00e1lidos para todo o per\u00edodo em que o candidato estiver sendo regido pelos \u00f3rg\u00e3os de forma\u00e7\u00e3o.<br \/>\nPer\u00edodo de adapta\u00e7\u00e3o<br \/>\nOs aprovados e classificados em todas as fases do concurso s\u00e3o convocados para o per\u00edodo de Adapta\u00e7\u00e3o, a fim de verificar, na pr\u00e1tica, o seu interesse pela carreira.<br \/>\nNesta etapa, os alunos recebem instru\u00e7\u00f5es iniciais sobre a forma\u00e7\u00e3o militar e t\u00eam uma rotina de atividades intensas, compat\u00edveis com a vida militar, incluindo a pr\u00e1tica de exerc\u00edcios f\u00edsicos.<br \/>\nPor conta disso, o edital recomenda que os candidatos mantenham a higidez f\u00edsica necess\u00e1ria para o Curso de Forma\u00e7\u00e3o, de forma a se adaptar \u00e0 rotina dos fuzileiros navais.<br \/>\nV\u00eddeos mais assistidos do g1 RN<\/p>","protected":false},"excerpt":{"rendered":"<p>Inscri\u00e7\u00f5es podem ser feitas at\u00e9 o dia 28 de mar\u00e7o no site do Comando Geral do Corpo de Fuzileiros Navais. Provas permanecem marcadas para o dia 20 de maio. Soldados &#8230;<\/p>\n","protected":false},"author":0,"featured_media":12644,"parent":0,"menu_order":0,"comment_status":"closed","ping_status":"closed","template":"","meta":{"footnotes":""},"class_list":["post-12643","page","type-page","status-publish","has-post-thumbnail","hentry"],"yoast_head":"<!-- This site is optimized with the Yoast SEO plugin v27.1.1 - https:\/\/yoast.com\/product\/yoast-seo-wordpress\/ -->\n<title>Marinha prorroga inscri\u00e7\u00f5es para concurso com 62 vagas para fuzileiros navais em Natal - Taveira Jr<\/title>\n<meta name=\"robots\" content=\"index, follow, max-snippet:-1, max-image-preview:large, max-video-preview:-1\" \/>\n<link rel=\"canonical\" href=\"https:\/\/deputadotaveirajr.com.br\/index.php\/marinha-prorroga-inscricoes-para-concurso-com-62-vagas-para-fuzileiros-navais-em-natal\/\" \/>\n<meta property=\"og:locale\" content=\"pt_BR\" \/>\n<meta property=\"og:type\" content=\"article\" \/>\n<meta property=\"og:title\" content=\"Marinha prorroga inscri\u00e7\u00f5es para concurso com 62 vagas para fuzileiros navais em Natal - Taveira Jr\" \/>\n<meta property=\"og:description\" content=\"Inscri\u00e7\u00f5es podem ser feitas at\u00e9 o dia 28 de mar\u00e7o no site do Comando Geral do Corpo de Fuzileiros Navais. Provas permanecem marcadas para o dia 20 de maio. Soldados ...\" \/>\n<meta property=\"og:url\" content=\"https:\/\/deputadotaveirajr.com.br\/index.php\/marinha-prorroga-inscricoes-para-concurso-com-62-vagas-para-fuzileiros-navais-em-natal\/\" \/>\n<meta property=\"og:site_name\" content=\"Taveira Jr\" \/>\n<meta property=\"og:image\" content=\"https:\/\/s2-g1.glbimg.com\/jmOj831TRbLrYuTNFH0fgYfb1kc=\/i.s3.glbimg.com\/v1\/AUTH_59edd422c0c84a879bd37670ae4f538a\/internal_photos\/bs\/2025\/B\/0\/mitpjLQLqAAnxznKDrTw\/marinha-do-brasil.jpg\" \/>\n<meta name=\"twitter:card\" content=\"summary_large_image\" \/>\n<meta name=\"twitter:label1\" content=\"Est. tempo de leitura\" \/>\n\t<meta name=\"twitter:data1\" content=\"3 minutos\" \/>\n<script type=\"application\/ld+json\" class=\"yoast-schema-graph\">{\"@context\":\"https:\/\/schema.org\",\"@graph\":[{\"@type\":\"WebPage\",\"@id\":\"https:\/\/deputadotaveirajr.com.br\/index.php\/marinha-prorroga-inscricoes-para-concurso-com-62-vagas-para-fuzileiros-navais-em-natal\/\",\"url\":\"https:\/\/deputadotaveirajr.com.br\/index.php\/marinha-prorroga-inscricoes-para-concurso-com-62-vagas-para-fuzileiros-navais-em-natal\/\",\"name\":\"Marinha prorroga inscri\u00e7\u00f5es para concurso com 62 vagas para fuzileiros navais em Natal - Taveira Jr\",\"isPartOf\":{\"@id\":\"https:\/\/deputadotaveirajr.com.br\/#website\"},\"primaryImageOfPage\":{\"@id\":\"https:\/\/deputadotaveirajr.com.br\/index.php\/marinha-prorroga-inscricoes-para-concurso-com-62-vagas-para-fuzileiros-navais-em-natal\/#primaryimage\"},\"image\":{\"@id\":\"https:\/\/deputadotaveirajr.com.br\/index.php\/marinha-prorroga-inscricoes-para-concurso-com-62-vagas-para-fuzileiros-navais-em-natal\/#primaryimage\"},\"thumbnailUrl\":\"https:\/\/deputadotaveirajr.com.br\/wp-content\/uploads\/2025\/03\/marinha-do-brasil-X0x2jF.jpeg\",\"datePublished\":\"2025-03-19T22:29:24+00:00\",\"breadcrumb\":{\"@id\":\"https:\/\/deputadotaveirajr.com.br\/index.php\/marinha-prorroga-inscricoes-para-concurso-com-62-vagas-para-fuzileiros-navais-em-natal\/#breadcrumb\"},\"inLanguage\":\"pt-BR\",\"potentialAction\":[{\"@type\":\"ReadAction\",\"target\":[\"https:\/\/deputadotaveirajr.com.br\/index.php\/marinha-prorroga-inscricoes-para-concurso-com-62-vagas-para-fuzileiros-navais-em-natal\/\"]}]},{\"@type\":\"ImageObject\",\"inLanguage\":\"pt-BR\",\"@id\":\"https:\/\/deputadotaveirajr.com.br\/index.php\/marinha-prorroga-inscricoes-para-concurso-com-62-vagas-para-fuzileiros-navais-em-natal\/#primaryimage\",\"url\":\"https:\/\/deputadotaveirajr.com.br\/wp-content\/uploads\/2025\/03\/marinha-do-brasil-X0x2jF.jpeg\",\"contentUrl\":\"https:\/\/deputadotaveirajr.com.br\/wp-content\/uploads\/2025\/03\/marinha-do-brasil-X0x2jF.jpeg\",\"width\":1170,\"height\":700},{\"@type\":\"BreadcrumbList\",\"@id\":\"https:\/\/deputadotaveirajr.com.br\/index.php\/marinha-prorroga-inscricoes-para-concurso-com-62-vagas-para-fuzileiros-navais-em-natal\/#breadcrumb\",\"itemListElement\":[{\"@type\":\"ListItem\",\"position\":1,\"name\":\"In\u00edcio\",\"item\":\"https:\/\/deputadotaveirajr.com.br\/\"},{\"@type\":\"ListItem\",\"position\":2,\"name\":\"Marinha prorroga inscri\u00e7\u00f5es para concurso com 62 vagas para fuzileiros navais em Natal\"}]},{\"@type\":\"WebSite\",\"@id\":\"https:\/\/deputadotaveirajr.com.br\/#website\",\"url\":\"https:\/\/deputadotaveirajr.com.br\/\",\"name\":\"Taveira Jr\",\"description\":\"Deputado Estadual\",\"publisher\":{\"@id\":\"https:\/\/deputadotaveirajr.com.br\/#organization\"},\"potentialAction\":[{\"@type\":\"SearchAction\",\"target\":{\"@type\":\"EntryPoint\",\"urlTemplate\":\"https:\/\/deputadotaveirajr.com.br\/?s={search_term_string}\"},\"query-input\":{\"@type\":\"PropertyValueSpecification\",\"valueRequired\":true,\"valueName\":\"search_term_string\"}}],\"inLanguage\":\"pt-BR\"},{\"@type\":\"Organization\",\"@id\":\"https:\/\/deputadotaveirajr.com.br\/#organization\",\"name\":\"Taveira Jr\",\"url\":\"https:\/\/deputadotaveirajr.com.br\/\",\"logo\":{\"@type\":\"ImageObject\",\"inLanguage\":\"pt-BR\",\"@id\":\"https:\/\/deputadotaveirajr.com.br\/#\/schema\/logo\/image\/\",\"url\":\"https:\/\/deputadotaveirajr.com.br\/wp-content\/uploads\/2026\/01\/logolow2a.png\",\"contentUrl\":\"https:\/\/deputadotaveirajr.com.br\/wp-content\/uploads\/2026\/01\/logolow2a.png\",\"width\":290,\"height\":80,\"caption\":\"Taveira Jr\"},\"image\":{\"@id\":\"https:\/\/deputadotaveirajr.com.br\/#\/schema\/logo\/image\/\"}}]}<\/script>\n<!-- \/ Yoast SEO plugin. -->","yoast_head_json":{"title":"Marinha prorroga inscri\u00e7\u00f5es para concurso com 62 vagas para fuzileiros navais em Natal - Taveira Jr","robots":{"index":"index","follow":"follow","max-snippet":"max-snippet:-1","max-image-preview":"max-image-preview:large","max-video-preview":"max-video-preview:-1"},"canonical":"https:\/\/deputadotaveirajr.com.br\/index.php\/marinha-prorroga-inscricoes-para-concurso-com-62-vagas-para-fuzileiros-navais-em-natal\/","og_locale":"pt_BR","og_type":"article","og_title":"Marinha prorroga inscri\u00e7\u00f5es para concurso com 62 vagas para fuzileiros navais em Natal - Taveira Jr","og_description":"Inscri\u00e7\u00f5es podem ser feitas at\u00e9 o dia 28 de mar\u00e7o no site do Comando Geral do Corpo de Fuzileiros Navais. Provas permanecem marcadas para o dia 20 de maio. Soldados ...","og_url":"https:\/\/deputadotaveirajr.com.br\/index.php\/marinha-prorroga-inscricoes-para-concurso-com-62-vagas-para-fuzileiros-navais-em-natal\/","og_site_name":"Taveira Jr","og_image":[{"url":"https:\/\/s2-g1.glbimg.com\/jmOj831TRbLrYuTNFH0fgYfb1kc=\/i.s3.glbimg.com\/v1\/AUTH_59edd422c0c84a879bd37670ae4f538a\/internal_photos\/bs\/2025\/B\/0\/mitpjLQLqAAnxznKDrTw\/marinha-do-brasil.jpg","type":"","width":"","height":""}],"twitter_card":"summary_large_image","twitter_misc":{"Est. tempo de leitura":"3 minutos"},"schema":{"@context":"https:\/\/schema.org","@graph":[{"@type":"WebPage","@id":"https:\/\/deputadotaveirajr.com.br\/index.php\/marinha-prorroga-inscricoes-para-concurso-com-62-vagas-para-fuzileiros-navais-em-natal\/","url":"https:\/\/deputadotaveirajr.com.br\/index.php\/marinha-prorroga-inscricoes-para-concurso-com-62-vagas-para-fuzileiros-navais-em-natal\/","name":"Marinha prorroga inscri\u00e7\u00f5es para concurso com 62 vagas para fuzileiros navais em Natal - Taveira Jr","isPartOf":{"@id":"https:\/\/deputadotaveirajr.com.br\/#website"},"primaryImageOfPage":{"@id":"https:\/\/deputadotaveirajr.com.br\/index.php\/marinha-prorroga-inscricoes-para-concurso-com-62-vagas-para-fuzileiros-navais-em-natal\/#primaryimage"},"image":{"@id":"https:\/\/deputadotaveirajr.com.br\/index.php\/marinha-prorroga-inscricoes-para-concurso-com-62-vagas-para-fuzileiros-navais-em-natal\/#primaryimage"},"thumbnailUrl":"https:\/\/deputadotaveirajr.com.br\/wp-content\/uploads\/2025\/03\/marinha-do-brasil-X0x2jF.jpeg","datePublished":"2025-03-19T22:29:24+00:00","breadcrumb":{"@id":"https:\/\/deputadotaveirajr.com.br\/index.php\/marinha-prorroga-inscricoes-para-concurso-com-62-vagas-para-fuzileiros-navais-em-natal\/#breadcrumb"},"inLanguage":"pt-BR","potentialAction":[{"@type":"ReadAction","target":["https:\/\/deputadotaveirajr.com.br\/index.php\/marinha-prorroga-inscricoes-para-concurso-com-62-vagas-para-fuzileiros-navais-em-natal\/"]}]},{"@type":"ImageObject","inLanguage":"pt-BR","@id":"https:\/\/deputadotaveirajr.com.br\/index.php\/marinha-prorroga-inscricoes-para-concurso-com-62-vagas-para-fuzileiros-navais-em-natal\/#primaryimage","url":"https:\/\/deputadotaveirajr.com.br\/wp-content\/uploads\/2025\/03\/marinha-do-brasil-X0x2jF.jpeg","contentUrl":"https:\/\/deputadotaveirajr.com.br\/wp-content\/uploads\/2025\/03\/marinha-do-brasil-X0x2jF.jpeg","width":1170,"height":700},{"@type":"BreadcrumbList","@id":"https:\/\/deputadotaveirajr.com.br\/index.php\/marinha-prorroga-inscricoes-para-concurso-com-62-vagas-para-fuzileiros-navais-em-natal\/#breadcrumb","itemListElement":[{"@type":"ListItem","position":1,"name":"In\u00edcio","item":"https:\/\/deputadotaveirajr.com.br\/"},{"@type":"ListItem","position":2,"name":"Marinha prorroga inscri\u00e7\u00f5es para concurso com 62 vagas para fuzileiros navais em Natal"}]},{"@type":"WebSite","@id":"https:\/\/deputadotaveirajr.com.br\/#website","url":"https:\/\/deputadotaveirajr.com.br\/","name":"Taveira Jr","description":"Deputado Estadual","publisher":{"@id":"https:\/\/deputadotaveirajr.com.br\/#organization"},"potentialAction":[{"@type":"SearchAction","target":{"@type":"EntryPoint","urlTemplate":"https:\/\/deputadotaveirajr.com.br\/?s={search_term_string}"},"query-input":{"@type":"PropertyValueSpecification","valueRequired":true,"valueName":"search_term_string"}}],"inLanguage":"pt-BR"},{"@type":"Organization","@id":"https:\/\/deputadotaveirajr.com.br\/#organization","name":"Taveira Jr","url":"https:\/\/deputadotaveirajr.com.br\/","logo":{"@type":"ImageObject","inLanguage":"pt-BR","@id":"https:\/\/deputadotaveirajr.com.br\/#\/schema\/logo\/image\/","url":"https:\/\/deputadotaveirajr.com.br\/wp-content\/uploads\/2026\/01\/logolow2a.png","contentUrl":"https:\/\/deputadotaveirajr.com.br\/wp-content\/uploads\/2026\/01\/logolow2a.png","width":290,"height":80,"caption":"Taveira Jr"},"image":{"@id":"https:\/\/deputadotaveirajr.com.br\/#\/schema\/logo\/image\/"}}]}},"_links":{"self":[{"href":"https:\/\/deputadotaveirajr.com.br\/index.php\/wp-json\/wp\/v2\/pages\/12643","targetHints":{"allow":["GET"]}}],"collection":[{"href":"https:\/\/deputadotaveirajr.com.br\/index.php\/wp-json\/wp\/v2\/pages"}],"about":[{"href":"https:\/\/deputadotaveirajr.com.br\/index.php\/wp-json\/wp\/v2\/types\/page"}],"replies":[{"embeddable":true,"href":"https:\/\/deputadotaveirajr.com.br\/index.php\/wp-json\/wp\/v2\/comments?post=12643"}],"version-history":[{"count":0,"href":"https:\/\/deputadotaveirajr.com.br\/index.php\/wp-json\/wp\/v2\/pages\/12643\/revisions"}],"wp:featuredmedia":[{"embeddable":true,"href":"https:\/\/deputadotaveirajr.com.br\/index.php\/wp-json\/wp\/v2\/media\/12644"}],"wp:attachment":[{"href":"https:\/\/deputadotaveirajr.com.br\/index.php\/wp-json\/wp\/v2\/media?parent=12643"}],"curies":[{"name":"wp","href":"https:\/\/api.w.org\/{rel}","templated":true}]}}