{"id":12680,"date":"2025-03-27T12:42:32","date_gmt":"2025-03-27T15:42:32","guid":{"rendered":"https:\/\/deputadotaveirajr.com.br\/index.php\/parte-de-casarao-antigo-desaba-e-causa-destruicao-em-predio-vizinho-na-ribeira-em-natal\/"},"modified":"2025-03-27T12:42:32","modified_gmt":"2025-03-27T15:42:32","slug":"parte-de-casarao-antigo-desaba-e-causa-destruicao-em-predio-vizinho-na-ribeira-em-natal","status":"publish","type":"page","link":"https:\/\/deputadotaveirajr.com.br\/index.php\/parte-de-casarao-antigo-desaba-e-causa-destruicao-em-predio-vizinho-na-ribeira-em-natal\/","title":{"rendered":"Parte de casar\u00e3o antigo desaba e causa destrui\u00e7\u00e3o em pr\u00e9dio vizinho na Ribeira em Natal"},"content":{"rendered":"<p><img decoding=\"async\" src=\"https:\/\/s2-g1.glbimg.com\/SlpzQWApED_iS15EMyjY8fr34Y0=\/i.s3.glbimg.com\/v1\/AUTH_59edd422c0c84a879bd37670ae4f538a\/internal_photos\/bs\/2025\/5\/i\/UeLye1RVCErkjXGHoMOg\/whatsapp-image-2025-03-27-at-11.20.53.jpeg\" \/><br \/>     Caso aconteceu na madrugada desta quinta-feira (27) na rua Frei Miguelinho. Ningu\u00e9m ficou ferido. Casar\u00e3o desabou sobre im\u00f3vel de empresa de refrigera\u00e7\u00e3o na Ribeira, em Natal<br \/>\nVin\u00edcius Marinho\/Inter TV Cabugi<br \/>\nParte de um casar\u00e3o antigo desabou sobre um pr\u00e9dio vizinho na madrugada desta quinta-feira (27) em Natal. O caso aconteceu na Rua Frei Miguelinho, na Ribeira, bairro hist\u00f3rico onde fica a zona portu\u00e1ria da cidade.<br \/>\nSegundo moradores da regi\u00e3o, o caso aconteceu durante a madrugada e n\u00e3o deixou ningu\u00e9m ferido. O pr\u00e9dio atingido, onde funciona o almoxerifado de uma empresa de refrigera\u00e7\u00e3o ficou destru\u00eddo.<br \/>\n\ud83d\udcf3Participe do canal do g1 RN no WhatsApp<br \/>\n&#8220;Foi de 1h, na hora que estava come\u00e7ando a chover. S\u00f3 escutei o estralo. Quando olhei da janela, era o pr\u00e9dio caindo. Era um barulho muito forte&#8221;, disse o comerciante Jurandir Alves, que mora no bairro h\u00e1 40 anos.<br \/>\nAinda de acordo com moradores da regi\u00e3o, parte do pr\u00e9dio j\u00e1 havia ca\u00eddo na cal\u00e7ada h\u00e1 cerca de sete anos e o trecho foi interditado pela Defesa Civil, por\u00e9m nada foi feito desde ent\u00e3o e as faixas foram retiradas.<br \/>\nEm outra ocasi\u00e3o, o telhado do pr\u00e9dio tamb\u00e9m j\u00e1 havia desabado.<br \/>\n&#8220;Um dia eu estava trabalhando no escrit\u00f3rio e presenciei toda a parte do telhado dele cair. Foi um barulho ensurdecedor, bem assustador. Foi colocado \u00e0 venda e hoje, chegando para trabalhar, me deparei com essa situa\u00e7\u00e3o&#8221;, disse Jeane Ata\u00edde, gerente institucional da Casa da Ribeira &#8211; centro cultural que fica pr\u00f3ximo ao im\u00f3vel que desabou.<br \/>\nO propriet\u00e1rio da loja de equipamentos de refrigera\u00e7\u00e3o n\u00e3o quis dar entrevista, mas confirmou que trabalha no local h\u00e1 pelo menos 30 anos.<br \/>\nO homem tamb\u00e9m afirmou que ainda n\u00e3o calculou os preju\u00edzos e que entrou em contato com a propriet\u00e1ria do casar\u00e3o, que mora na Europa. Segundo o comerciante, a mulher se comprometeu a tomar medidas necess\u00e1rias, como solicita\u00e7\u00e3o de um laudo sobre a situa\u00e7\u00e3o dos dois pr\u00e9dios.<br \/>\nAp\u00f3s o incidente, o local foi sinalizado pela Defesa Civil do munic\u00edpio.<br \/>\nVeja os v\u00eddeos mais assistidos no g1 RN<\/p>","protected":false},"excerpt":{"rendered":"<p>Caso aconteceu na madrugada desta quinta-feira (27) na rua Frei Miguelinho. Ningu\u00e9m ficou ferido. Casar\u00e3o desabou sobre im\u00f3vel de empresa de refrigera\u00e7\u00e3o na Ribeira, em Natal Vin\u00edcius Marinho\/Inter TV Cabugi &#8230;<\/p>\n","protected":false},"author":0,"featured_media":12681,"parent":0,"menu_order":0,"comment_status":"closed","ping_status":"closed","template":"","meta":{"footnotes":""},"class_list":["post-12680","page","type-page","status-publish","has-post-thumbnail","hentry"],"yoast_head":"<!-- This site is optimized with the Yoast SEO plugin v27.1.1 - https:\/\/yoast.com\/product\/yoast-seo-wordpress\/ -->\n<title>Parte de casar\u00e3o antigo desaba e causa destrui\u00e7\u00e3o em pr\u00e9dio vizinho na Ribeira em Natal - Taveira Jr<\/title>\n<meta name=\"robots\" content=\"index, follow, max-snippet:-1, max-image-preview:large, max-video-preview:-1\" \/>\n<link rel=\"canonical\" href=\"https:\/\/deputadotaveirajr.com.br\/index.php\/parte-de-casarao-antigo-desaba-e-causa-destruicao-em-predio-vizinho-na-ribeira-em-natal\/\" \/>\n<meta property=\"og:locale\" content=\"pt_BR\" \/>\n<meta property=\"og:type\" content=\"article\" \/>\n<meta property=\"og:title\" content=\"Parte de casar\u00e3o antigo desaba e causa destrui\u00e7\u00e3o em pr\u00e9dio vizinho na Ribeira em Natal - Taveira Jr\" \/>\n<meta property=\"og:description\" content=\"Caso aconteceu na madrugada desta quinta-feira (27) na rua Frei Miguelinho. Ningu\u00e9m ficou ferido. Casar\u00e3o desabou sobre im\u00f3vel de empresa de refrigera\u00e7\u00e3o na Ribeira, em Natal Vin\u00edcius Marinho\/Inter TV Cabugi ...\" \/>\n<meta property=\"og:url\" content=\"https:\/\/deputadotaveirajr.com.br\/index.php\/parte-de-casarao-antigo-desaba-e-causa-destruicao-em-predio-vizinho-na-ribeira-em-natal\/\" \/>\n<meta property=\"og:site_name\" content=\"Taveira Jr\" \/>\n<meta property=\"og:image\" content=\"https:\/\/s2-g1.glbimg.com\/SlpzQWApED_iS15EMyjY8fr34Y0=\/i.s3.glbimg.com\/v1\/AUTH_59edd422c0c84a879bd37670ae4f538a\/internal_photos\/bs\/2025\/5\/i\/UeLye1RVCErkjXGHoMOg\/whatsapp-image-2025-03-27-at-11.20.53.jpeg\" \/>\n<meta name=\"twitter:card\" content=\"summary_large_image\" \/>\n<meta name=\"twitter:label1\" content=\"Est. tempo de leitura\" \/>\n\t<meta name=\"twitter:data1\" content=\"2 minutos\" \/>\n<script type=\"application\/ld+json\" class=\"yoast-schema-graph\">{\"@context\":\"https:\/\/schema.org\",\"@graph\":[{\"@type\":\"WebPage\",\"@id\":\"https:\/\/deputadotaveirajr.com.br\/index.php\/parte-de-casarao-antigo-desaba-e-causa-destruicao-em-predio-vizinho-na-ribeira-em-natal\/\",\"url\":\"https:\/\/deputadotaveirajr.com.br\/index.php\/parte-de-casarao-antigo-desaba-e-causa-destruicao-em-predio-vizinho-na-ribeira-em-natal\/\",\"name\":\"Parte de casar\u00e3o antigo desaba e causa destrui\u00e7\u00e3o em pr\u00e9dio vizinho na Ribeira em Natal - Taveira Jr\",\"isPartOf\":{\"@id\":\"https:\/\/deputadotaveirajr.com.br\/#website\"},\"primaryImageOfPage\":{\"@id\":\"https:\/\/deputadotaveirajr.com.br\/index.php\/parte-de-casarao-antigo-desaba-e-causa-destruicao-em-predio-vizinho-na-ribeira-em-natal\/#primaryimage\"},\"image\":{\"@id\":\"https:\/\/deputadotaveirajr.com.br\/index.php\/parte-de-casarao-antigo-desaba-e-causa-destruicao-em-predio-vizinho-na-ribeira-em-natal\/#primaryimage\"},\"thumbnailUrl\":\"https:\/\/deputadotaveirajr.com.br\/wp-content\/uploads\/2025\/03\/whatsapp-image-2025-03-27-at-11.20.53-qqEn9u.jpeg\",\"datePublished\":\"2025-03-27T15:42:32+00:00\",\"breadcrumb\":{\"@id\":\"https:\/\/deputadotaveirajr.com.br\/index.php\/parte-de-casarao-antigo-desaba-e-causa-destruicao-em-predio-vizinho-na-ribeira-em-natal\/#breadcrumb\"},\"inLanguage\":\"pt-BR\",\"potentialAction\":[{\"@type\":\"ReadAction\",\"target\":[\"https:\/\/deputadotaveirajr.com.br\/index.php\/parte-de-casarao-antigo-desaba-e-causa-destruicao-em-predio-vizinho-na-ribeira-em-natal\/\"]}]},{\"@type\":\"ImageObject\",\"inLanguage\":\"pt-BR\",\"@id\":\"https:\/\/deputadotaveirajr.com.br\/index.php\/parte-de-casarao-antigo-desaba-e-causa-destruicao-em-predio-vizinho-na-ribeira-em-natal\/#primaryimage\",\"url\":\"https:\/\/deputadotaveirajr.com.br\/wp-content\/uploads\/2025\/03\/whatsapp-image-2025-03-27-at-11.20.53-qqEn9u.jpeg\",\"contentUrl\":\"https:\/\/deputadotaveirajr.com.br\/wp-content\/uploads\/2025\/03\/whatsapp-image-2025-03-27-at-11.20.53-qqEn9u.jpeg\",\"width\":1600,\"height\":900},{\"@type\":\"BreadcrumbList\",\"@id\":\"https:\/\/deputadotaveirajr.com.br\/index.php\/parte-de-casarao-antigo-desaba-e-causa-destruicao-em-predio-vizinho-na-ribeira-em-natal\/#breadcrumb\",\"itemListElement\":[{\"@type\":\"ListItem\",\"position\":1,\"name\":\"In\u00edcio\",\"item\":\"https:\/\/deputadotaveirajr.com.br\/\"},{\"@type\":\"ListItem\",\"position\":2,\"name\":\"Parte de casar\u00e3o antigo desaba e causa destrui\u00e7\u00e3o em pr\u00e9dio vizinho na Ribeira em Natal\"}]},{\"@type\":\"WebSite\",\"@id\":\"https:\/\/deputadotaveirajr.com.br\/#website\",\"url\":\"https:\/\/deputadotaveirajr.com.br\/\",\"name\":\"Taveira Jr\",\"description\":\"Deputado Estadual\",\"publisher\":{\"@id\":\"https:\/\/deputadotaveirajr.com.br\/#organization\"},\"potentialAction\":[{\"@type\":\"SearchAction\",\"target\":{\"@type\":\"EntryPoint\",\"urlTemplate\":\"https:\/\/deputadotaveirajr.com.br\/?s={search_term_string}\"},\"query-input\":{\"@type\":\"PropertyValueSpecification\",\"valueRequired\":true,\"valueName\":\"search_term_string\"}}],\"inLanguage\":\"pt-BR\"},{\"@type\":\"Organization\",\"@id\":\"https:\/\/deputadotaveirajr.com.br\/#organization\",\"name\":\"Taveira Jr\",\"url\":\"https:\/\/deputadotaveirajr.com.br\/\",\"logo\":{\"@type\":\"ImageObject\",\"inLanguage\":\"pt-BR\",\"@id\":\"https:\/\/deputadotaveirajr.com.br\/#\/schema\/logo\/image\/\",\"url\":\"https:\/\/deputadotaveirajr.com.br\/wp-content\/uploads\/2026\/01\/logolow2a.png\",\"contentUrl\":\"https:\/\/deputadotaveirajr.com.br\/wp-content\/uploads\/2026\/01\/logolow2a.png\",\"width\":290,\"height\":80,\"caption\":\"Taveira Jr\"},\"image\":{\"@id\":\"https:\/\/deputadotaveirajr.com.br\/#\/schema\/logo\/image\/\"}}]}<\/script>\n<!-- \/ Yoast SEO plugin. -->","yoast_head_json":{"title":"Parte de casar\u00e3o antigo desaba e causa destrui\u00e7\u00e3o em pr\u00e9dio vizinho na Ribeira em Natal - Taveira Jr","robots":{"index":"index","follow":"follow","max-snippet":"max-snippet:-1","max-image-preview":"max-image-preview:large","max-video-preview":"max-video-preview:-1"},"canonical":"https:\/\/deputadotaveirajr.com.br\/index.php\/parte-de-casarao-antigo-desaba-e-causa-destruicao-em-predio-vizinho-na-ribeira-em-natal\/","og_locale":"pt_BR","og_type":"article","og_title":"Parte de casar\u00e3o antigo desaba e causa destrui\u00e7\u00e3o em pr\u00e9dio vizinho na Ribeira em Natal - Taveira Jr","og_description":"Caso aconteceu na madrugada desta quinta-feira (27) na rua Frei Miguelinho. Ningu\u00e9m ficou ferido. Casar\u00e3o desabou sobre im\u00f3vel de empresa de refrigera\u00e7\u00e3o na Ribeira, em Natal Vin\u00edcius Marinho\/Inter TV Cabugi ...","og_url":"https:\/\/deputadotaveirajr.com.br\/index.php\/parte-de-casarao-antigo-desaba-e-causa-destruicao-em-predio-vizinho-na-ribeira-em-natal\/","og_site_name":"Taveira Jr","og_image":[{"url":"https:\/\/s2-g1.glbimg.com\/SlpzQWApED_iS15EMyjY8fr34Y0=\/i.s3.glbimg.com\/v1\/AUTH_59edd422c0c84a879bd37670ae4f538a\/internal_photos\/bs\/2025\/5\/i\/UeLye1RVCErkjXGHoMOg\/whatsapp-image-2025-03-27-at-11.20.53.jpeg","type":"","width":"","height":""}],"twitter_card":"summary_large_image","twitter_misc":{"Est. tempo de leitura":"2 minutos"},"schema":{"@context":"https:\/\/schema.org","@graph":[{"@type":"WebPage","@id":"https:\/\/deputadotaveirajr.com.br\/index.php\/parte-de-casarao-antigo-desaba-e-causa-destruicao-em-predio-vizinho-na-ribeira-em-natal\/","url":"https:\/\/deputadotaveirajr.com.br\/index.php\/parte-de-casarao-antigo-desaba-e-causa-destruicao-em-predio-vizinho-na-ribeira-em-natal\/","name":"Parte de casar\u00e3o antigo desaba e causa destrui\u00e7\u00e3o em pr\u00e9dio vizinho na Ribeira em Natal - Taveira Jr","isPartOf":{"@id":"https:\/\/deputadotaveirajr.com.br\/#website"},"primaryImageOfPage":{"@id":"https:\/\/deputadotaveirajr.com.br\/index.php\/parte-de-casarao-antigo-desaba-e-causa-destruicao-em-predio-vizinho-na-ribeira-em-natal\/#primaryimage"},"image":{"@id":"https:\/\/deputadotaveirajr.com.br\/index.php\/parte-de-casarao-antigo-desaba-e-causa-destruicao-em-predio-vizinho-na-ribeira-em-natal\/#primaryimage"},"thumbnailUrl":"https:\/\/deputadotaveirajr.com.br\/wp-content\/uploads\/2025\/03\/whatsapp-image-2025-03-27-at-11.20.53-qqEn9u.jpeg","datePublished":"2025-03-27T15:42:32+00:00","breadcrumb":{"@id":"https:\/\/deputadotaveirajr.com.br\/index.php\/parte-de-casarao-antigo-desaba-e-causa-destruicao-em-predio-vizinho-na-ribeira-em-natal\/#breadcrumb"},"inLanguage":"pt-BR","potentialAction":[{"@type":"ReadAction","target":["https:\/\/deputadotaveirajr.com.br\/index.php\/parte-de-casarao-antigo-desaba-e-causa-destruicao-em-predio-vizinho-na-ribeira-em-natal\/"]}]},{"@type":"ImageObject","inLanguage":"pt-BR","@id":"https:\/\/deputadotaveirajr.com.br\/index.php\/parte-de-casarao-antigo-desaba-e-causa-destruicao-em-predio-vizinho-na-ribeira-em-natal\/#primaryimage","url":"https:\/\/deputadotaveirajr.com.br\/wp-content\/uploads\/2025\/03\/whatsapp-image-2025-03-27-at-11.20.53-qqEn9u.jpeg","contentUrl":"https:\/\/deputadotaveirajr.com.br\/wp-content\/uploads\/2025\/03\/whatsapp-image-2025-03-27-at-11.20.53-qqEn9u.jpeg","width":1600,"height":900},{"@type":"BreadcrumbList","@id":"https:\/\/deputadotaveirajr.com.br\/index.php\/parte-de-casarao-antigo-desaba-e-causa-destruicao-em-predio-vizinho-na-ribeira-em-natal\/#breadcrumb","itemListElement":[{"@type":"ListItem","position":1,"name":"In\u00edcio","item":"https:\/\/deputadotaveirajr.com.br\/"},{"@type":"ListItem","position":2,"name":"Parte de casar\u00e3o antigo desaba e causa destrui\u00e7\u00e3o em pr\u00e9dio vizinho na Ribeira em Natal"}]},{"@type":"WebSite","@id":"https:\/\/deputadotaveirajr.com.br\/#website","url":"https:\/\/deputadotaveirajr.com.br\/","name":"Taveira Jr","description":"Deputado Estadual","publisher":{"@id":"https:\/\/deputadotaveirajr.com.br\/#organization"},"potentialAction":[{"@type":"SearchAction","target":{"@type":"EntryPoint","urlTemplate":"https:\/\/deputadotaveirajr.com.br\/?s={search_term_string}"},"query-input":{"@type":"PropertyValueSpecification","valueRequired":true,"valueName":"search_term_string"}}],"inLanguage":"pt-BR"},{"@type":"Organization","@id":"https:\/\/deputadotaveirajr.com.br\/#organization","name":"Taveira Jr","url":"https:\/\/deputadotaveirajr.com.br\/","logo":{"@type":"ImageObject","inLanguage":"pt-BR","@id":"https:\/\/deputadotaveirajr.com.br\/#\/schema\/logo\/image\/","url":"https:\/\/deputadotaveirajr.com.br\/wp-content\/uploads\/2026\/01\/logolow2a.png","contentUrl":"https:\/\/deputadotaveirajr.com.br\/wp-content\/uploads\/2026\/01\/logolow2a.png","width":290,"height":80,"caption":"Taveira Jr"},"image":{"@id":"https:\/\/deputadotaveirajr.com.br\/#\/schema\/logo\/image\/"}}]}},"_links":{"self":[{"href":"https:\/\/deputadotaveirajr.com.br\/index.php\/wp-json\/wp\/v2\/pages\/12680","targetHints":{"allow":["GET"]}}],"collection":[{"href":"https:\/\/deputadotaveirajr.com.br\/index.php\/wp-json\/wp\/v2\/pages"}],"about":[{"href":"https:\/\/deputadotaveirajr.com.br\/index.php\/wp-json\/wp\/v2\/types\/page"}],"replies":[{"embeddable":true,"href":"https:\/\/deputadotaveirajr.com.br\/index.php\/wp-json\/wp\/v2\/comments?post=12680"}],"version-history":[{"count":0,"href":"https:\/\/deputadotaveirajr.com.br\/index.php\/wp-json\/wp\/v2\/pages\/12680\/revisions"}],"wp:featuredmedia":[{"embeddable":true,"href":"https:\/\/deputadotaveirajr.com.br\/index.php\/wp-json\/wp\/v2\/media\/12681"}],"wp:attachment":[{"href":"https:\/\/deputadotaveirajr.com.br\/index.php\/wp-json\/wp\/v2\/media?parent=12680"}],"curies":[{"name":"wp","href":"https:\/\/api.w.org\/{rel}","templated":true}]}}