{"id":12684,"date":"2025-03-30T12:44:03","date_gmt":"2025-03-30T15:44:03","guid":{"rendered":"https:\/\/deputadotaveirajr.com.br\/index.php\/condenado-por-estupro-e-pornografia-infantil-e-preso-em-natal-11-anos-apos-fugir-de-cadeia-no-rs\/"},"modified":"2025-03-30T12:44:03","modified_gmt":"2025-03-30T15:44:03","slug":"condenado-por-estupro-e-pornografia-infantil-e-preso-em-natal-11-anos-apos-fugir-de-cadeia-no-rs","status":"publish","type":"page","link":"https:\/\/deputadotaveirajr.com.br\/index.php\/condenado-por-estupro-e-pornografia-infantil-e-preso-em-natal-11-anos-apos-fugir-de-cadeia-no-rs\/","title":{"rendered":"Condenado por estupro e pornografia infantil \u00e9 preso em Natal 11 anos ap\u00f3s fugir de cadeia no RS"},"content":{"rendered":"<p><img decoding=\"async\" src=\"https:\/\/s2-g1.glbimg.com\/ixc--0P8TNT4R1RjC9jv9lRbL7A=\/i.s3.glbimg.com\/v1\/AUTH_59edd422c0c84a879bd37670ae4f538a\/internal_photos\/bs\/2025\/i\/6\/RKABvlQYaUQeZtQW7FcQ\/pf01.jpg\" \/><br \/>     Pris\u00e3o foi efetuada em clube de poker pela PF, que informou que o homem foi condenado a 55 anos de pris\u00e3o em regime fechado. Ele fugiu de pres\u00eddio em Taquara em 2014. Fugitivo foi preso pela Pol\u00edcia Federal em Natal, no Rio Grande do Norte<br \/>\nDivulga\u00e7\u00e3o\/PF<br \/>\nFugitivo do sistema prisional do Rio Grande do Sul em 2014, um homem condenado a 55 anos de pris\u00e3o foi recapturado 11 anos depois em um clube de poker em Natal, no Rio Grande do Norte.  A pris\u00e3o ocorreu na quarta (26), mas s\u00f3 foi divulgada pela Pol\u00edcia Federal na tarde de s\u00e1bado (29).<br \/>\nO homem, que n\u00e3o teve o nome revelado, foi condenado por crimes de estupro de vulner\u00e1vel, produ\u00e7\u00e3o, aquisi\u00e7\u00e3o e venda de material de pornografia infantil, al\u00e9m de posse irregular de arma de fogo.<br \/>\n\ud83d\udcf3Participe do canal do g1 RN no WhatsApp<br \/>\nSegundo a PF, o condenado fugiu em 2014 do pres\u00eddio estadual de Taquara, no Rio Grande do Sul, sob suspei\u00e7\u00e3o de ter subornado agentes prisionais. Desde ent\u00e3o o paradeiro dele era desconhecido.<br \/>\nNo momento em que foi abordado no clube de poker, que tamb\u00e9m n\u00e3o teve o nome divulgado pela PF, o foragido apresentou documentos falsos. Por esse motivo, tamb\u00e9m foi preso em flagrante.<br \/>\nNo per\u00edodo em que esteve foragido, o homem, de acordo com a PF, teria passado por cidades como Macei\u00f3 (AL), Recife (PE) e Balne\u00e1rio Cambori\u00fa (SC).<br \/>\nNa capital potiguar, o suspeito foi preso pelo Grupo de Capturas da Pol\u00edcia Federal no Rio Grande do Norte.<br \/>\nA opera\u00e7\u00e3o, segundo a PF, foi resultado de um trabalho integrado entre os grupos de capturas da Pol\u00edcia Federal em Santa Cruz do Sul (RS), Itaja\u00ed (SC) e Natal.<br \/>\nV\u00eddeos mais assistidos do g1 RN<\/p>","protected":false},"excerpt":{"rendered":"<p>Pris\u00e3o foi efetuada em clube de poker pela PF, que informou que o homem foi condenado a 55 anos de pris\u00e3o em regime fechado. Ele fugiu de pres\u00eddio em Taquara &#8230;<\/p>\n","protected":false},"author":0,"featured_media":12685,"parent":0,"menu_order":0,"comment_status":"closed","ping_status":"closed","template":"","meta":{"footnotes":""},"class_list":["post-12684","page","type-page","status-publish","has-post-thumbnail","hentry"],"yoast_head":"<!-- This site is optimized with the Yoast SEO plugin v27.1.1 - https:\/\/yoast.com\/product\/yoast-seo-wordpress\/ -->\n<title>Condenado por estupro e pornografia infantil \u00e9 preso em Natal 11 anos ap\u00f3s fugir de cadeia no RS - Taveira Jr<\/title>\n<meta name=\"robots\" content=\"index, follow, max-snippet:-1, max-image-preview:large, max-video-preview:-1\" \/>\n<link rel=\"canonical\" href=\"https:\/\/deputadotaveirajr.com.br\/index.php\/condenado-por-estupro-e-pornografia-infantil-e-preso-em-natal-11-anos-apos-fugir-de-cadeia-no-rs\/\" \/>\n<meta property=\"og:locale\" content=\"pt_BR\" \/>\n<meta property=\"og:type\" content=\"article\" \/>\n<meta property=\"og:title\" content=\"Condenado por estupro e pornografia infantil \u00e9 preso em Natal 11 anos ap\u00f3s fugir de cadeia no RS - Taveira Jr\" \/>\n<meta property=\"og:description\" content=\"Pris\u00e3o foi efetuada em clube de poker pela PF, que informou que o homem foi condenado a 55 anos de pris\u00e3o em regime fechado. Ele fugiu de pres\u00eddio em Taquara ...\" \/>\n<meta property=\"og:url\" content=\"https:\/\/deputadotaveirajr.com.br\/index.php\/condenado-por-estupro-e-pornografia-infantil-e-preso-em-natal-11-anos-apos-fugir-de-cadeia-no-rs\/\" \/>\n<meta property=\"og:site_name\" content=\"Taveira Jr\" \/>\n<meta property=\"og:image\" content=\"https:\/\/s2-g1.glbimg.com\/ixc--0P8TNT4R1RjC9jv9lRbL7A=\/i.s3.glbimg.com\/v1\/AUTH_59edd422c0c84a879bd37670ae4f538a\/internal_photos\/bs\/2025\/i\/6\/RKABvlQYaUQeZtQW7FcQ\/pf01.jpg\" \/>\n<meta name=\"twitter:card\" content=\"summary_large_image\" \/>\n<meta name=\"twitter:label1\" content=\"Est. tempo de leitura\" \/>\n\t<meta name=\"twitter:data1\" content=\"2 minutos\" \/>\n<script type=\"application\/ld+json\" class=\"yoast-schema-graph\">{\"@context\":\"https:\/\/schema.org\",\"@graph\":[{\"@type\":\"WebPage\",\"@id\":\"https:\/\/deputadotaveirajr.com.br\/index.php\/condenado-por-estupro-e-pornografia-infantil-e-preso-em-natal-11-anos-apos-fugir-de-cadeia-no-rs\/\",\"url\":\"https:\/\/deputadotaveirajr.com.br\/index.php\/condenado-por-estupro-e-pornografia-infantil-e-preso-em-natal-11-anos-apos-fugir-de-cadeia-no-rs\/\",\"name\":\"Condenado por estupro e pornografia infantil \u00e9 preso em Natal 11 anos ap\u00f3s fugir de cadeia no RS - Taveira Jr\",\"isPartOf\":{\"@id\":\"https:\/\/deputadotaveirajr.com.br\/#website\"},\"primaryImageOfPage\":{\"@id\":\"https:\/\/deputadotaveirajr.com.br\/index.php\/condenado-por-estupro-e-pornografia-infantil-e-preso-em-natal-11-anos-apos-fugir-de-cadeia-no-rs\/#primaryimage\"},\"image\":{\"@id\":\"https:\/\/deputadotaveirajr.com.br\/index.php\/condenado-por-estupro-e-pornografia-infantil-e-preso-em-natal-11-anos-apos-fugir-de-cadeia-no-rs\/#primaryimage\"},\"thumbnailUrl\":\"https:\/\/deputadotaveirajr.com.br\/wp-content\/uploads\/2025\/03\/pf01-b92y3A.jpeg\",\"datePublished\":\"2025-03-30T15:44:03+00:00\",\"breadcrumb\":{\"@id\":\"https:\/\/deputadotaveirajr.com.br\/index.php\/condenado-por-estupro-e-pornografia-infantil-e-preso-em-natal-11-anos-apos-fugir-de-cadeia-no-rs\/#breadcrumb\"},\"inLanguage\":\"pt-BR\",\"potentialAction\":[{\"@type\":\"ReadAction\",\"target\":[\"https:\/\/deputadotaveirajr.com.br\/index.php\/condenado-por-estupro-e-pornografia-infantil-e-preso-em-natal-11-anos-apos-fugir-de-cadeia-no-rs\/\"]}]},{\"@type\":\"ImageObject\",\"inLanguage\":\"pt-BR\",\"@id\":\"https:\/\/deputadotaveirajr.com.br\/index.php\/condenado-por-estupro-e-pornografia-infantil-e-preso-em-natal-11-anos-apos-fugir-de-cadeia-no-rs\/#primaryimage\",\"url\":\"https:\/\/deputadotaveirajr.com.br\/wp-content\/uploads\/2025\/03\/pf01-b92y3A.jpeg\",\"contentUrl\":\"https:\/\/deputadotaveirajr.com.br\/wp-content\/uploads\/2025\/03\/pf01-b92y3A.jpeg\",\"width\":1216,\"height\":775},{\"@type\":\"BreadcrumbList\",\"@id\":\"https:\/\/deputadotaveirajr.com.br\/index.php\/condenado-por-estupro-e-pornografia-infantil-e-preso-em-natal-11-anos-apos-fugir-de-cadeia-no-rs\/#breadcrumb\",\"itemListElement\":[{\"@type\":\"ListItem\",\"position\":1,\"name\":\"In\u00edcio\",\"item\":\"https:\/\/deputadotaveirajr.com.br\/\"},{\"@type\":\"ListItem\",\"position\":2,\"name\":\"Condenado por estupro e pornografia infantil \u00e9 preso em Natal 11 anos ap\u00f3s fugir de cadeia no RS\"}]},{\"@type\":\"WebSite\",\"@id\":\"https:\/\/deputadotaveirajr.com.br\/#website\",\"url\":\"https:\/\/deputadotaveirajr.com.br\/\",\"name\":\"Taveira Jr\",\"description\":\"Deputado Estadual\",\"publisher\":{\"@id\":\"https:\/\/deputadotaveirajr.com.br\/#organization\"},\"potentialAction\":[{\"@type\":\"SearchAction\",\"target\":{\"@type\":\"EntryPoint\",\"urlTemplate\":\"https:\/\/deputadotaveirajr.com.br\/?s={search_term_string}\"},\"query-input\":{\"@type\":\"PropertyValueSpecification\",\"valueRequired\":true,\"valueName\":\"search_term_string\"}}],\"inLanguage\":\"pt-BR\"},{\"@type\":\"Organization\",\"@id\":\"https:\/\/deputadotaveirajr.com.br\/#organization\",\"name\":\"Taveira Jr\",\"url\":\"https:\/\/deputadotaveirajr.com.br\/\",\"logo\":{\"@type\":\"ImageObject\",\"inLanguage\":\"pt-BR\",\"@id\":\"https:\/\/deputadotaveirajr.com.br\/#\/schema\/logo\/image\/\",\"url\":\"https:\/\/deputadotaveirajr.com.br\/wp-content\/uploads\/2026\/01\/logolow2a.png\",\"contentUrl\":\"https:\/\/deputadotaveirajr.com.br\/wp-content\/uploads\/2026\/01\/logolow2a.png\",\"width\":290,\"height\":80,\"caption\":\"Taveira Jr\"},\"image\":{\"@id\":\"https:\/\/deputadotaveirajr.com.br\/#\/schema\/logo\/image\/\"}}]}<\/script>\n<!-- \/ Yoast SEO plugin. -->","yoast_head_json":{"title":"Condenado por estupro e pornografia infantil \u00e9 preso em Natal 11 anos ap\u00f3s fugir de cadeia no RS - Taveira Jr","robots":{"index":"index","follow":"follow","max-snippet":"max-snippet:-1","max-image-preview":"max-image-preview:large","max-video-preview":"max-video-preview:-1"},"canonical":"https:\/\/deputadotaveirajr.com.br\/index.php\/condenado-por-estupro-e-pornografia-infantil-e-preso-em-natal-11-anos-apos-fugir-de-cadeia-no-rs\/","og_locale":"pt_BR","og_type":"article","og_title":"Condenado por estupro e pornografia infantil \u00e9 preso em Natal 11 anos ap\u00f3s fugir de cadeia no RS - Taveira Jr","og_description":"Pris\u00e3o foi efetuada em clube de poker pela PF, que informou que o homem foi condenado a 55 anos de pris\u00e3o em regime fechado. Ele fugiu de pres\u00eddio em Taquara ...","og_url":"https:\/\/deputadotaveirajr.com.br\/index.php\/condenado-por-estupro-e-pornografia-infantil-e-preso-em-natal-11-anos-apos-fugir-de-cadeia-no-rs\/","og_site_name":"Taveira Jr","og_image":[{"url":"https:\/\/s2-g1.glbimg.com\/ixc--0P8TNT4R1RjC9jv9lRbL7A=\/i.s3.glbimg.com\/v1\/AUTH_59edd422c0c84a879bd37670ae4f538a\/internal_photos\/bs\/2025\/i\/6\/RKABvlQYaUQeZtQW7FcQ\/pf01.jpg","type":"","width":"","height":""}],"twitter_card":"summary_large_image","twitter_misc":{"Est. tempo de leitura":"2 minutos"},"schema":{"@context":"https:\/\/schema.org","@graph":[{"@type":"WebPage","@id":"https:\/\/deputadotaveirajr.com.br\/index.php\/condenado-por-estupro-e-pornografia-infantil-e-preso-em-natal-11-anos-apos-fugir-de-cadeia-no-rs\/","url":"https:\/\/deputadotaveirajr.com.br\/index.php\/condenado-por-estupro-e-pornografia-infantil-e-preso-em-natal-11-anos-apos-fugir-de-cadeia-no-rs\/","name":"Condenado por estupro e pornografia infantil \u00e9 preso em Natal 11 anos ap\u00f3s fugir de cadeia no RS - Taveira Jr","isPartOf":{"@id":"https:\/\/deputadotaveirajr.com.br\/#website"},"primaryImageOfPage":{"@id":"https:\/\/deputadotaveirajr.com.br\/index.php\/condenado-por-estupro-e-pornografia-infantil-e-preso-em-natal-11-anos-apos-fugir-de-cadeia-no-rs\/#primaryimage"},"image":{"@id":"https:\/\/deputadotaveirajr.com.br\/index.php\/condenado-por-estupro-e-pornografia-infantil-e-preso-em-natal-11-anos-apos-fugir-de-cadeia-no-rs\/#primaryimage"},"thumbnailUrl":"https:\/\/deputadotaveirajr.com.br\/wp-content\/uploads\/2025\/03\/pf01-b92y3A.jpeg","datePublished":"2025-03-30T15:44:03+00:00","breadcrumb":{"@id":"https:\/\/deputadotaveirajr.com.br\/index.php\/condenado-por-estupro-e-pornografia-infantil-e-preso-em-natal-11-anos-apos-fugir-de-cadeia-no-rs\/#breadcrumb"},"inLanguage":"pt-BR","potentialAction":[{"@type":"ReadAction","target":["https:\/\/deputadotaveirajr.com.br\/index.php\/condenado-por-estupro-e-pornografia-infantil-e-preso-em-natal-11-anos-apos-fugir-de-cadeia-no-rs\/"]}]},{"@type":"ImageObject","inLanguage":"pt-BR","@id":"https:\/\/deputadotaveirajr.com.br\/index.php\/condenado-por-estupro-e-pornografia-infantil-e-preso-em-natal-11-anos-apos-fugir-de-cadeia-no-rs\/#primaryimage","url":"https:\/\/deputadotaveirajr.com.br\/wp-content\/uploads\/2025\/03\/pf01-b92y3A.jpeg","contentUrl":"https:\/\/deputadotaveirajr.com.br\/wp-content\/uploads\/2025\/03\/pf01-b92y3A.jpeg","width":1216,"height":775},{"@type":"BreadcrumbList","@id":"https:\/\/deputadotaveirajr.com.br\/index.php\/condenado-por-estupro-e-pornografia-infantil-e-preso-em-natal-11-anos-apos-fugir-de-cadeia-no-rs\/#breadcrumb","itemListElement":[{"@type":"ListItem","position":1,"name":"In\u00edcio","item":"https:\/\/deputadotaveirajr.com.br\/"},{"@type":"ListItem","position":2,"name":"Condenado por estupro e pornografia infantil \u00e9 preso em Natal 11 anos ap\u00f3s fugir de cadeia no RS"}]},{"@type":"WebSite","@id":"https:\/\/deputadotaveirajr.com.br\/#website","url":"https:\/\/deputadotaveirajr.com.br\/","name":"Taveira Jr","description":"Deputado Estadual","publisher":{"@id":"https:\/\/deputadotaveirajr.com.br\/#organization"},"potentialAction":[{"@type":"SearchAction","target":{"@type":"EntryPoint","urlTemplate":"https:\/\/deputadotaveirajr.com.br\/?s={search_term_string}"},"query-input":{"@type":"PropertyValueSpecification","valueRequired":true,"valueName":"search_term_string"}}],"inLanguage":"pt-BR"},{"@type":"Organization","@id":"https:\/\/deputadotaveirajr.com.br\/#organization","name":"Taveira Jr","url":"https:\/\/deputadotaveirajr.com.br\/","logo":{"@type":"ImageObject","inLanguage":"pt-BR","@id":"https:\/\/deputadotaveirajr.com.br\/#\/schema\/logo\/image\/","url":"https:\/\/deputadotaveirajr.com.br\/wp-content\/uploads\/2026\/01\/logolow2a.png","contentUrl":"https:\/\/deputadotaveirajr.com.br\/wp-content\/uploads\/2026\/01\/logolow2a.png","width":290,"height":80,"caption":"Taveira Jr"},"image":{"@id":"https:\/\/deputadotaveirajr.com.br\/#\/schema\/logo\/image\/"}}]}},"_links":{"self":[{"href":"https:\/\/deputadotaveirajr.com.br\/index.php\/wp-json\/wp\/v2\/pages\/12684","targetHints":{"allow":["GET"]}}],"collection":[{"href":"https:\/\/deputadotaveirajr.com.br\/index.php\/wp-json\/wp\/v2\/pages"}],"about":[{"href":"https:\/\/deputadotaveirajr.com.br\/index.php\/wp-json\/wp\/v2\/types\/page"}],"replies":[{"embeddable":true,"href":"https:\/\/deputadotaveirajr.com.br\/index.php\/wp-json\/wp\/v2\/comments?post=12684"}],"version-history":[{"count":0,"href":"https:\/\/deputadotaveirajr.com.br\/index.php\/wp-json\/wp\/v2\/pages\/12684\/revisions"}],"wp:featuredmedia":[{"embeddable":true,"href":"https:\/\/deputadotaveirajr.com.br\/index.php\/wp-json\/wp\/v2\/media\/12685"}],"wp:attachment":[{"href":"https:\/\/deputadotaveirajr.com.br\/index.php\/wp-json\/wp\/v2\/media?parent=12684"}],"curies":[{"name":"wp","href":"https:\/\/api.w.org\/{rel}","templated":true}]}}