{"id":12690,"date":"2025-03-30T09:06:49","date_gmt":"2025-03-30T12:06:49","guid":{"rendered":"https:\/\/deputadotaveirajr.com.br\/index.php\/mar-avanca-e-destroi-barracas-na-orla-de-maxaranguape-no-litoral-do-rn\/"},"modified":"2025-03-30T09:06:49","modified_gmt":"2025-03-30T12:06:49","slug":"mar-avanca-e-destroi-barracas-na-orla-de-maxaranguape-no-litoral-do-rn","status":"publish","type":"page","link":"https:\/\/deputadotaveirajr.com.br\/index.php\/mar-avanca-e-destroi-barracas-na-orla-de-maxaranguape-no-litoral-do-rn\/","title":{"rendered":"Mar avan\u00e7a e destr\u00f3i barracas na orla de Maxaranguape, no litoral do RN"},"content":{"rendered":"<p><img decoding=\"async\" src=\"https:\/\/s2-g1.glbimg.com\/-Ba-DbRGf2BzK9MirvfGBX8cYoQ=\/i.s3.glbimg.com\/v1\/AUTH_59edd422c0c84a879bd37670ae4f538a\/internal_photos\/bs\/2025\/u\/q\/mO0iXBS6SBy0NKEGjA3A\/maxaranguape.png\" \/><br \/>     Ondas chegaram a at\u00e9 2,3 metros de altura, segundo t\u00e1bua de mar\u00e9s da Marinha do Brasil. Prefeitura informou que monitora os preju\u00edzos causados. Mar avan\u00e7a e destr\u00f3i barracas na orla de Maxaranguape (RN)<br \/>\nO mar avan\u00e7ou neste fim de semana e destruiu barracas na orla de Barra de Maxaranguape, no munic\u00edpio de Maxaranguape, distante cerca de 40 quil\u00f4metros de Natal. A mar\u00e9 aumentou de forma intensa na madrugada e na tarde deste s\u00e1bado (29).<br \/>\nA assessoria de imprensa da Prefeitura de Maxaranguape informou \u00e0 Inter TV Cabugi que est\u00e1 ciente do problema e monitorando os preju\u00edzos causados na orla do munic\u00edpio. O n\u00famero de barracas afetadas n\u00e3o foi informado.<br \/>\n\ud83d\udcf3Participe do canal do g1 RN no WhatsApp<br \/>\nA altura das ondas em Maxaranguape chegou a 2,3 metros por volta das 4h e das 16h, com correntezas muito fortes, de acordo com a t\u00e1bua de mar\u00e9s da Marinha do Brasil.<br \/>\n O coeficiente de mar\u00e9s, segundo a Marinha, atingiu 114, n\u00famero que \u00e9 classificado como muito alto.<br \/>\nSegundo a Marinha, com esse coeficiente elevado, grandes mar\u00e9s e correntezas not\u00f3rias s\u00e3o esperadas. As ondas altas devem continuar at\u00e9 segunda-feira (31).<br \/>\nBarracas destru\u00eddas em Maxaranguape<br \/>\nReprodu\u00e7\u00e3o<br \/>\nV\u00eddeos mais assistidos do g1 RN<\/p>","protected":false},"excerpt":{"rendered":"<p>Ondas chegaram a at\u00e9 2,3 metros de altura, segundo t\u00e1bua de mar\u00e9s da Marinha do Brasil. Prefeitura informou que monitora os preju\u00edzos causados. Mar avan\u00e7a e destr\u00f3i barracas na orla &#8230;<\/p>\n","protected":false},"author":0,"featured_media":12691,"parent":0,"menu_order":0,"comment_status":"closed","ping_status":"closed","template":"","meta":{"footnotes":""},"class_list":["post-12690","page","type-page","status-publish","has-post-thumbnail","hentry"],"yoast_head":"<!-- This site is optimized with the Yoast SEO plugin v27.1.1 - https:\/\/yoast.com\/product\/yoast-seo-wordpress\/ -->\n<title>Mar avan\u00e7a e destr\u00f3i barracas na orla de Maxaranguape, no litoral do RN - Taveira Jr<\/title>\n<meta name=\"robots\" content=\"index, follow, max-snippet:-1, max-image-preview:large, max-video-preview:-1\" \/>\n<link rel=\"canonical\" href=\"https:\/\/deputadotaveirajr.com.br\/index.php\/mar-avanca-e-destroi-barracas-na-orla-de-maxaranguape-no-litoral-do-rn\/\" \/>\n<meta property=\"og:locale\" content=\"pt_BR\" \/>\n<meta property=\"og:type\" content=\"article\" \/>\n<meta property=\"og:title\" content=\"Mar avan\u00e7a e destr\u00f3i barracas na orla de Maxaranguape, no litoral do RN - Taveira Jr\" \/>\n<meta property=\"og:description\" content=\"Ondas chegaram a at\u00e9 2,3 metros de altura, segundo t\u00e1bua de mar\u00e9s da Marinha do Brasil. Prefeitura informou que monitora os preju\u00edzos causados. Mar avan\u00e7a e destr\u00f3i barracas na orla ...\" \/>\n<meta property=\"og:url\" content=\"https:\/\/deputadotaveirajr.com.br\/index.php\/mar-avanca-e-destroi-barracas-na-orla-de-maxaranguape-no-litoral-do-rn\/\" \/>\n<meta property=\"og:site_name\" content=\"Taveira Jr\" \/>\n<meta property=\"og:image\" content=\"https:\/\/s2-g1.glbimg.com\/-Ba-DbRGf2BzK9MirvfGBX8cYoQ=\/i.s3.glbimg.com\/v1\/AUTH_59edd422c0c84a879bd37670ae4f538a\/internal_photos\/bs\/2025\/u\/q\/mO0iXBS6SBy0NKEGjA3A\/maxaranguape.png\" \/>\n<meta name=\"twitter:card\" content=\"summary_large_image\" \/>\n<meta name=\"twitter:label1\" content=\"Est. tempo de leitura\" \/>\n\t<meta name=\"twitter:data1\" content=\"1 minuto\" \/>\n<script type=\"application\/ld+json\" class=\"yoast-schema-graph\">{\"@context\":\"https:\/\/schema.org\",\"@graph\":[{\"@type\":\"WebPage\",\"@id\":\"https:\/\/deputadotaveirajr.com.br\/index.php\/mar-avanca-e-destroi-barracas-na-orla-de-maxaranguape-no-litoral-do-rn\/\",\"url\":\"https:\/\/deputadotaveirajr.com.br\/index.php\/mar-avanca-e-destroi-barracas-na-orla-de-maxaranguape-no-litoral-do-rn\/\",\"name\":\"Mar avan\u00e7a e destr\u00f3i barracas na orla de Maxaranguape, no litoral do RN - Taveira Jr\",\"isPartOf\":{\"@id\":\"https:\/\/deputadotaveirajr.com.br\/#website\"},\"primaryImageOfPage\":{\"@id\":\"https:\/\/deputadotaveirajr.com.br\/index.php\/mar-avanca-e-destroi-barracas-na-orla-de-maxaranguape-no-litoral-do-rn\/#primaryimage\"},\"image\":{\"@id\":\"https:\/\/deputadotaveirajr.com.br\/index.php\/mar-avanca-e-destroi-barracas-na-orla-de-maxaranguape-no-litoral-do-rn\/#primaryimage\"},\"thumbnailUrl\":\"https:\/\/deputadotaveirajr.com.br\/wp-content\/uploads\/2025\/03\/maxaranguape-Xyq69C.jpeg\",\"datePublished\":\"2025-03-30T12:06:49+00:00\",\"breadcrumb\":{\"@id\":\"https:\/\/deputadotaveirajr.com.br\/index.php\/mar-avanca-e-destroi-barracas-na-orla-de-maxaranguape-no-litoral-do-rn\/#breadcrumb\"},\"inLanguage\":\"pt-BR\",\"potentialAction\":[{\"@type\":\"ReadAction\",\"target\":[\"https:\/\/deputadotaveirajr.com.br\/index.php\/mar-avanca-e-destroi-barracas-na-orla-de-maxaranguape-no-litoral-do-rn\/\"]}]},{\"@type\":\"ImageObject\",\"inLanguage\":\"pt-BR\",\"@id\":\"https:\/\/deputadotaveirajr.com.br\/index.php\/mar-avanca-e-destroi-barracas-na-orla-de-maxaranguape-no-litoral-do-rn\/#primaryimage\",\"url\":\"https:\/\/deputadotaveirajr.com.br\/wp-content\/uploads\/2025\/03\/maxaranguape-Xyq69C.jpeg\",\"contentUrl\":\"https:\/\/deputadotaveirajr.com.br\/wp-content\/uploads\/2025\/03\/maxaranguape-Xyq69C.jpeg\",\"width\":2000,\"height\":2000},{\"@type\":\"BreadcrumbList\",\"@id\":\"https:\/\/deputadotaveirajr.com.br\/index.php\/mar-avanca-e-destroi-barracas-na-orla-de-maxaranguape-no-litoral-do-rn\/#breadcrumb\",\"itemListElement\":[{\"@type\":\"ListItem\",\"position\":1,\"name\":\"In\u00edcio\",\"item\":\"https:\/\/deputadotaveirajr.com.br\/\"},{\"@type\":\"ListItem\",\"position\":2,\"name\":\"Mar avan\u00e7a e destr\u00f3i barracas na orla de Maxaranguape, no litoral do RN\"}]},{\"@type\":\"WebSite\",\"@id\":\"https:\/\/deputadotaveirajr.com.br\/#website\",\"url\":\"https:\/\/deputadotaveirajr.com.br\/\",\"name\":\"Taveira Jr\",\"description\":\"Deputado Estadual\",\"publisher\":{\"@id\":\"https:\/\/deputadotaveirajr.com.br\/#organization\"},\"potentialAction\":[{\"@type\":\"SearchAction\",\"target\":{\"@type\":\"EntryPoint\",\"urlTemplate\":\"https:\/\/deputadotaveirajr.com.br\/?s={search_term_string}\"},\"query-input\":{\"@type\":\"PropertyValueSpecification\",\"valueRequired\":true,\"valueName\":\"search_term_string\"}}],\"inLanguage\":\"pt-BR\"},{\"@type\":\"Organization\",\"@id\":\"https:\/\/deputadotaveirajr.com.br\/#organization\",\"name\":\"Taveira Jr\",\"url\":\"https:\/\/deputadotaveirajr.com.br\/\",\"logo\":{\"@type\":\"ImageObject\",\"inLanguage\":\"pt-BR\",\"@id\":\"https:\/\/deputadotaveirajr.com.br\/#\/schema\/logo\/image\/\",\"url\":\"https:\/\/deputadotaveirajr.com.br\/wp-content\/uploads\/2026\/01\/logolow2a.png\",\"contentUrl\":\"https:\/\/deputadotaveirajr.com.br\/wp-content\/uploads\/2026\/01\/logolow2a.png\",\"width\":290,\"height\":80,\"caption\":\"Taveira Jr\"},\"image\":{\"@id\":\"https:\/\/deputadotaveirajr.com.br\/#\/schema\/logo\/image\/\"}}]}<\/script>\n<!-- \/ Yoast SEO plugin. -->","yoast_head_json":{"title":"Mar avan\u00e7a e destr\u00f3i barracas na orla de Maxaranguape, no litoral do RN - Taveira Jr","robots":{"index":"index","follow":"follow","max-snippet":"max-snippet:-1","max-image-preview":"max-image-preview:large","max-video-preview":"max-video-preview:-1"},"canonical":"https:\/\/deputadotaveirajr.com.br\/index.php\/mar-avanca-e-destroi-barracas-na-orla-de-maxaranguape-no-litoral-do-rn\/","og_locale":"pt_BR","og_type":"article","og_title":"Mar avan\u00e7a e destr\u00f3i barracas na orla de Maxaranguape, no litoral do RN - Taveira Jr","og_description":"Ondas chegaram a at\u00e9 2,3 metros de altura, segundo t\u00e1bua de mar\u00e9s da Marinha do Brasil. Prefeitura informou que monitora os preju\u00edzos causados. Mar avan\u00e7a e destr\u00f3i barracas na orla ...","og_url":"https:\/\/deputadotaveirajr.com.br\/index.php\/mar-avanca-e-destroi-barracas-na-orla-de-maxaranguape-no-litoral-do-rn\/","og_site_name":"Taveira Jr","og_image":[{"url":"https:\/\/s2-g1.glbimg.com\/-Ba-DbRGf2BzK9MirvfGBX8cYoQ=\/i.s3.glbimg.com\/v1\/AUTH_59edd422c0c84a879bd37670ae4f538a\/internal_photos\/bs\/2025\/u\/q\/mO0iXBS6SBy0NKEGjA3A\/maxaranguape.png","type":"","width":"","height":""}],"twitter_card":"summary_large_image","twitter_misc":{"Est. tempo de leitura":"1 minuto"},"schema":{"@context":"https:\/\/schema.org","@graph":[{"@type":"WebPage","@id":"https:\/\/deputadotaveirajr.com.br\/index.php\/mar-avanca-e-destroi-barracas-na-orla-de-maxaranguape-no-litoral-do-rn\/","url":"https:\/\/deputadotaveirajr.com.br\/index.php\/mar-avanca-e-destroi-barracas-na-orla-de-maxaranguape-no-litoral-do-rn\/","name":"Mar avan\u00e7a e destr\u00f3i barracas na orla de Maxaranguape, no litoral do RN - Taveira Jr","isPartOf":{"@id":"https:\/\/deputadotaveirajr.com.br\/#website"},"primaryImageOfPage":{"@id":"https:\/\/deputadotaveirajr.com.br\/index.php\/mar-avanca-e-destroi-barracas-na-orla-de-maxaranguape-no-litoral-do-rn\/#primaryimage"},"image":{"@id":"https:\/\/deputadotaveirajr.com.br\/index.php\/mar-avanca-e-destroi-barracas-na-orla-de-maxaranguape-no-litoral-do-rn\/#primaryimage"},"thumbnailUrl":"https:\/\/deputadotaveirajr.com.br\/wp-content\/uploads\/2025\/03\/maxaranguape-Xyq69C.jpeg","datePublished":"2025-03-30T12:06:49+00:00","breadcrumb":{"@id":"https:\/\/deputadotaveirajr.com.br\/index.php\/mar-avanca-e-destroi-barracas-na-orla-de-maxaranguape-no-litoral-do-rn\/#breadcrumb"},"inLanguage":"pt-BR","potentialAction":[{"@type":"ReadAction","target":["https:\/\/deputadotaveirajr.com.br\/index.php\/mar-avanca-e-destroi-barracas-na-orla-de-maxaranguape-no-litoral-do-rn\/"]}]},{"@type":"ImageObject","inLanguage":"pt-BR","@id":"https:\/\/deputadotaveirajr.com.br\/index.php\/mar-avanca-e-destroi-barracas-na-orla-de-maxaranguape-no-litoral-do-rn\/#primaryimage","url":"https:\/\/deputadotaveirajr.com.br\/wp-content\/uploads\/2025\/03\/maxaranguape-Xyq69C.jpeg","contentUrl":"https:\/\/deputadotaveirajr.com.br\/wp-content\/uploads\/2025\/03\/maxaranguape-Xyq69C.jpeg","width":2000,"height":2000},{"@type":"BreadcrumbList","@id":"https:\/\/deputadotaveirajr.com.br\/index.php\/mar-avanca-e-destroi-barracas-na-orla-de-maxaranguape-no-litoral-do-rn\/#breadcrumb","itemListElement":[{"@type":"ListItem","position":1,"name":"In\u00edcio","item":"https:\/\/deputadotaveirajr.com.br\/"},{"@type":"ListItem","position":2,"name":"Mar avan\u00e7a e destr\u00f3i barracas na orla de Maxaranguape, no litoral do RN"}]},{"@type":"WebSite","@id":"https:\/\/deputadotaveirajr.com.br\/#website","url":"https:\/\/deputadotaveirajr.com.br\/","name":"Taveira Jr","description":"Deputado Estadual","publisher":{"@id":"https:\/\/deputadotaveirajr.com.br\/#organization"},"potentialAction":[{"@type":"SearchAction","target":{"@type":"EntryPoint","urlTemplate":"https:\/\/deputadotaveirajr.com.br\/?s={search_term_string}"},"query-input":{"@type":"PropertyValueSpecification","valueRequired":true,"valueName":"search_term_string"}}],"inLanguage":"pt-BR"},{"@type":"Organization","@id":"https:\/\/deputadotaveirajr.com.br\/#organization","name":"Taveira Jr","url":"https:\/\/deputadotaveirajr.com.br\/","logo":{"@type":"ImageObject","inLanguage":"pt-BR","@id":"https:\/\/deputadotaveirajr.com.br\/#\/schema\/logo\/image\/","url":"https:\/\/deputadotaveirajr.com.br\/wp-content\/uploads\/2026\/01\/logolow2a.png","contentUrl":"https:\/\/deputadotaveirajr.com.br\/wp-content\/uploads\/2026\/01\/logolow2a.png","width":290,"height":80,"caption":"Taveira Jr"},"image":{"@id":"https:\/\/deputadotaveirajr.com.br\/#\/schema\/logo\/image\/"}}]}},"_links":{"self":[{"href":"https:\/\/deputadotaveirajr.com.br\/index.php\/wp-json\/wp\/v2\/pages\/12690","targetHints":{"allow":["GET"]}}],"collection":[{"href":"https:\/\/deputadotaveirajr.com.br\/index.php\/wp-json\/wp\/v2\/pages"}],"about":[{"href":"https:\/\/deputadotaveirajr.com.br\/index.php\/wp-json\/wp\/v2\/types\/page"}],"replies":[{"embeddable":true,"href":"https:\/\/deputadotaveirajr.com.br\/index.php\/wp-json\/wp\/v2\/comments?post=12690"}],"version-history":[{"count":0,"href":"https:\/\/deputadotaveirajr.com.br\/index.php\/wp-json\/wp\/v2\/pages\/12690\/revisions"}],"wp:featuredmedia":[{"embeddable":true,"href":"https:\/\/deputadotaveirajr.com.br\/index.php\/wp-json\/wp\/v2\/media\/12691"}],"wp:attachment":[{"href":"https:\/\/deputadotaveirajr.com.br\/index.php\/wp-json\/wp\/v2\/media?parent=12690"}],"curies":[{"name":"wp","href":"https:\/\/api.w.org\/{rel}","templated":true}]}}