{"id":12715,"date":"2025-04-05T12:48:37","date_gmt":"2025-04-05T15:48:37","guid":{"rendered":"https:\/\/deputadotaveirajr.com.br\/index.php\/inmet-renova-alertas-de-chuvas-intensas-para-todas-as-cidades-do-rn\/"},"modified":"2025-04-05T12:48:37","modified_gmt":"2025-04-05T15:48:37","slug":"inmet-renova-alertas-de-chuvas-intensas-para-todas-as-cidades-do-rn","status":"publish","type":"page","link":"https:\/\/deputadotaveirajr.com.br\/index.php\/inmet-renova-alertas-de-chuvas-intensas-para-todas-as-cidades-do-rn\/","title":{"rendered":"Inmet renova alertas de chuvas intensas para todas as cidades do RN"},"content":{"rendered":"<p><img decoding=\"async\" src=\"https:\/\/s2-g1.glbimg.com\/CpK1b6qRlm4BKNEcPnBitoLqg_Y=\/i.s3.glbimg.com\/v1\/AUTH_59edd422c0c84a879bd37670ae4f538a\/internal_photos\/bs\/2025\/i\/i\/beRlhYRg6OAJ5rnhzuGQ\/mapa1.jpg\" \/><br \/>     Avisos publicados neste s\u00e1bado (5) s\u00e3o v\u00e1lidos at\u00e9 \u00e0s 10h deste domingo (6). Alerta laranja prev\u00ea chuvas de at\u00e9 100 mil\u00edmetros para 63 cidades. Cidades do RN sob alerta de chuvas neste s\u00e1bado (5) e domingo (6).<br \/>\nInmet\/Reprodu\u00e7\u00e3o<br \/>\nO Instituto Nacional de Meteorologia renovou neste s\u00e1bado (5) dois avisos de chuvas intensas que abrangem todos os 167 munic\u00edpios do Rio Grande do Norte. Os alertas s\u00e3o v\u00e1lidos at\u00e9 \u00e0s 10h do domingo (6).<br \/>\n\ud83d\udcf3Participe do canal do g1 RN no WhatsApp<br \/>\nS\u00e3o dois avisos emitidos pelo Inmet:<br \/>\nAlerta laranja (perigo) &#8211; para 63 cidades &#8211; com chuvas de at\u00e9 100 mil\u00edmetros por dia<br \/>\nAlerta amarelo (perigo potencial) &#8211; para 122 cidades &#8211; com chuvas de at\u00e9 50 mil\u00edmetros por dia<br \/>\nNa soma, o n\u00famero de cidades \u00e9 maior do que os 167 munic\u00edpios do Rio Grande do Norte porque h\u00e1 munic\u00edpios que est\u00e3o nos dois alertas.<br \/>\nO outro n\u00edvel em quest\u00e3o no grau de severidade do Inmet \u00e9 o alerta vermelho, que representa grande perigo e prev\u00ea chuvas acima de 100 mm por dia. N\u00e3o h\u00e1 alerta deste tipo emitido para o RN.<br \/>\nEntre as instru\u00e7\u00f5es emitidas pelo Inmet, em caso de rajadas de vento, est\u00e3o:<br \/>\nn\u00e3o se abrigar debaixo de \u00e1rvores, pois h\u00e1 risco de queda e descargas el\u00e9tricas;<br \/>\nn\u00e3o estacione ve\u00edculos pr\u00f3ximos a torres de transmiss\u00e3o e placas de propaganda;<br \/>\nse poss\u00edvel, evitar usar ou desligar aparelhos el\u00e9tricos e quadro geral de energia.<br \/>\n\u26a0\ufe0f Em caso de necessidade, obter mais informa\u00e7\u00f5es junto \u00e0 Defesa Civil (telefone 199) e ao Corpo de Bombeiros (telefone 193)<br \/>\nAlerta laranja<br \/>\nO alerta laranja foi emitido \u00e0s 9h45 deste s\u00e1bado e vale at\u00e9 \u00e0s 10h do domingo (6).<br \/>\nA previs\u00e3o \u00e9 de acumulado de chuvas variando entre 30 e 60 mil\u00edmetros por hora, ou at\u00e9 100 mil\u00edmetros por dia. Tamb\u00e9m h\u00e1 possiblidade de ventos intensos, entre 60 e 100 km por hora.<br \/>\nSegundo o Inmet, h\u00e1 risco de corte de energia el\u00e9trica, queda de galhos de \u00e1rvores, alagamentos e de descargas el\u00e9tricas.<br \/>\nVeja lista de munic\u00edpios no alerta laranja<br \/>\nAssu<br \/>\nAfonso Bezerra<br \/>\nAlto do Rodrigues<br \/>\nAngicos<br \/>\nApodi<br \/>\nAreia Branca<br \/>\nAugusto Severo<br \/>\nBara\u00fana<br \/>\nBento Fernandes<br \/>\nCai\u00e7ara do Norte<br \/>\nCai\u00e7ara do Rio do Vento<br \/>\nCara\u00fabas<br \/>\nCarnaubais<br \/>\nCear\u00e1-Mirim<br \/>\nCerro Cor\u00e1<br \/>\nExtremoz<br \/>\nFelipe Guerra<br \/>\nFernando Pedroza<br \/>\nGalinhos<br \/>\nGovernador Dix-Sept Rosado<br \/>\nGrossos<br \/>\nGuamar\u00e9<br \/>\nIelmo Marinho<br \/>\nIpangua\u00e7u<br \/>\nItaj\u00e1<br \/>\nJanda\u00edra<br \/>\nJardim de Angicos<br \/>\nJo\u00e3o C\u00e2mara<br \/>\nLajes<br \/>\nMaca\u00edba<br \/>\nMacau<br \/>\nMaxaranguape<br \/>\nMossor\u00f3<br \/>\nNatal<br \/>\nN\u00edsia Floresta<br \/>\nPara\u00fa<br \/>\nParazinho<br \/>\nParnamirim<br \/>\nPedra Grande<br \/>\nPedra Preta<br \/>\nPedro Avelino<br \/>\nPend\u00eancias<br \/>\nPo\u00e7o Branco<br \/>\nPorto do Mangue<br \/>\nPureza<br \/>\nRiachuelo<br \/>\nRio do Fogo<br \/>\nRuy Barbosa<br \/>\nSanta Maria<br \/>\nSantana do Matos<br \/>\nS\u00e3o Bento do Norte<br \/>\nS\u00e3o Gon\u00e7alo do Amarante<br \/>\nS\u00e3o Jos\u00e9 de Mipibu<br \/>\nS\u00e3o Miguel do Gostoso<br \/>\nS\u00e3o Paulo do Potengi<br \/>\nS\u00e3o Pedro<br \/>\nS\u00e3o Rafael<br \/>\nS\u00e3o Tom\u00e9<br \/>\nSerra do Mel<br \/>\nTaipu<br \/>\nTibau<br \/>\nTouros<br \/>\nUpanema<br \/>\nAlerta amarelo<br \/>\nJ\u00e1 o alerta amarelo foi emitido \u00e0s 10h20 deste s\u00e1bado (5) e vale at\u00e9 \u00e0s 10h do domingo (6)<br \/>\nA previs\u00e3o \u00e9 de chuvas de 20 e 30 mil\u00edmetros por hora ou at\u00e9 50 mil\u00edmetros por dia, al\u00e9m de ventos intensos, variando de 40 a 60 km\/h.<br \/>\nH\u00e1 baixo risco de corte de energia el\u00e9trica, queda de galhos de \u00e1rvores, alagamentos e de descargas el\u00e9tricas, segundo o Inmet.<br \/>\nVeja lista de munic\u00edpios no alerta amarelo<br \/>\nAcari<br \/>\nA\u00e7u<br \/>\n\u00c1gua Nova<br \/>\nAlexandria<br \/>\nAlmino Afonso<br \/>\nAnt\u00f4nio Martins<br \/>\nApodi<br \/>\nAr\u00eas<br \/>\nAugusto Severo<br \/>\nBa\u00eda Formosa<br \/>\nBarcelona<br \/>\nBod\u00f3<br \/>\nBom Jesus<br \/>\nBrejinho<br \/>\nCaic\u00f3<br \/>\nCampo Redondo<br \/>\nCanguaretama<br \/>\nCara\u00fabas<br \/>\nCarna\u00faba dos Dantas<br \/>\nCerro Cor\u00e1<br \/>\nCoronel Ezequiel<br \/>\nCoronel Jo\u00e3o Pessoa<br \/>\nCruzeta<br \/>\nCurrais Novos<br \/>\nDoutor Severiano<br \/>\nEncanto<br \/>\nEquador<br \/>\nEsp\u00edrito Santo<br \/>\nFlor\u00e2nia<br \/>\nFrancisco Dantas<br \/>\nFrutuoso Gomes<br \/>\nGoianinha<br \/>\nIpueira<br \/>\nIta\u00fa<br \/>\nJa\u00e7an\u00e3<br \/>\nJandu\u00eds<br \/>\nJanu\u00e1rio Cicco<br \/>\nJapi<br \/>\nJardim de Piranhas<br \/>\nJardim do Serid\u00f3<br \/>\nJo\u00e3o Dias<br \/>\nJos\u00e9 da Penha<br \/>\nJucurutu<br \/>\nJundi\u00e1<br \/>\nLagoa d&#8217;Anta<br \/>\nLagoa de Pedras<br \/>\nLagoa de Velhos<br \/>\nLagoa Nova<br \/>\nLagoa Salgada<br \/>\nLajes<br \/>\nLajes Pintadas<br \/>\nLucr\u00e9cia<br \/>\nLu\u00eds Gomes<br \/>\nMaca\u00edba<br \/>\nMajor Sales<br \/>\nMarcelino Vieira<br \/>\nMartins<br \/>\nMessias Targino<br \/>\nMontanhas<br \/>\nMonte Alegre<br \/>\nMonte das Gameleiras<br \/>\nN\u00edsia Floresta<br \/>\nNova Cruz<br \/>\nOlho d&#8217;\u00c1gua do Borges<br \/>\nOuro Branco<br \/>\nParan\u00e1<br \/>\nPara\u00fa<br \/>\nParelhas<br \/>\nParnamirim<br \/>\nPassa e Fica<br \/>\nPassagem<br \/>\nPatu<br \/>\nPau dos Ferros<br \/>\nPedro Velho<br \/>\nPil\u00f5es<br \/>\nPortalegre<br \/>\nRafael Fernandes<br \/>\nRafael Godeiro<br \/>\nRiacho da Cruz<br \/>\nRiacho de Santana<br \/>\nRiachuelo<br \/>\nRodolfo Fernandes<br \/>\nRuy Barbosa<br \/>\nSanta Cruz<br \/>\nSantana do Matos<br \/>\nSantana do Serid\u00f3<br \/>\nSanto Ant\u00f4nio<br \/>\nS\u00e3o Bento do Trair\u00ed<br \/>\nS\u00e3o Fernando<br \/>\nS\u00e3o Francisco do Oeste<br \/>\nS\u00e3o Jo\u00e3o do Sabugi<br \/>\nS\u00e3o Jos\u00e9 de Mipibu<br \/>\nS\u00e3o Jos\u00e9 do Campestre<br \/>\nS\u00e3o Jos\u00e9 do Serid\u00f3<br \/>\nS\u00e3o Miguel<br \/>\nS\u00e3o Paulo do Potengi<br \/>\nS\u00e3o Pedro<br \/>\nS\u00e3o Rafael<br \/>\nS\u00e3o Tom\u00e9<br \/>\nS\u00e3o Vicente<br \/>\nSenador El\u00f3i de Souza<br \/>\nSenador Georgino Avelino<br \/>\nSerra Caiada<br \/>\nSerra de S\u00e3o Bento<br \/>\nSerra Negra do Norte<br \/>\nSerrinha<br \/>\nSerrinha dos Pintos<br \/>\nSeveriano Melo<br \/>\nS\u00edtio Novo<br \/>\nTaboleiro Grande<br \/>\nTangar\u00e1<br \/>\nTenente Ananias<br \/>\nTenente Laurentino Cruz<br \/>\nTibau do Sul<br \/>\nTimba\u00faba dos Batistas<br \/>\nTriunfo Potiguar<br \/>\nUmarizal<br \/>\nV\u00e1rzea<br \/>\nVenha-Ver<br \/>\nVera Cruz<br \/>\nVi\u00e7osa<br \/>\nVila Flor<br \/>\nNo m\u00eas de mar\u00e7o, Natal teve chuvas intensas que causaram transtornos na cidade. Veja reportagem abaixo \u2b07\ufe0f<br \/>\nChuva causa transtornos em Natal<br \/>\nVeja os v\u00eddeos mais assistidos no g1 RN<\/p>","protected":false},"excerpt":{"rendered":"<p>Avisos publicados neste s\u00e1bado (5) s\u00e3o v\u00e1lidos at\u00e9 \u00e0s 10h deste domingo (6). Alerta laranja prev\u00ea chuvas de at\u00e9 100 mil\u00edmetros para 63 cidades. Cidades do RN sob alerta de &#8230;<\/p>\n","protected":false},"author":0,"featured_media":12716,"parent":0,"menu_order":0,"comment_status":"closed","ping_status":"closed","template":"","meta":{"footnotes":""},"class_list":["post-12715","page","type-page","status-publish","has-post-thumbnail","hentry"],"yoast_head":"<!-- This site is optimized with the Yoast SEO plugin v27.1.1 - https:\/\/yoast.com\/product\/yoast-seo-wordpress\/ -->\n<title>Inmet renova alertas de chuvas intensas para todas as cidades do RN - Taveira Jr<\/title>\n<meta name=\"robots\" content=\"index, follow, max-snippet:-1, max-image-preview:large, max-video-preview:-1\" \/>\n<link rel=\"canonical\" href=\"https:\/\/deputadotaveirajr.com.br\/index.php\/inmet-renova-alertas-de-chuvas-intensas-para-todas-as-cidades-do-rn\/\" \/>\n<meta property=\"og:locale\" content=\"pt_BR\" \/>\n<meta property=\"og:type\" content=\"article\" \/>\n<meta property=\"og:title\" content=\"Inmet renova alertas de chuvas intensas para todas as cidades do RN - Taveira Jr\" \/>\n<meta property=\"og:description\" content=\"Avisos publicados neste s\u00e1bado (5) s\u00e3o v\u00e1lidos at\u00e9 \u00e0s 10h deste domingo (6). Alerta laranja prev\u00ea chuvas de at\u00e9 100 mil\u00edmetros para 63 cidades. Cidades do RN sob alerta de ...\" \/>\n<meta property=\"og:url\" content=\"https:\/\/deputadotaveirajr.com.br\/index.php\/inmet-renova-alertas-de-chuvas-intensas-para-todas-as-cidades-do-rn\/\" \/>\n<meta property=\"og:site_name\" content=\"Taveira Jr\" \/>\n<meta property=\"og:image\" content=\"https:\/\/s2-g1.glbimg.com\/CpK1b6qRlm4BKNEcPnBitoLqg_Y=\/i.s3.glbimg.com\/v1\/AUTH_59edd422c0c84a879bd37670ae4f538a\/internal_photos\/bs\/2025\/i\/i\/beRlhYRg6OAJ5rnhzuGQ\/mapa1.jpg\" \/>\n<meta name=\"twitter:card\" content=\"summary_large_image\" \/>\n<meta name=\"twitter:label1\" content=\"Est. tempo de leitura\" \/>\n\t<meta name=\"twitter:data1\" content=\"4 minutos\" \/>\n<script type=\"application\/ld+json\" class=\"yoast-schema-graph\">{\"@context\":\"https:\/\/schema.org\",\"@graph\":[{\"@type\":\"WebPage\",\"@id\":\"https:\/\/deputadotaveirajr.com.br\/index.php\/inmet-renova-alertas-de-chuvas-intensas-para-todas-as-cidades-do-rn\/\",\"url\":\"https:\/\/deputadotaveirajr.com.br\/index.php\/inmet-renova-alertas-de-chuvas-intensas-para-todas-as-cidades-do-rn\/\",\"name\":\"Inmet renova alertas de chuvas intensas para todas as cidades do RN - Taveira Jr\",\"isPartOf\":{\"@id\":\"https:\/\/deputadotaveirajr.com.br\/#website\"},\"primaryImageOfPage\":{\"@id\":\"https:\/\/deputadotaveirajr.com.br\/index.php\/inmet-renova-alertas-de-chuvas-intensas-para-todas-as-cidades-do-rn\/#primaryimage\"},\"image\":{\"@id\":\"https:\/\/deputadotaveirajr.com.br\/index.php\/inmet-renova-alertas-de-chuvas-intensas-para-todas-as-cidades-do-rn\/#primaryimage\"},\"thumbnailUrl\":\"https:\/\/deputadotaveirajr.com.br\/wp-content\/uploads\/2025\/04\/mapa1-YgUv8X.jpeg\",\"datePublished\":\"2025-04-05T15:48:37+00:00\",\"breadcrumb\":{\"@id\":\"https:\/\/deputadotaveirajr.com.br\/index.php\/inmet-renova-alertas-de-chuvas-intensas-para-todas-as-cidades-do-rn\/#breadcrumb\"},\"inLanguage\":\"pt-BR\",\"potentialAction\":[{\"@type\":\"ReadAction\",\"target\":[\"https:\/\/deputadotaveirajr.com.br\/index.php\/inmet-renova-alertas-de-chuvas-intensas-para-todas-as-cidades-do-rn\/\"]}]},{\"@type\":\"ImageObject\",\"inLanguage\":\"pt-BR\",\"@id\":\"https:\/\/deputadotaveirajr.com.br\/index.php\/inmet-renova-alertas-de-chuvas-intensas-para-todas-as-cidades-do-rn\/#primaryimage\",\"url\":\"https:\/\/deputadotaveirajr.com.br\/wp-content\/uploads\/2025\/04\/mapa1-YgUv8X.jpeg\",\"contentUrl\":\"https:\/\/deputadotaveirajr.com.br\/wp-content\/uploads\/2025\/04\/mapa1-YgUv8X.jpeg\",\"width\":1200,\"height\":788},{\"@type\":\"BreadcrumbList\",\"@id\":\"https:\/\/deputadotaveirajr.com.br\/index.php\/inmet-renova-alertas-de-chuvas-intensas-para-todas-as-cidades-do-rn\/#breadcrumb\",\"itemListElement\":[{\"@type\":\"ListItem\",\"position\":1,\"name\":\"In\u00edcio\",\"item\":\"https:\/\/deputadotaveirajr.com.br\/\"},{\"@type\":\"ListItem\",\"position\":2,\"name\":\"Inmet renova alertas de chuvas intensas para todas as cidades do RN\"}]},{\"@type\":\"WebSite\",\"@id\":\"https:\/\/deputadotaveirajr.com.br\/#website\",\"url\":\"https:\/\/deputadotaveirajr.com.br\/\",\"name\":\"Taveira Jr\",\"description\":\"Deputado Estadual\",\"publisher\":{\"@id\":\"https:\/\/deputadotaveirajr.com.br\/#organization\"},\"potentialAction\":[{\"@type\":\"SearchAction\",\"target\":{\"@type\":\"EntryPoint\",\"urlTemplate\":\"https:\/\/deputadotaveirajr.com.br\/?s={search_term_string}\"},\"query-input\":{\"@type\":\"PropertyValueSpecification\",\"valueRequired\":true,\"valueName\":\"search_term_string\"}}],\"inLanguage\":\"pt-BR\"},{\"@type\":\"Organization\",\"@id\":\"https:\/\/deputadotaveirajr.com.br\/#organization\",\"name\":\"Taveira Jr\",\"url\":\"https:\/\/deputadotaveirajr.com.br\/\",\"logo\":{\"@type\":\"ImageObject\",\"inLanguage\":\"pt-BR\",\"@id\":\"https:\/\/deputadotaveirajr.com.br\/#\/schema\/logo\/image\/\",\"url\":\"https:\/\/deputadotaveirajr.com.br\/wp-content\/uploads\/2026\/01\/logolow2a.png\",\"contentUrl\":\"https:\/\/deputadotaveirajr.com.br\/wp-content\/uploads\/2026\/01\/logolow2a.png\",\"width\":290,\"height\":80,\"caption\":\"Taveira Jr\"},\"image\":{\"@id\":\"https:\/\/deputadotaveirajr.com.br\/#\/schema\/logo\/image\/\"}}]}<\/script>\n<!-- \/ Yoast SEO plugin. -->","yoast_head_json":{"title":"Inmet renova alertas de chuvas intensas para todas as cidades do RN - Taveira Jr","robots":{"index":"index","follow":"follow","max-snippet":"max-snippet:-1","max-image-preview":"max-image-preview:large","max-video-preview":"max-video-preview:-1"},"canonical":"https:\/\/deputadotaveirajr.com.br\/index.php\/inmet-renova-alertas-de-chuvas-intensas-para-todas-as-cidades-do-rn\/","og_locale":"pt_BR","og_type":"article","og_title":"Inmet renova alertas de chuvas intensas para todas as cidades do RN - Taveira Jr","og_description":"Avisos publicados neste s\u00e1bado (5) s\u00e3o v\u00e1lidos at\u00e9 \u00e0s 10h deste domingo (6). Alerta laranja prev\u00ea chuvas de at\u00e9 100 mil\u00edmetros para 63 cidades. Cidades do RN sob alerta de ...","og_url":"https:\/\/deputadotaveirajr.com.br\/index.php\/inmet-renova-alertas-de-chuvas-intensas-para-todas-as-cidades-do-rn\/","og_site_name":"Taveira Jr","og_image":[{"url":"https:\/\/s2-g1.glbimg.com\/CpK1b6qRlm4BKNEcPnBitoLqg_Y=\/i.s3.glbimg.com\/v1\/AUTH_59edd422c0c84a879bd37670ae4f538a\/internal_photos\/bs\/2025\/i\/i\/beRlhYRg6OAJ5rnhzuGQ\/mapa1.jpg","type":"","width":"","height":""}],"twitter_card":"summary_large_image","twitter_misc":{"Est. tempo de leitura":"4 minutos"},"schema":{"@context":"https:\/\/schema.org","@graph":[{"@type":"WebPage","@id":"https:\/\/deputadotaveirajr.com.br\/index.php\/inmet-renova-alertas-de-chuvas-intensas-para-todas-as-cidades-do-rn\/","url":"https:\/\/deputadotaveirajr.com.br\/index.php\/inmet-renova-alertas-de-chuvas-intensas-para-todas-as-cidades-do-rn\/","name":"Inmet renova alertas de chuvas intensas para todas as cidades do RN - Taveira Jr","isPartOf":{"@id":"https:\/\/deputadotaveirajr.com.br\/#website"},"primaryImageOfPage":{"@id":"https:\/\/deputadotaveirajr.com.br\/index.php\/inmet-renova-alertas-de-chuvas-intensas-para-todas-as-cidades-do-rn\/#primaryimage"},"image":{"@id":"https:\/\/deputadotaveirajr.com.br\/index.php\/inmet-renova-alertas-de-chuvas-intensas-para-todas-as-cidades-do-rn\/#primaryimage"},"thumbnailUrl":"https:\/\/deputadotaveirajr.com.br\/wp-content\/uploads\/2025\/04\/mapa1-YgUv8X.jpeg","datePublished":"2025-04-05T15:48:37+00:00","breadcrumb":{"@id":"https:\/\/deputadotaveirajr.com.br\/index.php\/inmet-renova-alertas-de-chuvas-intensas-para-todas-as-cidades-do-rn\/#breadcrumb"},"inLanguage":"pt-BR","potentialAction":[{"@type":"ReadAction","target":["https:\/\/deputadotaveirajr.com.br\/index.php\/inmet-renova-alertas-de-chuvas-intensas-para-todas-as-cidades-do-rn\/"]}]},{"@type":"ImageObject","inLanguage":"pt-BR","@id":"https:\/\/deputadotaveirajr.com.br\/index.php\/inmet-renova-alertas-de-chuvas-intensas-para-todas-as-cidades-do-rn\/#primaryimage","url":"https:\/\/deputadotaveirajr.com.br\/wp-content\/uploads\/2025\/04\/mapa1-YgUv8X.jpeg","contentUrl":"https:\/\/deputadotaveirajr.com.br\/wp-content\/uploads\/2025\/04\/mapa1-YgUv8X.jpeg","width":1200,"height":788},{"@type":"BreadcrumbList","@id":"https:\/\/deputadotaveirajr.com.br\/index.php\/inmet-renova-alertas-de-chuvas-intensas-para-todas-as-cidades-do-rn\/#breadcrumb","itemListElement":[{"@type":"ListItem","position":1,"name":"In\u00edcio","item":"https:\/\/deputadotaveirajr.com.br\/"},{"@type":"ListItem","position":2,"name":"Inmet renova alertas de chuvas intensas para todas as cidades do RN"}]},{"@type":"WebSite","@id":"https:\/\/deputadotaveirajr.com.br\/#website","url":"https:\/\/deputadotaveirajr.com.br\/","name":"Taveira Jr","description":"Deputado Estadual","publisher":{"@id":"https:\/\/deputadotaveirajr.com.br\/#organization"},"potentialAction":[{"@type":"SearchAction","target":{"@type":"EntryPoint","urlTemplate":"https:\/\/deputadotaveirajr.com.br\/?s={search_term_string}"},"query-input":{"@type":"PropertyValueSpecification","valueRequired":true,"valueName":"search_term_string"}}],"inLanguage":"pt-BR"},{"@type":"Organization","@id":"https:\/\/deputadotaveirajr.com.br\/#organization","name":"Taveira Jr","url":"https:\/\/deputadotaveirajr.com.br\/","logo":{"@type":"ImageObject","inLanguage":"pt-BR","@id":"https:\/\/deputadotaveirajr.com.br\/#\/schema\/logo\/image\/","url":"https:\/\/deputadotaveirajr.com.br\/wp-content\/uploads\/2026\/01\/logolow2a.png","contentUrl":"https:\/\/deputadotaveirajr.com.br\/wp-content\/uploads\/2026\/01\/logolow2a.png","width":290,"height":80,"caption":"Taveira Jr"},"image":{"@id":"https:\/\/deputadotaveirajr.com.br\/#\/schema\/logo\/image\/"}}]}},"_links":{"self":[{"href":"https:\/\/deputadotaveirajr.com.br\/index.php\/wp-json\/wp\/v2\/pages\/12715","targetHints":{"allow":["GET"]}}],"collection":[{"href":"https:\/\/deputadotaveirajr.com.br\/index.php\/wp-json\/wp\/v2\/pages"}],"about":[{"href":"https:\/\/deputadotaveirajr.com.br\/index.php\/wp-json\/wp\/v2\/types\/page"}],"replies":[{"embeddable":true,"href":"https:\/\/deputadotaveirajr.com.br\/index.php\/wp-json\/wp\/v2\/comments?post=12715"}],"version-history":[{"count":0,"href":"https:\/\/deputadotaveirajr.com.br\/index.php\/wp-json\/wp\/v2\/pages\/12715\/revisions"}],"wp:featuredmedia":[{"embeddable":true,"href":"https:\/\/deputadotaveirajr.com.br\/index.php\/wp-json\/wp\/v2\/media\/12716"}],"wp:attachment":[{"href":"https:\/\/deputadotaveirajr.com.br\/index.php\/wp-json\/wp\/v2\/media?parent=12715"}],"curies":[{"name":"wp","href":"https:\/\/api.w.org\/{rel}","templated":true}]}}