{"id":12774,"date":"2025-04-12T10:22:59","date_gmt":"2025-04-12T13:22:59","guid":{"rendered":"https:\/\/deputadotaveirajr.com.br\/index.php\/justica-do-rn-suspende-ato-da-camara-de-natal-que-concedeu-titulo-de-cidadao-natalense-a-jair-bolsonaro\/"},"modified":"2025-04-12T10:22:59","modified_gmt":"2025-04-12T13:22:59","slug":"justica-do-rn-suspende-ato-da-camara-de-natal-que-concedeu-titulo-de-cidadao-natalense-a-jair-bolsonaro","status":"publish","type":"page","link":"https:\/\/deputadotaveirajr.com.br\/index.php\/justica-do-rn-suspende-ato-da-camara-de-natal-que-concedeu-titulo-de-cidadao-natalense-a-jair-bolsonaro\/","title":{"rendered":"Justi\u00e7a do RN suspende ato da C\u00e2mara de Natal que concedeu t\u00edtulo de cidad\u00e3o natalense a Jair Bolsonaro"},"content":{"rendered":"<p><img decoding=\"async\" src=\"https:\/\/s2-g1.glbimg.com\/if9PPmelWKqN7zgJne6x9c8Omb4=\/i.s3.glbimg.com\/v1\/AUTH_59edd422c0c84a879bd37670ae4f538a\/internal_photos\/bs\/2025\/G\/p\/pz3MwtSOiEfY6pvdGAJw\/francisco-de-assis.jpg\" \/><br \/>     Liminar atende pedido de vereadora do PT que argumentou que n\u00e3o teve direito a vistas ao projeto respeitado.  Sess\u00e3o ocorrida nesta quarta-feira (10)<br \/>\nFrancisco de Assis\/CMN<br \/>\nA Justi\u00e7a do Rio Grande do Norte suspendeu um ato da C\u00e2mara Municipal de Natal que aprovou na \u00faltima quinta-feira (10) a concess\u00e3o do t\u00edtulo de cidad\u00e3o natalense ao ex-presidente Jair Bolsonaro (PL).<br \/>\nA decis\u00e3o liminar do juiz Francisco Ser\u00e1phico da N\u00f3brega Coutinho, da 5\u00aa Vara da Fazenda P\u00fablica de Natal, atendeu pedido da vereadora Samanda Alves (PT).<br \/>\n\ud83d\udcf3Participe do canal do g1 RN no WhatsApp<br \/>\nA vereadora argumentou que teve um pedido de vistas ao projeto rejeitado pela presid\u00eancia da sess\u00e3o e pela presid\u00eancia da Comiss\u00e3o de Educa\u00e7\u00e3o e Cultura da Casa, da qual faz parte.<br \/>\nA proposta, de autoria do vereador Subtenente Eliabe (PL), voi aprovada com 20 votos a favor e 4 contr\u00e1rios em regime de urg\u00eancia.<br \/>\nNa decis\u00e3o, o magistrado considerou que houve &#8220;aparente viola\u00e7\u00e3o ao Regimento Interno da C\u00e2mara Municipal do Natal&#8221; que prev\u00ea a prerrogativa dos membros das comiss\u00f5es de obterem vista das mat\u00e9rias em aprecia\u00e7\u00e3o, inclusive de projetos em regime de urg\u00eancia.<br \/>\nBOLETIM M\u00c9DICO: Bolsonaro est\u00e1 se alimentando por sonda e vai continua internado em Natal<br \/>\nNO HOSPITAL: Bolsonaro posta foto internado, mas diz que, por ora, n\u00e3o ser\u00e1 preciso cirurgia<br \/>\nA concess\u00e3o do t\u00edtulo foi publicada no Di\u00e1rio Oficial do Munic\u00edpio e o documento seria entregue ao ex-presidente durante um semin\u00e1rio do PL, partido de Bolsonaro, marcado para esta sexta-feira (10) em Pau dos Ferros, no Alto Oeste potiguar.<br \/>\nNo entanto, o evento foi cancelado porque o ex-presidente passou mal e foi atendido \u00e0s pressas durante a visita ao Rio Grande do Norte nesta sexta-feira (11). Bolsonaro relatou fortes dores abdominais na cidade de Tangar\u00e1, a 98 km de Natal, e foi levado de carro para atendimento no Hospital Municipal Alu\u00edzio Bezerra, na cidade vizinha, Santa Cruz, onde foi estabilizado.<br \/>\nAp\u00f3s o primeiro atendimento, o ex-presidente seguiu em uma ambul\u00e2ncia at\u00e9 o est\u00e1dio municipal de Santa Cruz, para embarcar em um helic\u00f3ptero da Secretaria de Seguran\u00e7a P\u00fablica do RN e ser transferido para o Hospital Rio Grande, em Natal, onde passou a noite internado.<br \/>\nConfus\u00e3o e bate-boca na C\u00e2mara Municipal de Natal<br \/>\nVeja os v\u00eddeos mais assistido no g1 RN<\/p>","protected":false},"excerpt":{"rendered":"<p>Liminar atende pedido de vereadora do PT que argumentou que n\u00e3o teve direito a vistas ao projeto respeitado. Sess\u00e3o ocorrida nesta quarta-feira (10) Francisco de Assis\/CMN A Justi\u00e7a do Rio &#8230;<\/p>\n","protected":false},"author":0,"featured_media":12775,"parent":0,"menu_order":0,"comment_status":"closed","ping_status":"closed","template":"","meta":{"footnotes":""},"class_list":["post-12774","page","type-page","status-publish","has-post-thumbnail","hentry"],"yoast_head":"<!-- This site is optimized with the Yoast SEO plugin v27.1.1 - https:\/\/yoast.com\/product\/yoast-seo-wordpress\/ -->\n<title>Justi\u00e7a do RN suspende ato da C\u00e2mara de Natal que concedeu t\u00edtulo de cidad\u00e3o natalense a Jair Bolsonaro - Taveira Jr<\/title>\n<meta name=\"robots\" content=\"index, follow, max-snippet:-1, max-image-preview:large, max-video-preview:-1\" \/>\n<link rel=\"canonical\" href=\"https:\/\/deputadotaveirajr.com.br\/index.php\/justica-do-rn-suspende-ato-da-camara-de-natal-que-concedeu-titulo-de-cidadao-natalense-a-jair-bolsonaro\/\" \/>\n<meta property=\"og:locale\" content=\"pt_BR\" \/>\n<meta property=\"og:type\" content=\"article\" \/>\n<meta property=\"og:title\" content=\"Justi\u00e7a do RN suspende ato da C\u00e2mara de Natal que concedeu t\u00edtulo de cidad\u00e3o natalense a Jair Bolsonaro - Taveira Jr\" \/>\n<meta property=\"og:description\" content=\"Liminar atende pedido de vereadora do PT que argumentou que n\u00e3o teve direito a vistas ao projeto respeitado. Sess\u00e3o ocorrida nesta quarta-feira (10) Francisco de Assis\/CMN A Justi\u00e7a do Rio ...\" \/>\n<meta property=\"og:url\" content=\"https:\/\/deputadotaveirajr.com.br\/index.php\/justica-do-rn-suspende-ato-da-camara-de-natal-que-concedeu-titulo-de-cidadao-natalense-a-jair-bolsonaro\/\" \/>\n<meta property=\"og:site_name\" content=\"Taveira Jr\" \/>\n<meta property=\"og:image\" content=\"https:\/\/s2-g1.glbimg.com\/if9PPmelWKqN7zgJne6x9c8Omb4=\/i.s3.glbimg.com\/v1\/AUTH_59edd422c0c84a879bd37670ae4f538a\/internal_photos\/bs\/2025\/G\/p\/pz3MwtSOiEfY6pvdGAJw\/francisco-de-assis.jpg\" \/>\n<meta name=\"twitter:card\" content=\"summary_large_image\" \/>\n<meta name=\"twitter:label1\" content=\"Est. tempo de leitura\" \/>\n\t<meta name=\"twitter:data1\" content=\"2 minutos\" \/>\n<script type=\"application\/ld+json\" class=\"yoast-schema-graph\">{\"@context\":\"https:\/\/schema.org\",\"@graph\":[{\"@type\":\"WebPage\",\"@id\":\"https:\/\/deputadotaveirajr.com.br\/index.php\/justica-do-rn-suspende-ato-da-camara-de-natal-que-concedeu-titulo-de-cidadao-natalense-a-jair-bolsonaro\/\",\"url\":\"https:\/\/deputadotaveirajr.com.br\/index.php\/justica-do-rn-suspende-ato-da-camara-de-natal-que-concedeu-titulo-de-cidadao-natalense-a-jair-bolsonaro\/\",\"name\":\"Justi\u00e7a do RN suspende ato da C\u00e2mara de Natal que concedeu t\u00edtulo de cidad\u00e3o natalense a Jair Bolsonaro - Taveira Jr\",\"isPartOf\":{\"@id\":\"https:\/\/deputadotaveirajr.com.br\/#website\"},\"primaryImageOfPage\":{\"@id\":\"https:\/\/deputadotaveirajr.com.br\/index.php\/justica-do-rn-suspende-ato-da-camara-de-natal-que-concedeu-titulo-de-cidadao-natalense-a-jair-bolsonaro\/#primaryimage\"},\"image\":{\"@id\":\"https:\/\/deputadotaveirajr.com.br\/index.php\/justica-do-rn-suspende-ato-da-camara-de-natal-que-concedeu-titulo-de-cidadao-natalense-a-jair-bolsonaro\/#primaryimage\"},\"thumbnailUrl\":\"https:\/\/deputadotaveirajr.com.br\/wp-content\/uploads\/2025\/04\/francisco-de-assis-VvYPVW.png\",\"datePublished\":\"2025-04-12T13:22:59+00:00\",\"breadcrumb\":{\"@id\":\"https:\/\/deputadotaveirajr.com.br\/index.php\/justica-do-rn-suspende-ato-da-camara-de-natal-que-concedeu-titulo-de-cidadao-natalense-a-jair-bolsonaro\/#breadcrumb\"},\"inLanguage\":\"pt-BR\",\"potentialAction\":[{\"@type\":\"ReadAction\",\"target\":[\"https:\/\/deputadotaveirajr.com.br\/index.php\/justica-do-rn-suspende-ato-da-camara-de-natal-que-concedeu-titulo-de-cidadao-natalense-a-jair-bolsonaro\/\"]}]},{\"@type\":\"ImageObject\",\"inLanguage\":\"pt-BR\",\"@id\":\"https:\/\/deputadotaveirajr.com.br\/index.php\/justica-do-rn-suspende-ato-da-camara-de-natal-que-concedeu-titulo-de-cidadao-natalense-a-jair-bolsonaro\/#primaryimage\",\"url\":\"https:\/\/deputadotaveirajr.com.br\/wp-content\/uploads\/2025\/04\/francisco-de-assis-VvYPVW.png\",\"contentUrl\":\"https:\/\/deputadotaveirajr.com.br\/wp-content\/uploads\/2025\/04\/francisco-de-assis-VvYPVW.png\",\"width\":2048,\"height\":1404},{\"@type\":\"BreadcrumbList\",\"@id\":\"https:\/\/deputadotaveirajr.com.br\/index.php\/justica-do-rn-suspende-ato-da-camara-de-natal-que-concedeu-titulo-de-cidadao-natalense-a-jair-bolsonaro\/#breadcrumb\",\"itemListElement\":[{\"@type\":\"ListItem\",\"position\":1,\"name\":\"In\u00edcio\",\"item\":\"https:\/\/deputadotaveirajr.com.br\/\"},{\"@type\":\"ListItem\",\"position\":2,\"name\":\"Justi\u00e7a do RN suspende ato da C\u00e2mara de Natal que concedeu t\u00edtulo de cidad\u00e3o natalense a Jair Bolsonaro\"}]},{\"@type\":\"WebSite\",\"@id\":\"https:\/\/deputadotaveirajr.com.br\/#website\",\"url\":\"https:\/\/deputadotaveirajr.com.br\/\",\"name\":\"Taveira Jr\",\"description\":\"Deputado Estadual\",\"publisher\":{\"@id\":\"https:\/\/deputadotaveirajr.com.br\/#organization\"},\"potentialAction\":[{\"@type\":\"SearchAction\",\"target\":{\"@type\":\"EntryPoint\",\"urlTemplate\":\"https:\/\/deputadotaveirajr.com.br\/?s={search_term_string}\"},\"query-input\":{\"@type\":\"PropertyValueSpecification\",\"valueRequired\":true,\"valueName\":\"search_term_string\"}}],\"inLanguage\":\"pt-BR\"},{\"@type\":\"Organization\",\"@id\":\"https:\/\/deputadotaveirajr.com.br\/#organization\",\"name\":\"Taveira Jr\",\"url\":\"https:\/\/deputadotaveirajr.com.br\/\",\"logo\":{\"@type\":\"ImageObject\",\"inLanguage\":\"pt-BR\",\"@id\":\"https:\/\/deputadotaveirajr.com.br\/#\/schema\/logo\/image\/\",\"url\":\"https:\/\/deputadotaveirajr.com.br\/wp-content\/uploads\/2026\/01\/logolow2a.png\",\"contentUrl\":\"https:\/\/deputadotaveirajr.com.br\/wp-content\/uploads\/2026\/01\/logolow2a.png\",\"width\":290,\"height\":80,\"caption\":\"Taveira Jr\"},\"image\":{\"@id\":\"https:\/\/deputadotaveirajr.com.br\/#\/schema\/logo\/image\/\"}}]}<\/script>\n<!-- \/ Yoast SEO plugin. -->","yoast_head_json":{"title":"Justi\u00e7a do RN suspende ato da C\u00e2mara de Natal que concedeu t\u00edtulo de cidad\u00e3o natalense a Jair Bolsonaro - Taveira Jr","robots":{"index":"index","follow":"follow","max-snippet":"max-snippet:-1","max-image-preview":"max-image-preview:large","max-video-preview":"max-video-preview:-1"},"canonical":"https:\/\/deputadotaveirajr.com.br\/index.php\/justica-do-rn-suspende-ato-da-camara-de-natal-que-concedeu-titulo-de-cidadao-natalense-a-jair-bolsonaro\/","og_locale":"pt_BR","og_type":"article","og_title":"Justi\u00e7a do RN suspende ato da C\u00e2mara de Natal que concedeu t\u00edtulo de cidad\u00e3o natalense a Jair Bolsonaro - Taveira Jr","og_description":"Liminar atende pedido de vereadora do PT que argumentou que n\u00e3o teve direito a vistas ao projeto respeitado. Sess\u00e3o ocorrida nesta quarta-feira (10) Francisco de Assis\/CMN A Justi\u00e7a do Rio ...","og_url":"https:\/\/deputadotaveirajr.com.br\/index.php\/justica-do-rn-suspende-ato-da-camara-de-natal-que-concedeu-titulo-de-cidadao-natalense-a-jair-bolsonaro\/","og_site_name":"Taveira Jr","og_image":[{"url":"https:\/\/s2-g1.glbimg.com\/if9PPmelWKqN7zgJne6x9c8Omb4=\/i.s3.glbimg.com\/v1\/AUTH_59edd422c0c84a879bd37670ae4f538a\/internal_photos\/bs\/2025\/G\/p\/pz3MwtSOiEfY6pvdGAJw\/francisco-de-assis.jpg","type":"","width":"","height":""}],"twitter_card":"summary_large_image","twitter_misc":{"Est. tempo de leitura":"2 minutos"},"schema":{"@context":"https:\/\/schema.org","@graph":[{"@type":"WebPage","@id":"https:\/\/deputadotaveirajr.com.br\/index.php\/justica-do-rn-suspende-ato-da-camara-de-natal-que-concedeu-titulo-de-cidadao-natalense-a-jair-bolsonaro\/","url":"https:\/\/deputadotaveirajr.com.br\/index.php\/justica-do-rn-suspende-ato-da-camara-de-natal-que-concedeu-titulo-de-cidadao-natalense-a-jair-bolsonaro\/","name":"Justi\u00e7a do RN suspende ato da C\u00e2mara de Natal que concedeu t\u00edtulo de cidad\u00e3o natalense a Jair Bolsonaro - Taveira Jr","isPartOf":{"@id":"https:\/\/deputadotaveirajr.com.br\/#website"},"primaryImageOfPage":{"@id":"https:\/\/deputadotaveirajr.com.br\/index.php\/justica-do-rn-suspende-ato-da-camara-de-natal-que-concedeu-titulo-de-cidadao-natalense-a-jair-bolsonaro\/#primaryimage"},"image":{"@id":"https:\/\/deputadotaveirajr.com.br\/index.php\/justica-do-rn-suspende-ato-da-camara-de-natal-que-concedeu-titulo-de-cidadao-natalense-a-jair-bolsonaro\/#primaryimage"},"thumbnailUrl":"https:\/\/deputadotaveirajr.com.br\/wp-content\/uploads\/2025\/04\/francisco-de-assis-VvYPVW.png","datePublished":"2025-04-12T13:22:59+00:00","breadcrumb":{"@id":"https:\/\/deputadotaveirajr.com.br\/index.php\/justica-do-rn-suspende-ato-da-camara-de-natal-que-concedeu-titulo-de-cidadao-natalense-a-jair-bolsonaro\/#breadcrumb"},"inLanguage":"pt-BR","potentialAction":[{"@type":"ReadAction","target":["https:\/\/deputadotaveirajr.com.br\/index.php\/justica-do-rn-suspende-ato-da-camara-de-natal-que-concedeu-titulo-de-cidadao-natalense-a-jair-bolsonaro\/"]}]},{"@type":"ImageObject","inLanguage":"pt-BR","@id":"https:\/\/deputadotaveirajr.com.br\/index.php\/justica-do-rn-suspende-ato-da-camara-de-natal-que-concedeu-titulo-de-cidadao-natalense-a-jair-bolsonaro\/#primaryimage","url":"https:\/\/deputadotaveirajr.com.br\/wp-content\/uploads\/2025\/04\/francisco-de-assis-VvYPVW.png","contentUrl":"https:\/\/deputadotaveirajr.com.br\/wp-content\/uploads\/2025\/04\/francisco-de-assis-VvYPVW.png","width":2048,"height":1404},{"@type":"BreadcrumbList","@id":"https:\/\/deputadotaveirajr.com.br\/index.php\/justica-do-rn-suspende-ato-da-camara-de-natal-que-concedeu-titulo-de-cidadao-natalense-a-jair-bolsonaro\/#breadcrumb","itemListElement":[{"@type":"ListItem","position":1,"name":"In\u00edcio","item":"https:\/\/deputadotaveirajr.com.br\/"},{"@type":"ListItem","position":2,"name":"Justi\u00e7a do RN suspende ato da C\u00e2mara de Natal que concedeu t\u00edtulo de cidad\u00e3o natalense a Jair Bolsonaro"}]},{"@type":"WebSite","@id":"https:\/\/deputadotaveirajr.com.br\/#website","url":"https:\/\/deputadotaveirajr.com.br\/","name":"Taveira Jr","description":"Deputado Estadual","publisher":{"@id":"https:\/\/deputadotaveirajr.com.br\/#organization"},"potentialAction":[{"@type":"SearchAction","target":{"@type":"EntryPoint","urlTemplate":"https:\/\/deputadotaveirajr.com.br\/?s={search_term_string}"},"query-input":{"@type":"PropertyValueSpecification","valueRequired":true,"valueName":"search_term_string"}}],"inLanguage":"pt-BR"},{"@type":"Organization","@id":"https:\/\/deputadotaveirajr.com.br\/#organization","name":"Taveira Jr","url":"https:\/\/deputadotaveirajr.com.br\/","logo":{"@type":"ImageObject","inLanguage":"pt-BR","@id":"https:\/\/deputadotaveirajr.com.br\/#\/schema\/logo\/image\/","url":"https:\/\/deputadotaveirajr.com.br\/wp-content\/uploads\/2026\/01\/logolow2a.png","contentUrl":"https:\/\/deputadotaveirajr.com.br\/wp-content\/uploads\/2026\/01\/logolow2a.png","width":290,"height":80,"caption":"Taveira Jr"},"image":{"@id":"https:\/\/deputadotaveirajr.com.br\/#\/schema\/logo\/image\/"}}]}},"_links":{"self":[{"href":"https:\/\/deputadotaveirajr.com.br\/index.php\/wp-json\/wp\/v2\/pages\/12774","targetHints":{"allow":["GET"]}}],"collection":[{"href":"https:\/\/deputadotaveirajr.com.br\/index.php\/wp-json\/wp\/v2\/pages"}],"about":[{"href":"https:\/\/deputadotaveirajr.com.br\/index.php\/wp-json\/wp\/v2\/types\/page"}],"replies":[{"embeddable":true,"href":"https:\/\/deputadotaveirajr.com.br\/index.php\/wp-json\/wp\/v2\/comments?post=12774"}],"version-history":[{"count":0,"href":"https:\/\/deputadotaveirajr.com.br\/index.php\/wp-json\/wp\/v2\/pages\/12774\/revisions"}],"wp:featuredmedia":[{"embeddable":true,"href":"https:\/\/deputadotaveirajr.com.br\/index.php\/wp-json\/wp\/v2\/media\/12775"}],"wp:attachment":[{"href":"https:\/\/deputadotaveirajr.com.br\/index.php\/wp-json\/wp\/v2\/media?parent=12774"}],"curies":[{"name":"wp","href":"https:\/\/api.w.org\/{rel}","templated":true}]}}