{"id":12794,"date":"2025-04-16T08:27:29","date_gmt":"2025-04-16T11:27:29","guid":{"rendered":"https:\/\/deputadotaveirajr.com.br\/index.php\/homem-morre-durante-incendio-em-apartamento-no-interior-do-rn\/"},"modified":"2025-04-16T08:27:29","modified_gmt":"2025-04-16T11:27:29","slug":"homem-morre-durante-incendio-em-apartamento-no-interior-do-rn","status":"publish","type":"page","link":"https:\/\/deputadotaveirajr.com.br\/index.php\/homem-morre-durante-incendio-em-apartamento-no-interior-do-rn\/","title":{"rendered":"Homem morre durante inc\u00eandio em apartamento no interior do RN"},"content":{"rendered":"<p><img decoding=\"async\" src=\"https:\/\/s2-g1.glbimg.com\/Ol8fFStJbW0G3wn3e7bJcE5Mo5w=\/i.s3.glbimg.com\/v1\/AUTH_59edd422c0c84a879bd37670ae4f538a\/internal_photos\/bs\/2025\/s\/6\/4EcCfBQWAZfFBTYv6yLA\/incendio-currais.jpg\" \/><br \/>     Caso aconteceu na madrugada desta quarta-feira (16) em Currais Novos, na regi\u00e3o Serid\u00f3 potiguar. Idosa de 73 anos foi resgatada pelos bombeiros.  Homem morre em inc\u00eandio dentro de apartamento em Currais Novos, RN<br \/>\nUm homem de 47 anos morreu durante um inc\u00eandio que aconteceu na madrugada desta quarta-feira (16) em Currais Novos, na regi\u00e3o do Serid\u00f3 potiguar. Uma idosa de 73 anos, m\u00e3e do homem, foi resgatada pelos bombeiros.<br \/>\nA identidade da v\u00edtima n\u00e3o foi divulgada oficialmente at\u00e9 a \u00faltima atualiza\u00e7\u00e3o desta reportagem.<br \/>\n\ud83d\udcf3Participe do canal do g1 RN no WhatsApp<br \/>\nSegundo o Corpo de Bombeiros, a equipe foi acionada a 0h23 para combater o inc\u00eandio em um edif\u00edcio residencial na Avenida Teot\u00f4nio Freire.<br \/>\nSegundo a corpora\u00e7\u00e3o, as chamas ficaram restritas a um dos quartos do apartamento localizado no t\u00e9rreo. No interior do im\u00f3vel, os militares encontraram o corpo de um homem.<br \/>\nA m\u00e3e da v\u00edtima, que dormia em outro c\u00f4modo, foi resgatada consciente e, ap\u00f3s avalia\u00e7\u00e3o inicial, foi levada ao Hospital Mariano Coelho, onde segue sob avalia\u00e7\u00e3o m\u00e9dica, sem les\u00f5es aparentes.<br \/>\nSegundo o Corpo de Bombeiros, o atendimento \u00e0 ocorr\u00eancia impediu que as chamas se propagassem e evitou danos aos demais c\u00f4modos da resid\u00eancia e \u00e0s demais unidades do pr\u00e9dio.<br \/>\n&#8220;Todos os demais moradores do pr\u00e9dio foram evacuados com seguran\u00e7a&#8221;, informou a corpora\u00e7\u00e3o.<br \/>\nA causa do inc\u00eandio n\u00e3o foi identificada at\u00e9 a \u00faltima atualiza\u00e7\u00e3o desta reportagem. Segundo o Corpo de Bombeiros, per\u00edcias do Instituto T\u00e9cnico-Cient\u00edfico de Per\u00edcia devem buscar identificar o que provocou o fogo.<br \/>\nO corpo do homem foi recolhido pelo Itep, mas seguia sem identifica\u00e7\u00e3o oficial do \u00f3rg\u00e3o at\u00e9 a \u00faltima atualiza\u00e7\u00e3o desta reportagem.<br \/>\nInc\u00eandio aconteceu na madrugada desta quarta-feira (16) em Currai Novos<br \/>\nReprodu\u00e7\u00e3o<br \/>\nVeja os v\u00eddeos mais assistidos no g1 RN<\/p>","protected":false},"excerpt":{"rendered":"<p>Caso aconteceu na madrugada desta quarta-feira (16) em Currais Novos, na regi\u00e3o Serid\u00f3 potiguar. Idosa de 73 anos foi resgatada pelos bombeiros. Homem morre em inc\u00eandio dentro de apartamento em &#8230;<\/p>\n","protected":false},"author":0,"featured_media":12795,"parent":0,"menu_order":0,"comment_status":"closed","ping_status":"closed","template":"","meta":{"footnotes":""},"class_list":["post-12794","page","type-page","status-publish","has-post-thumbnail","hentry"],"yoast_head":"<!-- This site is optimized with the Yoast SEO plugin v27.1.1 - https:\/\/yoast.com\/product\/yoast-seo-wordpress\/ -->\n<title>Homem morre durante inc\u00eandio em apartamento no interior do RN - Taveira Jr<\/title>\n<meta name=\"robots\" content=\"index, follow, max-snippet:-1, max-image-preview:large, max-video-preview:-1\" \/>\n<link rel=\"canonical\" href=\"https:\/\/deputadotaveirajr.com.br\/index.php\/homem-morre-durante-incendio-em-apartamento-no-interior-do-rn\/\" \/>\n<meta property=\"og:locale\" content=\"pt_BR\" \/>\n<meta property=\"og:type\" content=\"article\" \/>\n<meta property=\"og:title\" content=\"Homem morre durante inc\u00eandio em apartamento no interior do RN - Taveira Jr\" \/>\n<meta property=\"og:description\" content=\"Caso aconteceu na madrugada desta quarta-feira (16) em Currais Novos, na regi\u00e3o Serid\u00f3 potiguar. Idosa de 73 anos foi resgatada pelos bombeiros. Homem morre em inc\u00eandio dentro de apartamento em ...\" \/>\n<meta property=\"og:url\" content=\"https:\/\/deputadotaveirajr.com.br\/index.php\/homem-morre-durante-incendio-em-apartamento-no-interior-do-rn\/\" \/>\n<meta property=\"og:site_name\" content=\"Taveira Jr\" \/>\n<meta property=\"og:image\" content=\"https:\/\/s2-g1.glbimg.com\/Ol8fFStJbW0G3wn3e7bJcE5Mo5w=\/i.s3.glbimg.com\/v1\/AUTH_59edd422c0c84a879bd37670ae4f538a\/internal_photos\/bs\/2025\/s\/6\/4EcCfBQWAZfFBTYv6yLA\/incendio-currais.jpg\" \/>\n<meta name=\"twitter:card\" content=\"summary_large_image\" \/>\n<meta name=\"twitter:label1\" content=\"Est. tempo de leitura\" \/>\n\t<meta name=\"twitter:data1\" content=\"2 minutos\" \/>\n<script type=\"application\/ld+json\" class=\"yoast-schema-graph\">{\"@context\":\"https:\/\/schema.org\",\"@graph\":[{\"@type\":\"WebPage\",\"@id\":\"https:\/\/deputadotaveirajr.com.br\/index.php\/homem-morre-durante-incendio-em-apartamento-no-interior-do-rn\/\",\"url\":\"https:\/\/deputadotaveirajr.com.br\/index.php\/homem-morre-durante-incendio-em-apartamento-no-interior-do-rn\/\",\"name\":\"Homem morre durante inc\u00eandio em apartamento no interior do RN - Taveira Jr\",\"isPartOf\":{\"@id\":\"https:\/\/deputadotaveirajr.com.br\/#website\"},\"primaryImageOfPage\":{\"@id\":\"https:\/\/deputadotaveirajr.com.br\/index.php\/homem-morre-durante-incendio-em-apartamento-no-interior-do-rn\/#primaryimage\"},\"image\":{\"@id\":\"https:\/\/deputadotaveirajr.com.br\/index.php\/homem-morre-durante-incendio-em-apartamento-no-interior-do-rn\/#primaryimage\"},\"thumbnailUrl\":\"https:\/\/deputadotaveirajr.com.br\/wp-content\/uploads\/2025\/04\/incendio-currais-f8sQZp.jpg\",\"datePublished\":\"2025-04-16T11:27:29+00:00\",\"breadcrumb\":{\"@id\":\"https:\/\/deputadotaveirajr.com.br\/index.php\/homem-morre-durante-incendio-em-apartamento-no-interior-do-rn\/#breadcrumb\"},\"inLanguage\":\"pt-BR\",\"potentialAction\":[{\"@type\":\"ReadAction\",\"target\":[\"https:\/\/deputadotaveirajr.com.br\/index.php\/homem-morre-durante-incendio-em-apartamento-no-interior-do-rn\/\"]}]},{\"@type\":\"ImageObject\",\"inLanguage\":\"pt-BR\",\"@id\":\"https:\/\/deputadotaveirajr.com.br\/index.php\/homem-morre-durante-incendio-em-apartamento-no-interior-do-rn\/#primaryimage\",\"url\":\"https:\/\/deputadotaveirajr.com.br\/wp-content\/uploads\/2025\/04\/incendio-currais-f8sQZp.jpg\",\"contentUrl\":\"https:\/\/deputadotaveirajr.com.br\/wp-content\/uploads\/2025\/04\/incendio-currais-f8sQZp.jpg\",\"width\":1200,\"height\":811},{\"@type\":\"BreadcrumbList\",\"@id\":\"https:\/\/deputadotaveirajr.com.br\/index.php\/homem-morre-durante-incendio-em-apartamento-no-interior-do-rn\/#breadcrumb\",\"itemListElement\":[{\"@type\":\"ListItem\",\"position\":1,\"name\":\"In\u00edcio\",\"item\":\"https:\/\/deputadotaveirajr.com.br\/\"},{\"@type\":\"ListItem\",\"position\":2,\"name\":\"Homem morre durante inc\u00eandio em apartamento no interior do RN\"}]},{\"@type\":\"WebSite\",\"@id\":\"https:\/\/deputadotaveirajr.com.br\/#website\",\"url\":\"https:\/\/deputadotaveirajr.com.br\/\",\"name\":\"Taveira Jr\",\"description\":\"Deputado Estadual\",\"publisher\":{\"@id\":\"https:\/\/deputadotaveirajr.com.br\/#organization\"},\"potentialAction\":[{\"@type\":\"SearchAction\",\"target\":{\"@type\":\"EntryPoint\",\"urlTemplate\":\"https:\/\/deputadotaveirajr.com.br\/?s={search_term_string}\"},\"query-input\":{\"@type\":\"PropertyValueSpecification\",\"valueRequired\":true,\"valueName\":\"search_term_string\"}}],\"inLanguage\":\"pt-BR\"},{\"@type\":\"Organization\",\"@id\":\"https:\/\/deputadotaveirajr.com.br\/#organization\",\"name\":\"Taveira Jr\",\"url\":\"https:\/\/deputadotaveirajr.com.br\/\",\"logo\":{\"@type\":\"ImageObject\",\"inLanguage\":\"pt-BR\",\"@id\":\"https:\/\/deputadotaveirajr.com.br\/#\/schema\/logo\/image\/\",\"url\":\"https:\/\/deputadotaveirajr.com.br\/wp-content\/uploads\/2026\/01\/logolow2a.png\",\"contentUrl\":\"https:\/\/deputadotaveirajr.com.br\/wp-content\/uploads\/2026\/01\/logolow2a.png\",\"width\":290,\"height\":80,\"caption\":\"Taveira Jr\"},\"image\":{\"@id\":\"https:\/\/deputadotaveirajr.com.br\/#\/schema\/logo\/image\/\"}}]}<\/script>\n<!-- \/ Yoast SEO plugin. -->","yoast_head_json":{"title":"Homem morre durante inc\u00eandio em apartamento no interior do RN - Taveira Jr","robots":{"index":"index","follow":"follow","max-snippet":"max-snippet:-1","max-image-preview":"max-image-preview:large","max-video-preview":"max-video-preview:-1"},"canonical":"https:\/\/deputadotaveirajr.com.br\/index.php\/homem-morre-durante-incendio-em-apartamento-no-interior-do-rn\/","og_locale":"pt_BR","og_type":"article","og_title":"Homem morre durante inc\u00eandio em apartamento no interior do RN - Taveira Jr","og_description":"Caso aconteceu na madrugada desta quarta-feira (16) em Currais Novos, na regi\u00e3o Serid\u00f3 potiguar. Idosa de 73 anos foi resgatada pelos bombeiros. Homem morre em inc\u00eandio dentro de apartamento em ...","og_url":"https:\/\/deputadotaveirajr.com.br\/index.php\/homem-morre-durante-incendio-em-apartamento-no-interior-do-rn\/","og_site_name":"Taveira Jr","og_image":[{"url":"https:\/\/s2-g1.glbimg.com\/Ol8fFStJbW0G3wn3e7bJcE5Mo5w=\/i.s3.glbimg.com\/v1\/AUTH_59edd422c0c84a879bd37670ae4f538a\/internal_photos\/bs\/2025\/s\/6\/4EcCfBQWAZfFBTYv6yLA\/incendio-currais.jpg","type":"","width":"","height":""}],"twitter_card":"summary_large_image","twitter_misc":{"Est. tempo de leitura":"2 minutos"},"schema":{"@context":"https:\/\/schema.org","@graph":[{"@type":"WebPage","@id":"https:\/\/deputadotaveirajr.com.br\/index.php\/homem-morre-durante-incendio-em-apartamento-no-interior-do-rn\/","url":"https:\/\/deputadotaveirajr.com.br\/index.php\/homem-morre-durante-incendio-em-apartamento-no-interior-do-rn\/","name":"Homem morre durante inc\u00eandio em apartamento no interior do RN - Taveira Jr","isPartOf":{"@id":"https:\/\/deputadotaveirajr.com.br\/#website"},"primaryImageOfPage":{"@id":"https:\/\/deputadotaveirajr.com.br\/index.php\/homem-morre-durante-incendio-em-apartamento-no-interior-do-rn\/#primaryimage"},"image":{"@id":"https:\/\/deputadotaveirajr.com.br\/index.php\/homem-morre-durante-incendio-em-apartamento-no-interior-do-rn\/#primaryimage"},"thumbnailUrl":"https:\/\/deputadotaveirajr.com.br\/wp-content\/uploads\/2025\/04\/incendio-currais-f8sQZp.jpg","datePublished":"2025-04-16T11:27:29+00:00","breadcrumb":{"@id":"https:\/\/deputadotaveirajr.com.br\/index.php\/homem-morre-durante-incendio-em-apartamento-no-interior-do-rn\/#breadcrumb"},"inLanguage":"pt-BR","potentialAction":[{"@type":"ReadAction","target":["https:\/\/deputadotaveirajr.com.br\/index.php\/homem-morre-durante-incendio-em-apartamento-no-interior-do-rn\/"]}]},{"@type":"ImageObject","inLanguage":"pt-BR","@id":"https:\/\/deputadotaveirajr.com.br\/index.php\/homem-morre-durante-incendio-em-apartamento-no-interior-do-rn\/#primaryimage","url":"https:\/\/deputadotaveirajr.com.br\/wp-content\/uploads\/2025\/04\/incendio-currais-f8sQZp.jpg","contentUrl":"https:\/\/deputadotaveirajr.com.br\/wp-content\/uploads\/2025\/04\/incendio-currais-f8sQZp.jpg","width":1200,"height":811},{"@type":"BreadcrumbList","@id":"https:\/\/deputadotaveirajr.com.br\/index.php\/homem-morre-durante-incendio-em-apartamento-no-interior-do-rn\/#breadcrumb","itemListElement":[{"@type":"ListItem","position":1,"name":"In\u00edcio","item":"https:\/\/deputadotaveirajr.com.br\/"},{"@type":"ListItem","position":2,"name":"Homem morre durante inc\u00eandio em apartamento no interior do RN"}]},{"@type":"WebSite","@id":"https:\/\/deputadotaveirajr.com.br\/#website","url":"https:\/\/deputadotaveirajr.com.br\/","name":"Taveira Jr","description":"Deputado Estadual","publisher":{"@id":"https:\/\/deputadotaveirajr.com.br\/#organization"},"potentialAction":[{"@type":"SearchAction","target":{"@type":"EntryPoint","urlTemplate":"https:\/\/deputadotaveirajr.com.br\/?s={search_term_string}"},"query-input":{"@type":"PropertyValueSpecification","valueRequired":true,"valueName":"search_term_string"}}],"inLanguage":"pt-BR"},{"@type":"Organization","@id":"https:\/\/deputadotaveirajr.com.br\/#organization","name":"Taveira Jr","url":"https:\/\/deputadotaveirajr.com.br\/","logo":{"@type":"ImageObject","inLanguage":"pt-BR","@id":"https:\/\/deputadotaveirajr.com.br\/#\/schema\/logo\/image\/","url":"https:\/\/deputadotaveirajr.com.br\/wp-content\/uploads\/2026\/01\/logolow2a.png","contentUrl":"https:\/\/deputadotaveirajr.com.br\/wp-content\/uploads\/2026\/01\/logolow2a.png","width":290,"height":80,"caption":"Taveira Jr"},"image":{"@id":"https:\/\/deputadotaveirajr.com.br\/#\/schema\/logo\/image\/"}}]}},"_links":{"self":[{"href":"https:\/\/deputadotaveirajr.com.br\/index.php\/wp-json\/wp\/v2\/pages\/12794","targetHints":{"allow":["GET"]}}],"collection":[{"href":"https:\/\/deputadotaveirajr.com.br\/index.php\/wp-json\/wp\/v2\/pages"}],"about":[{"href":"https:\/\/deputadotaveirajr.com.br\/index.php\/wp-json\/wp\/v2\/types\/page"}],"replies":[{"embeddable":true,"href":"https:\/\/deputadotaveirajr.com.br\/index.php\/wp-json\/wp\/v2\/comments?post=12794"}],"version-history":[{"count":0,"href":"https:\/\/deputadotaveirajr.com.br\/index.php\/wp-json\/wp\/v2\/pages\/12794\/revisions"}],"wp:featuredmedia":[{"embeddable":true,"href":"https:\/\/deputadotaveirajr.com.br\/index.php\/wp-json\/wp\/v2\/media\/12795"}],"wp:attachment":[{"href":"https:\/\/deputadotaveirajr.com.br\/index.php\/wp-json\/wp\/v2\/media?parent=12794"}],"curies":[{"name":"wp","href":"https:\/\/api.w.org\/{rel}","templated":true}]}}